20.171.207.182 - - [22/Aug/2025:06:08:59 +0200] "GET /x7.php?edit=environ&path=%2Fproc%2F4191792 HTTP/1.1" 200 714 "-" "Mozilla/5.0 AppleWebKit/537.36 (KHTML, like Gecko; compatible; GPTBot/1.2; +https://openai.com/gptbot)"
20.171.207.182 - - [22/Aug/2025:06:09:00 +0200] "GET /x7.php?edit=cmdline&path=%2Fproc%2F3607667 HTTP/1.1" 200 714 "-" "Mozilla/5.0 AppleWebKit/537.36 (KHTML, like Gecko; compatible; GPTBot/1.2; +https://openai.com/gptbot)"
3.231.193.38 - - [22/Aug/2025:06:09:01 +0200] "GET /admin.php?path=/opt/cpanel/ea-ruby27/root/var/run/passenger-instreg/passenger.frnxFMY/apps.s HTTP/1.1" 200 1880 "-" "Mozilla/5.0 AppleWebKit/537.36 (KHTML, like Gecko; compatible; Amazonbot/0.1; +https://developer.amazon.com/support/amazonbot) Chrome/119.0.6045.214 Safari/537.36"
20.171.207.182 - - [22/Aug/2025:06:09:01 +0200] "GET /x7.php?edit=syscall&path=%2Fproc%2F2823776 HTTP/1.1" 200 714 "-" "Mozilla/5.0 AppleWebKit/537.36 (KHTML, like Gecko; compatible; GPTBot/1.2; +https://openai.com/gptbot)"
20.171.207.182 - - [22/Aug/2025:06:09:06 +0200] "GET /x7.php?edit=environ&path=%2Fproc%2F1712739 HTTP/1.1" 200 714 "-" "Mozilla/5.0 AppleWebKit/537.36 (KHTML, like Gecko; compatible; GPTBot/1.2; +https://openai.com/gptbot)"
54.166.126.132 - - [22/Aug/2025:06:09:06 +0200] "GET /x7.php?edit=memory.kmem.tcp.max_usage_in_bytes&path=/sys/fs/cgroup/memory/system.slice/systemd-tmpfiles-setup-dev.service HTTP/1.1" 200 8473 "-" "Mozilla/5.0 AppleWebKit/537.36 (KHTML, like Gecko; compatible; Amazonbot/0.1; +https://developer.amazon.com/support/amazonbot) Chrome/119.0.6045.214 Safari/537.36"
20.171.207.182 - - [22/Aug/2025:06:09:07 +0200] "GET /x7.php?edit=cmdline&path=%2Fproc%2F3720079 HTTP/1.1" 200 714 "-" "Mozilla/5.0 AppleWebKit/537.36 (KHTML, like Gecko; compatible; GPTBot/1.2; +https://openai.com/gptbot)"
54.90.244.132 - - [22/Aug/2025:06:09:09 +0200] "GET /x7.php?path=/usr/local/lib/node_modules/npm/node_modules/chalk/source/.. HTTP/1.1" 200 2188 "-" "Mozilla/5.0 AppleWebKit/537.36 (KHTML, like Gecko; compatible; Amazonbot/0.1; +https://developer.amazon.com/support/amazonbot) Chrome/119.0.6045.214 Safari/537.36"
20.171.207.182 - - [22/Aug/2025:06:09:11 +0200] "GET /x7.php?edit=environ&path=%2Fproc%2F4029626 HTTP/1.1" 200 7401 "-" "Mozilla/5.0 AppleWebKit/537.36 (KHTML, like Gecko; compatible; GPTBot/1.2; +https://openai.com/gptbot)"
20.171.207.182 - - [22/Aug/2025:06:09:13 +0200] "GET /x7.php?edit=syscall&path=%2Fproc%2F2994773 HTTP/1.1" 200 714 "-" "Mozilla/5.0 AppleWebKit/537.36 (KHTML, like Gecko; compatible; GPTBot/1.2; +https://openai.com/gptbot)"
23.23.99.55 - - [22/Aug/2025:06:09:13 +0200] "GET /admin.php?edit=openssl-rsautl.1ssl.gz&path=/usr/share/man/man1 HTTP/1.1" 200 244258 "-" "Mozilla/5.0 AppleWebKit/537.36 (KHTML, like Gecko; compatible; Amazonbot/0.1; +https://developer.amazon.com/support/amazonbot) Chrome/119.0.6045.214 Safari/537.36"
20.171.207.182 - - [22/Aug/2025:06:09:14 +0200] "GET /x7.php?edit=syscall&path=%2Fproc%2F2994749 HTTP/1.1" 200 7401 "-" "Mozilla/5.0 AppleWebKit/537.36 (KHTML, like Gecko; compatible; GPTBot/1.2; +https://openai.com/gptbot)"
20.171.207.182 - - [22/Aug/2025:06:09:15 +0200] "GET /x7.php?edit=environ&path=%2Fproc%2F4029627 HTTP/1.1" 200 7401 "-" "Mozilla/5.0 AppleWebKit/537.36 (KHTML, like Gecko; compatible; GPTBot/1.2; +https://openai.com/gptbot)"
100.28.204.82 - - [22/Aug/2025:06:09:17 +0200] "GET /admin.php?path=/opt/cpanel/ea-php82/root/usr/include/php/Zend/Optimizer/.. HTTP/1.1" 200 19216 "-" "Mozilla/5.0 AppleWebKit/537.36 (KHTML, like Gecko; compatible; Amazonbot/0.1; +https://developer.amazon.com/support/amazonbot) Chrome/119.0.6045.214 Safari/537.36"
20.171.207.182 - - [22/Aug/2025:06:09:21 +0200] "GET /x7.php?edit=status&path=%2Fproc%2F371130 HTTP/1.1" 200 714 "-" "Mozilla/5.0 AppleWebKit/537.36 (KHTML, like Gecko; compatible; GPTBot/1.2; +https://openai.com/gptbot)"
52.44.229.124 - - [22/Aug/2025:06:09:21 +0200] "GET /admin.php?edit=default_status&path=/sys/devices/system/cpu/cpu2/cpuidle/state5 HTTP/1.1" 200 3904 "-" "Mozilla/5.0 AppleWebKit/537.36 (KHTML, like Gecko; compatible; Amazonbot/0.1; +https://developer.amazon.com/support/amazonbot) Chrome/119.0.6045.214 Safari/537.36"
20.171.207.182 - - [22/Aug/2025:06:09:23 +0200] "GET /x7.php?edit=timers&path=%2Fproc%2F207375 HTTP/1.1" 200 714 "-" "Mozilla/5.0 AppleWebKit/537.36 (KHTML, like Gecko; compatible; GPTBot/1.2; +https://openai.com/gptbot)"
20.171.207.182 - - [22/Aug/2025:06:09:24 +0200] "GET /x7.php?edit=cgroup&path=%2Fproc%2F425219 HTTP/1.1" 200 714 "-" "Mozilla/5.0 AppleWebKit/537.36 (KHTML, like Gecko; compatible; GPTBot/1.2; +https://openai.com/gptbot)"
100.28.133.214 - - [22/Aug/2025:06:09:25 +0200] "GET /admin.php?edit=sdma_6_1_2.bin&path=/usr/lib/firmware/amdgpu HTTP/1.1" 200 103533 "-" "Mozilla/5.0 AppleWebKit/537.36 (KHTML, like Gecko; compatible; Amazonbot/0.1; +https://developer.amazon.com/support/amazonbot) Chrome/119.0.6045.214 Safari/537.36"
20.171.207.182 - - [22/Aug/2025:06:09:25 +0200] "GET /x7.php?edit=status&path=%2Fproc%2F547499 HTTP/1.1" 200 714 "-" "Mozilla/5.0 AppleWebKit/537.36 (KHTML, like Gecko; compatible; GPTBot/1.2; +https://openai.com/gptbot)"
20.171.207.182 - - [22/Aug/2025:06:09:27 +0200] "GET /x7.php?edit=timers&path=%2Fproc%2F371126 HTTP/1.1" 200 714 "-" "Mozilla/5.0 AppleWebKit/537.36 (KHTML, like Gecko; compatible; GPTBot/1.2; +https://openai.com/gptbot)"
20.171.207.182 - - [22/Aug/2025:06:09:28 +0200] "GET /x7.php?edit=cpuset&path=%2Fproc%2F605442 HTTP/1.1" 200 714 "-" "Mozilla/5.0 AppleWebKit/537.36 (KHTML, like Gecko; compatible; GPTBot/1.2; +https://openai.com/gptbot)"
4.227.36.7 - - [22/Aug/2025:06:09:28 +0200] "GET /robots.txt HTTP/1.1" 404 236 "-" "Mozilla/5.0 AppleWebKit/537.36 (KHTML, like Gecko; compatible; GPTBot/1.2; +https://openai.com/gptbot)"
20.171.207.182 - - [22/Aug/2025:06:09:29 +0200] "GET /x7.php?edit=cpuset&path=%2Fproc%2F547499 HTTP/1.1" 200 714 "-" "Mozilla/5.0 AppleWebKit/537.36 (KHTML, like Gecko; compatible; GPTBot/1.2; +https://openai.com/gptbot)"
52.54.15.103 - - [22/Aug/2025:06:09:30 +0200] "GET /x7.php?edit=h_errno.3.gz&path=/usr/share/man/man3 HTTP/1.1" 200 1864449 "-" "Mozilla/5.0 AppleWebKit/537.36 (KHTML, like Gecko; compatible; Amazonbot/0.1; +https://developer.amazon.com/support/amazonbot) Chrome/119.0.6045.214 Safari/537.36"
20.171.207.182 - - [22/Aug/2025:06:09:31 +0200] "GET /x7.php?edit=limits&path=%2Fproc%2F207375 HTTP/1.1" 200 714 "-" "Mozilla/5.0 AppleWebKit/537.36 (KHTML, like Gecko; compatible; GPTBot/1.2; +https://openai.com/gptbot)"
20.171.207.182 - - [22/Aug/2025:06:09:32 +0200] "GET /x7.php?edit=cgroup&path=%2Fproc%2F547499 HTTP/1.1" 200 714 "-" "Mozilla/5.0 AppleWebKit/537.36 (KHTML, like Gecko; compatible; GPTBot/1.2; +https://openai.com/gptbot)"
52.2.83.227 - - [22/Aug/2025:06:09:33 +0200] "GET /x7.php?edit=tftp.xml&path=/usr/lib/firewalld/services HTTP/1.1" 200 27878 "-" "Mozilla/5.0 AppleWebKit/537.36 (KHTML, like Gecko; compatible; Amazonbot/0.1; +https://developer.amazon.com/support/amazonbot) Chrome/119.0.6045.214 Safari/537.36"
20.171.207.182 - - [22/Aug/2025:06:09:33 +0200] "GET /x7.php?edit=cpuset&path=%2Fproc%2F312652 HTTP/1.1" 200 714 "-" "Mozilla/5.0 AppleWebKit/537.36 (KHTML, like Gecko; compatible; GPTBot/1.2; +https://openai.com/gptbot)"
20.171.207.182 - - [22/Aug/2025:06:09:35 +0200] "GET /x7.php?edit=timers&path=%2Fproc%2F579211 HTTP/1.1" 200 714 "-" "Mozilla/5.0 AppleWebKit/537.36 (KHTML, like Gecko; compatible; GPTBot/1.2; +https://openai.com/gptbot)"
20.171.207.182 - - [22/Aug/2025:06:09:36 +0200] "GET /x7.php?edit=cgroup&path=%2Fproc%2F371126 HTTP/1.1" 200 714 "-" "Mozilla/5.0 AppleWebKit/537.36 (KHTML, like Gecko; compatible; GPTBot/1.2; +https://openai.com/gptbot)"
20.171.207.182 - - [22/Aug/2025:06:09:37 +0200] "GET /x7.php?edit=cgroup&path=%2Fproc%2F579211 HTTP/1.1" 200 714 "-" "Mozilla/5.0 AppleWebKit/537.36 (KHTML, like Gecko; compatible; GPTBot/1.2; +https://openai.com/gptbot)"
98.83.72.38 - - [22/Aug/2025:06:09:38 +0200] "GET /x7.php?edit=EVP_PKEY_meth_get_public_check.3ssl.gz&path=/usr/share/man/man3 HTTP/1.1" 200 1864499 "-" "Mozilla/5.0 AppleWebKit/537.36 (KHTML, like Gecko; compatible; Amazonbot/0.1; +https://developer.amazon.com/support/amazonbot) Chrome/119.0.6045.214 Safari/537.36"
20.171.207.182 - - [22/Aug/2025:06:09:38 +0200] "GET /x7.php?edit=cpuset&path=%2Fproc%2F425219 HTTP/1.1" 200 714 "-" "Mozilla/5.0 AppleWebKit/537.36 (KHTML, like Gecko; compatible; GPTBot/1.2; +https://openai.com/gptbot)"
20.171.207.182 - - [22/Aug/2025:06:09:39 +0200] "GET /x7.php?edit=cpuset&path=%2Fproc%2F371130 HTTP/1.1" 200 714 "-" "Mozilla/5.0 AppleWebKit/537.36 (KHTML, like Gecko; compatible; GPTBot/1.2; +https://openai.com/gptbot)"
20.171.207.182 - - [22/Aug/2025:06:09:40 +0200] "GET /x7.php?edit=status&path=%2Fproc%2F312652 HTTP/1.1" 200 714 "-" "Mozilla/5.0 AppleWebKit/537.36 (KHTML, like Gecko; compatible; GPTBot/1.2; +https://openai.com/gptbot)"
3.229.95.193 - - [22/Aug/2025:06:09:41 +0200] "GET /admin.php?edit=memory.numa_stat&path=/sys/fs/cgroup/memory/system.slice/home-virtfs-kjinvest-var-spool.mount HTTP/1.1" 200 8669 "-" "Mozilla/5.0 AppleWebKit/537.36 (KHTML, like Gecko; compatible; Amazonbot/0.1; +https://developer.amazon.com/support/amazonbot) Chrome/119.0.6045.214 Safari/537.36"
20.171.207.182 - - [22/Aug/2025:06:09:41 +0200] "GET /x7.php?edit=cpuset&path=%2Fproc%2F312651 HTTP/1.1" 200 714 "-" "Mozilla/5.0 AppleWebKit/537.36 (KHTML, like Gecko; compatible; GPTBot/1.2; +https://openai.com/gptbot)"
20.171.207.182 - - [22/Aug/2025:06:09:43 +0200] "GET /x7.php?edit=cgroup&path=%2Fproc%2F312652 HTTP/1.1" 200 714 "-" "Mozilla/5.0 AppleWebKit/537.36 (KHTML, like Gecko; compatible; GPTBot/1.2; +https://openai.com/gptbot)"
20.171.207.182 - - [22/Aug/2025:06:09:45 +0200] "GET /x7.php?edit=cgroup&path=%2Fproc%2F371130 HTTP/1.1" 200 714 "-" "Mozilla/5.0 AppleWebKit/537.36 (KHTML, like Gecko; compatible; GPTBot/1.2; +https://openai.com/gptbot)"
44.223.193.255 - - [22/Aug/2025:06:09:45 +0200] "GET /admin.php?path=/opt/cpanel/ea-ruby27/root/var/run/passenger-instreg/passenger.L37Ldnm HTTP/1.1" 200 3584 "-" "Mozilla/5.0 AppleWebKit/537.36 (KHTML, like Gecko; compatible; Amazonbot/0.1; +https://developer.amazon.com/support/amazonbot) Chrome/119.0.6045.214 Safari/537.36"
20.171.207.182 - - [22/Aug/2025:06:09:46 +0200] "GET /x7.php?edit=status&path=%2Fproc%2F425219 HTTP/1.1" 200 714 "-" "Mozilla/5.0 AppleWebKit/537.36 (KHTML, like Gecko; compatible; GPTBot/1.2; +https://openai.com/gptbot)"
20.171.207.182 - - [22/Aug/2025:06:09:48 +0200] "GET /x7.php?edit=cmdline&path=%2Fproc%2F2333227 HTTP/1.1" 200 714 "-" "Mozilla/5.0 AppleWebKit/537.36 (KHTML, like Gecko; compatible; GPTBot/1.2; +https://openai.com/gptbot)"
98.80.130.239 - - [22/Aug/2025:06:09:49 +0200] "GET /x7.php?edit=ctor&path=/sys/kernel/slab/kmalloc-cg-8 HTTP/1.1" 200 6061 "-" "Mozilla/5.0 AppleWebKit/537.36 (KHTML, like Gecko; compatible; Amazonbot/0.1; +https://developer.amazon.com/support/amazonbot) Chrome/119.0.6045.214 Safari/537.36"
20.171.207.182 - - [22/Aug/2025:06:09:51 +0200] "GET /x7.php?edit=coredump_filter&path=%2Fproc%2F82858 HTTP/1.1" 200 714 "-" "Mozilla/5.0 AppleWebKit/537.36 (KHTML, like Gecko; compatible; GPTBot/1.2; +https://openai.com/gptbot)"
20.171.207.182 - - [22/Aug/2025:06:09:53 +0200] "GET /x7.php?edit=gid_map&path=%2Fproc%2F1712771 HTTP/1.1" 200 714 "-" "Mozilla/5.0 AppleWebKit/537.36 (KHTML, like Gecko; compatible; GPTBot/1.2; +https://openai.com/gptbot)"
18.233.24.238 - - [22/Aug/2025:06:09:53 +0200] "GET /x7.php?path=/proc/198/task/198/net/rpc/auth.unix.ip/.. HTTP/1.1" 200 1748 "-" "Mozilla/5.0 AppleWebKit/537.36 (KHTML, like Gecko; compatible; Amazonbot/0.1; +https://developer.amazon.com/support/amazonbot) Chrome/119.0.6045.214 Safari/537.36"
20.171.207.182 - - [22/Aug/2025:06:09:54 +0200] "GET /x7.php?edit=syscall&path=%2Fproc%2F2333227 HTTP/1.1" 200 714 "-" "Mozilla/5.0 AppleWebKit/537.36 (KHTML, like Gecko; compatible; GPTBot/1.2; +https://openai.com/gptbot)"
20.171.207.182 - - [22/Aug/2025:06:09:55 +0200] "GET /x7.php?edit=uid_map&path=%2Fproc%2F1712771 HTTP/1.1" 200 714 "-" "Mozilla/5.0 AppleWebKit/537.36 (KHTML, like Gecko; compatible; GPTBot/1.2; +https://openai.com/gptbot)"
44.212.106.171 - - [22/Aug/2025:06:09:57 +0200] "GET /x7.php?edit=memory.kmem.usage_in_bytes&path=/sys/fs/cgroup/memory/system.slice/home-virtfs-kjinvest-etc-mail.mount HTTP/1.1" 200 8492 "-" "Mozilla/5.0 AppleWebKit/537.36 (KHTML, like Gecko; compatible; Amazonbot/0.1; +https://developer.amazon.com/support/amazonbot) Chrome/119.0.6045.214 Safari/537.36"
20.171.207.182 - - [22/Aug/2025:06:10:00 +0200] "GET /x7.php?edit=oom_adj&path=%2Fproc%2F1712771 HTTP/1.1" 200 714 "-" "Mozilla/5.0 AppleWebKit/537.36 (KHTML, like Gecko; compatible; GPTBot/1.2; +https://openai.com/gptbot)"
184.72.95.195 - - [22/Aug/2025:06:10:01 +0200] "GET /x7.php?path=/var/softaculous/webid/images/.. HTTP/1.1" 200 4070 "-" "Mozilla/5.0 AppleWebKit/537.36 (KHTML, like Gecko; compatible; Amazonbot/0.1; +https://developer.amazon.com/support/amazonbot) Chrome/119.0.6045.214 Safari/537.36"
20.171.207.182 - - [22/Aug/2025:06:10:05 +0200] "GET /x7.php?edit=gid_map&path=%2Fproc%2F1712706 HTTP/1.1" 200 714 "-" "Mozilla/5.0 AppleWebKit/537.36 (KHTML, like Gecko; compatible; GPTBot/1.2; +https://openai.com/gptbot)"
3.222.190.107 - - [22/Aug/2025:06:10:05 +0200] "GET /admin.php?path=/opt/cpanel/ea-php81/root/usr/share/sounds/.. HTTP/1.1" 200 4866 "-" "Mozilla/5.0 AppleWebKit/537.36 (KHTML, like Gecko; compatible; Amazonbot/0.1; +https://developer.amazon.com/support/amazonbot) Chrome/119.0.6045.214 Safari/537.36"
20.171.207.182 - - [22/Aug/2025:06:10:07 +0200] "GET /x7.php?edit=uid_map&path=%2Fproc%2F2077806 HTTP/1.1" 200 714 "-" "Mozilla/5.0 AppleWebKit/537.36 (KHTML, like Gecko; compatible; GPTBot/1.2; +https://openai.com/gptbot)"
20.171.207.182 - - [22/Aug/2025:06:10:08 +0200] "GET /x7.php?edit=oom_adj&path=%2Fproc%2F3720078 HTTP/1.1" 200 714 "-" "Mozilla/5.0 AppleWebKit/537.36 (KHTML, like Gecko; compatible; GPTBot/1.2; +https://openai.com/gptbot)"
20.171.207.182 - - [22/Aug/2025:06:10:09 +0200] "GET /x7.php?edit=gid_map&path=%2Fproc%2F2994452 HTTP/1.1" 200 7434 "-" "Mozilla/5.0 AppleWebKit/537.36 (KHTML, like Gecko; compatible; GPTBot/1.2; +https://openai.com/gptbot)"
52.54.15.103 - - [22/Aug/2025:06:10:10 +0200] "GET /admin.php?edit=BIO_printf.3ssl.gz&path=/usr/share/man/man3 HTTP/1.1" 200 1864468 "-" "Mozilla/5.0 AppleWebKit/537.36 (KHTML, like Gecko; compatible; Amazonbot/0.1; +https://developer.amazon.com/support/amazonbot) Chrome/119.0.6045.214 Safari/537.36"
34.238.45.183 - - [22/Aug/2025:06:10:13 +0200] "GET /x7.php?edit=memory.kmem.max_usage_in_bytes&path=/sys/fs/cgroup/memory/system.slice/home-virtfs-gianthotels-etc-pki-tls.mount HTTP/1.1" 200 8710 "-" "Mozilla/5.0 AppleWebKit/537.36 (KHTML, like Gecko; compatible; Amazonbot/0.1; +https://developer.amazon.com/support/amazonbot) Chrome/119.0.6045.214 Safari/537.36"
20.171.207.182 - - [22/Aug/2025:06:10:14 +0200] "GET /x7.php?edit=uid_map&path=%2Fproc%2F4029622 HTTP/1.1" 200 7434 "-" "Mozilla/5.0 AppleWebKit/537.36 (KHTML, like Gecko; compatible; GPTBot/1.2; +https://openai.com/gptbot)"
20.171.207.182 - - [22/Aug/2025:06:10:16 +0200] "GET /x7.php?edit=oom_adj&path=%2Fproc%2F2994457 HTTP/1.1" 200 7403 "-" "Mozilla/5.0 AppleWebKit/537.36 (KHTML, like Gecko; compatible; GPTBot/1.2; +https://openai.com/gptbot)"
20.171.207.182 - - [22/Aug/2025:06:10:17 +0200] "GET /x7.php?edit=oom_adj&path=%2Fproc%2F3270793 HTTP/1.1" 200 714 "-" "Mozilla/5.0 AppleWebKit/537.36 (KHTML, like Gecko; compatible; GPTBot/1.2; +https://openai.com/gptbot)"
54.92.171.106 - - [22/Aug/2025:06:10:18 +0200] "GET /x7.php?edit=memory.kmem.tcp.max_usage_in_bytes&path=/sys/fs/cgroup/memory/system.slice/home-virtfs-ngwee-tmp.mount HTTP/1.1" 200 8228 "-" "Mozilla/5.0 AppleWebKit/537.36 (KHTML, like Gecko; compatible; Amazonbot/0.1; +https://developer.amazon.com/support/amazonbot) Chrome/119.0.6045.214 Safari/537.36"
20.171.207.182 - - [22/Aug/2025:06:10:21 +0200] "GET /x7.php?edit=uid_map&path=%2Fproc%2F4029629 HTTP/1.1" 200 7434 "-" "Mozilla/5.0 AppleWebKit/537.36 (KHTML, like Gecko; compatible; GPTBot/1.2; +https://openai.com/gptbot)"
18.205.213.231 - - [22/Aug/2025:06:10:21 +0200] "GET /admin.php?path=/opt/cpanel/ea-ruby27/root/var/run/passenger-instreg/passenger.vulluHH/agents.s/.. HTTP/1.1" 200 3584 "-" "Mozilla/5.0 AppleWebKit/537.36 (KHTML, like Gecko; compatible; Amazonbot/0.1; +https://developer.amazon.com/support/amazonbot) Chrome/119.0.6045.214 Safari/537.36"
20.171.207.182 - - [22/Aug/2025:06:10:23 +0200] "GET /x7.php?edit=uid_map&path=%2Fproc%2F1712746 HTTP/1.1" 200 714 "-" "Mozilla/5.0 AppleWebKit/537.36 (KHTML, like Gecko; compatible; GPTBot/1.2; +https://openai.com/gptbot)"
20.171.207.182 - - [22/Aug/2025:06:10:24 +0200] "GET /x7.php?edit=oom_adj&path=%2Fproc%2F2437453 HTTP/1.1" 200 714 "-" "Mozilla/5.0 AppleWebKit/537.36 (KHTML, like Gecko; compatible; GPTBot/1.2; +https://openai.com/gptbot)"
20.171.207.182 - - [22/Aug/2025:06:10:25 +0200] "GET /x7.php?edit=gid_map&path=%2Fproc%2F2823761 HTTP/1.1" 200 714 "-" "Mozilla/5.0 AppleWebKit/537.36 (KHTML, like Gecko; compatible; GPTBot/1.2; +https://openai.com/gptbot)"
52.0.105.244 - - [22/Aug/2025:06:10:25 +0200] "GET /x7.php?edit=colorpicker.html&path=/usr/share/doc/python2-docs/html/library HTTP/1.1" 200 67887 "-" "Mozilla/5.0 AppleWebKit/537.36 (KHTML, like Gecko; compatible; Amazonbot/0.1; +https://developer.amazon.com/support/amazonbot) Chrome/119.0.6045.214 Safari/537.36"
20.171.207.182 - - [22/Aug/2025:06:10:28 +0200] "GET /x7.php?edit=gid_map&path=%2Fproc%2F3720090 HTTP/1.1" 200 714 "-" "Mozilla/5.0 AppleWebKit/537.36 (KHTML, like Gecko; compatible; GPTBot/1.2; +https://openai.com/gptbot)"
20.171.207.182 - - [22/Aug/2025:06:10:29 +0200] "GET /x7.php?edit=uid_map&path=%2Fproc%2F4191792 HTTP/1.1" 200 714 "-" "Mozilla/5.0 AppleWebKit/537.36 (KHTML, like Gecko; compatible; GPTBot/1.2; +https://openai.com/gptbot)"
107.20.25.33 - - [22/Aug/2025:06:10:29 +0200] "GET /admin.php?edit=_tokenizer.py&path=/usr/lib/python3.6/site-packages/html5lib HTTP/1.1" 200 93305 "-" "Mozilla/5.0 AppleWebKit/537.36 (KHTML, like Gecko; compatible; Amazonbot/0.1; +https://developer.amazon.com/support/amazonbot) Chrome/119.0.6045.214 Safari/537.36"
52.3.102.51 - - [22/Aug/2025:06:10:33 +0200] "GET /admin.php?path=/usr/local/include/node/openssl/archs/aix64-gcc-as/asm_avx2/providers/common HTTP/1.1" 200 2283 "-" "Mozilla/5.0 AppleWebKit/537.36 (KHTML, like Gecko; compatible; Amazonbot/0.1; +https://developer.amazon.com/support/amazonbot) Chrome/119.0.6045.214 Safari/537.36"
20.171.207.182 - - [22/Aug/2025:06:10:33 +0200] "GET /x7.php?edit=oom_adj&path=%2Fproc%2F3720087 HTTP/1.1" 200 714 "-" "Mozilla/5.0 AppleWebKit/537.36 (KHTML, like Gecko; compatible; GPTBot/1.2; +https://openai.com/gptbot)"
20.171.207.182 - - [22/Aug/2025:06:10:36 +0200] "GET /x7.php?edit=gid_map&path=%2Fproc%2F2823766 HTTP/1.1" 200 714 "-" "Mozilla/5.0 AppleWebKit/537.36 (KHTML, like Gecko; compatible; GPTBot/1.2; +https://openai.com/gptbot)"
20.171.207.182 - - [22/Aug/2025:06:10:37 +0200] "GET /x7.php?edit=uid_map&path=%2Fproc%2F3720083 HTTP/1.1" 200 714 "-" "Mozilla/5.0 AppleWebKit/537.36 (KHTML, like Gecko; compatible; GPTBot/1.2; +https://openai.com/gptbot)"
54.80.73.122 - - [22/Aug/2025:06:10:37 +0200] "GET /admin.php?path=/opt/cpanel/ea-ruby27/root/var/run/passenger-instreg/passenger.oyi5UMR HTTP/1.1" 200 3584 "-" "Mozilla/5.0 AppleWebKit/537.36 (KHTML, like Gecko; compatible; Amazonbot/0.1; +https://developer.amazon.com/support/amazonbot) Chrome/119.0.6045.214 Safari/537.36"
20.171.207.182 - - [22/Aug/2025:06:10:38 +0200] "GET /x7.php?edit=gid_map&path=%2Fproc%2F2823799 HTTP/1.1" 200 714 "-" "Mozilla/5.0 AppleWebKit/537.36 (KHTML, like Gecko; compatible; GPTBot/1.2; +https://openai.com/gptbot)"
52.54.157.23 - - [22/Aug/2025:06:10:42 +0200] "GET /x7.php?edit=php1WSYKZ&path=/var/tmp HTTP/1.1" 200 2202718 "-" "Mozilla/5.0 AppleWebKit/537.36 (KHTML, like Gecko; compatible; Amazonbot/0.1; +https://developer.amazon.com/support/amazonbot) Chrome/119.0.6045.214 Safari/537.36"
3.212.219.113 - - [22/Aug/2025:06:10:45 +0200] "GET /x7.php?edit=email.charset.html&path=/usr/share/doc/python2-docs/html/library HTTP/1.1" 200 97503 "-" "Mozilla/5.0 AppleWebKit/537.36 (KHTML, like Gecko; compatible; Amazonbot/0.1; +https://developer.amazon.com/support/amazonbot) Chrome/119.0.6045.214 Safari/537.36"
20.171.207.182 - - [22/Aug/2025:06:10:48 +0200] "GET /x7.php?edit=uid_map&path=%2Fproc%2F3720080 HTTP/1.1" 200 714 "-" "Mozilla/5.0 AppleWebKit/537.36 (KHTML, like Gecko; compatible; GPTBot/1.2; +https://openai.com/gptbot)"
3.229.2.217 - - [22/Aug/2025:06:10:49 +0200] "GET /admin.php?edit=EVP_PKEY_check.html&path=/opt/alt/openssl11/share/man/html/man3 HTTP/1.1" 200 718449 "-" "Mozilla/5.0 AppleWebKit/537.36 (KHTML, like Gecko; compatible; Amazonbot/0.1; +https://developer.amazon.com/support/amazonbot) Chrome/119.0.6045.214 Safari/537.36"
20.171.207.182 - - [22/Aug/2025:06:10:50 +0200] "GET /x7.php?edit=oom_adj&path=%2Fproc%2F1712738 HTTP/1.1" 200 714 "-" "Mozilla/5.0 AppleWebKit/537.36 (KHTML, like Gecko; compatible; GPTBot/1.2; +https://openai.com/gptbot)"
20.171.207.182 - - [22/Aug/2025:06:10:51 +0200] "GET /x7.php?edit=uid_map&path=%2Fproc%2F2823780 HTTP/1.1" 200 714 "-" "Mozilla/5.0 AppleWebKit/537.36 (KHTML, like Gecko; compatible; GPTBot/1.2; +https://openai.com/gptbot)"
54.144.185.255 - - [22/Aug/2025:06:10:53 +0200] "GET /x7.php?edit=phys_device&path=/sys/devices/system/memory/memory0 HTTP/1.1" 200 3076 "-" "Mozilla/5.0 AppleWebKit/537.36 (KHTML, like Gecko; compatible; Amazonbot/0.1; +https://developer.amazon.com/support/amazonbot) Chrome/119.0.6045.214 Safari/537.36"
20.171.207.182 - - [22/Aug/2025:06:10:54 +0200] "GET /x7.php?edit=uid_map&path=%2Fproc%2F1712703 HTTP/1.1" 200 714 "-" "Mozilla/5.0 AppleWebKit/537.36 (KHTML, like Gecko; compatible; GPTBot/1.2; +https://openai.com/gptbot)"
20.171.207.182 - - [22/Aug/2025:06:10:56 +0200] "GET /x7.php?edit=gid_map&path=%2Fproc%2F1712703 HTTP/1.1" 200 714 "-" "Mozilla/5.0 AppleWebKit/537.36 (KHTML, like Gecko; compatible; GPTBot/1.2; +https://openai.com/gptbot)"
52.21.62.139 - - [22/Aug/2025:06:10:57 +0200] "GET /x7.php?edit=perlivp&path=/usr/bin HTTP/1.1" 200 184221 "-" "Mozilla/5.0 AppleWebKit/537.36 (KHTML, like Gecko; compatible; Amazonbot/0.1; +https://developer.amazon.com/support/amazonbot) Chrome/119.0.6045.214 Safari/537.36"
20.171.207.182 - - [22/Aug/2025:06:10:58 +0200] "GET /x7.php?edit=gid_map&path=%2Fproc%2F3720079 HTTP/1.1" 200 714 "-" "Mozilla/5.0 AppleWebKit/537.36 (KHTML, like Gecko; compatible; GPTBot/1.2; +https://openai.com/gptbot)"
20.171.207.182 - - [22/Aug/2025:06:11:00 +0200] "GET /x7.php?edit=gid_map&path=%2Fproc%2F4191792 HTTP/1.1" 200 714 "-" "Mozilla/5.0 AppleWebKit/537.36 (KHTML, like Gecko; compatible; GPTBot/1.2; +https://openai.com/gptbot)"
3.216.13.10 - - [22/Aug/2025:06:11:01 +0200] "GET /x7.php?edit=libtime-basic-samba4.so&path=/usr/lib64/samba HTTP/1.1" 200 14468 "-" "Mozilla/5.0 AppleWebKit/537.36 (KHTML, like Gecko; compatible; Amazonbot/0.1; +https://developer.amazon.com/support/amazonbot) Chrome/119.0.6045.214 Safari/537.36"
20.171.207.182 - - [22/Aug/2025:06:11:01 +0200] "GET /x7.php?edit=oom_adj&path=%2Fproc%2F3720080 HTTP/1.1" 200 714 "-" "Mozilla/5.0 AppleWebKit/537.36 (KHTML, like Gecko; compatible; GPTBot/1.2; +https://openai.com/gptbot)"
20.171.207.182 - - [22/Aug/2025:06:11:04 +0200] "GET /x7.php?edit=uid_map&path=%2Fproc%2F2823795 HTTP/1.1" 200 714 "-" "Mozilla/5.0 AppleWebKit/537.36 (KHTML, like Gecko; compatible; GPTBot/1.2; +https://openai.com/gptbot)"
20.171.207.182 - - [22/Aug/2025:06:11:05 +0200] "GET /x7.php?edit=gid_map&path=%2Fproc%2F3002625 HTTP/1.1" 200 714 "-" "Mozilla/5.0 AppleWebKit/537.36 (KHTML, like Gecko; compatible; GPTBot/1.2; +https://openai.com/gptbot)"
52.4.213.199 - - [22/Aug/2025:06:11:05 +0200] "GET /admin.php?path=/opt/cpanel/ea-ruby27/root/var/run/passenger-instreg/passenger.IZ8XXie/apps.s HTTP/1.1" 200 1880 "-" "Mozilla/5.0 AppleWebKit/537.36 (KHTML, like Gecko; compatible; Amazonbot/0.1; +https://developer.amazon.com/support/amazonbot) Chrome/119.0.6045.214 Safari/537.36"
20.171.207.182 - - [22/Aug/2025:06:11:07 +0200] "GET /x7.php?edit=oom_adj&path=%2Fproc%2F1712740 HTTP/1.1" 200 714 "-" "Mozilla/5.0 AppleWebKit/537.36 (KHTML, like Gecko; compatible; GPTBot/1.2; +https://openai.com/gptbot)"
20.171.207.182 - - [22/Aug/2025:06:11:10 +0200] "GET /x7.php?edit=gid_map&path=%2Fproc%2F2994755 HTTP/1.1" 200 7434 "-" "Mozilla/5.0 AppleWebKit/537.36 (KHTML, like Gecko; compatible; GPTBot/1.2; +https://openai.com/gptbot)"
52.6.232.201 - - [22/Aug/2025:06:11:10 +0200] "GET /admin.php?edit=tk.html&path=/usr/share/doc/python2-docs/html/library HTTP/1.1" 200 94155 "-" "Mozilla/5.0 AppleWebKit/537.36 (KHTML, like Gecko; compatible; Amazonbot/0.1; +https://developer.amazon.com/support/amazonbot) Chrome/119.0.6045.214 Safari/537.36"
20.171.207.182 - - [22/Aug/2025:06:11:12 +0200] "GET /x7.php?edit=oom_adj&path=%2Fproc%2F2823793 HTTP/1.1" 200 714 "-" "Mozilla/5.0 AppleWebKit/537.36 (KHTML, like Gecko; compatible; GPTBot/1.2; +https://openai.com/gptbot)"
20.171.207.182 - - [22/Aug/2025:06:11:13 +0200] "GET /x7.php?edit=uid_map&path=%2Fproc%2F2823799 HTTP/1.1" 200 714 "-" "Mozilla/5.0 AppleWebKit/537.36 (KHTML, like Gecko; compatible; GPTBot/1.2; +https://openai.com/gptbot)"
34.194.95.99 - - [22/Aug/2025:06:11:13 +0200] "GET /x7.php?edit=mariadb_dyncol.h&path=/usr/include/mysql HTTP/1.1" 200 12595 "-" "Mozilla/5.0 AppleWebKit/537.36 (KHTML, like Gecko; compatible; Amazonbot/0.1; +https://developer.amazon.com/support/amazonbot) Chrome/119.0.6045.214 Safari/537.36"
20.171.207.182 - - [22/Aug/2025:06:11:16 +0200] "GET /x7.php?edit=oom_adj&path=%2Fproc%2F2823798 HTTP/1.1" 200 714 "-" "Mozilla/5.0 AppleWebKit/537.36 (KHTML, like Gecko; compatible; GPTBot/1.2; +https://openai.com/gptbot)"
3.221.50.71 - - [22/Aug/2025:06:11:17 +0200] "GET /admin.php?edit=70-no-bitmaps.conf&path=/usr/share/fontconfig/conf.avail HTTP/1.1" 200 10391 "-" "Mozilla/5.0 AppleWebKit/537.36 (KHTML, like Gecko; compatible; Amazonbot/0.1; +https://developer.amazon.com/support/amazonbot) Chrome/119.0.6045.214 Safari/537.36"
20.171.207.182 - - [22/Aug/2025:06:11:18 +0200] "GET /x7.php?edit=gid_map&path=%2Fproc%2F4029622 HTTP/1.1" 200 7434 "-" "Mozilla/5.0 AppleWebKit/537.36 (KHTML, like Gecko; compatible; GPTBot/1.2; +https://openai.com/gptbot)"
20.171.207.182 - - [22/Aug/2025:06:11:19 +0200] "GET /x7.php?edit=gid_map&path=%2Fproc%2F2120734 HTTP/1.1" 200 714 "-" "Mozilla/5.0 AppleWebKit/537.36 (KHTML, like Gecko; compatible; GPTBot/1.2; +https://openai.com/gptbot)"
20.171.207.182 - - [22/Aug/2025:06:11:20 +0200] "GET /x7.php?edit=gid_map&path=%2Fproc%2F2823798 HTTP/1.1" 200 714 "-" "Mozilla/5.0 AppleWebKit/537.36 (KHTML, like Gecko; compatible; GPTBot/1.2; +https://openai.com/gptbot)"
34.203.111.15 - - [22/Aug/2025:06:11:21 +0200] "GET /admin.php?edit=mem&path=/proc/1317 HTTP/1.1" 200 714 "-" "Mozilla/5.0 AppleWebKit/537.36 (KHTML, like Gecko; compatible; Amazonbot/0.1; +https://developer.amazon.com/support/amazonbot) Chrome/119.0.6045.214 Safari/537.36"
20.171.207.182 - - [22/Aug/2025:06:11:21 +0200] "GET /x7.php?edit=oom_adj&path=%2Fproc%2F2823766 HTTP/1.1" 200 714 "-" "Mozilla/5.0 AppleWebKit/537.36 (KHTML, like Gecko; compatible; GPTBot/1.2; +https://openai.com/gptbot)"
20.171.207.182 - - [22/Aug/2025:06:11:23 +0200] "GET /x7.php?edit=gid_map&path=%2Fproc%2F4191724 HTTP/1.1" 200 714 "-" "Mozilla/5.0 AppleWebKit/537.36 (KHTML, like Gecko; compatible; GPTBot/1.2; +https://openai.com/gptbot)"
34.196.237.236 - - [22/Aug/2025:06:11:25 +0200] "GET /x7.php?edit=ChangeLog-2009.bz2&path=/usr/share/doc/gcc HTTP/1.1" 200 6368 "-" "Mozilla/5.0 AppleWebKit/537.36 (KHTML, like Gecko; compatible; Amazonbot/0.1; +https://developer.amazon.com/support/amazonbot) Chrome/119.0.6045.214 Safari/537.36"
20.171.207.182 - - [22/Aug/2025:06:11:26 +0200] "GET /x7.php?edit=uid_map&path=%2Fproc%2F2823781 HTTP/1.1" 200 714 "-" "Mozilla/5.0 AppleWebKit/537.36 (KHTML, like Gecko; compatible; GPTBot/1.2; +https://openai.com/gptbot)"
20.171.207.182 - - [22/Aug/2025:06:11:27 +0200] "GET /x7.php?edit=gid_map&path=%2Fproc%2F2823768 HTTP/1.1" 200 714 "-" "Mozilla/5.0 AppleWebKit/537.36 (KHTML, like Gecko; compatible; GPTBot/1.2; +https://openai.com/gptbot)"
20.171.207.182 - - [22/Aug/2025:06:11:28 +0200] "GET /x7.php?edit=oom_adj&path=%2Fproc%2F4029447 HTTP/1.1" 200 7403 "-" "Mozilla/5.0 AppleWebKit/537.36 (KHTML, like Gecko; compatible; GPTBot/1.2; +https://openai.com/gptbot)"
52.5.242.243 - - [22/Aug/2025:06:11:29 +0200] "GET /admin.php?edit=memory.stat&path=/sys/fs/cgroup/memory/system.slice/home-virtfs-salvation-var-log.mount HTTP/1.1" 200 9033 "-" "Mozilla/5.0 AppleWebKit/537.36 (KHTML, like Gecko; compatible; Amazonbot/0.1; +https://developer.amazon.com/support/amazonbot) Chrome/119.0.6045.214 Safari/537.36"
20.171.207.182 - - [22/Aug/2025:06:11:30 +0200] "GET /x7.php?edit=gid_map&path=%2Fproc%2F2994490 HTTP/1.1" 200 714 "-" "Mozilla/5.0 AppleWebKit/537.36 (KHTML, like Gecko; compatible; GPTBot/1.2; +https://openai.com/gptbot)"
20.171.207.182 - - [22/Aug/2025:06:11:31 +0200] "GET /x7.php?edit=gid_map&path=%2Fproc%2F2246356 HTTP/1.1" 200 714 "-" "Mozilla/5.0 AppleWebKit/537.36 (KHTML, like Gecko; compatible; GPTBot/1.2; +https://openai.com/gptbot)"
34.239.85.139 - - [22/Aug/2025:06:11:33 +0200] "GET /x7.php?path=/opt/imunify360/venv/lib/python3.11/site-packages/sentry_sdk HTTP/1.1" 200 5718 "-" "Mozilla/5.0 AppleWebKit/537.36 (KHTML, like Gecko; compatible; Amazonbot/0.1; +https://developer.amazon.com/support/amazonbot) Chrome/119.0.6045.214 Safari/537.36"
20.171.207.182 - - [22/Aug/2025:06:11:34 +0200] "GET /x7.php?edit=gid_map&path=%2Fproc%2F4029629 HTTP/1.1" 200 7434 "-" "Mozilla/5.0 AppleWebKit/537.36 (KHTML, like Gecko; compatible; GPTBot/1.2; +https://openai.com/gptbot)"
3.81.253.213 - - [22/Aug/2025:06:11:37 +0200] "GET /x7.php?edit=mqueue.h&path=/usr/include/bits HTTP/1.1" 200 21707 "-" "Mozilla/5.0 AppleWebKit/537.36 (KHTML, like Gecko; compatible; Amazonbot/0.1; +https://developer.amazon.com/support/amazonbot) Chrome/119.0.6045.214 Safari/537.36"
20.171.207.182 - - [22/Aug/2025:06:11:40 +0200] "GET /x7.php?edit=gid_map&path=%2Fproc%2F2823784 HTTP/1.1" 200 714 "-" "Mozilla/5.0 AppleWebKit/537.36 (KHTML, like Gecko; compatible; GPTBot/1.2; +https://openai.com/gptbot)"
20.171.207.182 - - [22/Aug/2025:06:11:41 +0200] "GET /x7.php?edit=gid_map&path=%2Fproc%2F3607667 HTTP/1.1" 200 714 "-" "Mozilla/5.0 AppleWebKit/537.36 (KHTML, like Gecko; compatible; GPTBot/1.2; +https://openai.com/gptbot)"
54.147.80.137 - - [22/Aug/2025:06:11:41 +0200] "GET /admin.php?edit=GB&path=/usr/share/zoneinfo HTTP/1.1" 200 9477 "-" "Mozilla/5.0 AppleWebKit/537.36 (KHTML, like Gecko; compatible; Amazonbot/0.1; +https://developer.amazon.com/support/amazonbot) Chrome/119.0.6045.214 Safari/537.36"
20.171.207.182 - - [22/Aug/2025:06:11:44 +0200] "GET /x7.php?edit=oom_adj&path=%2Fproc%2F2823767 HTTP/1.1" 200 714 "-" "Mozilla/5.0 AppleWebKit/537.36 (KHTML, like Gecko; compatible; GPTBot/1.2; +https://openai.com/gptbot)"
52.3.156.186 - - [22/Aug/2025:06:11:45 +0200] "GET /admin.php?path=/opt/cpanel/ea-ruby27/root/var/run/passenger-instreg/passenger.Stw3i03/.. HTTP/1.1" 200 241022 "-" "Mozilla/5.0 AppleWebKit/537.36 (KHTML, like Gecko; compatible; Amazonbot/0.1; +https://developer.amazon.com/support/amazonbot) Chrome/119.0.6045.214 Safari/537.36"
20.171.207.182 - - [22/Aug/2025:06:11:48 +0200] "GET /x7.php?edit=uid_map&path=%2Fproc%2F1712705 HTTP/1.1" 200 714 "-" "Mozilla/5.0 AppleWebKit/537.36 (KHTML, like Gecko; compatible; GPTBot/1.2; +https://openai.com/gptbot)"
20.171.207.182 - - [22/Aug/2025:06:11:49 +0200] "GET /x7.php?edit=uid_map&path=%2Fproc%2F1712739 HTTP/1.1" 200 714 "-" "Mozilla/5.0 AppleWebKit/537.36 (KHTML, like Gecko; compatible; GPTBot/1.2; +https://openai.com/gptbot)"
3.93.211.16 - - [22/Aug/2025:06:11:50 +0200] "GET /admin.php?edit=EVP_PKEY_CTX_set_dh_paramgen_type.3ssl.gz&path=/usr/share/man/man3 HTTP/1.1" 200 1864508 "-" "Mozilla/5.0 AppleWebKit/537.36 (KHTML, like Gecko; compatible; Amazonbot/0.1; +https://developer.amazon.com/support/amazonbot) Chrome/119.0.6045.214 Safari/537.36"
20.171.207.182 - - [22/Aug/2025:06:11:51 +0200] "GET /x7.php?edit=uid_map&path=%2Fproc%2F1712738 HTTP/1.1" 200 714 "-" "Mozilla/5.0 AppleWebKit/537.36 (KHTML, like Gecko; compatible; GPTBot/1.2; +https://openai.com/gptbot)"
20.171.207.182 - - [22/Aug/2025:06:11:52 +0200] "GET /x7.php?edit=gid_map&path=%2Fproc%2F1712759 HTTP/1.1" 200 714 "-" "Mozilla/5.0 AppleWebKit/537.36 (KHTML, like Gecko; compatible; GPTBot/1.2; +https://openai.com/gptbot)"
52.5.242.243 - - [22/Aug/2025:06:11:53 +0200] "GET /x7.php?edit=memory.use_hierarchy&path=/sys/fs/cgroup/memory/system.slice/home-virtfs-salvation-etc-alternatives.mount HTTP/1.1" 200 8795 "-" "Mozilla/5.0 AppleWebKit/537.36 (KHTML, like Gecko; compatible; Amazonbot/0.1; +https://developer.amazon.com/support/amazonbot) Chrome/119.0.6045.214 Safari/537.36"
20.171.207.182 - - [22/Aug/2025:06:11:54 +0200] "GET /x7.php?edit=oom_adj&path=%2Fproc%2F3720083 HTTP/1.1" 200 714 "-" "Mozilla/5.0 AppleWebKit/537.36 (KHTML, like Gecko; compatible; GPTBot/1.2; +https://openai.com/gptbot)"
20.171.207.182 - - [22/Aug/2025:06:11:55 +0200] "GET /x7.php?edit=gid_map&path=%2Fproc%2F2437452 HTTP/1.1" 200 714 "-" "Mozilla/5.0 AppleWebKit/537.36 (KHTML, like Gecko; compatible; GPTBot/1.2; +https://openai.com/gptbot)"
20.171.207.182 - - [22/Aug/2025:06:11:57 +0200] "GET /x7.php?edit=uid_map&path=%2Fproc%2F2823766 HTTP/1.1" 200 714 "-" "Mozilla/5.0 AppleWebKit/537.36 (KHTML, like Gecko; compatible; GPTBot/1.2; +https://openai.com/gptbot)"
44.209.35.147 - - [22/Aug/2025:06:11:57 +0200] "GET /x7.php?edit=cpuset&path=/proc/1856 HTTP/1.1" 200 7230 "-" "Mozilla/5.0 AppleWebKit/537.36 (KHTML, like Gecko; compatible; Amazonbot/0.1; +https://developer.amazon.com/support/amazonbot) Chrome/119.0.6045.214 Safari/537.36"
20.171.207.182 - - [22/Aug/2025:06:11:59 +0200] "GET /x7.php?edit=uid_map&path=%2Fproc%2F2437452 HTTP/1.1" 200 714 "-" "Mozilla/5.0 AppleWebKit/537.36 (KHTML, like Gecko; compatible; GPTBot/1.2; +https://openai.com/gptbot)"
20.171.207.182 - - [22/Aug/2025:06:12:00 +0200] "GET /x7.php?edit=oom_adj&path=%2Fproc%2F2994728 HTTP/1.1" 200 714 "-" "Mozilla/5.0 AppleWebKit/537.36 (KHTML, like Gecko; compatible; GPTBot/1.2; +https://openai.com/gptbot)"
54.159.18.27 - - [22/Aug/2025:06:12:01 +0200] "GET /admin.php?edit=memory.kmem.usage_in_bytes&path=/sys/fs/cgroup/memory/system.slice/home-virtfs-dlhos-var.mount HTTP/1.1" 200 8212 "-" "Mozilla/5.0 AppleWebKit/537.36 (KHTML, like Gecko; compatible; Amazonbot/0.1; +https://developer.amazon.com/support/amazonbot) Chrome/119.0.6045.214 Safari/537.36"
18.235.81.246 - - [22/Aug/2025:06:12:05 +0200] "GET /admin.php?edit=memory.usage_in_bytes&path=/sys/fs/cgroup/memory/system.slice/sysstat.service HTTP/1.1" 200 7782 "-" "Mozilla/5.0 AppleWebKit/537.36 (KHTML, like Gecko; compatible; Amazonbot/0.1; +https://developer.amazon.com/support/amazonbot) Chrome/119.0.6045.214 Safari/537.36"
20.171.207.182 - - [22/Aug/2025:06:12:06 +0200] "GET /x7.php?edit=uid_map&path=%2Fproc%2F4029474 HTTP/1.1" 200 7434 "-" "Mozilla/5.0 AppleWebKit/537.36 (KHTML, like Gecko; compatible; GPTBot/1.2; +https://openai.com/gptbot)"
20.171.207.182 - - [22/Aug/2025:06:12:08 +0200] "GET /x7.php?edit=gid_map&path=%2Fproc%2F2994728 HTTP/1.1" 200 714 "-" "Mozilla/5.0 AppleWebKit/537.36 (KHTML, like Gecko; compatible; GPTBot/1.2; +https://openai.com/gptbot)"
52.200.93.170 - - [22/Aug/2025:06:12:09 +0200] "GET /x7.php?edit=store_user&path=/sys/kernel/slab/buffer_head HTTP/1.1" 200 6038 "-" "Mozilla/5.0 AppleWebKit/537.36 (KHTML, like Gecko; compatible; Amazonbot/0.1; +https://developer.amazon.com/support/amazonbot) Chrome/119.0.6045.214 Safari/537.36"
20.171.207.182 - - [22/Aug/2025:06:12:12 +0200] "GET /x7.php?edit=gid_map&path=%2Fproc%2F1712692 HTTP/1.1" 200 714 "-" "Mozilla/5.0 AppleWebKit/537.36 (KHTML, like Gecko; compatible; GPTBot/1.2; +https://openai.com/gptbot)"
54.147.182.90 - - [22/Aug/2025:06:12:13 +0200] "GET /admin.php?edit=memory.force_empty&path=/sys/fs/cgroup/memory/system.slice/systemd-journal-catalog-update.service HTTP/1.1" 200 8579 "-" "Mozilla/5.0 AppleWebKit/537.36 (KHTML, like Gecko; compatible; Amazonbot/0.1; +https://developer.amazon.com/support/amazonbot) Chrome/119.0.6045.214 Safari/537.36"
20.171.207.182 - - [22/Aug/2025:06:12:15 +0200] "GET /x7.php?edit=oom_adj&path=%2Fproc%2F2823781 HTTP/1.1" 200 714 "-" "Mozilla/5.0 AppleWebKit/537.36 (KHTML, like Gecko; compatible; GPTBot/1.2; +https://openai.com/gptbot)"
54.163.136.244 - - [22/Aug/2025:06:12:17 +0200] "GET /admin.php?edit=pike.vim&path=/usr/share/vim/vim80/syntax HTTP/1.1" 200 112244 "-" "Mozilla/5.0 AppleWebKit/537.36 (KHTML, like Gecko; compatible; Amazonbot/0.1; +https://developer.amazon.com/support/amazonbot) Chrome/119.0.6045.214 Safari/537.36"
20.171.207.182 - - [22/Aug/2025:06:12:19 +0200] "GET /x7.php?edit=gid_map&path=%2Fproc%2F2823780 HTTP/1.1" 200 714 "-" "Mozilla/5.0 AppleWebKit/537.36 (KHTML, like Gecko; compatible; GPTBot/1.2; +https://openai.com/gptbot)"
20.171.207.182 - - [22/Aug/2025:06:12:20 +0200] "GET /x7.php?edit=gid_map&path=%2Fproc%2F2823790 HTTP/1.1" 200 714 "-" "Mozilla/5.0 AppleWebKit/537.36 (KHTML, like Gecko; compatible; GPTBot/1.2; +https://openai.com/gptbot)"
107.23.62.75 - - [22/Aug/2025:06:12:21 +0200] "GET /admin.php?path=/opt/cpanel/ea-php73/root/usr/share/.. HTTP/1.1" 200 1885 "-" "Mozilla/5.0 AppleWebKit/537.36 (KHTML, like Gecko; compatible; Amazonbot/0.1; +https://developer.amazon.com/support/amazonbot) Chrome/119.0.6045.214 Safari/537.36"
20.171.207.182 - - [22/Aug/2025:06:12:22 +0200] "GET /x7.php?edit=gid_map&path=%2Fproc%2F2994489 HTTP/1.1" 200 714 "-" "Mozilla/5.0 AppleWebKit/537.36 (KHTML, like Gecko; compatible; GPTBot/1.2; +https://openai.com/gptbot)"
100.28.57.133 - - [22/Aug/2025:06:12:25 +0200] "GET /x7.php?edit=servicedomains&path=/usr/local/cpanel/scripts HTTP/1.1" 200 83332 "-" "Mozilla/5.0 AppleWebKit/537.36 (KHTML, like Gecko; compatible; Amazonbot/0.1; +https://developer.amazon.com/support/amazonbot) Chrome/119.0.6045.214 Safari/537.36"
20.171.207.182 - - [22/Aug/2025:06:12:26 +0200] "GET /x7.php?edit=gid_map&path=%2Fproc%2F2994459 HTTP/1.1" 200 7434 "-" "Mozilla/5.0 AppleWebKit/537.36 (KHTML, like Gecko; compatible; GPTBot/1.2; +https://openai.com/gptbot)"
20.171.207.182 - - [22/Aug/2025:06:12:28 +0200] "GET /x7.php?edit=uid_map&path=%2Fproc%2F3720079 HTTP/1.1" 200 714 "-" "Mozilla/5.0 AppleWebKit/537.36 (KHTML, like Gecko; compatible; GPTBot/1.2; +https://openai.com/gptbot)"
18.214.186.220 - - [22/Aug/2025:06:12:29 +0200] "GET /x7.php?edit=apnv11.bin&path=/usr/lib/firmware/qca HTTP/1.1" 200 17943 "-" "Mozilla/5.0 AppleWebKit/537.36 (KHTML, like Gecko; compatible; Amazonbot/0.1; +https://developer.amazon.com/support/amazonbot) Chrome/119.0.6045.214 Safari/537.36"
20.171.207.182 - - [22/Aug/2025:06:12:30 +0200] "GET /x7.php?edit=gid_map&path=%2Fproc%2F1712740 HTTP/1.1" 200 714 "-" "Mozilla/5.0 AppleWebKit/537.36 (KHTML, like Gecko; compatible; GPTBot/1.2; +https://openai.com/gptbot)"
20.171.207.182 - - [22/Aug/2025:06:12:32 +0200] "GET /x7.php?edit=oom_adj&path=%2Fproc%2F2437454 HTTP/1.1" 200 714 "-" "Mozilla/5.0 AppleWebKit/537.36 (KHTML, like Gecko; compatible; GPTBot/1.2; +https://openai.com/gptbot)"
3.213.106.226 - - [22/Aug/2025:06:12:33 +0200] "GET /admin.php?edit=tasks&path=/sys/fs/cgroup/memory/system.slice/home-virtfs-dlhos-var-lib-nfs-rpc_pipefs.mount HTTP/1.1" 200 8833 "-" "Mozilla/5.0 AppleWebKit/537.36 (KHTML, like Gecko; compatible; Amazonbot/0.1; +https://developer.amazon.com/support/amazonbot) Chrome/119.0.6045.214 Safari/537.36"
20.171.207.182 - - [22/Aug/2025:06:12:35 +0200] "GET /x7.php?edit=gid_map&path=%2Fproc%2F2994455 HTTP/1.1" 200 7434 "-" "Mozilla/5.0 AppleWebKit/537.36 (KHTML, like Gecko; compatible; GPTBot/1.2; +https://openai.com/gptbot)"
52.45.29.57 - - [22/Aug/2025:06:12:37 +0200] "GET /admin.php?edit=limits&path=/proc/697/task/697 HTTP/1.1" 200 8455 "-" "Mozilla/5.0 AppleWebKit/537.36 (KHTML, like Gecko; compatible; Amazonbot/0.1; +https://developer.amazon.com/support/amazonbot) Chrome/119.0.6045.214 Safari/537.36"
20.171.207.182 - - [22/Aug/2025:06:12:38 +0200] "GET /x7.php?edit=uid_map&path=%2Fproc%2F2823798 HTTP/1.1" 200 714 "-" "Mozilla/5.0 AppleWebKit/537.36 (KHTML, like Gecko; compatible; GPTBot/1.2; +https://openai.com/gptbot)"
52.5.242.243 - - [22/Aug/2025:06:12:41 +0200] "GET /x7.php?path=/opt/cpanel/ea-ruby27/root/var/run/passenger-instreg/passenger.YrT9B64/.. HTTP/1.1" 200 241023 "-" "Mozilla/5.0 AppleWebKit/537.36 (KHTML, like Gecko; compatible; Amazonbot/0.1; +https://developer.amazon.com/support/amazonbot) Chrome/119.0.6045.214 Safari/537.36"
20.171.207.182 - - [22/Aug/2025:06:12:44 +0200] "GET /x7.php?edit=oom_adj&path=%2Fproc%2F3720090 HTTP/1.1" 200 714 "-" "Mozilla/5.0 AppleWebKit/537.36 (KHTML, like Gecko; compatible; GPTBot/1.2; +https://openai.com/gptbot)"
20.171.207.182 - - [22/Aug/2025:06:12:45 +0200] "GET /x7.php?edit=gid_map&path=%2Fproc%2F2823781 HTTP/1.1" 200 714 "-" "Mozilla/5.0 AppleWebKit/537.36 (KHTML, like Gecko; compatible; GPTBot/1.2; +https://openai.com/gptbot)"
34.196.6.199 - - [22/Aug/2025:06:12:45 +0200] "GET /x7.php?edit=.data..read_mostly&path=/sys/module/nf_conntrack_ftp/sections HTTP/1.1" 200 5104 "-" "Mozilla/5.0 AppleWebKit/537.36 (KHTML, like Gecko; compatible; Amazonbot/0.1; +https://developer.amazon.com/support/amazonbot) Chrome/119.0.6045.214 Safari/537.36"
20.171.207.182 - - [22/Aug/2025:06:12:47 +0200] "GET /x7.php?edit=uid_map&path=%2Fproc%2F1712769 HTTP/1.1" 200 714 "-" "Mozilla/5.0 AppleWebKit/537.36 (KHTML, like Gecko; compatible; GPTBot/1.2; +https://openai.com/gptbot)"
52.5.232.250 - - [22/Aug/2025:06:12:49 +0200] "GET /x7.php?edit=mmdblookup&path=/usr/bin HTTP/1.1" 200 171785 "-" "Mozilla/5.0 AppleWebKit/537.36 (KHTML, like Gecko; compatible; Amazonbot/0.1; +https://developer.amazon.com/support/amazonbot) Chrome/119.0.6045.214 Safari/537.36"
20.171.207.182 - - [22/Aug/2025:06:12:49 +0200] "GET /x7.php?edit=gid_map&path=%2Fproc%2F3891212 HTTP/1.1" 200 714 "-" "Mozilla/5.0 AppleWebKit/537.36 (KHTML, like Gecko; compatible; GPTBot/1.2; +https://openai.com/gptbot)"
20.171.207.182 - - [22/Aug/2025:06:12:51 +0200] "GET /x7.php?edit=gid_map&path=%2Fproc%2F1712738 HTTP/1.1" 200 714 "-" "Mozilla/5.0 AppleWebKit/537.36 (KHTML, like Gecko; compatible; GPTBot/1.2; +https://openai.com/gptbot)"
20.171.207.182 - - [22/Aug/2025:06:12:52 +0200] "GET /x7.php?edit=uid_map&path=%2Fproc%2F2994728 HTTP/1.1" 200 714 "-" "Mozilla/5.0 AppleWebKit/537.36 (KHTML, like Gecko; compatible; GPTBot/1.2; +https://openai.com/gptbot)"
3.81.253.213 - - [22/Aug/2025:06:12:53 +0200] "GET /admin.php?edit=memory.kmem.limit_in_bytes&path=/sys/fs/cgroup/memory/system.slice/systemd-update-done.service HTTP/1.1" 200 8230 "-" "Mozilla/5.0 AppleWebKit/537.36 (KHTML, like Gecko; compatible; Amazonbot/0.1; +https://developer.amazon.com/support/amazonbot) Chrome/119.0.6045.214 Safari/537.36"
20.171.207.182 - - [22/Aug/2025:06:12:58 +0200] "GET /x7.php?edit=uid_map&path=%2Fproc%2F2823764 HTTP/1.1" 200 714 "-" "Mozilla/5.0 AppleWebKit/537.36 (KHTML, like Gecko; compatible; GPTBot/1.2; +https://openai.com/gptbot)"
52.1.157.90 - - [22/Aug/2025:06:12:58 +0200] "GET /admin.php?edit=store_user&path=/sys/kernel/slab/kmalloc-rcl-8k HTTP/1.1" 200 6143 "-" "Mozilla/5.0 AppleWebKit/537.36 (KHTML, like Gecko; compatible; Amazonbot/0.1; +https://developer.amazon.com/support/amazonbot) Chrome/119.0.6045.214 Safari/537.36"
20.171.207.182 - - [22/Aug/2025:06:13:00 +0200] "GET /x7.php?edit=oom_adj&path=%2Fproc%2F1712739 HTTP/1.1" 200 714 "-" "Mozilla/5.0 AppleWebKit/537.36 (KHTML, like Gecko; compatible; GPTBot/1.2; +https://openai.com/gptbot)"
18.209.201.119 - - [22/Aug/2025:06:13:02 +0200] "GET /x7.php?edit=mountinfo&path=/proc/2/task/2 HTTP/1.1" 200 46888 "-" "Mozilla/5.0 AppleWebKit/537.36 (KHTML, like Gecko; compatible; Amazonbot/0.1; +https://developer.amazon.com/support/amazonbot) Chrome/119.0.6045.214 Safari/537.36"
20.171.207.182 - - [22/Aug/2025:06:13:02 +0200] "GET /x7.php?edit=oom_adj&path=%2Fproc%2F1712706 HTTP/1.1" 200 714 "-" "Mozilla/5.0 AppleWebKit/537.36 (KHTML, like Gecko; compatible; GPTBot/1.2; +https://openai.com/gptbot)"
20.171.207.182 - - [22/Aug/2025:06:13:03 +0200] "GET /x7.php?edit=uid_map&path=%2Fproc%2F2994488 HTTP/1.1" 200 7434 "-" "Mozilla/5.0 AppleWebKit/537.36 (KHTML, like Gecko; compatible; GPTBot/1.2; +https://openai.com/gptbot)"
20.171.207.182 - - [22/Aug/2025:06:13:04 +0200] "GET /x7.php?edit=oom_adj&path=%2Fproc%2F2823780 HTTP/1.1" 200 714 "-" "Mozilla/5.0 AppleWebKit/537.36 (KHTML, like Gecko; compatible; GPTBot/1.2; +https://openai.com/gptbot)"
3.226.34.98 - - [22/Aug/2025:06:13:05 +0200] "GET /admin.php?path=/sys/devices/LNXSYSTM:00/LNXSYBUS:01/LNXPOWER:08/power/.. HTTP/1.1" 200 2839 "-" "Mozilla/5.0 AppleWebKit/537.36 (KHTML, like Gecko; compatible; Amazonbot/0.1; +https://developer.amazon.com/support/amazonbot) Chrome/119.0.6045.214 Safari/537.36"
20.171.207.182 - - [22/Aug/2025:06:13:09 +0200] "GET /x7.php?edit=uid_map&path=%2Fproc%2F2823761 HTTP/1.1" 200 714 "-" "Mozilla/5.0 AppleWebKit/537.36 (KHTML, like Gecko; compatible; GPTBot/1.2; +https://openai.com/gptbot)"
20.171.207.182 - - [22/Aug/2025:06:13:10 +0200] "GET /x7.php?edit=oom_adj&path=%2Fproc%2F1712769 HTTP/1.1" 200 714 "-" "Mozilla/5.0 AppleWebKit/537.36 (KHTML, like Gecko; compatible; GPTBot/1.2; +https://openai.com/gptbot)"
3.217.171.106 - - [22/Aug/2025:06:13:11 +0200] "GET /x7.php?edit=mlocate.mo&path=/usr/share/locale/gu/LC_MESSAGES HTTP/1.1" 200 6007 "-" "Mozilla/5.0 AppleWebKit/537.36 (KHTML, like Gecko; compatible; Amazonbot/0.1; +https://developer.amazon.com/support/amazonbot) Chrome/119.0.6045.214 Safari/537.36"
20.171.207.182 - - [22/Aug/2025:06:13:13 +0200] "GET /x7.php?edit=oom_adj&path=%2Fproc%2F2823770 HTTP/1.1" 200 714 "-" "Mozilla/5.0 AppleWebKit/537.36 (KHTML, like Gecko; compatible; GPTBot/1.2; +https://openai.com/gptbot)"
20.171.207.182 - - [22/Aug/2025:06:13:14 +0200] "GET /x7.php?edit=gid_map&path=%2Fproc%2F3720087 HTTP/1.1" 200 714 "-" "Mozilla/5.0 AppleWebKit/537.36 (KHTML, like Gecko; compatible; GPTBot/1.2; +https://openai.com/gptbot)"
98.84.70.201 - - [22/Aug/2025:06:13:14 +0200] "GET /admin.php?edit=ipv6_route&path=/proc/2128/task/2140/net HTTP/1.1" 200 11204 "-" "Mozilla/5.0 AppleWebKit/537.36 (KHTML, like Gecko; compatible; Amazonbot/0.1; +https://developer.amazon.com/support/amazonbot) Chrome/119.0.6045.214 Safari/537.36"
20.171.207.182 - - [22/Aug/2025:06:13:15 +0200] "GET /x7.php?edit=uid_map&path=%2Fproc%2F1712734 HTTP/1.1" 200 714 "-" "Mozilla/5.0 AppleWebKit/537.36 (KHTML, like Gecko; compatible; GPTBot/1.2; +https://openai.com/gptbot)"
20.171.207.182 - - [22/Aug/2025:06:13:17 +0200] "GET /x7.php?edit=gid_map&path=%2Fproc%2F3720083 HTTP/1.1" 200 714 "-" "Mozilla/5.0 AppleWebKit/537.36 (KHTML, like Gecko; compatible; GPTBot/1.2; +https://openai.com/gptbot)"
3.217.82.254 - - [22/Aug/2025:06:13:18 +0200] "GET /x7.php?edit=slabs&path=/sys/kernel/slab/kmalloc-rcl-96 HTTP/1.1" 200 6133 "-" "Mozilla/5.0 AppleWebKit/537.36 (KHTML, like Gecko; compatible; Amazonbot/0.1; +https://developer.amazon.com/support/amazonbot) Chrome/119.0.6045.214 Safari/537.36"
20.171.207.182 - - [22/Aug/2025:06:13:20 +0200] "GET /x7.php?edit=oom_adj&path=%2Fproc%2F1712745 HTTP/1.1" 200 714 "-" "Mozilla/5.0 AppleWebKit/537.36 (KHTML, like Gecko; compatible; GPTBot/1.2; +https://openai.com/gptbot)"
20.171.207.182 - - [22/Aug/2025:06:13:21 +0200] "GET /x7.php?edit=gid_map&path=%2Fproc%2F2823796 HTTP/1.1" 200 714 "-" "Mozilla/5.0 AppleWebKit/537.36 (KHTML, like Gecko; compatible; GPTBot/1.2; +https://openai.com/gptbot)"
20.171.207.182 - - [22/Aug/2025:06:13:22 +0200] "GET /x7.php?edit=oom_adj&path=%2Fproc%2F2823768 HTTP/1.1" 200 714 "-" "Mozilla/5.0 AppleWebKit/537.36 (KHTML, like Gecko; compatible; GPTBot/1.2; +https://openai.com/gptbot)"
34.196.114.170 - - [22/Aug/2025:06:13:22 +0200] "GET /admin.php?edit=rebuild_dbmap&path=/usr/local/cpanel/scripts HTTP/1.1" 200 78749 "-" "Mozilla/5.0 AppleWebKit/537.36 (KHTML, like Gecko; compatible; Amazonbot/0.1; +https://developer.amazon.com/support/amazonbot) Chrome/119.0.6045.214 Safari/537.36"
20.171.207.182 - - [22/Aug/2025:06:13:24 +0200] "GET /x7.php?edit=uid_map&path=%2Fproc%2F2823768 HTTP/1.1" 200 714 "-" "Mozilla/5.0 AppleWebKit/537.36 (KHTML, like Gecko; compatible; GPTBot/1.2; +https://openai.com/gptbot)"
54.147.182.90 - - [22/Aug/2025:06:13:26 +0200] "GET /x7.php?path=/sys/devices/pci0000:00/0000:00:1e.0/driver HTTP/1.1" 200 2638 "-" "Mozilla/5.0 AppleWebKit/537.36 (KHTML, like Gecko; compatible; Amazonbot/0.1; +https://developer.amazon.com/support/amazonbot) Chrome/119.0.6045.214 Safari/537.36"
20.171.207.182 - - [22/Aug/2025:06:13:28 +0200] "GET /x7.php?edit=gid_map&path=%2Fproc%2F2823786 HTTP/1.1" 200 714 "-" "Mozilla/5.0 AppleWebKit/537.36 (KHTML, like Gecko; compatible; GPTBot/1.2; +https://openai.com/gptbot)"
20.171.207.182 - - [22/Aug/2025:06:13:29 +0200] "GET /x7.php?edit=uid_map&path=%2Fproc%2F3270793 HTTP/1.1" 200 714 "-" "Mozilla/5.0 AppleWebKit/537.36 (KHTML, like Gecko; compatible; GPTBot/1.2; +https://openai.com/gptbot)"
34.233.219.155 - - [22/Aug/2025:06:13:30 +0200] "GET /admin.php?edit=oom_adj&path=/proc/19 HTTP/1.1" 200 7118 "-" "Mozilla/5.0 AppleWebKit/537.36 (KHTML, like Gecko; compatible; Amazonbot/0.1; +https://developer.amazon.com/support/amazonbot) Chrome/119.0.6045.214 Safari/537.36"
20.171.207.182 - - [22/Aug/2025:06:13:31 +0200] "GET /x7.php?edit=gid_map&path=%2Fproc%2F1712705 HTTP/1.1" 200 714 "-" "Mozilla/5.0 AppleWebKit/537.36 (KHTML, like Gecko; compatible; GPTBot/1.2; +https://openai.com/gptbot)"
