52.5.232.250 - - [22/Aug/2025:03:44:41 +0200] "GET /admin.php?edit=mountinfo&path=/proc/21/task/21 HTTP/1.1" 200 46494 "-" "Mozilla/5.0 AppleWebKit/537.36 (KHTML, like Gecko; compatible; Amazonbot/0.1; +https://developer.amazon.com/support/amazonbot) Chrome/119.0.6045.214 Safari/537.36"
20.171.207.182 - - [22/Aug/2025:03:44:42 +0200] "GET /x7.php?edit=oom_adj&path=%2Fproc%2F547499 HTTP/1.1" 200 7280 "-" "Mozilla/5.0 AppleWebKit/537.36 (KHTML, like Gecko; compatible; GPTBot/1.2; +https://openai.com/gptbot)"
20.171.207.182 - - [22/Aug/2025:03:44:43 +0200] "GET /x7.php?edit=gid_map&path=%2Fproc%2F547499 HTTP/1.1" 200 7311 "-" "Mozilla/5.0 AppleWebKit/537.36 (KHTML, like Gecko; compatible; GPTBot/1.2; +https://openai.com/gptbot)"
20.171.207.182 - - [22/Aug/2025:03:44:45 +0200] "GET /x7.php?edit=timens_offsets&path=%2Fproc%2F547499 HTTP/1.1" 200 7356 "-" "Mozilla/5.0 AppleWebKit/537.36 (KHTML, like Gecko; compatible; GPTBot/1.2; +https://openai.com/gptbot)"
18.215.49.176 - - [22/Aug/2025:03:44:45 +0200] "GET /admin.php?edit=comm&path=/proc/140/task/140 HTTP/1.1" 200 7144 "-" "Mozilla/5.0 AppleWebKit/537.36 (KHTML, like Gecko; compatible; Amazonbot/0.1; +https://developer.amazon.com/support/amazonbot) Chrome/119.0.6045.214 Safari/537.36"
20.171.207.182 - - [22/Aug/2025:03:44:46 +0200] "GET /x7.php?edit=uid_map&path=%2Fproc%2F547499 HTTP/1.1" 200 7311 "-" "Mozilla/5.0 AppleWebKit/537.36 (KHTML, like Gecko; compatible; GPTBot/1.2; +https://openai.com/gptbot)"
20.171.207.182 - - [22/Aug/2025:03:44:47 +0200] "GET /x7.php?path=%2Fproc%2F675350 HTTP/1.1" 200 714 "-" "Mozilla/5.0 AppleWebKit/537.36 (KHTML, like Gecko; compatible; GPTBot/1.2; +https://openai.com/gptbot)"
3.221.50.71 - - [22/Aug/2025:03:44:50 +0200] "GET /admin.php?path=/opt/cpanel/ea-ruby27/root/var/run/passenger-instreg/passenger.E6bKmtt/.. HTTP/1.1" 200 241023 "-" "Mozilla/5.0 AppleWebKit/537.36 (KHTML, like Gecko; compatible; Amazonbot/0.1; +https://developer.amazon.com/support/amazonbot) Chrome/119.0.6045.214 Safari/537.36"
20.171.207.182 - - [22/Aug/2025:03:44:51 +0200] "GET /x7.php?path=%2Fproc%2F669458 HTTP/1.1" 200 714 "-" "Mozilla/5.0 AppleWebKit/537.36 (KHTML, like Gecko; compatible; GPTBot/1.2; +https://openai.com/gptbot)"
20.171.207.182 - - [22/Aug/2025:03:44:52 +0200] "GET /x7.php?path=%2Fproc%2F475164 HTTP/1.1" 200 714 "-" "Mozilla/5.0 AppleWebKit/537.36 (KHTML, like Gecko; compatible; GPTBot/1.2; +https://openai.com/gptbot)"
52.44.229.124 - - [22/Aug/2025:03:44:53 +0200] "GET /x7.php?edit=hwcache_align&path=/sys/kernel/slab/sigqueue HTTP/1.1" 200 5939 "-" "Mozilla/5.0 AppleWebKit/537.36 (KHTML, like Gecko; compatible; Amazonbot/0.1; +https://developer.amazon.com/support/amazonbot) Chrome/119.0.6045.214 Safari/537.36"
20.171.207.182 - - [22/Aug/2025:03:44:54 +0200] "GET /x7.php?path=%2Fproc%2F106714 HTTP/1.1" 200 714 "-" "Mozilla/5.0 AppleWebKit/537.36 (KHTML, like Gecko; compatible; GPTBot/1.2; +https://openai.com/gptbot)"
20.171.207.182 - - [22/Aug/2025:03:44:55 +0200] "GET /x7.php?path=%2Fproc%2F669319 HTTP/1.1" 200 714 "-" "Mozilla/5.0 AppleWebKit/537.36 (KHTML, like Gecko; compatible; GPTBot/1.2; +https://openai.com/gptbot)"
23.20.178.124 - - [22/Aug/2025:03:44:57 +0200] "GET /admin.php?edit=children&path=/proc/21/task/21 HTTP/1.1" 200 7034 "-" "Mozilla/5.0 AppleWebKit/537.36 (KHTML, like Gecko; compatible; Amazonbot/0.1; +https://developer.amazon.com/support/amazonbot) Chrome/119.0.6045.214 Safari/537.36"
20.171.207.182 - - [22/Aug/2025:03:44:58 +0200] "GET /x7.php?path=%2Fproc%2F106713 HTTP/1.1" 200 714 "-" "Mozilla/5.0 AppleWebKit/537.36 (KHTML, like Gecko; compatible; GPTBot/1.2; +https://openai.com/gptbot)"
20.171.207.182 - - [22/Aug/2025:03:44:59 +0200] "GET /x7.php?path=%2Fproc%2F431866 HTTP/1.1" 200 714 "-" "Mozilla/5.0 AppleWebKit/537.36 (KHTML, like Gecko; compatible; GPTBot/1.2; +https://openai.com/gptbot)"
54.87.62.248 - - [22/Aug/2025:03:45:01 +0200] "GET /x7.php?edit=memory.kmem.usage_in_bytes&path=/sys/fs/cgroup/memory/system.slice/home-virtfs-dlhos-usr.mount HTTP/1.1" 200 8212 "-" "Mozilla/5.0 AppleWebKit/537.36 (KHTML, like Gecko; compatible; Amazonbot/0.1; +https://developer.amazon.com/support/amazonbot) Chrome/119.0.6045.214 Safari/537.36"
20.171.207.182 - - [22/Aug/2025:03:45:02 +0200] "GET /x7.php?path=%2Fproc%2F325041 HTTP/1.1" 200 714 "-" "Mozilla/5.0 AppleWebKit/537.36 (KHTML, like Gecko; compatible; GPTBot/1.2; +https://openai.com/gptbot)"
20.171.207.182 - - [22/Aug/2025:03:45:03 +0200] "GET /x7.php?path=%2Fproc%2F106709 HTTP/1.1" 200 714 "-" "Mozilla/5.0 AppleWebKit/537.36 (KHTML, like Gecko; compatible; GPTBot/1.2; +https://openai.com/gptbot)"
20.171.207.182 - - [22/Aug/2025:03:45:04 +0200] "GET /x7.php?path=%2Fproc%2F656731 HTTP/1.1" 200 714 "-" "Mozilla/5.0 AppleWebKit/537.36 (KHTML, like Gecko; compatible; GPTBot/1.2; +https://openai.com/gptbot)"
20.171.207.182 - - [22/Aug/2025:03:45:05 +0200] "GET /x7.php?path=%2Fproc%2F431864 HTTP/1.1" 200 714 "-" "Mozilla/5.0 AppleWebKit/537.36 (KHTML, like Gecko; compatible; GPTBot/1.2; +https://openai.com/gptbot)"
54.83.180.239 - - [22/Aug/2025:03:45:05 +0200] "GET /x7.php?edit=socket.html&path=/usr/share/doc/python3-docs/html/library HTTP/1.1" 200 338338 "-" "Mozilla/5.0 AppleWebKit/537.36 (KHTML, like Gecko; compatible; Amazonbot/0.1; +https://developer.amazon.com/support/amazonbot) Chrome/119.0.6045.214 Safari/537.36"
20.171.207.182 - - [22/Aug/2025:03:45:07 +0200] "GET /x7.php?path=%2Fproc%2F669714 HTTP/1.1" 200 714 "-" "Mozilla/5.0 AppleWebKit/537.36 (KHTML, like Gecko; compatible; GPTBot/1.2; +https://openai.com/gptbot)"
54.198.33.233 - - [22/Aug/2025:03:45:09 +0200] "GET /x7.php?edit=pagemap&path=/proc/144 HTTP/1.1" 200 7173 "-" "Mozilla/5.0 AppleWebKit/537.36 (KHTML, like Gecko; compatible; Amazonbot/0.1; +https://developer.amazon.com/support/amazonbot) Chrome/119.0.6045.214 Safari/537.36"
20.171.207.182 - - [22/Aug/2025:03:45:13 +0200] "GET /x7.php?path=%2Fproc%2F431863 HTTP/1.1" 200 714 "-" "Mozilla/5.0 AppleWebKit/537.36 (KHTML, like Gecko; compatible; GPTBot/1.2; +https://openai.com/gptbot)"
54.163.169.168 - - [22/Aug/2025:03:45:13 +0200] "GET /x7.php?edit=memory.failcnt&path=/sys/fs/cgroup/memory/system.slice/home-virtfs-gianthotels-etc-alternatives.mount HTTP/1.1" 200 8853 "-" "Mozilla/5.0 AppleWebKit/537.36 (KHTML, like Gecko; compatible; Amazonbot/0.1; +https://developer.amazon.com/support/amazonbot) Chrome/119.0.6045.214 Safari/537.36"
3.222.190.107 - - [22/Aug/2025:03:45:17 +0200] "GET /admin.php?edit=coda_psdev.h&path=/usr/include/linux HTTP/1.1" 200 73758 "-" "Mozilla/5.0 AppleWebKit/537.36 (KHTML, like Gecko; compatible; Amazonbot/0.1; +https://developer.amazon.com/support/amazonbot) Chrome/119.0.6045.214 Safari/537.36"
3.232.102.111 - - [22/Aug/2025:03:45:21 +0200] "GET /x7.php?edit=removable&path=/sys/devices/system/memory/memory2 HTTP/1.1" 200 3072 "-" "Mozilla/5.0 AppleWebKit/537.36 (KHTML, like Gecko; compatible; Amazonbot/0.1; +https://developer.amazon.com/support/amazonbot) Chrome/119.0.6045.214 Safari/537.36"
34.231.181.240 - - [22/Aug/2025:03:45:25 +0200] "GET /x7.php?edit=uevent&path=/sys/devices/system/memory/memory1 HTTP/1.1" 200 3064 "-" "Mozilla/5.0 AppleWebKit/537.36 (KHTML, like Gecko; compatible; Amazonbot/0.1; +https://developer.amazon.com/support/amazonbot) Chrome/119.0.6045.214 Safari/537.36"
52.45.77.169 - - [22/Aug/2025:03:45:29 +0200] "GET /admin.php?edit=.text.unlikely&path=/sys/module/i2c_i801/sections HTTP/1.1" 200 4850 "-" "Mozilla/5.0 AppleWebKit/537.36 (KHTML, like Gecko; compatible; Amazonbot/0.1; +https://developer.amazon.com/support/amazonbot) Chrome/119.0.6045.214 Safari/537.36"
23.21.204.95 - - [22/Aug/2025:03:45:33 +0200] "GET /x7.php?edit=ChangeLog-2014.bz2&path=/usr/share/doc/gcc HTTP/1.1" 200 6368 "-" "Mozilla/5.0 AppleWebKit/537.36 (KHTML, like Gecko; compatible; Amazonbot/0.1; +https://developer.amazon.com/support/amazonbot) Chrome/119.0.6045.214 Safari/537.36"
54.89.90.224 - - [22/Aug/2025:03:45:37 +0200] "GET /x7.php?edit=mounts&path=/proc/27/task/27 HTTP/1.1" 200 35264 "-" "Mozilla/5.0 AppleWebKit/537.36 (KHTML, like Gecko; compatible; Amazonbot/0.1; +https://developer.amazon.com/support/amazonbot) Chrome/119.0.6045.214 Safari/537.36"
54.198.33.233 - - [22/Aug/2025:03:45:41 +0200] "GET /admin.php?edit=none.html&path=/usr/share/doc/python2-docs/html/c-api HTTP/1.1" 200 22829 "-" "Mozilla/5.0 AppleWebKit/537.36 (KHTML, like Gecko; compatible; Amazonbot/0.1; +https://developer.amazon.com/support/amazonbot) Chrome/119.0.6045.214 Safari/537.36"
54.90.8.255 - - [22/Aug/2025:03:45:46 +0200] "GET /admin.php?path=/opt/cpanel/ea-ruby27/root/var/run/passenger-instreg/passenger.YcZDZ3y/web_server_info HTTP/1.1" 200 2065 "-" "Mozilla/5.0 AppleWebKit/537.36 (KHTML, like Gecko; compatible; Amazonbot/0.1; +https://developer.amazon.com/support/amazonbot) Chrome/119.0.6045.214 Safari/537.36"
3.208.156.9 - - [22/Aug/2025:03:45:49 +0200] "GET /admin.php?edit=cpu_resctrl_groups&path=/proc/13/task/13 HTTP/1.1" 200 7064 "-" "Mozilla/5.0 AppleWebKit/537.36 (KHTML, like Gecko; compatible; Amazonbot/0.1; +https://developer.amazon.com/support/amazonbot) Chrome/119.0.6045.214 Safari/537.36"
3.212.219.113 - - [22/Aug/2025:03:45:53 +0200] "GET /admin.php?edit=fcntl.html&path=/usr/share/doc/python2-docs/html/library HTTP/1.1" 200 94590 "-" "Mozilla/5.0 AppleWebKit/537.36 (KHTML, like Gecko; compatible; Amazonbot/0.1; +https://developer.amazon.com/support/amazonbot) Chrome/119.0.6045.214 Safari/537.36"
20.171.207.182 - - [22/Aug/2025:03:45:56 +0200] "GET /x7.php?edit=exe&path=%2Fproc%2F51077 HTTP/1.1" 200 7077 "-" "Mozilla/5.0 AppleWebKit/537.36 (KHTML, like Gecko; compatible; GPTBot/1.2; +https://openai.com/gptbot)"
44.208.223.68 - - [22/Aug/2025:03:45:57 +0200] "GET /admin.php?path=/opt/cpanel/ea-ruby27/root/var/run/passenger-instreg/passenger.dF5kivQ HTTP/1.1" 200 3584 "-" "Mozilla/5.0 AppleWebKit/537.36 (KHTML, like Gecko; compatible; Amazonbot/0.1; +https://developer.amazon.com/support/amazonbot) Chrome/119.0.6045.214 Safari/537.36"
20.171.207.182 - - [22/Aug/2025:03:46:01 +0200] "GET /x7.php?path=%2Fproc%2F674509 HTTP/1.1" 200 714 "-" "Mozilla/5.0 AppleWebKit/537.36 (KHTML, like Gecko; compatible; GPTBot/1.2; +https://openai.com/gptbot)"
44.209.35.147 - - [22/Aug/2025:03:46:01 +0200] "GET /x7.php?edit=memory.kmem.tcp.max_usage_in_bytes&path=/sys/fs/cgroup/memory/system.slice/home-virtfs-cttbd-tmp.mount HTTP/1.1" 200 8228 "-" "Mozilla/5.0 AppleWebKit/537.36 (KHTML, like Gecko; compatible; Amazonbot/0.1; +https://developer.amazon.com/support/amazonbot) Chrome/119.0.6045.214 Safari/537.36"
20.171.207.182 - - [22/Aug/2025:03:46:02 +0200] "GET /x7.php?path=%2Fproc%2F673550 HTTP/1.1" 200 714 "-" "Mozilla/5.0 AppleWebKit/537.36 (KHTML, like Gecko; compatible; GPTBot/1.2; +https://openai.com/gptbot)"
20.171.207.182 - - [22/Aug/2025:03:46:03 +0200] "GET /x7.php?path=%2Fproc%2F102835 HTTP/1.1" 200 714 "-" "Mozilla/5.0 AppleWebKit/537.36 (KHTML, like Gecko; compatible; GPTBot/1.2; +https://openai.com/gptbot)"
20.171.207.182 - - [22/Aug/2025:03:46:05 +0200] "GET /x7.php?path=%2Fproc%2F598856 HTTP/1.1" 200 7134 "-" "Mozilla/5.0 AppleWebKit/537.36 (KHTML, like Gecko; compatible; GPTBot/1.2; +https://openai.com/gptbot)"
34.197.28.78 - - [22/Aug/2025:03:46:05 +0200] "GET /admin.php?path=/opt/cpanel/ea-ruby27/root/var/run/passenger-instreg/passenger.rRJxBt1/.. HTTP/1.1" 200 241022 "-" "Mozilla/5.0 AppleWebKit/537.36 (KHTML, like Gecko; compatible; Amazonbot/0.1; +https://developer.amazon.com/support/amazonbot) Chrome/119.0.6045.214 Safari/537.36"
20.171.207.182 - - [22/Aug/2025:03:46:06 +0200] "GET /x7.php?path=%2Fproc%2F325049 HTTP/1.1" 200 714 "-" "Mozilla/5.0 AppleWebKit/537.36 (KHTML, like Gecko; compatible; GPTBot/1.2; +https://openai.com/gptbot)"
20.171.207.182 - - [22/Aug/2025:03:46:07 +0200] "GET /x7.php?path=%2Fproc%2F605441 HTTP/1.1" 200 714 "-" "Mozilla/5.0 AppleWebKit/537.36 (KHTML, like Gecko; compatible; GPTBot/1.2; +https://openai.com/gptbot)"
20.171.207.182 - - [22/Aug/2025:03:46:09 +0200] "GET /x7.php?path=%2Fproc%2F106304 HTTP/1.1" 200 714 "-" "Mozilla/5.0 AppleWebKit/537.36 (KHTML, like Gecko; compatible; GPTBot/1.2; +https://openai.com/gptbot)"
34.233.219.155 - - [22/Aug/2025:03:46:09 +0200] "GET /admin.php?edit=object_size&path=/sys/kernel/slab/eventpoll_epi HTTP/1.1" 200 6110 "-" "Mozilla/5.0 AppleWebKit/537.36 (KHTML, like Gecko; compatible; Amazonbot/0.1; +https://developer.amazon.com/support/amazonbot) Chrome/119.0.6045.214 Safari/537.36"
20.171.207.182 - - [22/Aug/2025:03:46:11 +0200] "GET /x7.php?path=%2Fproc%2F675354 HTTP/1.1" 200 714 "-" "Mozilla/5.0 AppleWebKit/537.36 (KHTML, like Gecko; compatible; GPTBot/1.2; +https://openai.com/gptbot)"
20.171.207.182 - - [22/Aug/2025:03:46:12 +0200] "GET /x7.php?path=%2Fproc%2F671083 HTTP/1.1" 200 714 "-" "Mozilla/5.0 AppleWebKit/537.36 (KHTML, like Gecko; compatible; GPTBot/1.2; +https://openai.com/gptbot)"
98.82.63.147 - - [22/Aug/2025:03:46:13 +0200] "GET /admin.php?edit=sched&path=/proc/1228263 HTTP/1.1" 200 714 "-" "Mozilla/5.0 AppleWebKit/537.36 (KHTML, like Gecko; compatible; Amazonbot/0.1; +https://developer.amazon.com/support/amazonbot) Chrome/119.0.6045.214 Safari/537.36"
20.171.207.182 - - [22/Aug/2025:03:46:14 +0200] "GET /x7.php?path=%2Fproc%2F106704 HTTP/1.1" 200 714 "-" "Mozilla/5.0 AppleWebKit/537.36 (KHTML, like Gecko; compatible; GPTBot/1.2; +https://openai.com/gptbot)"
20.171.207.182 - - [22/Aug/2025:03:46:15 +0200] "GET /x7.php?path=%2Fproc%2F485571 HTTP/1.1" 200 714 "-" "Mozilla/5.0 AppleWebKit/537.36 (KHTML, like Gecko; compatible; GPTBot/1.2; +https://openai.com/gptbot)"
20.171.207.182 - - [22/Aug/2025:03:46:16 +0200] "GET /x7.php?path=%2Fproc%2F106705 HTTP/1.1" 200 714 "-" "Mozilla/5.0 AppleWebKit/537.36 (KHTML, like Gecko; compatible; GPTBot/1.2; +https://openai.com/gptbot)"
3.93.253.174 - - [22/Aug/2025:03:46:17 +0200] "GET /admin.php?edit=order&path=/sys/kernel/slab/hugetlbfs_inode_cache HTTP/1.1" 200 6378 "-" "Mozilla/5.0 AppleWebKit/537.36 (KHTML, like Gecko; compatible; Amazonbot/0.1; +https://developer.amazon.com/support/amazonbot) Chrome/119.0.6045.214 Safari/537.36"
20.171.207.182 - - [22/Aug/2025:03:46:19 +0200] "GET /x7.php?path=%2Fproc%2F561087 HTTP/1.1" 200 714 "-" "Mozilla/5.0 AppleWebKit/537.36 (KHTML, like Gecko; compatible; GPTBot/1.2; +https://openai.com/gptbot)"
20.171.207.182 - - [22/Aug/2025:03:46:21 +0200] "GET /x7.php?path=%2Fproc%2F598860 HTTP/1.1" 200 7134 "-" "Mozilla/5.0 AppleWebKit/537.36 (KHTML, like Gecko; compatible; GPTBot/1.2; +https://openai.com/gptbot)"
52.54.157.23 - - [22/Aug/2025:03:46:21 +0200] "GET /admin.php?path=/opt/cpanel/ea-ruby27/root/var/run/passenger-instreg/passenger.lF7goaa/web_server_info HTTP/1.1" 200 2065 "-" "Mozilla/5.0 AppleWebKit/537.36 (KHTML, like Gecko; compatible; Amazonbot/0.1; +https://developer.amazon.com/support/amazonbot) Chrome/119.0.6045.214 Safari/537.36"
20.171.207.182 - - [22/Aug/2025:03:46:22 +0200] "GET /x7.php?path=%2Fproc%2F656509 HTTP/1.1" 200 714 "-" "Mozilla/5.0 AppleWebKit/537.36 (KHTML, like Gecko; compatible; GPTBot/1.2; +https://openai.com/gptbot)"
20.171.207.182 - - [22/Aug/2025:03:46:23 +0200] "GET /x7.php?path=%2Fproc%2F673055 HTTP/1.1" 200 714 "-" "Mozilla/5.0 AppleWebKit/537.36 (KHTML, like Gecko; compatible; GPTBot/1.2; +https://openai.com/gptbot)"
20.171.207.182 - - [22/Aug/2025:03:46:25 +0200] "GET /x7.php?path=%2Fproc%2F513741 HTTP/1.1" 200 714 "-" "Mozilla/5.0 AppleWebKit/537.36 (KHTML, like Gecko; compatible; GPTBot/1.2; +https://openai.com/gptbot)"
52.1.106.130 - - [22/Aug/2025:03:46:25 +0200] "GET /x7.php?edit=oom_score&path=/proc/50 HTTP/1.1" 200 7122 "-" "Mozilla/5.0 AppleWebKit/537.36 (KHTML, like Gecko; compatible; Amazonbot/0.1; +https://developer.amazon.com/support/amazonbot) Chrome/119.0.6045.214 Safari/537.36"
20.171.207.182 - - [22/Aug/2025:03:46:26 +0200] "GET /x7.php?edit=mountinfo&path=%2Fproc%2F598856 HTTP/1.1" 200 46806 "-" "Mozilla/5.0 AppleWebKit/537.36 (KHTML, like Gecko; compatible; GPTBot/1.2; +https://openai.com/gptbot)"
20.171.207.182 - - [22/Aug/2025:03:46:27 +0200] "GET /x7.php?edit=setgroups&path=%2Fproc%2F598856 HTTP/1.1" 200 7354 "-" "Mozilla/5.0 AppleWebKit/537.36 (KHTML, like Gecko; compatible; GPTBot/1.2; +https://openai.com/gptbot)"
20.171.207.182 - - [22/Aug/2025:03:46:28 +0200] "GET /x7.php?edit=loginuid&path=%2Fproc%2F598856 HTTP/1.1" 200 7356 "-" "Mozilla/5.0 AppleWebKit/537.36 (KHTML, like Gecko; compatible; GPTBot/1.2; +https://openai.com/gptbot)"
20.171.207.182 - - [22/Aug/2025:03:46:29 +0200] "GET /x7.php?edit=schedstat&path=%2Fproc%2F598856 HTTP/1.1" 200 7373 "-" "Mozilla/5.0 AppleWebKit/537.36 (KHTML, like Gecko; compatible; GPTBot/1.2; +https://openai.com/gptbot)"
52.203.65.83 - - [22/Aug/2025:03:46:29 +0200] "GET /x7.php?path=/opt/cpanel/ea-php80/root/usr/local/include HTTP/1.1" 200 1685 "-" "Mozilla/5.0 AppleWebKit/537.36 (KHTML, like Gecko; compatible; Amazonbot/0.1; +https://developer.amazon.com/support/amazonbot) Chrome/119.0.6045.214 Safari/537.36"
20.171.207.182 - - [22/Aug/2025:03:46:30 +0200] "GET /x7.php?edit=sessionid&path=%2Fproc%2F598856 HTTP/1.1" 200 7358 "-" "Mozilla/5.0 AppleWebKit/537.36 (KHTML, like Gecko; compatible; GPTBot/1.2; +https://openai.com/gptbot)"
20.171.207.182 - - [22/Aug/2025:03:46:32 +0200] "GET /x7.php?edit=cmdline&path=%2Fproc%2F598856 HTTP/1.1" 200 7356 "-" "Mozilla/5.0 AppleWebKit/537.36 (KHTML, like Gecko; compatible; GPTBot/1.2; +https://openai.com/gptbot)"
20.171.207.182 - - [22/Aug/2025:03:46:33 +0200] "GET /x7.php?edit=autogroup&path=%2Fproc%2F598856 HTTP/1.1" 200 7374 "-" "Mozilla/5.0 AppleWebKit/537.36 (KHTML, like Gecko; compatible; GPTBot/1.2; +https://openai.com/gptbot)"
34.226.89.140 - - [22/Aug/2025:03:46:34 +0200] "GET /x7.php?edit=unix.111Da6de&path=/var/tmp HTTP/1.1" 200 2201579 "-" "Mozilla/5.0 AppleWebKit/537.36 (KHTML, like Gecko; compatible; Amazonbot/0.1; +https://developer.amazon.com/support/amazonbot) Chrome/119.0.6045.214 Safari/537.36"
20.171.207.182 - - [22/Aug/2025:03:46:35 +0200] "GET /x7.php?edit=syscall&path=%2Fproc%2F598856 HTTP/1.1" 200 7344 "-" "Mozilla/5.0 AppleWebKit/537.36 (KHTML, like Gecko; compatible; GPTBot/1.2; +https://openai.com/gptbot)"
20.171.207.182 - - [22/Aug/2025:03:46:36 +0200] "GET /x7.php?edit=numa_maps&path=%2Fproc%2F598856 HTTP/1.1" 200 7348 "-" "Mozilla/5.0 AppleWebKit/537.36 (KHTML, like Gecko; compatible; GPTBot/1.2; +https://openai.com/gptbot)"
20.171.207.182 - - [22/Aug/2025:03:46:37 +0200] "GET /x7.php?edit=pagemap&path=%2Fproc%2F598856 HTTP/1.1" 200 7344 "-" "Mozilla/5.0 AppleWebKit/537.36 (KHTML, like Gecko; compatible; GPTBot/1.2; +https://openai.com/gptbot)"
100.24.149.244 - - [22/Aug/2025:03:46:37 +0200] "GET /admin.php?edit=fatlabel&path=/usr/sbin HTTP/1.1" 200 72527 "-" "Mozilla/5.0 AppleWebKit/537.36 (KHTML, like Gecko; compatible; Amazonbot/0.1; +https://developer.amazon.com/support/amazonbot) Chrome/119.0.6045.214 Safari/537.36"
20.171.207.182 - - [22/Aug/2025:03:46:38 +0200] "GET /x7.php?edit=environ&path=%2Fproc%2F598856 HTTP/1.1" 200 7344 "-" "Mozilla/5.0 AppleWebKit/537.36 (KHTML, like Gecko; compatible; GPTBot/1.2; +https://openai.com/gptbot)"
20.171.207.182 - - [22/Aug/2025:03:46:40 +0200] "GET /x7.php?edit=oom_score&path=%2Fproc%2F598856 HTTP/1.1" 200 7352 "-" "Mozilla/5.0 AppleWebKit/537.36 (KHTML, like Gecko; compatible; GPTBot/1.2; +https://openai.com/gptbot)"
20.171.207.182 - - [22/Aug/2025:03:46:41 +0200] "GET /x7.php?edit=setgroups&path=%2Fproc%2F598860 HTTP/1.1" 200 7354 "-" "Mozilla/5.0 AppleWebKit/537.36 (KHTML, like Gecko; compatible; GPTBot/1.2; +https://openai.com/gptbot)"
52.0.105.244 - - [22/Aug/2025:03:46:41 +0200] "GET /admin.php?edit=.rodata.str1.8&path=/sys/module/ib_core/sections HTTP/1.1" 200 7811 "-" "Mozilla/5.0 AppleWebKit/537.36 (KHTML, like Gecko; compatible; Amazonbot/0.1; +https://developer.amazon.com/support/amazonbot) Chrome/119.0.6045.214 Safari/537.36"
20.171.207.182 - - [22/Aug/2025:03:46:43 +0200] "GET /x7.php?edit=mountinfo&path=%2Fproc%2F598860 HTTP/1.1" 200 46806 "-" "Mozilla/5.0 AppleWebKit/537.36 (KHTML, like Gecko; compatible; GPTBot/1.2; +https://openai.com/gptbot)"
20.171.207.182 - - [22/Aug/2025:03:46:44 +0200] "GET /x7.php?edit=loginuid&path=%2Fproc%2F598860 HTTP/1.1" 200 7356 "-" "Mozilla/5.0 AppleWebKit/537.36 (KHTML, like Gecko; compatible; GPTBot/1.2; +https://openai.com/gptbot)"
3.216.227.216 - - [22/Aug/2025:03:46:45 +0200] "GET /admin.php?edit=memory.memsw.usage_in_bytes&path=/sys/fs/cgroup/memory/Imunify.slice/Imunify-Scan.slice HTTP/1.1" 200 8108 "-" "Mozilla/5.0 AppleWebKit/537.36 (KHTML, like Gecko; compatible; Amazonbot/0.1; +https://developer.amazon.com/support/amazonbot) Chrome/119.0.6045.214 Safari/537.36"
20.171.207.182 - - [22/Aug/2025:03:46:45 +0200] "GET /x7.php?edit=sessionid&path=%2Fproc%2F598860 HTTP/1.1" 200 7358 "-" "Mozilla/5.0 AppleWebKit/537.36 (KHTML, like Gecko; compatible; GPTBot/1.2; +https://openai.com/gptbot)"
20.171.207.182 - - [22/Aug/2025:03:46:47 +0200] "GET /x7.php?edit=autogroup&path=%2Fproc%2F598860 HTTP/1.1" 200 7374 "-" "Mozilla/5.0 AppleWebKit/537.36 (KHTML, like Gecko; compatible; GPTBot/1.2; +https://openai.com/gptbot)"
20.171.207.182 - - [22/Aug/2025:03:46:48 +0200] "GET /x7.php?edit=schedstat&path=%2Fproc%2F598860 HTTP/1.1" 200 7368 "-" "Mozilla/5.0 AppleWebKit/537.36 (KHTML, like Gecko; compatible; GPTBot/1.2; +https://openai.com/gptbot)"
34.233.114.237 - - [22/Aug/2025:03:46:49 +0200] "GET /x7.php?edit=menu-all-types-of-entries.py&path=/usr/lib64/python2.7/Demo/tkinter/matt HTTP/1.1" 200 30775 "-" "Mozilla/5.0 AppleWebKit/537.36 (KHTML, like Gecko; compatible; Amazonbot/0.1; +https://developer.amazon.com/support/amazonbot) Chrome/119.0.6045.214 Safari/537.36"
20.171.207.182 - - [22/Aug/2025:03:46:49 +0200] "GET /x7.php?edit=cmdline&path=%2Fproc%2F598860 HTTP/1.1" 200 7356 "-" "Mozilla/5.0 AppleWebKit/537.36 (KHTML, like Gecko; compatible; GPTBot/1.2; +https://openai.com/gptbot)"
20.171.207.182 - - [22/Aug/2025:03:46:51 +0200] "GET /x7.php?edit=environ&path=%2Fproc%2F598860 HTTP/1.1" 200 7344 "-" "Mozilla/5.0 AppleWebKit/537.36 (KHTML, like Gecko; compatible; GPTBot/1.2; +https://openai.com/gptbot)"
20.171.207.182 - - [22/Aug/2025:03:46:52 +0200] "GET /x7.php?edit=syscall&path=%2Fproc%2F598860 HTTP/1.1" 200 7344 "-" "Mozilla/5.0 AppleWebKit/537.36 (KHTML, like Gecko; compatible; GPTBot/1.2; +https://openai.com/gptbot)"
20.171.207.182 - - [22/Aug/2025:03:46:53 +0200] "GET /x7.php?edit=numa_maps&path=%2Fproc%2F598860 HTTP/1.1" 200 7348 "-" "Mozilla/5.0 AppleWebKit/537.36 (KHTML, like Gecko; compatible; GPTBot/1.2; +https://openai.com/gptbot)"
34.238.45.183 - - [22/Aug/2025:03:46:53 +0200] "GET /admin.php?edit=memory.kmem.max_usage_in_bytes&path=/sys/fs/cgroup/memory/system.slice/home-virtfs-salvation-opt.mount HTTP/1.1" 200 8360 "-" "Mozilla/5.0 AppleWebKit/537.36 (KHTML, like Gecko; compatible; Amazonbot/0.1; +https://developer.amazon.com/support/amazonbot) Chrome/119.0.6045.214 Safari/537.36"
20.171.207.182 - - [22/Aug/2025:03:46:54 +0200] "GET /x7.php?edit=oom_score&path=%2Fproc%2F598860 HTTP/1.1" 200 7352 "-" "Mozilla/5.0 AppleWebKit/537.36 (KHTML, like Gecko; compatible; GPTBot/1.2; +https://openai.com/gptbot)"
20.171.207.182 - - [22/Aug/2025:03:46:55 +0200] "GET /x7.php?edit=pagemap&path=%2Fproc%2F598860 HTTP/1.1" 200 7344 "-" "Mozilla/5.0 AppleWebKit/537.36 (KHTML, like Gecko; compatible; GPTBot/1.2; +https://openai.com/gptbot)"
20.171.207.182 - - [22/Aug/2025:03:46:57 +0200] "GET /x7.php?edit=gid_map&path=%2Fproc%2F598860 HTTP/1.1" 200 7377 "-" "Mozilla/5.0 AppleWebKit/537.36 (KHTML, like Gecko; compatible; GPTBot/1.2; +https://openai.com/gptbot)"
54.88.84.219 - - [22/Aug/2025:03:46:57 +0200] "GET /x7.php?edit=rust.vim&path=/usr/share/vim/vim80/syntax HTTP/1.1" 200 106395 "-" "Mozilla/5.0 AppleWebKit/537.36 (KHTML, like Gecko; compatible; Amazonbot/0.1; +https://developer.amazon.com/support/amazonbot) Chrome/119.0.6045.214 Safari/537.36"
20.171.207.182 - - [22/Aug/2025:03:46:58 +0200] "GET /x7.php?edit=uid_map&path=%2Fproc%2F598860 HTTP/1.1" 200 7377 "-" "Mozilla/5.0 AppleWebKit/537.36 (KHTML, like Gecko; compatible; GPTBot/1.2; +https://openai.com/gptbot)"
20.171.207.182 - - [22/Aug/2025:03:46:59 +0200] "GET /x7.php?edit=oom_adj&path=%2Fproc%2F598860 HTTP/1.1" 200 7346 "-" "Mozilla/5.0 AppleWebKit/537.36 (KHTML, like Gecko; compatible; GPTBot/1.2; +https://openai.com/gptbot)"
20.171.207.182 - - [22/Aug/2025:03:47:00 +0200] "GET /x7.php?edit=timerslack_ns&path=%2Fproc%2F598860 HTTP/1.1" 200 7356 "-" "Mozilla/5.0 AppleWebKit/537.36 (KHTML, like Gecko; compatible; GPTBot/1.2; +https://openai.com/gptbot)"
34.236.185.101 - - [22/Aug/2025:03:47:01 +0200] "GET /x7.php?edit=sanity_checks&path=/sys/kernel/slab/dma-kmalloc-256 HTTP/1.1" 200 6184 "-" "Mozilla/5.0 AppleWebKit/537.36 (KHTML, like Gecko; compatible; Amazonbot/0.1; +https://developer.amazon.com/support/amazonbot) Chrome/119.0.6045.214 Safari/537.36"
20.171.207.182 - - [22/Aug/2025:03:47:02 +0200] "GET /x7.php?edit=timerslack_ns&path=%2Fproc%2F598856 HTTP/1.1" 200 7356 "-" "Mozilla/5.0 AppleWebKit/537.36 (KHTML, like Gecko; compatible; GPTBot/1.2; +https://openai.com/gptbot)"
20.171.207.182 - - [22/Aug/2025:03:47:03 +0200] "GET /x7.php?edit=timens_offsets&path=%2Fproc%2F598860 HTTP/1.1" 200 7422 "-" "Mozilla/5.0 AppleWebKit/537.36 (KHTML, like Gecko; compatible; GPTBot/1.2; +https://openai.com/gptbot)"
20.171.207.182 - - [22/Aug/2025:03:47:04 +0200] "GET /x7.php?path=%2Fproc%2F598856%2Fns HTTP/1.1" 200 1247 "-" "Mozilla/5.0 AppleWebKit/537.36 (KHTML, like Gecko; compatible; GPTBot/1.2; +https://openai.com/gptbot)"
44.215.235.20 - - [22/Aug/2025:03:47:05 +0200] "GET /x7.php?edit=usersize&path=/sys/kernel/slab/vmap_area HTTP/1.1" 200 5964 "-" "Mozilla/5.0 AppleWebKit/537.36 (KHTML, like Gecko; compatible; Amazonbot/0.1; +https://developer.amazon.com/support/amazonbot) Chrome/119.0.6045.214 Safari/537.36"
20.171.207.182 - - [22/Aug/2025:03:47:06 +0200] "GET /x7.php?path=%2Fproc%2F598856%2Ffd HTTP/1.1" 200 1247 "-" "Mozilla/5.0 AppleWebKit/537.36 (KHTML, like Gecko; compatible; GPTBot/1.2; +https://openai.com/gptbot)"
20.171.207.182 - - [22/Aug/2025:03:47:07 +0200] "GET /x7.php?path=%2Fproc%2F598860%2Ffd HTTP/1.1" 200 1247 "-" "Mozilla/5.0 AppleWebKit/537.36 (KHTML, like Gecko; compatible; GPTBot/1.2; +https://openai.com/gptbot)"
20.171.207.182 - - [22/Aug/2025:03:47:09 +0200] "GET /x7.php?path=%2Fproc%2F598860%2Fns HTTP/1.1" 200 1247 "-" "Mozilla/5.0 AppleWebKit/537.36 (KHTML, like Gecko; compatible; GPTBot/1.2; +https://openai.com/gptbot)"
44.195.145.102 - - [22/Aug/2025:03:47:10 +0200] "GET /admin.php?edit=rev&path=/usr/bin HTTP/1.1" 200 171771 "-" "Mozilla/5.0 AppleWebKit/537.36 (KHTML, like Gecko; compatible; Amazonbot/0.1; +https://developer.amazon.com/support/amazonbot) Chrome/119.0.6045.214 Safari/537.36"
20.171.207.182 - - [22/Aug/2025:03:47:10 +0200] "GET /x7.php?edit=gid_map&path=%2Fproc%2F598856 HTTP/1.1" 200 7377 "-" "Mozilla/5.0 AppleWebKit/537.36 (KHTML, like Gecko; compatible; GPTBot/1.2; +https://openai.com/gptbot)"
20.171.207.182 - - [22/Aug/2025:03:47:11 +0200] "GET /x7.php?edit=oom_adj&path=%2Fproc%2F598856 HTTP/1.1" 200 7346 "-" "Mozilla/5.0 AppleWebKit/537.36 (KHTML, like Gecko; compatible; GPTBot/1.2; +https://openai.com/gptbot)"
20.171.207.182 - - [22/Aug/2025:03:47:12 +0200] "GET /x7.php?path=%2Fproc%2F670613 HTTP/1.1" 200 714 "-" "Mozilla/5.0 AppleWebKit/537.36 (KHTML, like Gecko; compatible; GPTBot/1.2; +https://openai.com/gptbot)"
52.6.232.201 - - [22/Aug/2025:03:47:13 +0200] "GET /admin.php?edit=autogroup&path=/proc/4166385 HTTP/1.1" 200 714 "-" "Mozilla/5.0 AppleWebKit/537.36 (KHTML, like Gecko; compatible; Amazonbot/0.1; +https://developer.amazon.com/support/amazonbot) Chrome/119.0.6045.214 Safari/537.36"
20.171.207.182 - - [22/Aug/2025:03:47:13 +0200] "GET /x7.php?edit=timens_offsets&path=%2Fproc%2F598856 HTTP/1.1" 200 7422 "-" "Mozilla/5.0 AppleWebKit/537.36 (KHTML, like Gecko; compatible; GPTBot/1.2; +https://openai.com/gptbot)"
20.171.207.182 - - [22/Aug/2025:03:47:15 +0200] "GET /x7.php?edit=mem&path=%2Fproc%2F46905 HTTP/1.1" 200 714 "-" "Mozilla/5.0 AppleWebKit/537.36 (KHTML, like Gecko; compatible; GPTBot/1.2; +https://openai.com/gptbot)"
20.171.207.182 - - [22/Aug/2025:03:47:16 +0200] "GET /x7.php?path=%2Fproc%2F106450 HTTP/1.1" 200 714 "-" "Mozilla/5.0 AppleWebKit/537.36 (KHTML, like Gecko; compatible; GPTBot/1.2; +https://openai.com/gptbot)"
20.171.207.182 - - [22/Aug/2025:03:47:17 +0200] "GET /x7.php?edit=cwd&path=%2Fproc%2F46905 HTTP/1.1" 200 714 "-" "Mozilla/5.0 AppleWebKit/537.36 (KHTML, like Gecko; compatible; GPTBot/1.2; +https://openai.com/gptbot)"
54.87.95.7 - - [22/Aug/2025:03:47:17 +0200] "GET /admin.php?edit=oom_adj&path=/proc/1955 HTTP/1.1" 200 7232 "-" "Mozilla/5.0 AppleWebKit/537.36 (KHTML, like Gecko; compatible; Amazonbot/0.1; +https://developer.amazon.com/support/amazonbot) Chrome/119.0.6045.214 Safari/537.36"
20.171.207.182 - - [22/Aug/2025:03:47:20 +0200] "GET /x7.php?edit=uid_map&path=%2Fproc%2F598856 HTTP/1.1" 200 7377 "-" "Mozilla/5.0 AppleWebKit/537.36 (KHTML, like Gecko; compatible; GPTBot/1.2; +https://openai.com/gptbot)"
20.171.207.182 - - [22/Aug/2025:03:47:21 +0200] "GET /x7.php?edit=syscall&path=%2Fproc%2F1348296 HTTP/1.1" 200 714 "-" "Mozilla/5.0 AppleWebKit/537.36 (KHTML, like Gecko; compatible; GPTBot/1.2; +https://openai.com/gptbot)"
34.199.252.22 - - [22/Aug/2025:03:47:21 +0200] "GET /admin.php?edit=memory.failcnt&path=/sys/fs/cgroup/memory/system.slice/home-virtfs-dyuniac-tmp.mount HTTP/1.1" 200 8258 "-" "Mozilla/5.0 AppleWebKit/537.36 (KHTML, like Gecko; compatible; Amazonbot/0.1; +https://developer.amazon.com/support/amazonbot) Chrome/119.0.6045.214 Safari/537.36"
20.171.207.182 - - [22/Aug/2025:03:47:23 +0200] "GET /x7.php?edit=cmdline&path=%2Fproc%2F1348295 HTTP/1.1" 200 714 "-" "Mozilla/5.0 AppleWebKit/537.36 (KHTML, like Gecko; compatible; GPTBot/1.2; +https://openai.com/gptbot)"
54.90.8.255 - - [22/Aug/2025:03:47:25 +0200] "GET /admin.php?edit=cpu_resctrl_groups&path=/proc/14/task/14 HTTP/1.1" 200 7064 "-" "Mozilla/5.0 AppleWebKit/537.36 (KHTML, like Gecko; compatible; Amazonbot/0.1; +https://developer.amazon.com/support/amazonbot) Chrome/119.0.6045.214 Safari/537.36"
20.171.207.182 - - [22/Aug/2025:03:47:26 +0200] "GET /x7.php?edit=cmdline&path=%2Fproc%2F2936504 HTTP/1.1" 200 714 "-" "Mozilla/5.0 AppleWebKit/537.36 (KHTML, like Gecko; compatible; GPTBot/1.2; +https://openai.com/gptbot)"
20.171.207.182 - - [22/Aug/2025:03:47:27 +0200] "GET /x7.php?edit=cmdline&path=%2Fproc%2F4029631 HTTP/1.1" 200 7496 "-" "Mozilla/5.0 AppleWebKit/537.36 (KHTML, like Gecko; compatible; GPTBot/1.2; +https://openai.com/gptbot)"
20.171.207.182 - - [22/Aug/2025:03:47:29 +0200] "GET /x7.php?edit=cmdline&path=%2Fproc%2F2140538 HTTP/1.1" 200 714 "-" "Mozilla/5.0 AppleWebKit/537.36 (KHTML, like Gecko; compatible; GPTBot/1.2; +https://openai.com/gptbot)"
20.171.207.182 - - [22/Aug/2025:03:47:30 +0200] "GET /x7.php?edit=cmdline&path=%2Fproc%2F4098625 HTTP/1.1" 200 714 "-" "Mozilla/5.0 AppleWebKit/537.36 (KHTML, like Gecko; compatible; GPTBot/1.2; +https://openai.com/gptbot)"
20.171.207.182 - - [22/Aug/2025:03:47:31 +0200] "GET /x7.php?edit=syscall&path=%2Fproc%2F3956082 HTTP/1.1" 200 714 "-" "Mozilla/5.0 AppleWebKit/537.36 (KHTML, like Gecko; compatible; GPTBot/1.2; +https://openai.com/gptbot)"
20.171.207.182 - - [22/Aug/2025:03:47:32 +0200] "GET /x7.php?edit=syscall&path=%2Fproc%2F4032895 HTTP/1.1" 200 714 "-" "Mozilla/5.0 AppleWebKit/537.36 (KHTML, like Gecko; compatible; GPTBot/1.2; +https://openai.com/gptbot)"
23.21.204.95 - - [22/Aug/2025:03:47:33 +0200] "GET /admin.php?edit=memory.memsw.max_usage_in_bytes&path=/sys/fs/cgroup/memory/system.slice/home-virtfs-tumaini-home-tumaini.mount HTTP/1.1" 200 714 "-" "Mozilla/5.0 AppleWebKit/537.36 (KHTML, like Gecko; compatible; Amazonbot/0.1; +https://developer.amazon.com/support/amazonbot) Chrome/119.0.6045.214 Safari/537.36"
98.82.214.73 - - [22/Aug/2025:03:47:33 +0200] "GET /x7.php?edit=arp&path=/proc/1/net HTTP/1.1" 200 7947 "-" "Mozilla/5.0 AppleWebKit/537.36 (KHTML, like Gecko; compatible; Amazonbot/0.1; +https://developer.amazon.com/support/amazonbot) Chrome/119.0.6045.214 Safari/537.36"
20.171.207.182 - - [22/Aug/2025:03:47:35 +0200] "GET /x7.php?edit=syscall&path=%2Fproc%2F4029631 HTTP/1.1" 200 7401 "-" "Mozilla/5.0 AppleWebKit/537.36 (KHTML, like Gecko; compatible; GPTBot/1.2; +https://openai.com/gptbot)"
20.171.207.182 - - [22/Aug/2025:03:47:36 +0200] "GET /x7.php?edit=syscall&path=%2Fproc%2F4032961 HTTP/1.1" 200 714 "-" "Mozilla/5.0 AppleWebKit/537.36 (KHTML, like Gecko; compatible; GPTBot/1.2; +https://openai.com/gptbot)"
20.171.207.182 - - [22/Aug/2025:03:47:37 +0200] "GET /x7.php?edit=cmdline&path=%2Fproc%2F4032961 HTTP/1.1" 200 714 "-" "Mozilla/5.0 AppleWebKit/537.36 (KHTML, like Gecko; compatible; GPTBot/1.2; +https://openai.com/gptbot)"
18.233.24.238 - - [22/Aug/2025:03:47:37 +0200] "GET /admin.php?edit=slabs_cpu_partial&path=/sys/kernel/slab/anon_vma_chain HTTP/1.1" 200 6157 "-" "Mozilla/5.0 AppleWebKit/537.36 (KHTML, like Gecko; compatible; Amazonbot/0.1; +https://developer.amazon.com/support/amazonbot) Chrome/119.0.6045.214 Safari/537.36"
20.171.207.182 - - [22/Aug/2025:03:47:39 +0200] "GET /x7.php?edit=cmdline&path=%2Fproc%2F4032895 HTTP/1.1" 200 714 "-" "Mozilla/5.0 AppleWebKit/537.36 (KHTML, like Gecko; compatible; GPTBot/1.2; +https://openai.com/gptbot)"
52.205.141.124 - - [22/Aug/2025:03:47:41 +0200] "GET /admin.php?edit=partial&path=/sys/kernel/slab/MPTCPv6 HTTP/1.1" 200 5892 "-" "Mozilla/5.0 AppleWebKit/537.36 (KHTML, like Gecko; compatible; Amazonbot/0.1; +https://developer.amazon.com/support/amazonbot) Chrome/119.0.6045.214 Safari/537.36"
20.171.207.182 - - [22/Aug/2025:03:47:42 +0200] "GET /x7.php?edit=syscall&path=%2Fproc%2F4029638 HTTP/1.1" 200 7401 "-" "Mozilla/5.0 AppleWebKit/537.36 (KHTML, like Gecko; compatible; GPTBot/1.2; +https://openai.com/gptbot)"
20.171.207.182 - - [22/Aug/2025:03:47:43 +0200] "GET /x7.php?edit=syscall&path=%2Fproc%2F2936504 HTTP/1.1" 200 714 "-" "Mozilla/5.0 AppleWebKit/537.36 (KHTML, like Gecko; compatible; GPTBot/1.2; +https://openai.com/gptbot)"
23.21.250.48 - - [22/Aug/2025:03:47:45 +0200] "GET /admin.php?path=/sys/devices/virtual/thermal/cooling_device5/subsystem HTTP/1.1" 200 2671 "-" "Mozilla/5.0 AppleWebKit/537.36 (KHTML, like Gecko; compatible; Amazonbot/0.1; +https://developer.amazon.com/support/amazonbot) Chrome/119.0.6045.214 Safari/537.36"
20.171.207.182 - - [22/Aug/2025:03:47:46 +0200] "GET /x7.php?edit=cmdline&path=%2Fproc%2F3956082 HTTP/1.1" 200 714 "-" "Mozilla/5.0 AppleWebKit/537.36 (KHTML, like Gecko; compatible; GPTBot/1.2; +https://openai.com/gptbot)"
20.171.207.182 - - [22/Aug/2025:03:47:47 +0200] "GET /x7.php?edit=syscall&path=%2Fproc%2F4098625 HTTP/1.1" 200 714 "-" "Mozilla/5.0 AppleWebKit/537.36 (KHTML, like Gecko; compatible; GPTBot/1.2; +https://openai.com/gptbot)"
20.171.207.182 - - [22/Aug/2025:03:47:48 +0200] "GET /x7.php?edit=cmdline&path=%2Fproc%2F1348296 HTTP/1.1" 200 714 "-" "Mozilla/5.0 AppleWebKit/537.36 (KHTML, like Gecko; compatible; GPTBot/1.2; +https://openai.com/gptbot)"
52.22.64.232 - - [22/Aug/2025:03:47:49 +0200] "GET /admin.php?edit=children&path=/proc/51/task/51 HTTP/1.1" 200 7034 "-" "Mozilla/5.0 AppleWebKit/537.36 (KHTML, like Gecko; compatible; Amazonbot/0.1; +https://developer.amazon.com/support/amazonbot) Chrome/119.0.6045.214 Safari/537.36"
20.171.207.182 - - [22/Aug/2025:03:47:49 +0200] "GET /x7.php?edit=syscall&path=%2Fproc%2F4098612 HTTP/1.1" 200 714 "-" "Mozilla/5.0 AppleWebKit/537.36 (KHTML, like Gecko; compatible; GPTBot/1.2; +https://openai.com/gptbot)"
4.227.36.7 - - [22/Aug/2025:03:47:51 +0200] "GET /robots.txt HTTP/1.1" 404 236 "-" "Mozilla/5.0 AppleWebKit/537.36 (KHTML, like Gecko; compatible; GPTBot/1.2; +https://openai.com/gptbot)"
20.171.207.182 - - [22/Aug/2025:03:47:52 +0200] "GET /x7.php?edit=cmdline&path=%2Fproc%2F4098612 HTTP/1.1" 200 714 "-" "Mozilla/5.0 AppleWebKit/537.36 (KHTML, like Gecko; compatible; GPTBot/1.2; +https://openai.com/gptbot)"
34.192.67.98 - - [22/Aug/2025:03:47:53 +0200] "GET /admin.php?edit=grub2-render-label&path=/usr/bin HTTP/1.1" 200 171801 "-" "Mozilla/5.0 AppleWebKit/537.36 (KHTML, like Gecko; compatible; Amazonbot/0.1; +https://developer.amazon.com/support/amazonbot) Chrome/119.0.6045.214 Safari/537.36"
20.171.207.182 - - [22/Aug/2025:03:47:54 +0200] "GET /x7.php?edit=syscall&path=%2Fproc%2F4032891 HTTP/1.1" 200 714 "-" "Mozilla/5.0 AppleWebKit/537.36 (KHTML, like Gecko; compatible; GPTBot/1.2; +https://openai.com/gptbot)"
54.84.147.79 - - [22/Aug/2025:03:47:57 +0200] "GET /x7.php?edit=invocation:dnsadmin.service&path=/run/systemd/units HTTP/1.1" 200 20190 "-" "Mozilla/5.0 AppleWebKit/537.36 (KHTML, like Gecko; compatible; Amazonbot/0.1; +https://developer.amazon.com/support/amazonbot) Chrome/119.0.6045.214 Safari/537.36"
20.171.207.182 - - [22/Aug/2025:03:47:57 +0200] "GET /x7.php?edit=syscall&path=%2Fproc%2F3825649 HTTP/1.1" 200 714 "-" "Mozilla/5.0 AppleWebKit/537.36 (KHTML, like Gecko; compatible; GPTBot/1.2; +https://openai.com/gptbot)"
20.171.207.182 - - [22/Aug/2025:03:47:59 +0200] "GET /x7.php?edit=syscall&path=%2Fproc%2F4098621 HTTP/1.1" 200 714 "-" "Mozilla/5.0 AppleWebKit/537.36 (KHTML, like Gecko; compatible; GPTBot/1.2; +https://openai.com/gptbot)"
20.171.207.182 - - [22/Aug/2025:03:48:01 +0200] "GET /x7.php?edit=cmdline&path=%2Fproc%2F4032891 HTTP/1.1" 200 714 "-" "Mozilla/5.0 AppleWebKit/537.36 (KHTML, like Gecko; compatible; GPTBot/1.2; +https://openai.com/gptbot)"
54.159.98.248 - - [22/Aug/2025:03:48:01 +0200] "GET /admin.php?edit=min_partial&path=/sys/kernel/slab/files_cache HTTP/1.1" 200 6040 "-" "Mozilla/5.0 AppleWebKit/537.36 (KHTML, like Gecko; compatible; Amazonbot/0.1; +https://developer.amazon.com/support/amazonbot) Chrome/119.0.6045.214 Safari/537.36"
20.171.207.182 - - [22/Aug/2025:03:48:03 +0200] "GET /x7.php?edit=cmdline&path=%2Fproc%2F4029635 HTTP/1.1" 200 7496 "-" "Mozilla/5.0 AppleWebKit/537.36 (KHTML, like Gecko; compatible; GPTBot/1.2; +https://openai.com/gptbot)"
20.171.207.182 - - [22/Aug/2025:03:48:05 +0200] "GET /x7.php?edit=cmdline&path=%2Fproc%2F4098621 HTTP/1.1" 200 714 "-" "Mozilla/5.0 AppleWebKit/537.36 (KHTML, like Gecko; compatible; GPTBot/1.2; +https://openai.com/gptbot)"
3.208.146.193 - - [22/Aug/2025:03:48:05 +0200] "GET /x7.php?edit=electrons.pyc&path=/usr/lib64/python2.7/Demo/tkinter/guido HTTP/1.1" 200 14925 "-" "Mozilla/5.0 AppleWebKit/537.36 (KHTML, like Gecko; compatible; Amazonbot/0.1; +https://developer.amazon.com/support/amazonbot) Chrome/119.0.6045.214 Safari/537.36"
20.171.207.182 - - [22/Aug/2025:03:48:06 +0200] "GET /x7.php?edit=syscall&path=%2Fproc%2F4029635 HTTP/1.1" 200 7401 "-" "Mozilla/5.0 AppleWebKit/537.36 (KHTML, like Gecko; compatible; GPTBot/1.2; +https://openai.com/gptbot)"
20.171.207.182 - - [22/Aug/2025:03:48:07 +0200] "GET /x7.php?edit=syscall&path=%2Fproc%2F1348295 HTTP/1.1" 200 714 "-" "Mozilla/5.0 AppleWebKit/537.36 (KHTML, like Gecko; compatible; GPTBot/1.2; +https://openai.com/gptbot)"
44.195.50.71 - - [22/Aug/2025:03:48:09 +0200] "GET /x7.php?path=/proc/58/task/58/net/rpc/auth.unix.gid/.. HTTP/1.1" 200 1730 "-" "Mozilla/5.0 AppleWebKit/537.36 (KHTML, like Gecko; compatible; Amazonbot/0.1; +https://developer.amazon.com/support/amazonbot) Chrome/119.0.6045.214 Safari/537.36"
20.171.207.182 - - [22/Aug/2025:03:48:10 +0200] "GET /x7.php?edit=cmdline&path=%2Fproc%2F1294506 HTTP/1.1" 200 714 "-" "Mozilla/5.0 AppleWebKit/537.36 (KHTML, like Gecko; compatible; GPTBot/1.2; +https://openai.com/gptbot)"
20.171.207.182 - - [22/Aug/2025:03:48:13 +0200] "GET /x7.php?edit=cmdline&path=%2Fproc%2F4029638 HTTP/1.1" 200 7496 "-" "Mozilla/5.0 AppleWebKit/537.36 (KHTML, like Gecko; compatible; GPTBot/1.2; +https://openai.com/gptbot)"
52.2.58.41 - - [22/Aug/2025:03:48:13 +0200] "GET /x7.php?edit=graminit.h&path=/usr/include/python2.7 HTTP/1.1" 200 16285 "-" "Mozilla/5.0 AppleWebKit/537.36 (KHTML, like Gecko; compatible; Amazonbot/0.1; +https://developer.amazon.com/support/amazonbot) Chrome/119.0.6045.214 Safari/537.36"
20.171.207.182 - - [22/Aug/2025:03:48:14 +0200] "GET /x7.php?edit=syscall&path=%2Fproc%2F1294506 HTTP/1.1" 200 714 "-" "Mozilla/5.0 AppleWebKit/537.36 (KHTML, like Gecko; compatible; GPTBot/1.2; +https://openai.com/gptbot)"
20.171.207.182 - - [22/Aug/2025:03:48:17 +0200] "GET /x7.php?edit=cmdline&path=%2Fproc%2F3825649 HTTP/1.1" 200 714 "-" "Mozilla/5.0 AppleWebKit/537.36 (KHTML, like Gecko; compatible; GPTBot/1.2; +https://openai.com/gptbot)"
98.80.130.239 - - [22/Aug/2025:03:48:17 +0200] "GET /x7.php?edit=wchan&path=/proc/145 HTTP/1.1" 200 7170 "-" "Mozilla/5.0 AppleWebKit/537.36 (KHTML, like Gecko; compatible; Amazonbot/0.1; +https://developer.amazon.com/support/amazonbot) Chrome/119.0.6045.214 Safari/537.36"
20.171.207.182 - - [22/Aug/2025:03:48:19 +0200] "GET /x7.php?edit=mountstats&path=%2Fproc%2F598860 HTTP/1.1" 200 7350 "-" "Mozilla/5.0 AppleWebKit/537.36 (KHTML, like Gecko; compatible; GPTBot/1.2; +https://openai.com/gptbot)"
44.215.210.112 - - [22/Aug/2025:03:48:21 +0200] "GET /admin.php?edit=fileindex.php&path=/var/softaculous/vty HTTP/1.1" 200 2897 "-" "Mozilla/5.0 AppleWebKit/537.36 (KHTML, like Gecko; compatible; Amazonbot/0.1; +https://developer.amazon.com/support/amazonbot) Chrome/119.0.6045.214 Safari/537.36"
20.171.207.182 - - [22/Aug/2025:03:48:24 +0200] "GET /x7.php?edit=loginuid&path=%2Fproc%2F2120682 HTTP/1.1" 200 714 "-" "Mozilla/5.0 AppleWebKit/537.36 (KHTML, like Gecko; compatible; GPTBot/1.2; +https://openai.com/gptbot)"
20.171.207.182 - - [22/Aug/2025:03:48:25 +0200] "GET /x7.php?edit=loginuid&path=%2Fproc%2F2994488 HTTP/1.1" 200 7413 "-" "Mozilla/5.0 AppleWebKit/537.36 (KHTML, like Gecko; compatible; GPTBot/1.2; +https://openai.com/gptbot)"
3.235.215.92 - - [22/Aug/2025:03:48:25 +0200] "GET /admin.php?path=/opt/cpanel/ea-ruby27/root/var/run/passenger-instreg/passenger.EYMN4ln HTTP/1.1" 200 3584 "-" "Mozilla/5.0 AppleWebKit/537.36 (KHTML, like Gecko; compatible; Amazonbot/0.1; +https://developer.amazon.com/support/amazonbot) Chrome/119.0.6045.214 Safari/537.36"
20.171.207.182 - - [22/Aug/2025:03:48:29 +0200] "GET /x7.php?edit=loginuid&path=%2Fproc%2F3720080 HTTP/1.1" 200 714 "-" "Mozilla/5.0 AppleWebKit/537.36 (KHTML, like Gecko; compatible; GPTBot/1.2; +https://openai.com/gptbot)"
98.80.130.239 - - [22/Aug/2025:03:48:29 +0200] "GET /admin.php?edit=man.pkcs11-tokens.html&path=/usr/share/doc/bind HTTP/1.1" 200 10710 "-" "Mozilla/5.0 AppleWebKit/537.36 (KHTML, like Gecko; compatible; Amazonbot/0.1; +https://developer.amazon.com/support/amazonbot) Chrome/119.0.6045.214 Safari/537.36"
20.171.207.182 - - [22/Aug/2025:03:48:30 +0200] "GET /x7.php?edit=loginuid&path=%2Fproc%2F3720087 HTTP/1.1" 200 714 "-" "Mozilla/5.0 AppleWebKit/537.36 (KHTML, like Gecko; compatible; GPTBot/1.2; +https://openai.com/gptbot)"
20.171.207.182 - - [22/Aug/2025:03:48:31 +0200] "GET /x7.php?edit=loginuid&path=%2Fproc%2F1712765 HTTP/1.1" 200 714 "-" "Mozilla/5.0 AppleWebKit/537.36 (KHTML, like Gecko; compatible; GPTBot/1.2; +https://openai.com/gptbot)"
20.171.207.182 - - [22/Aug/2025:03:48:33 +0200] "GET /x7.php?edit=loginuid&path=%2Fproc%2F2437454 HTTP/1.1" 200 714 "-" "Mozilla/5.0 AppleWebKit/537.36 (KHTML, like Gecko; compatible; GPTBot/1.2; +https://openai.com/gptbot)"
54.85.109.140 - - [22/Aug/2025:03:48:33 +0200] "GET /admin.php?edit=ibt-19-16-4.ddc&path=/usr/lib/firmware/intel HTTP/1.1" 200 23339 "-" "Mozilla/5.0 AppleWebKit/537.36 (KHTML, like Gecko; compatible; Amazonbot/0.1; +https://developer.amazon.com/support/amazonbot) Chrome/119.0.6045.214 Safari/537.36"
20.171.207.182 - - [22/Aug/2025:03:48:35 +0200] "GET /x7.php?edit=loginuid&path=%2Fproc%2F1712739 HTTP/1.1" 200 714 "-" "Mozilla/5.0 AppleWebKit/537.36 (KHTML, like Gecko; compatible; GPTBot/1.2; +https://openai.com/gptbot)"
20.171.207.182 - - [22/Aug/2025:03:48:37 +0200] "GET /x7.php?edit=loginuid&path=%2Fproc%2F4191792 HTTP/1.1" 200 714 "-" "Mozilla/5.0 AppleWebKit/537.36 (KHTML, like Gecko; compatible; GPTBot/1.2; +https://openai.com/gptbot)"
23.21.227.240 - - [22/Aug/2025:03:48:37 +0200] "GET /admin.php?edit=upgrade.xml&path=/var/softaculous/joomla4 HTTP/1.1" 200 5580 "-" "Mozilla/5.0 AppleWebKit/537.36 (KHTML, like Gecko; compatible; Amazonbot/0.1; +https://developer.amazon.com/support/amazonbot) Chrome/119.0.6045.214 Safari/537.36"
20.171.207.182 - - [22/Aug/2025:03:48:38 +0200] "GET /x7.php?edit=loginuid&path=%2Fproc%2F2994454 HTTP/1.1" 200 7413 "-" "Mozilla/5.0 AppleWebKit/537.36 (KHTML, like Gecko; compatible; GPTBot/1.2; +https://openai.com/gptbot)"
20.171.207.182 - - [22/Aug/2025:03:48:39 +0200] "GET /x7.php?edit=loginuid&path=%2Fproc%2F3720090 HTTP/1.1" 200 714 "-" "Mozilla/5.0 AppleWebKit/537.36 (KHTML, like Gecko; compatible; GPTBot/1.2; +https://openai.com/gptbot)"
52.2.58.41 - - [22/Aug/2025:03:48:41 +0200] "GET /admin.php?edit=setgroups&path=/proc/1899 HTTP/1.1" 200 7240 "-" "Mozilla/5.0 AppleWebKit/537.36 (KHTML, like Gecko; compatible; Amazonbot/0.1; +https://developer.amazon.com/support/amazonbot) Chrome/119.0.6045.214 Safari/537.36"
20.171.207.182 - - [22/Aug/2025:03:48:45 +0200] "GET /x7.php?edit=loginuid&path=%2Fproc%2F3270793 HTTP/1.1" 200 714 "-" "Mozilla/5.0 AppleWebKit/537.36 (KHTML, like Gecko; compatible; GPTBot/1.2; +https://openai.com/gptbot)"
44.209.187.99 - - [22/Aug/2025:03:48:45 +0200] "GET /x7.php?path=/sys/devices/LNXSYSTM:00/LNXSYBUS:01/PNP0C0B:00 HTTP/1.1" 200 3282 "-" "Mozilla/5.0 AppleWebKit/537.36 (KHTML, like Gecko; compatible; Amazonbot/0.1; +https://developer.amazon.com/support/amazonbot) Chrome/119.0.6045.214 Safari/537.36"
20.171.207.182 - - [22/Aug/2025:03:48:46 +0200] "GET /x7.php?edit=loginuid&path=%2Fproc%2F2077885 HTTP/1.1" 200 714 "-" "Mozilla/5.0 AppleWebKit/537.36 (KHTML, like Gecko; compatible; GPTBot/1.2; +https://openai.com/gptbot)"
98.83.8.142 - - [22/Aug/2025:03:48:49 +0200] "GET /x7.php?edit=asteriskvm.vim&path=/usr/share/vim/vim80/syntax HTTP/1.1" 200 90857 "-" "Mozilla/5.0 AppleWebKit/537.36 (KHTML, like Gecko; compatible; Amazonbot/0.1; +https://developer.amazon.com/support/amazonbot) Chrome/119.0.6045.214 Safari/537.36"
98.82.107.102 - - [22/Aug/2025:03:48:53 +0200] "GET /admin.php?edit=sadf&path=/usr/bin HTTP/1.1" 200 171773 "-" "Mozilla/5.0 AppleWebKit/537.36 (KHTML, like Gecko; compatible; Amazonbot/0.1; +https://developer.amazon.com/support/amazonbot) Chrome/119.0.6045.214 Safari/537.36"
20.171.207.182 - - [22/Aug/2025:03:48:57 +0200] "GET /x7.php?edit=loginuid&path=%2Fproc%2F4191724 HTTP/1.1" 200 714 "-" "Mozilla/5.0 AppleWebKit/537.36 (KHTML, like Gecko; compatible; GPTBot/1.2; +https://openai.com/gptbot)"
18.235.81.246 - - [22/Aug/2025:03:48:57 +0200] "GET /x7.php?path=/tmp/systemd-private-068f73e55b2146d1af5e26d8d4561f31-mlocate-updatedb.service-RUvrP5 HTTP/1.1" 200 714 "-" "Mozilla/5.0 AppleWebKit/537.36 (KHTML, like Gecko; compatible; Amazonbot/0.1; +https://developer.amazon.com/support/amazonbot) Chrome/119.0.6045.214 Safari/537.36"
20.171.207.182 - - [22/Aug/2025:03:48:58 +0200] "GET /x7.php?edit=loginuid&path=%2Fproc%2F2067610 HTTP/1.1" 200 714 "-" "Mozilla/5.0 AppleWebKit/537.36 (KHTML, like Gecko; compatible; GPTBot/1.2; +https://openai.com/gptbot)"
20.171.207.182 - - [22/Aug/2025:03:49:00 +0200] "GET /x7.php?edit=loginuid&path=%2Fproc%2F3720079 HTTP/1.1" 200 714 "-" "Mozilla/5.0 AppleWebKit/537.36 (KHTML, like Gecko; compatible; GPTBot/1.2; +https://openai.com/gptbot)"
52.200.142.199 - - [22/Aug/2025:03:49:01 +0200] "GET /admin.php?edit=comm&path=/proc/47/task/47 HTTP/1.1" 200 7031 "-" "Mozilla/5.0 AppleWebKit/537.36 (KHTML, like Gecko; compatible; Amazonbot/0.1; +https://developer.amazon.com/support/amazonbot) Chrome/119.0.6045.214 Safari/537.36"
20.171.207.182 - - [22/Aug/2025:03:49:04 +0200] "GET /x7.php?edit=loginuid&path=%2Fproc%2F1712759 HTTP/1.1" 200 714 "-" "Mozilla/5.0 AppleWebKit/537.36 (KHTML, like Gecko; compatible; GPTBot/1.2; +https://openai.com/gptbot)"
3.89.170.186 - - [22/Aug/2025:03:49:05 +0200] "GET /admin.php?path=/sys/devices/LNXSYSTM:00/LNXSYBUS:01/PNP0C0B:00/power/.. HTTP/1.1" 200 3282 "-" "Mozilla/5.0 AppleWebKit/537.36 (KHTML, like Gecko; compatible; Amazonbot/0.1; +https://developer.amazon.com/support/amazonbot) Chrome/119.0.6045.214 Safari/537.36"
20.171.207.182 - - [22/Aug/2025:03:49:07 +0200] "GET /x7.php?edit=loginuid&path=%2Fproc%2F2994457 HTTP/1.1" 200 7413 "-" "Mozilla/5.0 AppleWebKit/537.36 (KHTML, like Gecko; compatible; GPTBot/1.2; +https://openai.com/gptbot)"
20.171.207.182 - - [22/Aug/2025:03:49:09 +0200] "GET /x7.php?edit=loginuid&path=%2Fproc%2F3720083 HTTP/1.1" 200 714 "-" "Mozilla/5.0 AppleWebKit/537.36 (KHTML, like Gecko; compatible; GPTBot/1.2; +https://openai.com/gptbot)"
34.196.114.170 - - [22/Aug/2025:03:49:09 +0200] "GET /x7.php?edit=slabs_cpu_partial&path=/sys/kernel/slab/kmalloc-rcl-4k HTTP/1.1" 200 6157 "-" "Mozilla/5.0 AppleWebKit/537.36 (KHTML, like Gecko; compatible; Amazonbot/0.1; +https://developer.amazon.com/support/amazonbot) Chrome/119.0.6045.214 Safari/537.36"
20.171.207.182 - - [22/Aug/2025:03:49:12 +0200] "GET /x7.php?edit=loginuid&path=%2Fproc%2F1712706 HTTP/1.1" 200 714 "-" "Mozilla/5.0 AppleWebKit/537.36 (KHTML, like Gecko; compatible; GPTBot/1.2; +https://openai.com/gptbot)"
3.212.219.113 - - [22/Aug/2025:03:49:13 +0200] "GET /x7.php?path=/sys/fs/cgroup/memory/system.slice/home-virtfs-logistics-usr-local-cpanel-3rdparty-mailman-qfiles.mount/.. HTTP/1.1" 200 68178 "-" "Mozilla/5.0 AppleWebKit/537.36 (KHTML, like Gecko; compatible; Amazonbot/0.1; +https://developer.amazon.com/support/amazonbot) Chrome/119.0.6045.214 Safari/537.36"
20.171.207.182 - - [22/Aug/2025:03:49:13 +0200] "GET /x7.php?edit=loginuid&path=%2Fproc%2F2994489 HTTP/1.1" 200 7413 "-" "Mozilla/5.0 AppleWebKit/537.36 (KHTML, like Gecko; compatible; GPTBot/1.2; +https://openai.com/gptbot)"
