20.171.207.15 - - [22/Aug/2025:11:52:43 +0200] "GET /pages.php?per%2Fg28%3Fpid=9074 HTTP/1.1" 200 460132 "-" "Mozilla/5.0 AppleWebKit/537.36 (KHTML, like Gecko; compatible; GPTBot/1.2; +https://openai.com/gptbot)"
20.171.207.15 - - [22/Aug/2025:11:52:46 +0200] "GET /pages.php?tower%2Fz50%3Fpid=33060 HTTP/1.1" 200 468788 "-" "Mozilla/5.0 AppleWebKit/537.36 (KHTML, like Gecko; compatible; GPTBot/1.2; +https://openai.com/gptbot)"
66.249.74.76 - - [22/Aug/2025:11:52:47 +0200] "GET /pcmypage?callback=product%2Fdetail%2Fstylemi-tomford_rose HTTP/1.1" 200 554753 "-" "Mozilla/5.0 (Linux; Android 6.0.1; Nexus 5X Build/MMB29P) AppleWebKit/537.36 (KHTML, like Gecko) Chrome/138.0.7204.183 Mobile Safari/537.36 (compatible; Googlebot/2.1; +http://www.google.com/bot.html)"
20.171.207.29 - - [22/Aug/2025:11:52:47 +0200] "GET /pages.php?q-~50hKWIrxpBt5e9dFjP8BaFFw0bwpxyAe819/ HTTP/1.1" 200 457739 "-" "Mozilla/5.0 AppleWebKit/537.36 (KHTML, like Gecko; compatible; GPTBot/1.2; +https://openai.com/gptbot)"
20.171.207.15 - - [22/Aug/2025:11:52:49 +0200] "GET /pages.php?shorts%2Fw244%3Fpid=36166 HTTP/1.1" 200 471816 "-" "Mozilla/5.0 AppleWebKit/537.36 (KHTML, like Gecko; compatible; GPTBot/1.2; +https://openai.com/gptbot)"
20.171.207.15 - - [22/Aug/2025:11:52:49 +0200] "GET / HTTP/1.1" 500 0 "-" "Mozilla/5.0 AppleWebKit/537.36 (KHTML, like Gecko; compatible; GPTBot/1.2; +https://openai.com/gptbot)"
66.249.74.75 - - [22/Aug/2025:11:52:50 +0200] "GET /engineer028002149.html HTTP/1.1" 200 561606 "-" "Mozilla/5.0 (Linux; Android 6.0.1; Nexus 5X Build/MMB29P) AppleWebKit/537.36 (KHTML, like Gecko) Chrome/138.0.7204.183 Mobile Safari/537.36 (compatible; Googlebot/2.1; +http://www.google.com/bot.html)"
20.171.207.15 - - [22/Aug/2025:11:52:53 +0200] "GET /pages.php?invest%2Fk60%3Fpid=8062 HTTP/1.1" 200 460710 "-" "Mozilla/5.0 AppleWebKit/537.36 (KHTML, like Gecko; compatible; GPTBot/1.2; +https://openai.com/gptbot)"
20.171.207.15 - - [22/Aug/2025:11:52:55 +0200] "GET /pages.php?session%2Fx35%3Fpid=461 HTTP/1.1" 200 473418 "-" "Mozilla/5.0 AppleWebKit/537.36 (KHTML, like Gecko; compatible; GPTBot/1.2; +https://openai.com/gptbot)"
20.171.207.15 - - [22/Aug/2025:11:52:58 +0200] "GET /pages.php?curriculum%2Fj78%3Fpid=528 HTTP/1.1" 200 461894 "-" "Mozilla/5.0 AppleWebKit/537.36 (KHTML, like Gecko; compatible; GPTBot/1.2; +https://openai.com/gptbot)"
66.249.74.78 - - [22/Aug/2025:11:52:59 +0200] "GET /pcmypage?callback=product/review/shoppalpal-1114958489711992 HTTP/1.1" 200 558675 "-" "Mozilla/5.0 (Linux; Android 6.0.1; Nexus 5X Build/MMB29P) AppleWebKit/537.36 (KHTML, like Gecko) Chrome/138.0.7204.183 Mobile Safari/537.36 (compatible; Googlebot/2.1; +http://www.google.com/bot.html)"
20.171.207.15 - - [22/Aug/2025:11:53:00 +0200] "GET /chat.xhtml?Greek%2Fh21%3Fpid=791 HTTP/1.1" 500 0 "-" "Mozilla/5.0 AppleWebKit/537.36 (KHTML, like Gecko; compatible; GPTBot/1.2; +https://openai.com/gptbot)"
20.171.207.15 - - [22/Aug/2025:11:53:03 +0200] "GET /pages.php?lunch%2Fo79%3Fpid=6101 HTTP/1.1" 200 469952 "-" "Mozilla/5.0 AppleWebKit/537.36 (KHTML, like Gecko; compatible; GPTBot/1.2; +https://openai.com/gptbot)"
66.249.74.76 - - [22/Aug/2025:11:53:06 +0200] "GET /runner073000290.html HTTP/1.1" 200 562651 "-" "Mozilla/5.0 (Linux; Android 6.0.1; Nexus 5X Build/MMB29P) AppleWebKit/537.36 (KHTML, like Gecko) Chrome/138.0.7204.183 Mobile Safari/537.36 (compatible; Googlebot/2.1; +http://www.google.com/bot.html)"
20.171.207.15 - - [22/Aug/2025:11:53:11 +0200] "GET /pages.php?allow%2Fv39%3Fpid=46807 HTTP/1.1" 200 462658 "-" "Mozilla/5.0 AppleWebKit/537.36 (KHTML, like Gecko; compatible; GPTBot/1.2; +https://openai.com/gptbot)"
66.249.74.72 - - [22/Aug/2025:11:53:14 +0200] "GET /needle114036753.html HTTP/1.1" 200 562495 "-" "Mozilla/5.0 (Linux; Android 6.0.1; Nexus 5X Build/MMB29P) AppleWebKit/537.36 (KHTML, like Gecko) Chrome/138.0.7204.183 Mobile Safari/537.36 (compatible; Googlebot/2.1; +http://www.google.com/bot.html)"
66.249.74.74 - - [22/Aug/2025:11:53:18 +0200] "GET /pcmypage?callback=/product%2Fdetail%2morro-20240608160211_94 HTTP/1.1" 200 560063 "-" "Mozilla/5.0 (Linux; Android 6.0.1; Nexus 5X Build/MMB29P) AppleWebKit/537.36 (KHTML, like Gecko) Chrome/138.0.7204.183 Mobile Safari/537.36 (compatible; Googlebot/2.1; +http://www.google.com/bot.html)"
20.171.207.15 - - [22/Aug/2025:11:53:20 +0200] "GET /pages.php?known%2Ff79%3Fpid=31053 HTTP/1.1" 200 468055 "-" "Mozilla/5.0 AppleWebKit/537.36 (KHTML, like Gecko; compatible; GPTBot/1.2; +https://openai.com/gptbot)"
66.249.74.74 - - [22/Aug/2025:11:53:22 +0200] "GET /items/172035240.html?srsltid=AfmBOomxyqPttgDBChtwyXJvLBHOAekBrwiyYAJhX9RwBAztW47T HTTP/1.1" 200 564988 "-" "Mozilla/5.0 (Linux; Android 6.0.1; Nexus 5X Build/MMB29P) AppleWebKit/537.36 (KHTML, like Gecko) Chrome/138.0.7204.183 Mobile Safari/537.36 (compatible; Googlebot/2.1; +http://www.google.com/bot.html)"
66.249.74.74 - - [22/Aug/2025:11:53:23 +0200] "GET /melt144044499.html HTTP/1.1" 200 559613 "-" "Mozilla/5.0 (Linux; Android 6.0.1; Nexus 5X Build/MMB29P) AppleWebKit/537.36 (KHTML, like Gecko) Chrome/138.0.7204.183 Mobile Safari/537.36 (compatible; Googlebot/2.1; +http://www.google.com/bot.html)"
20.171.207.15 - - [22/Aug/2025:11:53:25 +0200] "GET /pages.php?rescue%2Fm73%3Fpid=831 HTTP/1.1" 200 462595 "-" "Mozilla/5.0 AppleWebKit/537.36 (KHTML, like Gecko; compatible; GPTBot/1.2; +https://openai.com/gptbot)"
66.249.74.72 - - [22/Aug/2025:11:53:27 +0200] "GET /weekly237006910.html HTTP/1.1" 200 560292 "-" "Mozilla/5.0 (Linux; Android 6.0.1; Nexus 5X Build/MMB29P) AppleWebKit/537.36 (KHTML, like Gecko) Chrome/138.0.7204.183 Mobile Safari/537.36 (compatible; Googlebot/2.1; +http://www.google.com/bot.html)"
66.249.74.73 - - [22/Aug/2025:11:53:27 +0200] "GET /items/027019451.html?srsltid=AfmBOosodINfRQhxaRiMxje1QrntQMri6QMoXm9pMc6D4QUDBtGe HTTP/1.1" 200 556293 "-" "Mozilla/5.0 (Linux; Android 6.0.1; Nexus 5X Build/MMB29P) AppleWebKit/537.36 (KHTML, like Gecko) Chrome/138.0.7204.183 Mobile Safari/537.36 (compatible; Googlebot/2.1; +http://www.google.com/bot.html)"
20.171.207.15 - - [22/Aug/2025:11:53:30 +0200] "GET /pages.php?about%2Fl79%3Fpid=32469 HTTP/1.1" 200 473894 "-" "Mozilla/5.0 AppleWebKit/537.36 (KHTML, like Gecko; compatible; GPTBot/1.2; +https://openai.com/gptbot)"
66.249.74.72 - - [22/Aug/2025:11:53:32 +0200] "GET /skill126044041.html HTTP/1.1" 200 556050 "-" "Mozilla/5.0 (Linux; Android 6.0.1; Nexus 5X Build/MMB29P) AppleWebKit/537.36 (KHTML, like Gecko) Chrome/138.0.7204.183 Mobile Safari/537.36 (compatible; Googlebot/2.1; +http://www.google.com/bot.html)"
20.171.207.15 - - [22/Aug/2025:11:53:35 +0200] "GET /pages.php?lots%2Fz33%3Fpid=15529 HTTP/1.1" 200 464289 "-" "Mozilla/5.0 AppleWebKit/537.36 (KHTML, like Gecko; compatible; GPTBot/1.2; +https://openai.com/gptbot)"
66.249.74.75 - - [22/Aug/2025:11:53:36 +0200] "GET /mirror067046776.html HTTP/1.1" 200 566160 "-" "Mozilla/5.0 (Linux; Android 6.0.1; Nexus 5X Build/MMB29P) AppleWebKit/537.36 (KHTML, like Gecko) Chrome/138.0.7204.183 Mobile Safari/537.36 (compatible; Googlebot/2.1; +http://www.google.com/bot.html)"
20.171.207.15 - - [22/Aug/2025:11:53:39 +0200] "GET /pages.php?ride%2Fg81%3Fpid=48659 HTTP/1.1" 200 472623 "-" "Mozilla/5.0 AppleWebKit/537.36 (KHTML, like Gecko; compatible; GPTBot/1.2; +https://openai.com/gptbot)"
20.171.207.29 - - [22/Aug/2025:11:53:40 +0200] "GET /pages.php?mountain%2Fw91%3Fpid=327 HTTP/1.1" 200 463253 "-" "Mozilla/5.0 AppleWebKit/537.36 (KHTML, like Gecko; compatible; GPTBot/1.2; +https://openai.com/gptbot)"
66.249.74.73 - - [22/Aug/2025:11:53:40 +0200] "GET /mystery257005840.html HTTP/1.1" 200 554998 "-" "Mozilla/5.0 (Linux; Android 6.0.1; Nexus 5X Build/MMB29P) AppleWebKit/537.36 (KHTML, like Gecko) Chrome/138.0.7204.183 Mobile Safari/537.36 (compatible; Googlebot/2.1; +http://www.google.com/bot.html)"
20.171.207.15 - - [22/Aug/2025:11:53:45 +0200] "GET /pages.php?robot%2Fb56%3Fpid=25814 HTTP/1.1" 200 469143 "-" "Mozilla/5.0 AppleWebKit/537.36 (KHTML, like Gecko; compatible; GPTBot/1.2; +https://openai.com/gptbot)"
66.249.74.76 - - [22/Aug/2025:11:53:48 +0200] "GET /conceive122037693.html HTTP/1.1" 200 555460 "-" "Mozilla/5.0 (Linux; Android 6.0.1; Nexus 5X Build/MMB29P) AppleWebKit/537.36 (KHTML, like Gecko) Chrome/138.0.7204.183 Mobile Safari/537.36 (compatible; Googlebot/2.1; +http://www.google.com/bot.html)"
20.171.207.15 - - [22/Aug/2025:11:53:49 +0200] "GET /pages.php?local%2Fh73%3Fpid=861 HTTP/1.1" 200 461874 "-" "Mozilla/5.0 AppleWebKit/537.36 (KHTML, like Gecko; compatible; GPTBot/1.2; +https://openai.com/gptbot)"
20.171.207.15 - - [22/Aug/2025:11:53:51 +0200] "GET /pages.php?their%2Fb86%3Fpid=22108 HTTP/1.1" 200 458634 "-" "Mozilla/5.0 AppleWebKit/537.36 (KHTML, like Gecko; compatible; GPTBot/1.2; +https://openai.com/gptbot)"
66.249.74.73 - - [22/Aug/2025:11:53:51 +0200] "GET /items/008011840.html?srsltid=AfmBOocipCxKVJjXjJQLweMpEYDdIdDqNzf77Ztq4KiDzqTUIlZE HTTP/1.1" 200 557590 "-" "Mozilla/5.0 (Linux; Android 6.0.1; Nexus 5X Build/MMB29P) AppleWebKit/537.36 (KHTML, like Gecko) Chrome/138.0.7204.183 Mobile Safari/537.36 (compatible; Googlebot/2.1; +http://www.google.com/bot.html)"
20.171.207.15 - - [22/Aug/2025:11:53:54 +0200] "GET /pages.php?west%2Fo16%3Fpid=42932 HTTP/1.1" 200 467385 "-" "Mozilla/5.0 AppleWebKit/537.36 (KHTML, like Gecko; compatible; GPTBot/1.2; +https://openai.com/gptbot)"
206.189.247.132 - - [22/Aug/2025:11:53:55 +0200] "GET /admin.php HTTP/1.1" 200 6747 "-" "Mozilla/5.0 (iPhone; CPU iPhone OS 17_6_1 like Mac OS X) AppleWebKit/605.1.15 (KHTML, like Gecko) Version/17.6 Mobile/15E148 Safari/604.1"
37.120.149.56 - - [22/Aug/2025:11:53:55 +0200] "GET /admin.php HTTP/1.1" 200 6747 "-" "Mozilla/5.0 (iPhone; CPU iPhone OS 17_6_1 like Mac OS X) AppleWebKit/605.1.15 (KHTML, like Gecko) Version/17.6 Mobile/15E148 Safari/604.1"
66.249.74.73 - - [22/Aug/2025:11:53:55 +0200] "GET /possess018026241.html HTTP/1.1" 200 561579 "-" "Mozilla/5.0 (Linux; Android 6.0.1; Nexus 5X Build/MMB29P) AppleWebKit/537.36 (KHTML, like Gecko) Chrome/138.0.7204.183 Mobile Safari/537.36 (compatible; Googlebot/2.1; +http://www.google.com/bot.html)"
86.8.204.43 - - [22/Aug/2025:11:53:56 +0200] "GET /admin.php HTTP/1.1" 200 6747 "-" "Mozilla/5.0 (iPhone; CPU iPhone OS 17_6_1 like Mac OS X) AppleWebKit/605.1.15 (KHTML, like Gecko) Version/17.6 Mobile/15E148 Safari/604.1"
157.230.195.44 - - [22/Aug/2025:11:53:56 +0200] "GET /admin.php HTTP/1.1" 200 6747 "-" "Mozilla/5.0 (iPhone; CPU iPhone OS 17_6_1 like Mac OS X) AppleWebKit/605.1.15 (KHTML, like Gecko) Version/17.6 Mobile/15E148 Safari/604.1"
20.171.207.15 - - [22/Aug/2025:11:53:57 +0200] "GET /pages.php?knife%2Fn87%3Fpid=435 HTTP/1.1" 200 472534 "-" "Mozilla/5.0 AppleWebKit/537.36 (KHTML, like Gecko; compatible; GPTBot/1.2; +https://openai.com/gptbot)"
66.249.74.72 - - [22/Aug/2025:11:53:58 +0200] "GET /items/239028569.html?srsltid=AfmBOobdrmXuZlwlzyiL8jzYHaJtJBYwwT8voJ1LnqMEU7mvJo8S HTTP/1.1" 200 554062 "-" "Mozilla/5.0 (Linux; Android 6.0.1; Nexus 5X Build/MMB29P) AppleWebKit/537.36 (KHTML, like Gecko) Chrome/138.0.7204.183 Mobile Safari/537.36 (compatible; Googlebot/2.1; +http://www.google.com/bot.html)"
66.249.74.73 - - [22/Aug/2025:11:54:00 +0200] "GET /items/060009608.html?srsltid=AfmBOopjbvgbsGWPFZYOhvYjGRWOwImsLc9cJ5qwhDqG48oqQtgn HTTP/1.1" 200 555868 "-" "Mozilla/5.0 (Linux; Android 6.0.1; Nexus 5X Build/MMB29P) AppleWebKit/537.36 (KHTML, like Gecko) Chrome/138.0.7204.183 Mobile Safari/537.36 (compatible; Googlebot/2.1; +http://www.google.com/bot.html)"
20.171.207.15 - - [22/Aug/2025:11:54:00 +0200] "GET /pages.php?colleague%2Fh56%3Fpid=13768 HTTP/1.1" 200 468626 "-" "Mozilla/5.0 AppleWebKit/537.36 (KHTML, like Gecko; compatible; GPTBot/1.2; +https://openai.com/gptbot)"
20.171.207.15 - - [22/Aug/2025:11:54:01 +0200] "GET /pages.php?Roman%2Fz65%3Fpid=24787 HTTP/1.1" 200 461499 "-" "Mozilla/5.0 AppleWebKit/537.36 (KHTML, like Gecko; compatible; GPTBot/1.2; +https://openai.com/gptbot)"
20.171.207.15 - - [22/Aug/2025:11:54:04 +0200] "GET /pages.php?concede%2Ft74%3Fpid=562 HTTP/1.1" 200 467822 "-" "Mozilla/5.0 AppleWebKit/537.36 (KHTML, like Gecko; compatible; GPTBot/1.2; +https://openai.com/gptbot)"
66.249.74.72 - - [22/Aug/2025:11:54:05 +0200] "GET /items/255015883.html?srsltid=AfmBOoqguUZgXnaqXqTsCNptFNyHtNtSYP4uYpvoWFboltN6zqbW HTTP/1.1" 200 555373 "-" "Mozilla/5.0 (Linux; Android 6.0.1; Nexus 5X Build/MMB29P) AppleWebKit/537.36 (KHTML, like Gecko) Chrome/138.0.7204.183 Mobile Safari/537.36 (compatible; Googlebot/2.1; +http://www.google.com/bot.html)"
20.171.207.15 - - [22/Aug/2025:11:54:06 +0200] "GET /pages.php?flavor%2Fn56%3Fpid=764 HTTP/1.1" 200 465121 "-" "Mozilla/5.0 AppleWebKit/537.36 (KHTML, like Gecko; compatible; GPTBot/1.2; +https://openai.com/gptbot)"
20.171.207.15 - - [22/Aug/2025:11:54:09 +0200] "GET /pages.php?builder%2Fz60%3Fpid=200 HTTP/1.1" 200 473079 "-" "Mozilla/5.0 AppleWebKit/537.36 (KHTML, like Gecko; compatible; GPTBot/1.2; +https://openai.com/gptbot)"
20.171.207.15 - - [22/Aug/2025:11:54:10 +0200] "GET /pages.php?priority%2Fu60%3Fpid=198 HTTP/1.1" 200 474352 "-" "Mozilla/5.0 AppleWebKit/537.36 (KHTML, like Gecko; compatible; GPTBot/1.2; +https://openai.com/gptbot)"
20.171.207.15 - - [22/Aug/2025:11:54:13 +0200] "GET /pages.php?cocaine%2Fv12%3Fpid=674 HTTP/1.1" 200 470338 "-" "Mozilla/5.0 AppleWebKit/537.36 (KHTML, like Gecko; compatible; GPTBot/1.2; +https://openai.com/gptbot)"
20.171.207.15 - - [22/Aug/2025:11:54:13 +0200] "GET /pages.php?load%2Ff134%3Fpid=4746 HTTP/1.1" 200 465788 "-" "Mozilla/5.0 AppleWebKit/537.36 (KHTML, like Gecko; compatible; GPTBot/1.2; +https://openai.com/gptbot)"
66.249.74.74 - - [22/Aug/2025:11:54:16 +0200] "GET /items/245032135.html?srsltid=AfmBOotuxBOdThMfhIMowuIXJvIpVINpw8MObSgvWPNMGjJXMM4c HTTP/1.1" 200 553916 "-" "Mozilla/5.0 (Linux; Android 6.0.1; Nexus 5X Build/MMB29P) AppleWebKit/537.36 (KHTML, like Gecko) Chrome/138.0.7204.183 Mobile Safari/537.36 (compatible; Googlebot/2.1; +http://www.google.com/bot.html)"
20.171.207.15 - - [22/Aug/2025:11:54:16 +0200] "GET /pages.php?custody%2Fl60%3Fpid=202 HTTP/1.1" 200 463092 "-" "Mozilla/5.0 AppleWebKit/537.36 (KHTML, like Gecko; compatible; GPTBot/1.2; +https://openai.com/gptbot)"
20.171.207.15 - - [22/Aug/2025:11:54:19 +0200] "GET /pages.php?claim%2Fk53%3Fpid=10467 HTTP/1.1" 200 466092 "-" "Mozilla/5.0 AppleWebKit/537.36 (KHTML, like Gecko; compatible; GPTBot/1.2; +https://openai.com/gptbot)"
66.249.74.72 - - [22/Aug/2025:11:54:19 +0200] "GET /items/094002490.html?srsltid=AfmBOoyihUIMGTCOmciYiHVMZbkcwZTXtIMamagmdy5GtRcvg544 HTTP/1.1" 200 559056 "-" "Mozilla/5.0 (Linux; Android 6.0.1; Nexus 5X Build/MMB29P) AppleWebKit/537.36 (KHTML, like Gecko) Chrome/138.0.7204.183 Mobile Safari/537.36 (compatible; Googlebot/2.1; +http://www.google.com/bot.html)"
20.171.207.15 - - [22/Aug/2025:11:54:21 +0200] "GET /pages.php?flying%2Fb86%3Fpid=4680 HTTP/1.1" 200 479167 "-" "Mozilla/5.0 AppleWebKit/537.36 (KHTML, like Gecko; compatible; GPTBot/1.2; +https://openai.com/gptbot)"
66.249.74.74 - - [22/Aug/2025:11:54:23 +0200] "GET /items/251036737.html?srsltid=AfmBOorntLjuYQKmMeuoNYbsTCnHspAy6QFCAvdJSxPBWQeRwArK HTTP/1.1" 200 556985 "-" "Mozilla/5.0 (Linux; Android 6.0.1; Nexus 5X Build/MMB29P) AppleWebKit/537.36 (KHTML, like Gecko) Chrome/138.0.7204.183 Mobile Safari/537.36 (compatible; Googlebot/2.1; +http://www.google.com/bot.html)"
20.171.207.15 - - [22/Aug/2025:11:54:24 +0200] "GET /pages.php?travel%2Fd86%3Fpid=4686 HTTP/1.1" 200 472513 "-" "Mozilla/5.0 AppleWebKit/537.36 (KHTML, like Gecko; compatible; GPTBot/1.2; +https://openai.com/gptbot)"
20.171.207.15 - - [22/Aug/2025:11:54:25 +0200] "GET /pages.php?shift%2Fq60%3Fpid=13882 HTTP/1.1" 200 463704 "-" "Mozilla/5.0 AppleWebKit/537.36 (KHTML, like Gecko; compatible; GPTBot/1.2; +https://openai.com/gptbot)"
20.171.207.15 - - [22/Aug/2025:11:54:28 +0200] "GET /pages.php?noon%2Fw50%3Fpid=37112 HTTP/1.1" 200 468747 "-" "Mozilla/5.0 AppleWebKit/537.36 (KHTML, like Gecko; compatible; GPTBot/1.2; +https://openai.com/gptbot)"
20.171.207.29 - - [22/Aug/2025:11:54:28 +0200] "GET /pages.php?survival%2Fx81%3Fpid=11497 HTTP/1.1" 200 470227 "-" "Mozilla/5.0 AppleWebKit/537.36 (KHTML, like Gecko; compatible; GPTBot/1.2; +https://openai.com/gptbot)"
20.171.207.15 - - [22/Aug/2025:11:54:29 +0200] "GET /pages.php?input%2Fo59%3Fpid=15489 HTTP/1.1" 200 462364 "-" "Mozilla/5.0 AppleWebKit/537.36 (KHTML, like Gecko; compatible; GPTBot/1.2; +https://openai.com/gptbot)"
206.189.247.132 - - [22/Aug/2025:11:54:29 +0200] "GET /networks.php HTTP/1.1" 200 393 "-" "Mozilla/5.0 (iPhone; CPU iPhone OS 18_3_1 like Mac OS X) AppleWebKit/605.1.15 (KHTML, like Gecko) Mobile/15E148 THDConsumer/7.45.0.1 (iPhone;iOS 18.3.1)DID:"
164.90.241.135 - - [22/Aug/2025:11:54:29 +0200] "GET /networks.php HTTP/1.1" 200 393 "-" "Mozilla/5.0 (iPhone; CPU iPhone OS 18_3_1 like Mac OS X) AppleWebKit/605.1.15 (KHTML, like Gecko) Mobile/15E148 THDConsumer/7.45.0.1 (iPhone;iOS 18.3.1)DID:"
86.8.204.43 - - [22/Aug/2025:11:54:30 +0200] "GET /networks.php HTTP/1.1" 200 393 "-" "Mozilla/5.0 (iPhone; CPU iPhone OS 18_3_1 like Mac OS X) AppleWebKit/605.1.15 (KHTML, like Gecko) Mobile/15E148 THDConsumer/7.45.0.1 (iPhone;iOS 18.3.1)DID:"
20.171.207.15 - - [22/Aug/2025:11:54:30 +0200] "GET /pages.php?being%2Fj93%3Fpid=807 HTTP/1.1" 200 478269 "-" "Mozilla/5.0 AppleWebKit/537.36 (KHTML, like Gecko; compatible; GPTBot/1.2; +https://openai.com/gptbot)"
68.183.245.101 - - [22/Aug/2025:11:54:30 +0200] "GET /networks.php HTTP/1.1" 200 393 "-" "Mozilla/5.0 (iPhone; CPU iPhone OS 18_3_1 like Mac OS X) AppleWebKit/605.1.15 (KHTML, like Gecko) Mobile/15E148 THDConsumer/7.45.0.1 (iPhone;iOS 18.3.1)DID:"
20.171.207.15 - - [22/Aug/2025:11:54:31 +0200] "GET /pages.php?thus%2Fr82%3Fpid=21544 HTTP/1.1" 200 476319 "-" "Mozilla/5.0 AppleWebKit/537.36 (KHTML, like Gecko; compatible; GPTBot/1.2; +https://openai.com/gptbot)"
66.249.74.74 - - [22/Aug/2025:11:54:32 +0200] "GET /items/224025278.html?srsltid=AfmBOosuoqYhVyCKRLNSoyEcBPXcyxIA9oiRgSdnomJpuW0PP4RH HTTP/1.1" 200 572398 "-" "Mozilla/5.0 (Linux; Android 6.0.1; Nexus 5X Build/MMB29P) AppleWebKit/537.36 (KHTML, like Gecko) Chrome/138.0.7204.183 Mobile Safari/537.36 (compatible; Googlebot/2.1; +http://www.google.com/bot.html)"
20.171.207.15 - - [22/Aug/2025:11:54:33 +0200] "GET /pages.php?plus%2Fr97%3Fpid=26847 HTTP/1.1" 200 463748 "-" "Mozilla/5.0 AppleWebKit/537.36 (KHTML, like Gecko; compatible; GPTBot/1.2; +https://openai.com/gptbot)"
20.171.207.15 - - [22/Aug/2025:11:54:34 +0200] "GET /pages.php?q-~116vCprEBKq6al0B0pkU2qnFYMBegWMKe36587/ HTTP/1.1" 200 472850 "-" "Mozilla/5.0 AppleWebKit/537.36 (KHTML, like Gecko; compatible; GPTBot/1.2; +https://openai.com/gptbot)"
66.249.74.73 - - [22/Aug/2025:11:54:36 +0200] "GET /items/213048625.html?srsltid=AfmBOohumGkNbOoGlPPjc0dIZLjEApww5qDLYj9QxbrtA4fnP8KN HTTP/1.1" 200 561800 "-" "Mozilla/5.0 (Linux; Android 6.0.1; Nexus 5X Build/MMB29P) AppleWebKit/537.36 (KHTML, like Gecko) Chrome/138.0.7204.183 Mobile Safari/537.36 (compatible; Googlebot/2.1; +http://www.google.com/bot.html)"
20.171.207.15 - - [22/Aug/2025:11:54:37 +0200] "GET /pages.php?worth%2Fu72%3Fpid=312 HTTP/1.1" 200 465458 "-" "Mozilla/5.0 AppleWebKit/537.36 (KHTML, like Gecko; compatible; GPTBot/1.2; +https://openai.com/gptbot)"
20.171.207.15 - - [22/Aug/2025:11:54:37 +0200] "GET /pages.php?habit%2Fr36%3Fpid=17252 HTTP/1.1" 200 467488 "-" "Mozilla/5.0 AppleWebKit/537.36 (KHTML, like Gecko; compatible; GPTBot/1.2; +https://openai.com/gptbot)"
66.249.74.74 - - [22/Aug/2025:11:54:38 +0200] "GET /documentary197028842.html HTTP/1.1" 200 555349 "-" "Mozilla/5.0 (Linux; Android 6.0.1; Nexus 5X Build/MMB29P) AppleWebKit/537.36 (KHTML, like Gecko) Chrome/138.0.7204.183 Mobile Safari/537.36 (compatible; Googlebot/2.1; +http://www.google.com/bot.html)"
20.171.207.15 - - [22/Aug/2025:11:54:38 +0200] "GET /pages.php?strong%2Fk2%3Fpid=20596 HTTP/1.1" 200 471761 "-" "Mozilla/5.0 AppleWebKit/537.36 (KHTML, like Gecko; compatible; GPTBot/1.2; +https://openai.com/gptbot)"
20.171.207.15 - - [22/Aug/2025:11:54:40 +0200] "GET /pages.php?engineer%2Fp105%3Fpid=31573 HTTP/1.1" 200 468119 "-" "Mozilla/5.0 AppleWebKit/537.36 (KHTML, like Gecko; compatible; GPTBot/1.2; +https://openai.com/gptbot)"
20.171.207.15 - - [22/Aug/2025:11:54:41 +0200] "GET /pages.php?find%2Fo214%3Fpid=7194 HTTP/1.1" 200 470298 "-" "Mozilla/5.0 AppleWebKit/537.36 (KHTML, like Gecko; compatible; GPTBot/1.2; +https://openai.com/gptbot)"
20.171.207.15 - - [22/Aug/2025:11:54:42 +0200] "GET /?_bd_prev_page=https%3A%2F%2Fwww.kjinvest.net%2Fchat.xhtml%3Fq-%7E90a2yQDNz6itutgCGkhblbnjDV0wfvyg20381%2F&_bdsid=sh0qr2.n%7ECANTS.172979176.172372949&_gz=2.199304954.190978852.175149336-863852640.162371011 HTTP/1.1" 500 0 "-" "Mozilla/5.0 AppleWebKit/537.36 (KHTML, like Gecko; compatible; GPTBot/1.2; +https://openai.com/gptbot)"
66.249.74.73 - - [22/Aug/2025:11:54:43 +0200] "GET /items/225010093.html?srsltid=AfmBOojxpELumWoiapIpaonoLnNAQzOoB3Uv8IeQy7bVhaWdNngg HTTP/1.1" 200 558311 "-" "Mozilla/5.0 (Linux; Android 6.0.1; Nexus 5X Build/MMB29P) AppleWebKit/537.36 (KHTML, like Gecko) Chrome/138.0.7204.183 Mobile Safari/537.36 (compatible; Googlebot/2.1; +http://www.google.com/bot.html)"
20.171.207.15 - - [22/Aug/2025:11:54:45 +0200] "GET /pages.php?feed%2Fj51%3Fpid=47399 HTTP/1.1" 200 472111 "-" "Mozilla/5.0 AppleWebKit/537.36 (KHTML, like Gecko; compatible; GPTBot/1.2; +https://openai.com/gptbot)"
20.171.207.15 - - [22/Aug/2025:11:54:47 +0200] "GET /pages.php?cold%2Fd19%3Fpid=24947 HTTP/1.1" 200 463064 "-" "Mozilla/5.0 AppleWebKit/537.36 (KHTML, like Gecko; compatible; GPTBot/1.2; +https://openai.com/gptbot)"
66.249.74.72 - - [22/Aug/2025:11:54:49 +0200] "GET /items/093021203.html?srsltid=AfmBOoauuwtxMxvoMZjRkXktZwIsHwAjfY4zNFf3M47IzldU0Lt1 HTTP/1.1" 200 555564 "-" "Mozilla/5.0 (Linux; Android 6.0.1; Nexus 5X Build/MMB29P) AppleWebKit/537.36 (KHTML, like Gecko) Chrome/138.0.7204.183 Mobile Safari/537.36 (compatible; Googlebot/2.1; +http://www.google.com/bot.html)"
20.171.207.15 - - [22/Aug/2025:11:54:51 +0200] "GET /pages.php?once%2Fu89%3Fpid=18933 HTTP/1.1" 200 470220 "-" "Mozilla/5.0 AppleWebKit/537.36 (KHTML, like Gecko; compatible; GPTBot/1.2; +https://openai.com/gptbot)"
20.171.207.15 - - [22/Aug/2025:11:54:54 +0200] "GET /pages.php?last%2Fq21%3Fpid=34475 HTTP/1.1" 200 465001 "-" "Mozilla/5.0 AppleWebKit/537.36 (KHTML, like Gecko; compatible; GPTBot/1.2; +https://openai.com/gptbot)"
66.249.74.73 - - [22/Aug/2025:11:54:54 +0200] "GET /devil094044985.html HTTP/1.1" 200 555522 "-" "Mozilla/5.0 (Linux; Android 6.0.1; Nexus 5X Build/MMB29P) AppleWebKit/537.36 (KHTML, like Gecko) Chrome/138.0.7204.183 Mobile Safari/537.36 (compatible; Googlebot/2.1; +http://www.google.com/bot.html)"
206.189.247.132 - - [22/Aug/2025:11:54:54 +0200] "GET /item.php HTTP/1.1" 200 393 "-" "Mozilla/5.0 (iPhone; CPU iPhone OS 17_6_1 like Mac OS X) AppleWebKit/605.1.15 (KHTML, like Gecko) Version/17.6 Mobile/15E148 Safari/604.1"
172.83.7.26 - - [22/Aug/2025:11:54:54 +0200] "GET /item.php HTTP/1.1" 200 393 "-" "Mozilla/5.0 (iPhone; CPU iPhone OS 17_6_1 like Mac OS X) AppleWebKit/605.1.15 (KHTML, like Gecko) Version/17.6 Mobile/15E148 Safari/604.1"
164.90.241.135 - - [22/Aug/2025:11:54:54 +0200] "GET /item.php HTTP/1.1" 200 393 "-" "Mozilla/5.0 (iPhone; CPU iPhone OS 17_6_1 like Mac OS X) AppleWebKit/605.1.15 (KHTML, like Gecko) Version/17.6 Mobile/15E148 Safari/604.1"
86.8.204.43 - - [22/Aug/2025:11:54:54 +0200] "GET /item.php HTTP/1.1" 200 393 "-" "Mozilla/5.0 (iPhone; CPU iPhone OS 17_6_1 like Mac OS X) AppleWebKit/605.1.15 (KHTML, like Gecko) Version/17.6 Mobile/15E148 Safari/604.1"
20.171.207.15 - - [22/Aug/2025:11:54:56 +0200] "GET /pages.php?lean%2Fa18%3Fpid=32046 HTTP/1.1" 200 466021 "-" "Mozilla/5.0 AppleWebKit/537.36 (KHTML, like Gecko; compatible; GPTBot/1.2; +https://openai.com/gptbot)"
20.171.207.15 - - [22/Aug/2025:11:54:58 +0200] "GET /pages.php?intimate%2Fo92%3Fpid=86 HTTP/1.1" 200 464626 "-" "Mozilla/5.0 AppleWebKit/537.36 (KHTML, like Gecko; compatible; GPTBot/1.2; +https://openai.com/gptbot)"
66.249.74.72 - - [22/Aug/2025:11:55:01 +0200] "GET /intellectual092000451.html HTTP/1.1" 200 562402 "-" "Mozilla/5.0 (Linux; Android 6.0.1; Nexus 5X Build/MMB29P) AppleWebKit/537.36 (KHTML, like Gecko) Chrome/138.0.7204.183 Mobile Safari/537.36 (compatible; Googlebot/2.1; +http://www.google.com/bot.html)"
20.171.207.15 - - [22/Aug/2025:11:55:01 +0200] "GET /pages.php?q-~283HKhmEkLfFyV6gV40FHJdfXRXU8de0j43158/ HTTP/1.1" 200 466679 "-" "Mozilla/5.0 AppleWebKit/537.36 (KHTML, like Gecko; compatible; GPTBot/1.2; +https://openai.com/gptbot)"
20.171.207.15 - - [22/Aug/2025:11:55:04 +0200] "GET /pages.php?color%2Fc8%3Fpid=14996 HTTP/1.1" 200 467306 "-" "Mozilla/5.0 AppleWebKit/537.36 (KHTML, like Gecko; compatible; GPTBot/1.2; +https://openai.com/gptbot)"
20.171.207.15 - - [22/Aug/2025:11:55:05 +0200] "GET /pages.php?global%2Ff79%3Fpid=771 HTTP/1.1" 200 464321 "-" "Mozilla/5.0 AppleWebKit/537.36 (KHTML, like Gecko; compatible; GPTBot/1.2; +https://openai.com/gptbot)"
20.171.207.29 - - [22/Aug/2025:11:55:05 +0200] "GET /?_bd_prev_page=https%3A%2F%2Fkjinvest.net%2Fsite.asp%3Fq-%7E6wpbZdRAbXuFAEp2Z0FOxImlh4pr3Xw33359%2F&_bdsid=v5njat.n%7EAVSGA.1747508339875.1798364627 HTTP/1.1" 500 0 "-" "Mozilla/5.0 AppleWebKit/537.36 (KHTML, like Gecko; compatible; GPTBot/1.2; +https://openai.com/gptbot)"
66.249.74.72 - - [22/Aug/2025:11:55:08 +0200] "GET /pcmypage?callback=product%2Fdetail%2Fasty-shop-c2-1o7qny1jyg-0387 HTTP/1.1" 200 558616 "-" "Mozilla/5.0 (Linux; Android 6.0.1; Nexus 5X Build/MMB29P) AppleWebKit/537.36 (KHTML, like Gecko) Chrome/138.0.7204.183 Mobile Safari/537.36 (compatible; Googlebot/2.1; +http://www.google.com/bot.html)"
20.171.207.15 - - [22/Aug/2025:11:55:08 +0200] "GET /pages.php?practical%2Fy158%3Fpid=33120 HTTP/1.1" 200 470908 "-" "Mozilla/5.0 AppleWebKit/537.36 (KHTML, like Gecko; compatible; GPTBot/1.2; +https://openai.com/gptbot)"
20.171.207.15 - - [22/Aug/2025:11:55:11 +0200] "GET /pages.php?avoid%2Ff15%3Fpid=13693 HTTP/1.1" 200 468065 "-" "Mozilla/5.0 AppleWebKit/537.36 (KHTML, like Gecko; compatible; GPTBot/1.2; +https://openai.com/gptbot)"
66.249.74.74 - - [22/Aug/2025:11:55:12 +0200] "GET /simultaneously216048869.html HTTP/1.1" 200 556770 "-" "Mozilla/5.0 (Linux; Android 6.0.1; Nexus 5X Build/MMB29P) AppleWebKit/537.36 (KHTML, like Gecko) Chrome/138.0.7204.183 Mobile Safari/537.36 (compatible; Googlebot/2.1; +http://www.google.com/bot.html)"
20.171.207.15 - - [22/Aug/2025:11:55:13 +0200] "GET /pages.php?entry%2Fl278%3Fpid=1604 HTTP/1.1" 200 470052 "-" "Mozilla/5.0 AppleWebKit/537.36 (KHTML, like Gecko; compatible; GPTBot/1.2; +https://openai.com/gptbot)"
206.189.247.132 - - [22/Aug/2025:11:55:14 +0200] "GET /wp-admin/defaults.php HTTP/1.1" 200 393 "-" "Mozilla/5.0 (iPhone; CPU iPhone OS 18_3_1 like Mac OS X) AppleWebKit/605.1.15 (KHTML, like Gecko) Mobile/15E148 THDConsumer/7.45.0.1 (iPhone;iOS 18.3.1)DID:"
86.8.204.43 - - [22/Aug/2025:11:55:14 +0200] "GET /wp-admin/defaults.php HTTP/1.1" 200 393 "-" "Mozilla/5.0 (iPhone; CPU iPhone OS 18_3_1 like Mac OS X) AppleWebKit/605.1.15 (KHTML, like Gecko) Mobile/15E148 THDConsumer/7.45.0.1 (iPhone;iOS 18.3.1)DID:"
146.190.190.67 - - [22/Aug/2025:11:55:14 +0200] "GET /wp-admin/defaults.php HTTP/1.1" 200 393 "-" "Mozilla/5.0 (iPhone; CPU iPhone OS 18_3_1 like Mac OS X) AppleWebKit/605.1.15 (KHTML, like Gecko) Mobile/15E148 THDConsumer/7.45.0.1 (iPhone;iOS 18.3.1)DID:"
20.171.207.15 - - [22/Aug/2025:11:55:15 +0200] "GET /pages.php?seldom%2Fj171%3Fpid=38861 HTTP/1.1" 200 474894 "-" "Mozilla/5.0 AppleWebKit/537.36 (KHTML, like Gecko; compatible; GPTBot/1.2; +https://openai.com/gptbot)"
157.230.195.44 - - [22/Aug/2025:11:55:15 +0200] "GET /wp-admin/defaults.php HTTP/1.1" 200 393 "-" "Mozilla/5.0 (iPhone; CPU iPhone OS 18_3_1 like Mac OS X) AppleWebKit/605.1.15 (KHTML, like Gecko) Mobile/15E148 THDConsumer/7.45.0.1 (iPhone;iOS 18.3.1)DID:"
20.171.207.15 - - [22/Aug/2025:11:55:17 +0200] "GET /pages.php?versus%2Ff79%3Fpid=769 HTTP/1.1" 200 476456 "-" "Mozilla/5.0 AppleWebKit/537.36 (KHTML, like Gecko; compatible; GPTBot/1.2; +https://openai.com/gptbot)"
20.171.207.15 - - [22/Aug/2025:11:55:19 +0200] "GET /pages.php?accent%2Fp17%3Fpid=891 HTTP/1.1" 200 467997 "-" "Mozilla/5.0 AppleWebKit/537.36 (KHTML, like Gecko; compatible; GPTBot/1.2; +https://openai.com/gptbot)"
66.249.74.73 - - [22/Aug/2025:11:55:20 +0200] "GET /pcmypage?callback=product%2Fdetail%2Fkilims-f484 HTTP/1.1" 200 560983 "-" "Mozilla/5.0 (Linux; Android 6.0.1; Nexus 5X Build/MMB29P) AppleWebKit/537.36 (KHTML, like Gecko) Chrome/138.0.7204.183 Mobile Safari/537.36 (compatible; Googlebot/2.1; +http://www.google.com/bot.html)"
20.171.207.15 - - [22/Aug/2025:11:55:20 +0200] "GET /pages.php?point%2Fc89%3Fpid=44177 HTTP/1.1" 200 469313 "-" "Mozilla/5.0 AppleWebKit/537.36 (KHTML, like Gecko; compatible; GPTBot/1.2; +https://openai.com/gptbot)"
20.171.207.15 - - [22/Aug/2025:11:55:21 +0200] "GET /pages.php?stir%2Fq36%3Fpid=26946 HTTP/1.1" 200 467565 "-" "Mozilla/5.0 AppleWebKit/537.36 (KHTML, like Gecko; compatible; GPTBot/1.2; +https://openai.com/gptbot)"
20.171.207.15 - - [22/Aug/2025:11:55:24 +0200] "GET /pages.php?hungry%2Fr38%3Fpid=102 HTTP/1.1" 200 469173 "-" "Mozilla/5.0 AppleWebKit/537.36 (KHTML, like Gecko; compatible; GPTBot/1.2; +https://openai.com/gptbot)"
66.249.74.73 - - [22/Aug/2025:11:55:24 +0200] "GET /pcmypage?callback=/product%2Fdetail%2umu-ws0002 HTTP/1.1" 200 561645 "-" "Mozilla/5.0 (Linux; Android 6.0.1; Nexus 5X Build/MMB29P) AppleWebKit/537.36 (KHTML, like Gecko) Chrome/138.0.7204.183 Mobile Safari/537.36 (compatible; Googlebot/2.1; +http://www.google.com/bot.html)"
20.171.207.15 - - [22/Aug/2025:11:55:25 +0200] "GET /pages.php?channel%2Fq69%3Fpid=59 HTTP/1.1" 200 464646 "-" "Mozilla/5.0 AppleWebKit/537.36 (KHTML, like Gecko; compatible; GPTBot/1.2; +https://openai.com/gptbot)"
20.171.207.15 - - [22/Aug/2025:11:55:26 +0200] "GET /pages.php?agency%2Fz38%3Fpid=104 HTTP/1.1" 200 465255 "-" "Mozilla/5.0 AppleWebKit/537.36 (KHTML, like Gecko; compatible; GPTBot/1.2; +https://openai.com/gptbot)"
20.171.207.15 - - [22/Aug/2025:11:55:27 +0200] "GET /pages.php?climb%2Fe44%3Fpid=35780 HTTP/1.1" 200 470535 "-" "Mozilla/5.0 AppleWebKit/537.36 (KHTML, like Gecko; compatible; GPTBot/1.2; +https://openai.com/gptbot)"
20.171.207.15 - - [22/Aug/2025:11:55:29 +0200] "GET /pages.php?arena%2Ff45%3Fpid=42103 HTTP/1.1" 200 467448 "-" "Mozilla/5.0 AppleWebKit/537.36 (KHTML, like Gecko; compatible; GPTBot/1.2; +https://openai.com/gptbot)"
66.249.74.74 - - [22/Aug/2025:11:55:29 +0200] "GET /supplier285010464.html HTTP/1.1" 200 555966 "-" "Mozilla/5.0 (Linux; Android 6.0.1; Nexus 5X Build/MMB29P) AppleWebKit/537.36 (KHTML, like Gecko) Chrome/138.0.7204.183 Mobile Safari/537.36 (compatible; Googlebot/2.1; +http://www.google.com/bot.html)"
20.171.207.15 - - [22/Aug/2025:11:55:30 +0200] "GET /pages.php?perform%2Fc48%3Fpid=62 HTTP/1.1" 200 465019 "-" "Mozilla/5.0 AppleWebKit/537.36 (KHTML, like Gecko; compatible; GPTBot/1.2; +https://openai.com/gptbot)"
66.249.74.72 - - [22/Aug/2025:11:55:32 +0200] "GET /objective225006728.html HTTP/1.1" 200 559224 "-" "Mozilla/5.0 (Linux; Android 6.0.1; Nexus 5X Build/MMB29P) AppleWebKit/537.36 (KHTML, like Gecko) Chrome/138.0.7204.183 Mobile Safari/537.36 (compatible; Googlebot/2.1; +http://www.google.com/bot.html)"
20.171.207.15 - - [22/Aug/2025:11:55:32 +0200] "GET /pages.php?q-~253zPwgJtrLmrL39VQTFsW7GhxjBYyw9O18752/ HTTP/1.1" 200 467059 "-" "Mozilla/5.0 AppleWebKit/537.36 (KHTML, like Gecko; compatible; GPTBot/1.2; +https://openai.com/gptbot)"
20.171.207.15 - - [22/Aug/2025:11:55:34 +0200] "GET /pages.php?select%2Fr95%3Fpid=2729 HTTP/1.1" 200 464787 "-" "Mozilla/5.0 AppleWebKit/537.36 (KHTML, like Gecko; compatible; GPTBot/1.2; +https://openai.com/gptbot)"
20.171.207.15 - - [22/Aug/2025:11:55:35 +0200] "GET /pages.php?however%2Fy15%3Fpid=809 HTTP/1.1" 200 470822 "-" "Mozilla/5.0 AppleWebKit/537.36 (KHTML, like Gecko; compatible; GPTBot/1.2; +https://openai.com/gptbot)"
20.171.207.15 - - [22/Aug/2025:11:55:36 +0200] "GET /pages.php?twice%2Fk42%3Fpid=33988 HTTP/1.1" 200 469039 "-" "Mozilla/5.0 AppleWebKit/537.36 (KHTML, like Gecko; compatible; GPTBot/1.2; +https://openai.com/gptbot)"
20.171.207.15 - - [22/Aug/2025:11:55:36 +0200] "GET /chat.xhtml?racial%2Ff80%3Fpid=216 HTTP/1.1" 500 0 "-" "Mozilla/5.0 AppleWebKit/537.36 (KHTML, like Gecko; compatible; GPTBot/1.2; +https://openai.com/gptbot)"
66.249.74.74 - - [22/Aug/2025:11:55:37 +0200] "GET /pcmypage?callback=product/review/jyusetsupro-4069001 HTTP/1.1" 200 557530 "-" "Mozilla/5.0 (Linux; Android 6.0.1; Nexus 5X Build/MMB29P) AppleWebKit/537.36 (KHTML, like Gecko) Chrome/138.0.7204.183 Mobile Safari/537.36 (compatible; Googlebot/2.1; +http://www.google.com/bot.html)"
20.171.207.15 - - [22/Aug/2025:11:55:39 +0200] "GET /pages.php?canvas%2Fw125%3Fpid=85 HTTP/1.1" 200 459839 "-" "Mozilla/5.0 AppleWebKit/537.36 (KHTML, like Gecko; compatible; GPTBot/1.2; +https://openai.com/gptbot)"
66.249.74.74 - - [22/Aug/2025:11:55:40 +0200] "GET /danger178045543.html HTTP/1.1" 200 558721 "-" "Mozilla/5.0 (Linux; Android 6.0.1; Nexus 5X Build/MMB29P) AppleWebKit/537.36 (KHTML, like Gecko) Chrome/138.0.7204.183 Mobile Safari/537.36 (compatible; Googlebot/2.1; +http://www.google.com/bot.html)"
20.171.207.15 - - [22/Aug/2025:11:55:42 +0200] "GET /pages.php?amazing%2Fb15%3Fpid=823 HTTP/1.1" 200 461241 "-" "Mozilla/5.0 AppleWebKit/537.36 (KHTML, like Gecko; compatible; GPTBot/1.2; +https://openai.com/gptbot)"
20.171.207.29 - - [22/Aug/2025:11:55:44 +0200] "GET /pages.php?subsequent%2Fg82%3Fpid=27044 HTTP/1.1" 200 461108 "-" "Mozilla/5.0 AppleWebKit/537.36 (KHTML, like Gecko; compatible; GPTBot/1.2; +https://openai.com/gptbot)"
66.249.74.75 - - [22/Aug/2025:11:55:44 +0200] "GET /downtown177016140.html HTTP/1.1" 200 558113 "-" "Mozilla/5.0 (Linux; Android 6.0.1; Nexus 5X Build/MMB29P) AppleWebKit/537.36 (KHTML, like Gecko) Chrome/138.0.7204.183 Mobile Safari/537.36 (compatible; Googlebot/2.1; +http://www.google.com/bot.html)"
66.249.74.72 - - [22/Aug/2025:11:55:45 +0200] "GET /disc231035414.html HTTP/1.1" 200 556110 "-" "Mozilla/5.0 (Linux; Android 6.0.1; Nexus 5X Build/MMB29P) AppleWebKit/537.36 (KHTML, like Gecko) Chrome/138.0.7204.183 Mobile Safari/537.36 (compatible; Googlebot/2.1; +http://www.google.com/bot.html)"
20.171.207.15 - - [22/Aug/2025:11:55:47 +0200] "GET /pages.php?outcome%2Fu2%3Fpid=9606 HTTP/1.1" 200 461122 "-" "Mozilla/5.0 AppleWebKit/537.36 (KHTML, like Gecko; compatible; GPTBot/1.2; +https://openai.com/gptbot)"
20.171.207.15 - - [22/Aug/2025:11:55:49 +0200] "GET /pages.php?absence%2Fv48%3Fpid=68 HTTP/1.1" 200 468810 "-" "Mozilla/5.0 AppleWebKit/537.36 (KHTML, like Gecko; compatible; GPTBot/1.2; +https://openai.com/gptbot)"
66.249.74.74 - - [22/Aug/2025:11:55:50 +0200] "GET /speaker180028809.html HTTP/1.1" 200 561855 "-" "Mozilla/5.0 (Linux; Android 6.0.1; Nexus 5X Build/MMB29P) AppleWebKit/537.36 (KHTML, like Gecko) Chrome/138.0.7204.183 Mobile Safari/537.36 (compatible; Googlebot/2.1; +http://www.google.com/bot.html)"
20.171.207.15 - - [22/Aug/2025:11:55:52 +0200] "GET /pages.php?waste%2Fz2%3Fpid=31648 HTTP/1.1" 200 466361 "-" "Mozilla/5.0 AppleWebKit/537.36 (KHTML, like Gecko; compatible; GPTBot/1.2; +https://openai.com/gptbot)"
66.249.74.75 - - [22/Aug/2025:11:55:53 +0200] "GET /review098042607.html HTTP/1.1" 200 560872 "-" "Mozilla/5.0 (Linux; Android 6.0.1; Nexus 5X Build/MMB29P) AppleWebKit/537.36 (KHTML, like Gecko) Chrome/138.0.7204.183 Mobile Safari/537.36 (compatible; Googlebot/2.1; +http://www.google.com/bot.html)"
20.171.207.15 - - [22/Aug/2025:11:55:53 +0200] "GET /pages.php?action%2Ff66%3Fpid=594 HTTP/1.1" 200 463954 "-" "Mozilla/5.0 AppleWebKit/537.36 (KHTML, like Gecko; compatible; GPTBot/1.2; +https://openai.com/gptbot)"
20.171.207.15 - - [22/Aug/2025:11:55:55 +0200] "GET /pages.php?boom%2Ft87%3Fpid=9031 HTTP/1.1" 200 463620 "-" "Mozilla/5.0 AppleWebKit/537.36 (KHTML, like Gecko; compatible; GPTBot/1.2; +https://openai.com/gptbot)"
20.171.207.15 - - [22/Aug/2025:11:55:57 +0200] "GET /pages.php?occur%2Fp2%3Fpid=28150 HTTP/1.1" 200 465579 "-" "Mozilla/5.0 AppleWebKit/537.36 (KHTML, like Gecko; compatible; GPTBot/1.2; +https://openai.com/gptbot)"
66.249.74.73 - - [22/Aug/2025:11:55:58 +0200] "GET /sock271006014.html HTTP/1.1" 200 556485 "-" "Mozilla/5.0 (Linux; Android 6.0.1; Nexus 5X Build/MMB29P) AppleWebKit/537.36 (KHTML, like Gecko) Chrome/138.0.7204.183 Mobile Safari/537.36 (compatible; Googlebot/2.1; +http://www.google.com/bot.html)"
20.171.207.15 - - [22/Aug/2025:11:55:58 +0200] "GET /pages.php?queen%2Fm83%3Fpid=26437 HTTP/1.1" 200 459957 "-" "Mozilla/5.0 AppleWebKit/537.36 (KHTML, like Gecko; compatible; GPTBot/1.2; +https://openai.com/gptbot)"
20.171.207.15 - - [22/Aug/2025:11:56:00 +0200] "GET /pages.php?lane%2Fn89%3Fpid=44179 HTTP/1.1" 200 480063 "-" "Mozilla/5.0 AppleWebKit/537.36 (KHTML, like Gecko; compatible; GPTBot/1.2; +https://openai.com/gptbot)"
20.171.207.15 - - [22/Aug/2025:11:56:01 +0200] "GET /pages.php?sustain%2Fp250%3Fpid=6364 HTTP/1.1" 200 477205 "-" "Mozilla/5.0 AppleWebKit/537.36 (KHTML, like Gecko; compatible; GPTBot/1.2; +https://openai.com/gptbot)"
66.249.74.77 - - [22/Aug/2025:11:56:01 +0200] "GET /pcmypage?callback=product/review/zennittsu-98174272-1 HTTP/1.1" 200 554987 "-" "Mozilla/5.0 (Linux; Android 6.0.1; Nexus 5X Build/MMB29P) AppleWebKit/537.36 (KHTML, like Gecko) Chrome/138.0.7204.183 Mobile Safari/537.36 (compatible; Googlebot/2.1; +http://www.google.com/bot.html)"
20.171.207.15 - - [22/Aug/2025:11:56:04 +0200] "GET /pages.php?motor%2Fx62%3Fpid=434 HTTP/1.1" 200 477842 "-" "Mozilla/5.0 AppleWebKit/537.36 (KHTML, like Gecko; compatible; GPTBot/1.2; +https://openai.com/gptbot)"
20.171.207.15 - - [22/Aug/2025:11:56:05 +0200] "GET /pages.php?movie%2Fz51%3Fpid=453 HTTP/1.1" 200 471700 "-" "Mozilla/5.0 AppleWebKit/537.36 (KHTML, like Gecko; compatible; GPTBot/1.2; +https://openai.com/gptbot)"
66.249.74.74 - - [22/Aug/2025:11:56:05 +0200] "GET /check075046806.html HTTP/1.1" 200 556255 "-" "Mozilla/5.0 (Linux; Android 6.0.1; Nexus 5X Build/MMB29P) AppleWebKit/537.36 (KHTML, like Gecko) Chrome/138.0.7204.183 Mobile Safari/537.36 (compatible; Googlebot/2.1; +http://www.google.com/bot.html)"
20.171.207.15 - - [22/Aug/2025:11:56:06 +0200] "GET /pages.php?each%2Fy254%3Fpid=23764 HTTP/1.1" 200 462187 "-" "Mozilla/5.0 AppleWebKit/537.36 (KHTML, like Gecko; compatible; GPTBot/1.2; +https://openai.com/gptbot)"
66.249.74.72 - - [22/Aug/2025:11:56:07 +0200] "GET /remark218047345.html HTTP/1.1" 200 570935 "-" "Mozilla/5.0 (Linux; Android 6.0.1; Nexus 5X Build/MMB29P) AppleWebKit/537.36 (KHTML, like Gecko) Chrome/138.0.7204.183 Mobile Safari/537.36 (compatible; Googlebot/2.1; +http://www.google.com/bot.html)"
20.171.207.15 - - [22/Aug/2025:11:56:09 +0200] "GET /pages.php?nurse%2Fe66%3Fpid=590 HTTP/1.1" 200 476338 "-" "Mozilla/5.0 AppleWebKit/537.36 (KHTML, like Gecko; compatible; GPTBot/1.2; +https://openai.com/gptbot)"
20.171.207.15 - - [22/Aug/2025:11:56:11 +0200] "GET /pages.php?q-~247JHUIAT9vQyIpxxBmFJ7tv0pH9FSopM17012/ HTTP/1.1" 200 473261 "-" "Mozilla/5.0 AppleWebKit/537.36 (KHTML, like Gecko; compatible; GPTBot/1.2; +https://openai.com/gptbot)"
66.249.74.74 - - [22/Aug/2025:11:56:11 +0200] "GET /safely087015140.html HTTP/1.1" 200 558921 "-" "Mozilla/5.0 (Linux; Android 6.0.1; Nexus 5X Build/MMB29P) AppleWebKit/537.36 (KHTML, like Gecko) Chrome/138.0.7204.183 Mobile Safari/537.36 (compatible; Googlebot/2.1; +http://www.google.com/bot.html)"
20.171.207.15 - - [22/Aug/2025:11:56:13 +0200] "GET /pages.php?itself%2Fz57%3Fpid=203 HTTP/1.1" 200 465201 "-" "Mozilla/5.0 AppleWebKit/537.36 (KHTML, like Gecko; compatible; GPTBot/1.2; +https://openai.com/gptbot)"
20.171.207.15 - - [22/Aug/2025:11:56:15 +0200] "GET /pages.php?violent%2Fc9%3Fpid=265 HTTP/1.1" 200 465624 "-" "Mozilla/5.0 AppleWebKit/537.36 (KHTML, like Gecko; compatible; GPTBot/1.2; +https://openai.com/gptbot)"
66.249.74.73 - - [22/Aug/2025:11:56:16 +0200] "GET /encourage071010264.html HTTP/1.1" 200 573575 "-" "Mozilla/5.0 (Linux; Android 6.0.1; Nexus 5X Build/MMB29P) AppleWebKit/537.36 (KHTML, like Gecko) Chrome/138.0.7204.183 Mobile Safari/537.36 (compatible; Googlebot/2.1; +http://www.google.com/bot.html)"
20.171.207.15 - - [22/Aug/2025:11:56:16 +0200] "GET /pages.php?q-~7tHtgPnuzMTCAMxyheM9M0IV91nLSZN37046/ HTTP/1.1" 200 476464 "-" "Mozilla/5.0 AppleWebKit/537.36 (KHTML, like Gecko; compatible; GPTBot/1.2; +https://openai.com/gptbot)"
20.171.207.15 - - [22/Aug/2025:11:56:17 +0200] "GET /pages.php?clerk%2Ff88%3Fpid=35436 HTTP/1.1" 200 460112 "-" "Mozilla/5.0 AppleWebKit/537.36 (KHTML, like Gecko; compatible; GPTBot/1.2; +https://openai.com/gptbot)"
20.171.207.15 - - [22/Aug/2025:11:56:19 +0200] "GET /pages.php?king%2Fz54%3Fpid=34762 HTTP/1.1" 200 476838 "-" "Mozilla/5.0 AppleWebKit/537.36 (KHTML, like Gecko; compatible; GPTBot/1.2; +https://openai.com/gptbot)"
66.249.74.72 - - [22/Aug/2025:11:56:20 +0200] "GET /airplane235024134.html HTTP/1.1" 200 556313 "-" "Mozilla/5.0 (Linux; Android 6.0.1; Nexus 5X Build/MMB29P) AppleWebKit/537.36 (KHTML, like Gecko) Chrome/138.0.7204.183 Mobile Safari/537.36 (compatible; Googlebot/2.1; +http://www.google.com/bot.html)"
66.249.74.73 - - [22/Aug/2025:11:56:20 +0200] "GET /fifth164031313.html HTTP/1.1" 200 557280 "-" "Mozilla/5.0 (Linux; Android 6.0.1; Nexus 5X Build/MMB29P) AppleWebKit/537.36 (KHTML, like Gecko) Chrome/138.0.7204.183 Mobile Safari/537.36 (compatible; Googlebot/2.1; +http://www.google.com/bot.html)"
20.171.207.15 - - [22/Aug/2025:11:56:22 +0200] "GET /pages.php?powerful%2Fs57%3Fpid=209 HTTP/1.1" 200 461537 "-" "Mozilla/5.0 AppleWebKit/537.36 (KHTML, like Gecko; compatible; GPTBot/1.2; +https://openai.com/gptbot)"
20.171.207.15 - - [22/Aug/2025:11:56:22 +0200] "GET /pages.php?might%2Fh34%3Fpid=16080 HTTP/1.1" 200 465376 "-" "Mozilla/5.0 AppleWebKit/537.36 (KHTML, like Gecko; compatible; GPTBot/1.2; +https://openai.com/gptbot)"
66.249.74.72 - - [22/Aug/2025:11:56:24 +0200] "GET /T-shirt060001053.html HTTP/1.1" 200 557557 "-" "Mozilla/5.0 (Linux; Android 6.0.1; Nexus 5X Build/MMB29P) AppleWebKit/537.36 (KHTML, like Gecko) Chrome/138.0.7204.183 Mobile Safari/537.36 (compatible; Googlebot/2.1; +http://www.google.com/bot.html)"
20.171.207.15 - - [22/Aug/2025:11:56:25 +0200] "GET /pages.php?review%2Fe57%3Fpid=207 HTTP/1.1" 200 468872 "-" "Mozilla/5.0 AppleWebKit/537.36 (KHTML, like Gecko; compatible; GPTBot/1.2; +https://openai.com/gptbot)"
20.171.207.15 - - [22/Aug/2025:11:56:26 +0200] "GET /pages.php?drown%2Fy99%3Fpid=6521 HTTP/1.1" 200 471663 "-" "Mozilla/5.0 AppleWebKit/537.36 (KHTML, like Gecko; compatible; GPTBot/1.2; +https://openai.com/gptbot)"
66.249.74.73 - - [22/Aug/2025:11:56:28 +0200] "GET /marker106006201.html HTTP/1.1" 200 555776 "-" "Mozilla/5.0 (Linux; Android 6.0.1; Nexus 5X Build/MMB29P) AppleWebKit/537.36 (KHTML, like Gecko) Chrome/138.0.7204.183 Mobile Safari/537.36 (compatible; Googlebot/2.1; +http://www.google.com/bot.html)"
20.171.207.15 - - [22/Aug/2025:11:56:29 +0200] "GET /pages.php?public%2Fn56%3Fpid=29350 HTTP/1.1" 200 477722 "-" "Mozilla/5.0 AppleWebKit/537.36 (KHTML, like Gecko; compatible; GPTBot/1.2; +https://openai.com/gptbot)"
20.171.207.15 - - [22/Aug/2025:11:56:32 +0200] "GET /pages.php?heal%2Fw27%3Fpid=18145 HTTP/1.1" 200 467812 "-" "Mozilla/5.0 AppleWebKit/537.36 (KHTML, like Gecko; compatible; GPTBot/1.2; +https://openai.com/gptbot)"
66.249.74.72 - - [22/Aug/2025:11:56:32 +0200] "GET /pcmypage?callback=product/review/orangetool-1006924 HTTP/1.1" 200 563820 "-" "Mozilla/5.0 (Linux; Android 6.0.1; Nexus 5X Build/MMB29P) AppleWebKit/537.36 (KHTML, like Gecko) Chrome/138.0.7204.183 Mobile Safari/537.36 (compatible; Googlebot/2.1; +http://www.google.com/bot.html)"
20.171.207.15 - - [22/Aug/2025:11:56:33 +0200] "GET /pages.php?fight%2Fu22%3Fpid=11596 HTTP/1.1" 200 464471 "-" "Mozilla/5.0 AppleWebKit/537.36 (KHTML, like Gecko; compatible; GPTBot/1.2; +https://openai.com/gptbot)"
66.249.74.74 - - [22/Aug/2025:11:56:33 +0200] "GET /items/241012697.html?srsltid=AfmBOohxxiigbphJNRRz95ApAcvJxVllhlT46KQO9OLnFsBw3eac HTTP/1.1" 200 555786 "-" "Mozilla/5.0 (Linux; Android 6.0.1; Nexus 5X Build/MMB29P) AppleWebKit/537.36 (KHTML, like Gecko) Chrome/138.0.7204.183 Mobile Safari/537.36 (compatible; Googlebot/2.1; +http://www.google.com/bot.html)"
20.171.207.15 - - [22/Aug/2025:11:56:34 +0200] "GET /pages.php?q-~79EfFk5MDvNLolmucoaScJvbNTd2HbeW38976/ HTTP/1.1" 200 462596 "-" "Mozilla/5.0 AppleWebKit/537.36 (KHTML, like Gecko; compatible; GPTBot/1.2; +https://openai.com/gptbot)"
20.171.207.15 - - [22/Aug/2025:11:56:35 +0200] "GET /pages.php?stretch%2Fz76%3Fpid=100 HTTP/1.1" 200 468030 "-" "Mozilla/5.0 AppleWebKit/537.36 (KHTML, like Gecko; compatible; GPTBot/1.2; +https://openai.com/gptbot)"
20.171.207.15 - - [22/Aug/2025:11:56:36 +0200] "GET /pages.php?patron%2Fz19%3Fpid=765 HTTP/1.1" 200 472883 "-" "Mozilla/5.0 AppleWebKit/537.36 (KHTML, like Gecko; compatible; GPTBot/1.2; +https://openai.com/gptbot)"
66.249.74.74 - - [22/Aug/2025:11:56:37 +0200] "GET /pcmypage?callback=/product%2Fdetail%2haikanshop-8072291 HTTP/1.1" 200 555939 "-" "Mozilla/5.0 (Linux; Android 6.0.1; Nexus 5X Build/MMB29P) AppleWebKit/537.36 (KHTML, like Gecko) Chrome/138.0.7204.183 Mobile Safari/537.36 (compatible; Googlebot/2.1; +http://www.google.com/bot.html)"
20.171.207.15 - - [22/Aug/2025:11:56:39 +0200] "GET /pages.php?dancer%2Fz84%3Fpid=136 HTTP/1.1" 200 464479 "-" "Mozilla/5.0 AppleWebKit/537.36 (KHTML, like Gecko; compatible; GPTBot/1.2; +https://openai.com/gptbot)"
66.249.74.77 - - [22/Aug/2025:11:56:41 +0200] "GET /pcmypage?callback=/product%2Fdetail%2kobaco-003-sb07k46jp4y HTTP/1.1" 200 561350 "-" "Mozilla/5.0 (Linux; Android 6.0.1; Nexus 5X Build/MMB29P) AppleWebKit/537.36 (KHTML, like Gecko) Chrome/138.0.7204.183 Mobile Safari/537.36 (compatible; Googlebot/2.1; +http://www.google.com/bot.html)"
20.171.207.15 - - [22/Aug/2025:11:56:41 +0200] "GET /pages.php?lower%2Fu21%3Fpid=12097 HTTP/1.1" 200 476973 "-" "Mozilla/5.0 AppleWebKit/537.36 (KHTML, like Gecko; compatible; GPTBot/1.2; +https://openai.com/gptbot)"
20.171.207.15 - - [22/Aug/2025:11:56:42 +0200] "GET /pages.php?privacy%2Fl84%3Fpid=132 HTTP/1.1" 200 469811 "-" "Mozilla/5.0 AppleWebKit/537.36 (KHTML, like Gecko; compatible; GPTBot/1.2; +https://openai.com/gptbot)"
20.171.207.15 - - [22/Aug/2025:11:56:43 +0200] "GET /pages.php?focus%2Fa84%3Fpid=134 HTTP/1.1" 200 463824 "-" "Mozilla/5.0 AppleWebKit/537.36 (KHTML, like Gecko; compatible; GPTBot/1.2; +https://openai.com/gptbot)"
20.171.207.29 - - [22/Aug/2025:11:56:43 +0200] "GET /pages.php?organic%2Fg81%3Fpid=463 HTTP/1.1" 200 461814 "-" "Mozilla/5.0 AppleWebKit/537.36 (KHTML, like Gecko; compatible; GPTBot/1.2; +https://openai.com/gptbot)"
20.171.207.15 - - [22/Aug/2025:11:56:45 +0200] "GET /pages.php?list%2Fr152%3Fpid=14592 HTTP/1.1" 200 460682 "-" "Mozilla/5.0 AppleWebKit/537.36 (KHTML, like Gecko; compatible; GPTBot/1.2; +https://openai.com/gptbot)"
20.171.207.15 - - [22/Aug/2025:11:56:45 +0200] "GET /pages.php?priest%2Fy56%3Fpid=770 HTTP/1.1" 200 454882 "-" "Mozilla/5.0 AppleWebKit/537.36 (KHTML, like Gecko; compatible; GPTBot/1.2; +https://openai.com/gptbot)"
20.171.207.15 - - [22/Aug/2025:11:56:47 +0200] "GET /pages.php?lobby%2Fk49%3Fpid=18381 HTTP/1.1" 200 465499 "-" "Mozilla/5.0 AppleWebKit/537.36 (KHTML, like Gecko; compatible; GPTBot/1.2; +https://openai.com/gptbot)"
66.249.74.77 - - [22/Aug/2025:11:56:47 +0200] "GET /indeed007049720.html HTTP/1.1" 200 559222 "-" "Mozilla/5.0 (Linux; Android 6.0.1; Nexus 5X Build/MMB29P) AppleWebKit/537.36 (KHTML, like Gecko) Chrome/138.0.7204.183 Mobile Safari/537.36 (compatible; Googlebot/2.1; +http://www.google.com/bot.html)"
20.171.207.15 - - [22/Aug/2025:11:56:48 +0200] "GET /pages.php?yours%2Fr49%3Fpid=30701 HTTP/1.1" 200 476590 "-" "Mozilla/5.0 AppleWebKit/537.36 (KHTML, like Gecko; compatible; GPTBot/1.2; +https://openai.com/gptbot)"
20.171.207.15 - - [22/Aug/2025:11:56:50 +0200] "GET /pages.php?curve%2Fp69%3Fpid=20361 HTTP/1.1" 200 466376 "-" "Mozilla/5.0 AppleWebKit/537.36 (KHTML, like Gecko; compatible; GPTBot/1.2; +https://openai.com/gptbot)"
20.171.207.15 - - [22/Aug/2025:11:56:51 +0200] "GET /pages.php?cook%2Fz77%3Fpid=16865 HTTP/1.1" 200 465623 "-" "Mozilla/5.0 AppleWebKit/537.36 (KHTML, like Gecko; compatible; GPTBot/1.2; +https://openai.com/gptbot)"
66.249.74.73 - - [22/Aug/2025:11:56:51 +0200] "GET /items/064044114.html?srsltid=AfmBOojghaPQLEAQdJSPWHffZPZWFJytB0ExQ24s8sMkZ9YWjFdf HTTP/1.1" 200 557057 "-" "Mozilla/5.0 (Linux; Android 6.0.1; Nexus 5X Build/MMB29P) AppleWebKit/537.36 (KHTML, like Gecko) Chrome/138.0.7204.183 Mobile Safari/537.36 (compatible; Googlebot/2.1; +http://www.google.com/bot.html)"
66.249.74.74 - - [22/Aug/2025:11:56:52 +0200] "GET /pcmypage?callback=/product%2Fdetail%2tss-lzs-9064ywm8 HTTP/1.1" 200 556550 "-" "Mozilla/5.0 (Linux; Android 6.0.1; Nexus 5X Build/MMB29P) AppleWebKit/537.36 (KHTML, like Gecko) Chrome/138.0.7204.183 Mobile Safari/537.36 (compatible; Googlebot/2.1; +http://www.google.com/bot.html)"
66.249.74.76 - - [22/Aug/2025:11:56:53 +0200] "GET /items/254017466.html?srsltid=AfmBOonnzGfcOAnDogtzPvH8NGyNBLWrxHkODEr3vJuRgjhKhXXN HTTP/1.1" 200 554833 "-" "Mozilla/5.0 (Linux; Android 6.0.1; Nexus 5X Build/MMB29P) AppleWebKit/537.36 (KHTML, like Gecko) Chrome/138.0.7204.183 Mobile Safari/537.36 (compatible; Googlebot/2.1; +http://www.google.com/bot.html)"
20.171.207.15 - - [22/Aug/2025:11:56:54 +0200] "GET /pages.php?throw%2Fl77%3Fpid=16867 HTTP/1.1" 200 466463 "-" "Mozilla/5.0 AppleWebKit/537.36 (KHTML, like Gecko; compatible; GPTBot/1.2; +https://openai.com/gptbot)"
66.249.74.78 - - [22/Aug/2025:11:56:54 +0200] "GET /pcmypage?callback=product%2Fdetail%2Fcarshop-nagano-goo4_st_ice_navi_suv_06 HTTP/1.1" 200 557021 "-" "Mozilla/5.0 (Linux; Android 6.0.1; Nexus 5X Build/MMB29P) AppleWebKit/537.36 (KHTML, like Gecko) Chrome/138.0.7204.183 Mobile Safari/537.36 (compatible; Googlebot/2.1; +http://www.google.com/bot.html)"
