20.171.207.29 - - [22/Aug/2025:06:06:29 +0200] "GET /pages.php?fiber%2Ft52%3Fpid=10886 HTTP/1.1" 200 462002 "-" "Mozilla/5.0 AppleWebKit/537.36 (KHTML, like Gecko; compatible; GPTBot/1.2; +https://openai.com/gptbot)"
66.249.74.72 - - [22/Aug/2025:06:06:32 +0200] "GET /policeman170031151.html HTTP/1.1" 200 564141 "-" "Mozilla/5.0 (Linux; Android 6.0.1; Nexus 5X Build/MMB29P) AppleWebKit/537.36 (KHTML, like Gecko) Chrome/138.0.7204.183 Mobile Safari/537.36 (compatible; Googlebot/2.1; +http://www.google.com/bot.html)"
66.249.74.73 - - [22/Aug/2025:06:06:44 +0200] "GET /best191041566.html HTTP/1.1" 200 556533 "-" "Mozilla/5.0 (Linux; Android 6.0.1; Nexus 5X Build/MMB29P) AppleWebKit/537.36 (KHTML, like Gecko) Chrome/138.0.7204.183 Mobile Safari/537.36 (compatible; Googlebot/2.1; +http://www.google.com/bot.html)"
20.171.207.15 - - [22/Aug/2025:06:06:45 +0200] "GET /pages.php?criminal%2Fz60%3Fpid=684 HTTP/1.1" 200 466564 "-" "Mozilla/5.0 AppleWebKit/537.36 (KHTML, like Gecko; compatible; GPTBot/1.2; +https://openai.com/gptbot)"
20.171.207.15 - - [22/Aug/2025:06:06:59 +0200] "GET /pages.php?q-~194IycSM6niAOAWssDuB7jITkLviKcE5Y34597/ HTTP/1.1" 200 462618 "-" "Mozilla/5.0 AppleWebKit/537.36 (KHTML, like Gecko; compatible; GPTBot/1.2; +https://openai.com/gptbot)"
66.249.74.72 - - [22/Aug/2025:06:07:02 +0200] "GET /airplane267015536.html HTTP/1.1" 200 555964 "-" "Mozilla/5.0 (Linux; Android 6.0.1; Nexus 5X Build/MMB29P) AppleWebKit/537.36 (KHTML, like Gecko) Chrome/138.0.7204.183 Mobile Safari/537.36 (compatible; Googlebot/2.1; +http://www.google.com/bot.html)"
20.171.207.15 - - [22/Aug/2025:06:07:12 +0200] "GET / HTTP/1.1" 500 0 "-" "Mozilla/5.0 AppleWebKit/537.36 (KHTML, like Gecko; compatible; GPTBot/1.2; +https://openai.com/gptbot)"
20.171.207.15 - - [22/Aug/2025:06:07:24 +0200] "GET /pages.php?instruct%2Fz68%3Fpid=544 HTTP/1.1" 200 467784 "-" "Mozilla/5.0 AppleWebKit/537.36 (KHTML, like Gecko; compatible; GPTBot/1.2; +https://openai.com/gptbot)"
20.171.207.29 - - [22/Aug/2025:06:07:33 +0200] "GET /pages.php?explicit%2Fy7%3Fpid=143 HTTP/1.1" 200 461022 "-" "Mozilla/5.0 AppleWebKit/537.36 (KHTML, like Gecko; compatible; GPTBot/1.2; +https://openai.com/gptbot)"
66.249.74.73 - - [22/Aug/2025:06:07:53 +0200] "GET /items/271030875.html?srsltid=AfmBOonwzjlUVtVrCckho1UJVsxsimaep8cCnopOek4pdMGYE9yu HTTP/1.1" 200 557117 "-" "Mozilla/5.0 (Linux; Android 6.0.1; Nexus 5X Build/MMB29P) AppleWebKit/537.36 (KHTML, like Gecko) Chrome/138.0.7204.183 Mobile Safari/537.36 (compatible; Googlebot/2.1; +http://www.google.com/bot.html)"
20.171.207.15 - - [22/Aug/2025:06:07:59 +0200] "GET /pages.php?quote%2Fq66%3Fpid=8970 HTTP/1.1" 200 466863 "-" "Mozilla/5.0 AppleWebKit/537.36 (KHTML, like Gecko; compatible; GPTBot/1.2; +https://openai.com/gptbot)"
66.249.74.74 - - [22/Aug/2025:06:08:12 +0200] "GET /reputation032000265.html HTTP/1.1" 200 558100 "-" "Mozilla/5.0 (Linux; Android 6.0.1; Nexus 5X Build/MMB29P) AppleWebKit/537.36 (KHTML, like Gecko) Chrome/138.0.7204.183 Mobile Safari/537.36 (compatible; Googlebot/2.1; +http://www.google.com/bot.html)"
20.171.207.29 - - [22/Aug/2025:06:08:31 +0200] "GET /?_bd_prev_page=https%3A%2F%2Fkjinvest.net%2Fsite.asp%3Fcoordinator%2Ff29%3Fpid%3D40803&_bdsid=v5njat.n%7EAVSGA.1747508339875.1798364627 HTTP/1.1" 500 0 "-" "Mozilla/5.0 AppleWebKit/537.36 (KHTML, like Gecko; compatible; GPTBot/1.2; +https://openai.com/gptbot)"
20.171.207.15 - - [22/Aug/2025:06:08:31 +0200] "GET /pages.php?terribly%2Fv56%3Fpid=988 HTTP/1.1" 200 467227 "-" "Mozilla/5.0 AppleWebKit/537.36 (KHTML, like Gecko; compatible; GPTBot/1.2; +https://openai.com/gptbot)"
66.249.74.72 - - [22/Aug/2025:06:08:47 +0200] "GET /traveler034018103.html HTTP/1.1" 200 564939 "-" "Mozilla/5.0 (Linux; Android 6.0.1; Nexus 5X Build/MMB29P) AppleWebKit/537.36 (KHTML, like Gecko) Chrome/138.0.7204.183 Mobile Safari/537.36 (compatible; Googlebot/2.1; +http://www.google.com/bot.html)"
20.171.207.15 - - [22/Aug/2025:06:08:58 +0200] "GET /pages.php?foster%2Fa16%3Fpid=202 HTTP/1.1" 200 467489 "-" "Mozilla/5.0 AppleWebKit/537.36 (KHTML, like Gecko; compatible; GPTBot/1.2; +https://openai.com/gptbot)"
20.171.207.29 - - [22/Aug/2025:06:09:20 +0200] "GET /?_bd_prev_page=https%3A%2F%2Fkjinvest.net%2Fsite.asp%3Fflood%2Ft75%3Fpid%3D797&_bdsid=v5njat.n%7EAVSGA.1747508339875.1798364627 HTTP/1.1" 500 0 "-" "Mozilla/5.0 AppleWebKit/537.36 (KHTML, like Gecko; compatible; GPTBot/1.2; +https://openai.com/gptbot)"
20.171.207.15 - - [22/Aug/2025:06:09:25 +0200] "GET /pages.php?button%2Fy64%3Fpid=9234 HTTP/1.1" 200 473622 "-" "Mozilla/5.0 AppleWebKit/537.36 (KHTML, like Gecko; compatible; GPTBot/1.2; +https://openai.com/gptbot)"
66.249.74.74 - - [22/Aug/2025:06:09:43 +0200] "GET /southeast292037169.html HTTP/1.1" 200 560545 "-" "Mozilla/5.0 (Linux; Android 6.0.1; Nexus 5X Build/MMB29P) AppleWebKit/537.36 (KHTML, like Gecko) Chrome/138.0.7204.183 Mobile Safari/537.36 (compatible; Googlebot/2.1; +http://www.google.com/bot.html)"
20.171.207.15 - - [22/Aug/2025:06:09:47 +0200] "GET /pages.php?elsewhere%2Fw174%3Fpid=36 HTTP/1.1" 200 462490 "-" "Mozilla/5.0 AppleWebKit/537.36 (KHTML, like Gecko; compatible; GPTBot/1.2; +https://openai.com/gptbot)"
20.171.207.15 - - [22/Aug/2025:06:10:10 +0200] "GET /pages.php?fatal%2Fk16%3Fpid=33258 HTTP/1.1" 200 468989 "-" "Mozilla/5.0 AppleWebKit/537.36 (KHTML, like Gecko; compatible; GPTBot/1.2; +https://openai.com/gptbot)"
20.171.207.29 - - [22/Aug/2025:06:10:24 +0200] "GET /?_bd_prev_page=https%3A%2F%2Fkjinvest.net%2Fsite.asp%3Fheal%2Fk138%3Fpid%3D18178&_bdsid=v5njat.n%7EAVSGA.1747508339875.1798364627 HTTP/1.1" 500 0 "-" "Mozilla/5.0 AppleWebKit/537.36 (KHTML, like Gecko; compatible; GPTBot/1.2; +https://openai.com/gptbot)"
20.171.207.15 - - [22/Aug/2025:06:10:27 +0200] "GET /pages.php?cargo%2Fy30%3Fpid=194 HTTP/1.1" 200 473317 "-" "Mozilla/5.0 AppleWebKit/537.36 (KHTML, like Gecko; compatible; GPTBot/1.2; +https://openai.com/gptbot)"
66.249.74.73 - - [22/Aug/2025:06:10:40 +0200] "GET /cdn-cgi/scripts/5c5dd728/cloudflare-static/email-decode.min.js HTTP/1.1" 200 562153 "https://kjinvest.net/items/005002105.html?srsltid=AfmBOotpqMpLcvahHwrNr7j9WNGmZSnLJEhhvR51KEAjbsN8SFqo" "Mozilla/5.0 (Linux; Android 6.0.1; Nexus 5X Build/MMB29P) AppleWebKit/537.36 (KHTML, like Gecko) Chrome/138.0.7204.183 Mobile Safari/537.36 (compatible; Googlebot/2.1; +http://www.google.com/bot.html)"
20.171.207.15 - - [22/Aug/2025:06:10:45 +0200] "GET /pages.php?major%2Fm84%3Fpid=240 HTTP/1.1" 200 476412 "-" "Mozilla/5.0 AppleWebKit/537.36 (KHTML, like Gecko; compatible; GPTBot/1.2; +https://openai.com/gptbot)"
20.171.207.15 - - [22/Aug/2025:06:10:59 +0200] "GET /pages.php?drown%2Fl56%3Fpid=322 HTTP/1.1" 200 464842 "-" "Mozilla/5.0 AppleWebKit/537.36 (KHTML, like Gecko; compatible; GPTBot/1.2; +https://openai.com/gptbot)"
20.171.207.15 - - [22/Aug/2025:06:11:13 +0200] "GET /pages.php?destroy%2Fy91%3Fpid=71 HTTP/1.1" 200 464341 "-" "Mozilla/5.0 AppleWebKit/537.36 (KHTML, like Gecko; compatible; GPTBot/1.2; +https://openai.com/gptbot)"
20.171.207.29 - - [22/Aug/2025:06:11:25 +0200] "GET /pages.php?taxpayer%2Fo97%3Fpid=35 HTTP/1.1" 200 467705 "-" "Mozilla/5.0 AppleWebKit/537.36 (KHTML, like Gecko; compatible; GPTBot/1.2; +https://openai.com/gptbot)"
20.171.207.15 - - [22/Aug/2025:06:11:26 +0200] "GET /pages.php?write%2Fh56%3Fpid=318 HTTP/1.1" 200 463944 "-" "Mozilla/5.0 AppleWebKit/537.36 (KHTML, like Gecko; compatible; GPTBot/1.2; +https://openai.com/gptbot)"
20.171.207.15 - - [22/Aug/2025:06:11:36 +0200] "GET /pages.php?right%2Fo45%3Fpid=613 HTTP/1.1" 200 474291 "-" "Mozilla/5.0 AppleWebKit/537.36 (KHTML, like Gecko; compatible; GPTBot/1.2; +https://openai.com/gptbot)"
20.171.207.15 - - [22/Aug/2025:06:11:46 +0200] "GET /pages.php?grasp%2Fr9%3Fpid=551 HTTP/1.1" 200 478303 "-" "Mozilla/5.0 AppleWebKit/537.36 (KHTML, like Gecko; compatible; GPTBot/1.2; +https://openai.com/gptbot)"
20.171.207.15 - - [22/Aug/2025:06:11:54 +0200] "GET /pages.php?truck%2Fc65%3Fpid=35543 HTTP/1.1" 200 466361 "-" "Mozilla/5.0 AppleWebKit/537.36 (KHTML, like Gecko; compatible; GPTBot/1.2; +https://openai.com/gptbot)"
20.171.207.15 - - [22/Aug/2025:06:12:03 +0200] "GET /pages.php?star%2Fj31%3Fpid=38559 HTTP/1.1" 200 461730 "-" "Mozilla/5.0 AppleWebKit/537.36 (KHTML, like Gecko; compatible; GPTBot/1.2; +https://openai.com/gptbot)"
20.171.207.15 - - [22/Aug/2025:06:12:10 +0200] "GET /pages.php?lemon%2Fr70%3Fpid=37018 HTTP/1.1" 200 463406 "-" "Mozilla/5.0 AppleWebKit/537.36 (KHTML, like Gecko; compatible; GPTBot/1.2; +https://openai.com/gptbot)"
20.171.207.15 - - [22/Aug/2025:06:12:16 +0200] "GET / HTTP/1.1" 500 0 "-" "Mozilla/5.0 AppleWebKit/537.36 (KHTML, like Gecko; compatible; GPTBot/1.2; +https://openai.com/gptbot)"
20.171.207.15 - - [22/Aug/2025:06:12:23 +0200] "GET /pages.php?only%2Fr42%3Fpid=106 HTTP/1.1" 200 464167 "-" "Mozilla/5.0 AppleWebKit/537.36 (KHTML, like Gecko; compatible; GPTBot/1.2; +https://openai.com/gptbot)"
20.171.207.29 - - [22/Aug/2025:06:12:30 +0200] "GET /?_bd_prev_page=https%3A%2F%2Fkjinvest.net%2Fsite.asp%3Fresort%2Fx15%3Fpid%3D961&_bdsid=v5njat.n%7EAVSGA.1747508339875.1798364627 HTTP/1.1" 500 0 "-" "Mozilla/5.0 AppleWebKit/537.36 (KHTML, like Gecko; compatible; GPTBot/1.2; +https://openai.com/gptbot)"
20.171.207.15 - - [22/Aug/2025:06:12:40 +0200] "GET /pages.php?others%2Fj50%3Fpid=2562 HTTP/1.1" 200 469952 "-" "Mozilla/5.0 AppleWebKit/537.36 (KHTML, like Gecko; compatible; GPTBot/1.2; +https://openai.com/gptbot)"
66.249.74.73 - - [22/Aug/2025:06:12:49 +0200] "GET /items/223041001.html?srsltid=AfmBOozfdbfaeJaBdOOs0hIIKjCQkVccw7GUokvgEu1SEsMbpzGA HTTP/1.1" 200 559536 "-" "Mozilla/5.0 (Linux; Android 6.0.1; Nexus 5X Build/MMB29P) AppleWebKit/537.36 (KHTML, like Gecko) Chrome/138.0.7204.183 Mobile Safari/537.36 (compatible; Googlebot/2.1; +http://www.google.com/bot.html)"
20.171.207.15 - - [22/Aug/2025:06:12:55 +0200] "GET /pages.php?hour%2Fc172%3Fpid=6978 HTTP/1.1" 200 462947 "-" "Mozilla/5.0 AppleWebKit/537.36 (KHTML, like Gecko; compatible; GPTBot/1.2; +https://openai.com/gptbot)"
66.249.74.72 - - [22/Aug/2025:06:13:03 +0200] "GET /items/030047238.html?srsltid=AfmBOotqhkdbckeUERPjCxuMEuhtWRYvHSuODoYU4RVYMF21kvsA HTTP/1.1" 200 570376 "-" "Mozilla/5.0 (Linux; Android 6.0.1; Nexus 5X Build/MMB29P) AppleWebKit/537.36 (KHTML, like Gecko) Chrome/138.0.7204.183 Mobile Safari/537.36 (compatible; Googlebot/2.1; +http://www.google.com/bot.html)"
20.171.207.15 - - [22/Aug/2025:06:13:09 +0200] "GET /pages.php?buyer%2Fm25%3Fpid=295 HTTP/1.1" 200 465616 "-" "Mozilla/5.0 AppleWebKit/537.36 (KHTML, like Gecko; compatible; GPTBot/1.2; +https://openai.com/gptbot)"
66.249.74.72 - - [22/Aug/2025:06:13:21 +0200] "GET /evolve025025574.html HTTP/1.1" 200 555461 "-" "Mozilla/5.0 (Linux; Android 6.0.1; Nexus 5X Build/MMB29P) AppleWebKit/537.36 (KHTML, like Gecko) Chrome/138.0.7204.183 Mobile Safari/537.36 (compatible; Googlebot/2.1; +http://www.google.com/bot.html)"
20.171.207.15 - - [22/Aug/2025:06:13:21 +0200] "GET /pages.php?they%2Fd190%3Fpid=3376 HTTP/1.1" 200 464210 "-" "Mozilla/5.0 AppleWebKit/537.36 (KHTML, like Gecko; compatible; GPTBot/1.2; +https://openai.com/gptbot)"
20.171.207.29 - - [22/Aug/2025:06:13:24 +0200] "GET /?_bd_prev_page=https%3A%2F%2Fkjinvest.net%2Fsite.asp%3Fsomething%2Fh205%3Fpid%3D33595&_bdsid=v5njat.n%7EAVSGA.1747508339875.1798364627 HTTP/1.1" 500 0 "-" "Mozilla/5.0 AppleWebKit/537.36 (KHTML, like Gecko; compatible; GPTBot/1.2; +https://openai.com/gptbot)"
20.171.207.15 - - [22/Aug/2025:06:13:33 +0200] "GET /pages.php?blow%2Fq81%3Fpid=547 HTTP/1.1" 200 478440 "-" "Mozilla/5.0 AppleWebKit/537.36 (KHTML, like Gecko; compatible; GPTBot/1.2; +https://openai.com/gptbot)"
20.171.207.15 - - [22/Aug/2025:06:13:44 +0200] "GET /pages.php?stir%2Fz75%3Fpid=17591 HTTP/1.1" 200 475846 "-" "Mozilla/5.0 AppleWebKit/537.36 (KHTML, like Gecko; compatible; GPTBot/1.2; +https://openai.com/gptbot)"
66.249.74.72 - - [22/Aug/2025:06:13:45 +0200] "GET /mean214039377.html HTTP/1.1" 200 553878 "-" "Mozilla/5.0 (Linux; Android 6.0.1; Nexus 5X Build/MMB29P) AppleWebKit/537.36 (KHTML, like Gecko) Chrome/138.0.7204.183 Mobile Safari/537.36 (compatible; Googlebot/2.1; +http://www.google.com/bot.html)"
20.171.207.15 - - [22/Aug/2025:06:13:52 +0200] "GET /pages.php?list%2Fz81%3Fpid=549 HTTP/1.1" 200 466570 "-" "Mozilla/5.0 AppleWebKit/537.36 (KHTML, like Gecko; compatible; GPTBot/1.2; +https://openai.com/gptbot)"
20.171.207.15 - - [22/Aug/2025:06:14:02 +0200] "GET /pages.php?employ%2Fn15%3Fpid=9397 HTTP/1.1" 200 461796 "-" "Mozilla/5.0 AppleWebKit/537.36 (KHTML, like Gecko; compatible; GPTBot/1.2; +https://openai.com/gptbot)"
20.171.207.15 - - [22/Aug/2025:06:14:08 +0200] "GET /pages.php?almost%2Fc72%3Fpid=662 HTTP/1.1" 200 471629 "-" "Mozilla/5.0 AppleWebKit/537.36 (KHTML, like Gecko; compatible; GPTBot/1.2; +https://openai.com/gptbot)"
66.249.74.72 - - [22/Aug/2025:06:14:13 +0200] "GET /commonly057001428.html HTTP/1.1" 200 556502 "-" "Mozilla/5.0 (Linux; Android 6.0.1; Nexus 5X Build/MMB29P) AppleWebKit/537.36 (KHTML, like Gecko) Chrome/138.0.7204.183 Mobile Safari/537.36 (compatible; Googlebot/2.1; +http://www.google.com/bot.html)"
20.171.207.15 - - [22/Aug/2025:06:14:15 +0200] "GET /pages.php?okay%2Fu25%3Fpid=20883 HTTP/1.1" 200 466896 "-" "Mozilla/5.0 AppleWebKit/537.36 (KHTML, like Gecko; compatible; GPTBot/1.2; +https://openai.com/gptbot)"
66.249.74.72 - - [22/Aug/2025:06:14:19 +0200] "GET /accelerate194002999.html HTTP/1.1" 200 553728 "-" "Mozilla/5.0 (Linux; Android 6.0.1; Nexus 5X Build/MMB29P) AppleWebKit/537.36 (KHTML, like Gecko) Chrome/138.0.7204.183 Mobile Safari/537.36 (compatible; Googlebot/2.1; +http://www.google.com/bot.html)"
20.171.207.15 - - [22/Aug/2025:06:14:22 +0200] "GET /pages.php?flow%2Fc22%3Fpid=46770 HTTP/1.1" 200 465601 "-" "Mozilla/5.0 AppleWebKit/537.36 (KHTML, like Gecko; compatible; GPTBot/1.2; +https://openai.com/gptbot)"
20.171.207.29 - - [22/Aug/2025:06:14:29 +0200] "GET /pages.php?catch%2Fz67%3Fpid=153 HTTP/1.1" 200 463449 "-" "Mozilla/5.0 AppleWebKit/537.36 (KHTML, like Gecko; compatible; GPTBot/1.2; +https://openai.com/gptbot)"
20.171.207.15 - - [22/Aug/2025:06:14:29 +0200] "GET /pages.php?trail%2Fz15%3Fpid=9395 HTTP/1.1" 200 464093 "-" "Mozilla/5.0 AppleWebKit/537.36 (KHTML, like Gecko; compatible; GPTBot/1.2; +https://openai.com/gptbot)"
20.171.207.15 - - [22/Aug/2025:06:14:32 +0200] "GET /pages.php?short%2Fi76%3Fpid=496 HTTP/1.1" 200 457115 "-" "Mozilla/5.0 AppleWebKit/537.36 (KHTML, like Gecko; compatible; GPTBot/1.2; +https://openai.com/gptbot)"
20.171.207.15 - - [22/Aug/2025:06:14:37 +0200] "GET /pages.php?trust%2Fx89%3Fpid=407 HTTP/1.1" 200 462691 "-" "Mozilla/5.0 AppleWebKit/537.36 (KHTML, like Gecko; compatible; GPTBot/1.2; +https://openai.com/gptbot)"
66.249.74.72 - - [22/Aug/2025:06:14:39 +0200] "GET /comfort051047572.html HTTP/1.1" 200 554189 "-" "Mozilla/5.0 (Linux; Android 6.0.1; Nexus 5X Build/MMB29P) AppleWebKit/537.36 (KHTML, like Gecko) Chrome/138.0.7204.183 Mobile Safari/537.36 (compatible; Googlebot/2.1; +http://www.google.com/bot.html)"
20.171.207.15 - - [22/Aug/2025:06:14:43 +0200] "GET /pages.php?guess%2Fo97%3Fpid=48217 HTTP/1.1" 200 476393 "-" "Mozilla/5.0 AppleWebKit/537.36 (KHTML, like Gecko; compatible; GPTBot/1.2; +https://openai.com/gptbot)"
20.171.207.15 - - [22/Aug/2025:06:14:45 +0200] "GET /pages.php?flame%2Fr56%3Fpid=128 HTTP/1.1" 200 477876 "-" "Mozilla/5.0 AppleWebKit/537.36 (KHTML, like Gecko; compatible; GPTBot/1.2; +https://openai.com/gptbot)"
66.249.74.72 - - [22/Aug/2025:06:14:45 +0200] "GET /gene211007900.html HTTP/1.1" 200 565125 "-" "Mozilla/5.0 (Linux; Android 6.0.1; Nexus 5X Build/MMB29P) AppleWebKit/537.36 (KHTML, like Gecko) Chrome/138.0.7204.183 Mobile Safari/537.36 (compatible; Googlebot/2.1; +http://www.google.com/bot.html)"
20.171.207.15 - - [22/Aug/2025:06:14:48 +0200] "GET /pages.php?density%2Fn28%3Fpid=650 HTTP/1.1" 200 466419 "-" "Mozilla/5.0 AppleWebKit/537.36 (KHTML, like Gecko; compatible; GPTBot/1.2; +https://openai.com/gptbot)"
20.171.207.15 - - [22/Aug/2025:06:14:51 +0200] "GET /pages.php?blood%2Fg3%3Fpid=40163 HTTP/1.1" 200 472014 "-" "Mozilla/5.0 AppleWebKit/537.36 (KHTML, like Gecko; compatible; GPTBot/1.2; +https://openai.com/gptbot)"
66.249.74.72 - - [22/Aug/2025:06:14:51 +0200] "GET /sake299040850.html HTTP/1.1" 200 557402 "-" "Mozilla/5.0 (Linux; Android 6.0.1; Nexus 5X Build/MMB29P) AppleWebKit/537.36 (KHTML, like Gecko) Chrome/138.0.7204.183 Mobile Safari/537.36 (compatible; Googlebot/2.1; +http://www.google.com/bot.html)"
20.171.207.15 - - [22/Aug/2025:06:14:53 +0200] "GET /pages.php?terror%2Fe28%3Fpid=654 HTTP/1.1" 200 463602 "-" "Mozilla/5.0 AppleWebKit/537.36 (KHTML, like Gecko; compatible; GPTBot/1.2; +https://openai.com/gptbot)"
20.171.207.15 - - [22/Aug/2025:06:14:56 +0200] "GET /pages.php?cake%2Fy27%3Fpid=45767 HTTP/1.1" 200 466596 "-" "Mozilla/5.0 AppleWebKit/537.36 (KHTML, like Gecko; compatible; GPTBot/1.2; +https://openai.com/gptbot)"
20.171.207.15 - - [22/Aug/2025:06:14:57 +0200] "GET /pages.php?alter%2Fn28%3Fpid=650 HTTP/1.1" 200 462696 "-" "Mozilla/5.0 AppleWebKit/537.36 (KHTML, like Gecko; compatible; GPTBot/1.2; +https://openai.com/gptbot)"
20.171.207.15 - - [22/Aug/2025:06:15:00 +0200] "GET /pages.php?chief%2Ft200%3Fpid=9642 HTTP/1.1" 200 455527 "-" "Mozilla/5.0 AppleWebKit/537.36 (KHTML, like Gecko; compatible; GPTBot/1.2; +https://openai.com/gptbot)"
20.171.207.15 - - [22/Aug/2025:06:15:02 +0200] "GET /pages.php?birth%2Fe3%3Fpid=35819 HTTP/1.1" 200 464006 "-" "Mozilla/5.0 AppleWebKit/537.36 (KHTML, like Gecko; compatible; GPTBot/1.2; +https://openai.com/gptbot)"
20.171.207.15 - - [22/Aug/2025:06:15:03 +0200] "GET /pages.php?meat%2Fh89%3Fpid=14925 HTTP/1.1" 200 465763 "-" "Mozilla/5.0 AppleWebKit/537.36 (KHTML, like Gecko; compatible; GPTBot/1.2; +https://openai.com/gptbot)"
20.171.207.15 - - [22/Aug/2025:06:15:04 +0200] "GET /pages.php?salmon%2Fi7%3Fpid=1051 HTTP/1.1" 200 474961 "-" "Mozilla/5.0 AppleWebKit/537.36 (KHTML, like Gecko; compatible; GPTBot/1.2; +https://openai.com/gptbot)"
20.171.207.15 - - [22/Aug/2025:06:15:05 +0200] "GET / HTTP/1.1" 500 0 "-" "Mozilla/5.0 AppleWebKit/537.36 (KHTML, like Gecko; compatible; GPTBot/1.2; +https://openai.com/gptbot)"
20.171.207.15 - - [22/Aug/2025:06:15:07 +0200] "GET /pages.php?breath%2Fk56%3Fpid=130 HTTP/1.1" 200 453534 "-" "Mozilla/5.0 AppleWebKit/537.36 (KHTML, like Gecko; compatible; GPTBot/1.2; +https://openai.com/gptbot)"
20.171.207.15 - - [22/Aug/2025:06:15:11 +0200] "GET /pages.php?radical%2Fg75%3Fpid=463 HTTP/1.1" 200 471059 "-" "Mozilla/5.0 AppleWebKit/537.36 (KHTML, like Gecko; compatible; GPTBot/1.2; +https://openai.com/gptbot)"
20.171.207.15 - - [22/Aug/2025:06:15:14 +0200] "GET /pages.php?army%2Fz56%3Fpid=28410 HTTP/1.1" 200 469873 "-" "Mozilla/5.0 AppleWebKit/537.36 (KHTML, like Gecko; compatible; GPTBot/1.2; +https://openai.com/gptbot)"
20.171.207.15 - - [22/Aug/2025:06:15:17 +0200] "GET /pages.php?trading%2Fy99%3Fpid=727 HTTP/1.1" 200 470630 "-" "Mozilla/5.0 AppleWebKit/537.36 (KHTML, like Gecko; compatible; GPTBot/1.2; +https://openai.com/gptbot)"
20.171.207.15 - - [22/Aug/2025:06:15:20 +0200] "GET /pages.php?steel%2Fn54%3Fpid=29400 HTTP/1.1" 200 469938 "-" "Mozilla/5.0 AppleWebKit/537.36 (KHTML, like Gecko; compatible; GPTBot/1.2; +https://openai.com/gptbot)"
20.171.207.15 - - [22/Aug/2025:06:15:21 +0200] "GET /pages.php?crystal%2Fx8%3Fpid=876 HTTP/1.1" 200 463398 "-" "Mozilla/5.0 AppleWebKit/537.36 (KHTML, like Gecko; compatible; GPTBot/1.2; +https://openai.com/gptbot)"
20.171.207.15 - - [22/Aug/2025:06:15:25 +0200] "GET /pages.php?outdoor%2Fi89%3Fpid=403 HTTP/1.1" 200 469529 "-" "Mozilla/5.0 AppleWebKit/537.36 (KHTML, like Gecko; compatible; GPTBot/1.2; +https://openai.com/gptbot)"
20.171.207.15 - - [22/Aug/2025:06:15:27 +0200] "GET /pages.php?usual%2Ff45%3Fpid=18551 HTTP/1.1" 200 467563 "-" "Mozilla/5.0 AppleWebKit/537.36 (KHTML, like Gecko; compatible; GPTBot/1.2; +https://openai.com/gptbot)"
20.171.207.15 - - [22/Aug/2025:06:15:29 +0200] "GET /pages.php?quest%2Fv76%3Fpid=19014 HTTP/1.1" 200 477590 "-" "Mozilla/5.0 AppleWebKit/537.36 (KHTML, like Gecko; compatible; GPTBot/1.2; +https://openai.com/gptbot)"
20.171.207.29 - - [22/Aug/2025:06:15:29 +0200] "GET /pages.php?garage%2Fc18%3Fpid=7546 HTTP/1.1" 200 461553 "-" "Mozilla/5.0 AppleWebKit/537.36 (KHTML, like Gecko; compatible; GPTBot/1.2; +https://openai.com/gptbot)"
20.171.207.15 - - [22/Aug/2025:06:15:30 +0200] "GET /pages.php?read%2Fs127%3Fpid=9381 HTTP/1.1" 200 468387 "-" "Mozilla/5.0 AppleWebKit/537.36 (KHTML, like Gecko; compatible; GPTBot/1.2; +https://openai.com/gptbot)"
20.171.207.15 - - [22/Aug/2025:06:15:32 +0200] "GET /pages.php?nasty%2Fm91%3Fpid=6657 HTTP/1.1" 200 467667 "-" "Mozilla/5.0 AppleWebKit/537.36 (KHTML, like Gecko; compatible; GPTBot/1.2; +https://openai.com/gptbot)"
20.171.207.15 - - [22/Aug/2025:06:15:35 +0200] "GET /pages.php?tone%2Fd89%3Fpid=46515 HTTP/1.1" 200 467129 "-" "Mozilla/5.0 AppleWebKit/537.36 (KHTML, like Gecko; compatible; GPTBot/1.2; +https://openai.com/gptbot)"
20.171.207.15 - - [22/Aug/2025:06:15:36 +0200] "GET /pages.php?route%2Fa53%3Fpid=26907 HTTP/1.1" 200 472678 "-" "Mozilla/5.0 AppleWebKit/537.36 (KHTML, like Gecko; compatible; GPTBot/1.2; +https://openai.com/gptbot)"
20.171.207.15 - - [22/Aug/2025:06:15:38 +0200] "GET /pages.php?union%2Fd173%3Fpid=8791 HTTP/1.1" 200 469466 "-" "Mozilla/5.0 AppleWebKit/537.36 (KHTML, like Gecko; compatible; GPTBot/1.2; +https://openai.com/gptbot)"
20.171.207.15 - - [22/Aug/2025:06:15:40 +0200] "GET /pages.php?cloth%2Fg45%3Fpid=631 HTTP/1.1" 200 470659 "-" "Mozilla/5.0 AppleWebKit/537.36 (KHTML, like Gecko; compatible; GPTBot/1.2; +https://openai.com/gptbot)"
20.171.207.15 - - [22/Aug/2025:06:15:41 +0200] "GET /pages.php?belly%2Ff22%3Fpid=3784 HTTP/1.1" 200 468273 "-" "Mozilla/5.0 AppleWebKit/537.36 (KHTML, like Gecko; compatible; GPTBot/1.2; +https://openai.com/gptbot)"
20.171.207.15 - - [22/Aug/2025:06:15:43 +0200] "GET /pages.php?tail%2Fd24%3Fpid=10668 HTTP/1.1" 200 465021 "-" "Mozilla/5.0 AppleWebKit/537.36 (KHTML, like Gecko; compatible; GPTBot/1.2; +https://openai.com/gptbot)"
20.171.207.15 - - [22/Aug/2025:06:15:43 +0200] "GET / HTTP/1.1" 500 0 "-" "Mozilla/5.0 AppleWebKit/537.36 (KHTML, like Gecko; compatible; GPTBot/1.2; +https://openai.com/gptbot)"
20.171.207.15 - - [22/Aug/2025:06:15:45 +0200] "GET /pages.php?cruel%2Fe17%3Fpid=49835 HTTP/1.1" 200 464585 "-" "Mozilla/5.0 AppleWebKit/537.36 (KHTML, like Gecko; compatible; GPTBot/1.2; +https://openai.com/gptbot)"
20.171.207.15 - - [22/Aug/2025:06:15:48 +0200] "GET /pages.php?clue%2Fo67%3Fpid=15485 HTTP/1.1" 200 470201 "-" "Mozilla/5.0 AppleWebKit/537.36 (KHTML, like Gecko; compatible; GPTBot/1.2; +https://openai.com/gptbot)"
20.171.207.15 - - [22/Aug/2025:06:15:51 +0200] "GET /pages.php?coastal%2Fj267%3Fpid=19899 HTTP/1.1" 200 469857 "-" "Mozilla/5.0 AppleWebKit/537.36 (KHTML, like Gecko; compatible; GPTBot/1.2; +https://openai.com/gptbot)"
20.171.207.15 - - [22/Aug/2025:06:15:54 +0200] "GET /pages.php?fiber%2Fk17%3Fpid=49839 HTTP/1.1" 200 462192 "-" "Mozilla/5.0 AppleWebKit/537.36 (KHTML, like Gecko; compatible; GPTBot/1.2; +https://openai.com/gptbot)"
20.171.207.15 - - [22/Aug/2025:06:15:57 +0200] "GET /pages.php?fashion%2Fz45%3Fpid=61 HTTP/1.1" 200 464896 "-" "Mozilla/5.0 AppleWebKit/537.36 (KHTML, like Gecko; compatible; GPTBot/1.2; +https://openai.com/gptbot)"
20.171.207.15 - - [22/Aug/2025:06:15:59 +0200] "GET /pages.php?rough%2Fz200%3Fpid=8068 HTTP/1.1" 200 465420 "-" "Mozilla/5.0 AppleWebKit/537.36 (KHTML, like Gecko; compatible; GPTBot/1.2; +https://openai.com/gptbot)"
20.171.207.15 - - [22/Aug/2025:06:16:01 +0200] "GET /pages.php?truly%2Fk32%3Fpid=13674 HTTP/1.1" 200 467398 "-" "Mozilla/5.0 AppleWebKit/537.36 (KHTML, like Gecko; compatible; GPTBot/1.2; +https://openai.com/gptbot)"
20.171.207.15 - - [22/Aug/2025:06:16:03 +0200] "GET /pages.php?expect%2Fz60%3Fpid=274 HTTP/1.1" 200 462736 "-" "Mozilla/5.0 AppleWebKit/537.36 (KHTML, like Gecko; compatible; GPTBot/1.2; +https://openai.com/gptbot)"
20.171.207.15 - - [22/Aug/2025:06:16:04 +0200] "GET /pages.php?weigh%2Fy69%3Fpid=41531 HTTP/1.1" 200 462977 "-" "Mozilla/5.0 AppleWebKit/537.36 (KHTML, like Gecko; compatible; GPTBot/1.2; +https://openai.com/gptbot)"
20.171.207.15 - - [22/Aug/2025:06:16:06 +0200] "GET /pages.php?crash%2Fz71%3Fpid=41153 HTTP/1.1" 200 464328 "-" "Mozilla/5.0 AppleWebKit/537.36 (KHTML, like Gecko; compatible; GPTBot/1.2; +https://openai.com/gptbot)"
20.171.207.15 - - [22/Aug/2025:06:16:07 +0200] "GET /pages.php?sexy%2Fl47%3Fpid=35647 HTTP/1.1" 200 467509 "-" "Mozilla/5.0 AppleWebKit/537.36 (KHTML, like Gecko; compatible; GPTBot/1.2; +https://openai.com/gptbot)"
20.171.207.15 - - [22/Aug/2025:06:16:09 +0200] "GET /pages.php?bird%2Fl21%3Fpid=30065 HTTP/1.1" 200 468999 "-" "Mozilla/5.0 AppleWebKit/537.36 (KHTML, like Gecko; compatible; GPTBot/1.2; +https://openai.com/gptbot)"
20.171.207.15 - - [22/Aug/2025:06:16:10 +0200] "GET /pages.php?survivor%2Fc45%3Fpid=65 HTTP/1.1" 200 475066 "-" "Mozilla/5.0 AppleWebKit/537.36 (KHTML, like Gecko; compatible; GPTBot/1.2; +https://openai.com/gptbot)"
20.171.207.15 - - [22/Aug/2025:06:16:11 +0200] "GET /pages.php?quit%2Ff96%3Fpid=38396 HTTP/1.1" 200 462200 "-" "Mozilla/5.0 AppleWebKit/537.36 (KHTML, like Gecko; compatible; GPTBot/1.2; +https://openai.com/gptbot)"
66.249.74.72 - - [22/Aug/2025:06:16:12 +0200] "GET /actor159043072.html HTTP/1.1" 200 558861 "-" "Mozilla/5.0 (Linux; Android 6.0.1; Nexus 5X Build/MMB29P) AppleWebKit/537.36 (KHTML, like Gecko) Chrome/138.0.7204.183 Mobile Safari/537.36 (compatible; Googlebot/2.1; +http://www.google.com/bot.html)"
20.171.207.15 - - [22/Aug/2025:06:16:13 +0200] "GET /pages.php?sword%2Fw47%3Fpid=35645 HTTP/1.1" 200 461386 "-" "Mozilla/5.0 AppleWebKit/537.36 (KHTML, like Gecko; compatible; GPTBot/1.2; +https://openai.com/gptbot)"
20.171.207.15 - - [22/Aug/2025:06:16:14 +0200] "GET /pages.php?scope%2Fz10%3Fpid=678 HTTP/1.1" 200 474153 "-" "Mozilla/5.0 AppleWebKit/537.36 (KHTML, like Gecko; compatible; GPTBot/1.2; +https://openai.com/gptbot)"
20.171.207.15 - - [22/Aug/2025:06:16:15 +0200] "GET /pages.php?except%2Fz67%3Fpid=545 HTTP/1.1" 200 464211 "-" "Mozilla/5.0 AppleWebKit/537.36 (KHTML, like Gecko; compatible; GPTBot/1.2; +https://openai.com/gptbot)"
20.171.207.15 - - [22/Aug/2025:06:16:17 +0200] "GET /pages.php?store%2Fp67%3Fpid=31959 HTTP/1.1" 200 472313 "-" "Mozilla/5.0 AppleWebKit/537.36 (KHTML, like Gecko; compatible; GPTBot/1.2; +https://openai.com/gptbot)"
20.171.207.15 - - [22/Aug/2025:06:16:18 +0200] "GET /pages.php?banker%2Fz246%3Fpid=96 HTTP/1.1" 200 461122 "-" "Mozilla/5.0 AppleWebKit/537.36 (KHTML, like Gecko; compatible; GPTBot/1.2; +https://openai.com/gptbot)"
20.171.207.15 - - [22/Aug/2025:06:16:20 +0200] "GET /pages.php?examine%2Fb62%3Fpid=504 HTTP/1.1" 200 461271 "-" "Mozilla/5.0 AppleWebKit/537.36 (KHTML, like Gecko; compatible; GPTBot/1.2; +https://openai.com/gptbot)"
20.171.207.15 - - [22/Aug/2025:06:16:21 +0200] "GET /pages.php?below%2Fd50%3Fpid=198 HTTP/1.1" 200 463916 "-" "Mozilla/5.0 AppleWebKit/537.36 (KHTML, like Gecko; compatible; GPTBot/1.2; +https://openai.com/gptbot)"
20.171.207.15 - - [22/Aug/2025:06:16:23 +0200] "GET /pages.php?fact%2Fc144%3Fpid=9856 HTTP/1.1" 200 466169 "-" "Mozilla/5.0 AppleWebKit/537.36 (KHTML, like Gecko; compatible; GPTBot/1.2; +https://openai.com/gptbot)"
20.171.207.15 - - [22/Aug/2025:06:16:24 +0200] "GET /pages.php?q-~161dZPjQ6YrVN6bISaH6gbaxZ3bZweAjV45662/ HTTP/1.1" 200 462387 "-" "Mozilla/5.0 AppleWebKit/537.36 (KHTML, like Gecko; compatible; GPTBot/1.2; +https://openai.com/gptbot)"
20.171.207.29 - - [22/Aug/2025:06:16:24 +0200] "GET /pages.php?mixed%2Fg75%3Fpid=469 HTTP/1.1" 200 462483 "-" "Mozilla/5.0 AppleWebKit/537.36 (KHTML, like Gecko; compatible; GPTBot/1.2; +https://openai.com/gptbot)"
20.171.207.15 - - [22/Aug/2025:06:16:25 +0200] "GET /pages.php?symbolic%2Fr25%3Fpid=219 HTTP/1.1" 200 468917 "-" "Mozilla/5.0 AppleWebKit/537.36 (KHTML, like Gecko; compatible; GPTBot/1.2; +https://openai.com/gptbot)"
20.171.207.15 - - [22/Aug/2025:06:16:27 +0200] "GET /pages.php?barrel%2Fo47%3Fpid=951 HTTP/1.1" 200 469833 "-" "Mozilla/5.0 AppleWebKit/537.36 (KHTML, like Gecko; compatible; GPTBot/1.2; +https://openai.com/gptbot)"
20.171.207.15 - - [22/Aug/2025:06:16:28 +0200] "GET /pages.php?differ%2Fs1%3Fpid=28567 HTTP/1.1" 200 464842 "-" "Mozilla/5.0 AppleWebKit/537.36 (KHTML, like Gecko; compatible; GPTBot/1.2; +https://openai.com/gptbot)"
20.171.207.15 - - [22/Aug/2025:06:16:29 +0200] "GET /pages.php?ocean%2Fl13%3Fpid=30051 HTTP/1.1" 200 467420 "-" "Mozilla/5.0 AppleWebKit/537.36 (KHTML, like Gecko; compatible; GPTBot/1.2; +https://openai.com/gptbot)"
66.249.74.73 - - [22/Aug/2025:06:16:30 +0200] "GET /items/103033831.html?srsltid=AfmBOogmzhxLFFavcFEukJQ7IrrTjurh5OsRjLFVi0LnsXmgNu5j HTTP/1.1" 200 556172 "-" "Mozilla/5.0 (Linux; Android 6.0.1; Nexus 5X Build/MMB29P) AppleWebKit/537.36 (KHTML, like Gecko) Chrome/138.0.7204.183 Mobile Safari/537.36 (compatible; Googlebot/2.1; +http://www.google.com/bot.html)"
20.171.207.15 - - [22/Aug/2025:06:16:59 +0200] "GET /pages.php?shift%2Fi76%3Fpid=45504 HTTP/1.1" 200 463631 "-" "Mozilla/5.0 AppleWebKit/537.36 (KHTML, like Gecko; compatible; GPTBot/1.2; +https://openai.com/gptbot)"
20.171.207.15 - - [22/Aug/2025:06:17:03 +0200] "GET /pages.php?consult%2Fm68%3Fpid=512 HTTP/1.1" 200 475662 "-" "Mozilla/5.0 AppleWebKit/537.36 (KHTML, like Gecko; compatible; GPTBot/1.2; +https://openai.com/gptbot)"
66.249.74.74 - - [22/Aug/2025:06:17:32 +0200] "GET /suggest294022175.html HTTP/1.1" 200 556345 "-" "Mozilla/5.0 (Linux; Android 6.0.1; Nexus 5X Build/MMB29P) AppleWebKit/537.36 (KHTML, like Gecko) Chrome/138.0.7204.183 Mobile Safari/537.36 (compatible; Googlebot/2.1; +http://www.google.com/bot.html)"
66.249.74.73 - - [22/Aug/2025:06:17:33 +0200] "GET /live182035073.html HTTP/1.1" 200 558219 "-" "Mozilla/5.0 (Linux; Android 6.0.1; Nexus 5X Build/MMB29P) AppleWebKit/537.36 (KHTML, like Gecko) Chrome/138.0.7204.183 Mobile Safari/537.36 (compatible; Googlebot/2.1; +http://www.google.com/bot.html)"
20.171.207.15 - - [22/Aug/2025:06:17:37 +0200] "GET /pages.php?wisdom%2Fz80%3Fpid=538 HTTP/1.1" 200 478812 "-" "Mozilla/5.0 AppleWebKit/537.36 (KHTML, like Gecko; compatible; GPTBot/1.2; +https://openai.com/gptbot)"
206.189.247.132 - - [22/Aug/2025:06:17:45 +0200] "GET /networks.php HTTP/1.1" 200 393 "-" "Mozilla/5.0 (iPhone; CPU iPhone OS 18_3_1 like Mac OS X) AppleWebKit/605.1.15 (KHTML, like Gecko) Mobile/15E148 THDConsumer/7.45.0.1 (iPhone;iOS 18.3.1)DID:"
86.8.204.43 - - [22/Aug/2025:06:17:45 +0200] "GET /networks.php HTTP/1.1" 200 393 "-" "Mozilla/5.0 (iPhone; CPU iPhone OS 18_3_1 like Mac OS X) AppleWebKit/605.1.15 (KHTML, like Gecko) Mobile/15E148 THDConsumer/7.45.0.1 (iPhone;iOS 18.3.1)DID:"
164.90.241.135 - - [22/Aug/2025:06:17:45 +0200] "GET /networks.php HTTP/1.1" 200 393 "-" "Mozilla/5.0 (iPhone; CPU iPhone OS 18_3_1 like Mac OS X) AppleWebKit/605.1.15 (KHTML, like Gecko) Mobile/15E148 THDConsumer/7.45.0.1 (iPhone;iOS 18.3.1)DID:"
68.183.245.101 - - [22/Aug/2025:06:17:46 +0200] "GET /networks.php HTTP/1.1" 200 393 "-" "Mozilla/5.0 (iPhone; CPU iPhone OS 18_3_1 like Mac OS X) AppleWebKit/605.1.15 (KHTML, like Gecko) Mobile/15E148 THDConsumer/7.45.0.1 (iPhone;iOS 18.3.1)DID:"
20.171.207.15 - - [22/Aug/2025:06:17:52 +0200] "GET /pages.php?yourself%2Fz81%3Fpid=907 HTTP/1.1" 200 463003 "-" "Mozilla/5.0 AppleWebKit/537.36 (KHTML, like Gecko; compatible; GPTBot/1.2; +https://openai.com/gptbot)"
20.171.207.15 - - [22/Aug/2025:06:17:54 +0200] "GET /pages.php?common%2Fk26%3Fpid=368 HTTP/1.1" 200 471210 "-" "Mozilla/5.0 AppleWebKit/537.36 (KHTML, like Gecko; compatible; GPTBot/1.2; +https://openai.com/gptbot)"
20.171.207.15 - - [22/Aug/2025:06:17:59 +0200] "GET /pages.php?blow%2Fc26%3Fpid=28154 HTTP/1.1" 200 455843 "-" "Mozilla/5.0 AppleWebKit/537.36 (KHTML, like Gecko; compatible; GPTBot/1.2; +https://openai.com/gptbot)"
66.249.74.73 - - [22/Aug/2025:06:18:00 +0200] "GET /items/097000373.html?srsltid=AfmBOoyzjjmUGZxzJhcJOpsBVSXwoCLc9e2N4nDMmedqfpLJx5kk HTTP/1.1" 200 11 "-" "Mozilla/5.0 (Linux; Android 6.0.1; Nexus 5X Build/MMB29P) AppleWebKit/537.36 (KHTML, like Gecko) Chrome/138.0.7204.183 Mobile Safari/537.36 (compatible; Googlebot/2.1; +http://www.google.com/bot.html)"
66.249.74.72 - - [22/Aug/2025:06:18:00 +0200] "GET /items/049000983.html?srsltid=AfmBOopimzBseIsmqhdGZShaJnqSHUAObcZ09QnwUcPiQlBSHxkU HTTP/1.1" 200 555997 "-" "Mozilla/5.0 (Linux; Android 6.0.1; Nexus 5X Build/MMB29P) AppleWebKit/537.36 (KHTML, like Gecko) Chrome/138.0.7204.183 Mobile Safari/537.36 (compatible; Googlebot/2.1; +http://www.google.com/bot.html)"
66.249.74.73 - - [22/Aug/2025:06:18:01 +0200] "GET /trauma005020634.html HTTP/1.1" 200 559231 "-" "Mozilla/5.0 (Linux; Android 6.0.1; Nexus 5X Build/MMB29P) AppleWebKit/537.36 (KHTML, like Gecko) Chrome/138.0.7204.183 Mobile Safari/537.36 (compatible; Googlebot/2.1; +http://www.google.com/bot.html)"
20.171.207.29 - - [22/Aug/2025:06:18:02 +0200] "GET /pages.php?being%2Fc90%3Fpid=108 HTTP/1.1" 200 460893 "-" "Mozilla/5.0 AppleWebKit/537.36 (KHTML, like Gecko; compatible; GPTBot/1.2; +https://openai.com/gptbot)"
20.171.207.15 - - [22/Aug/2025:06:18:06 +0200] "GET /pages.php?trend%2Fx84%3Fpid=11050 HTTP/1.1" 200 470333 "-" "Mozilla/5.0 AppleWebKit/537.36 (KHTML, like Gecko; compatible; GPTBot/1.2; +https://openai.com/gptbot)"
20.171.207.15 - - [22/Aug/2025:06:18:06 +0200] "GET /pages.php?native%2Fd98%3Fpid=414 HTTP/1.1" 200 0 "-" "Mozilla/5.0 AppleWebKit/537.36 (KHTML, like Gecko; compatible; GPTBot/1.2; +https://openai.com/gptbot)"
66.249.74.72 - - [22/Aug/2025:06:18:08 +0200] "GET /movement288019937.html HTTP/1.1" 200 560101 "-" "Mozilla/5.0 (Linux; Android 6.0.1; Nexus 5X Build/MMB29P) AppleWebKit/537.36 (KHTML, like Gecko) Chrome/138.0.7204.183 Mobile Safari/537.36 (compatible; Googlebot/2.1; +http://www.google.com/bot.html)"
20.171.207.15 - - [22/Aug/2025:06:18:11 +0200] "GET /pages.php?count%2Fb78%3Fpid=774 HTTP/1.1" 200 466423 "-" "Mozilla/5.0 AppleWebKit/537.36 (KHTML, like Gecko; compatible; GPTBot/1.2; +https://openai.com/gptbot)"
207.46.13.150 - - [22/Aug/2025:06:18:12 +0200] "GET /category/24111/6 HTTP/1.1" 200 23 "-" "Mozilla/5.0 AppleWebKit/537.36 (KHTML, like Gecko; compatible; bingbot/2.0; +http://www.bing.com/bingbot.htm) Chrome/116.0.1938.76 Safari/537.36"
20.171.207.15 - - [22/Aug/2025:06:18:16 +0200] "GET /pages.php?sorry%2Fu30%3Fpid=17924 HTTP/1.1" 200 456641 "-" "Mozilla/5.0 AppleWebKit/537.36 (KHTML, like Gecko; compatible; GPTBot/1.2; +https://openai.com/gptbot)"
20.171.207.15 - - [22/Aug/2025:06:18:20 +0200] "GET /pages.php?argue%2Fv70%3Fpid=16048 HTTP/1.1" 200 463852 "-" "Mozilla/5.0 AppleWebKit/537.36 (KHTML, like Gecko; compatible; GPTBot/1.2; +https://openai.com/gptbot)"
66.249.74.73 - - [22/Aug/2025:06:18:22 +0200] "GET /items/078031916.html?srsltid=AfmBOozhaPOAIcatkwzj4TUeRRkIiWdBpcXwPo6ywkX1vKI5N3iW HTTP/1.1" 200 561210 "-" "Mozilla/5.0 (Linux; Android 6.0.1; Nexus 5X Build/MMB29P) AppleWebKit/537.36 (KHTML, like Gecko) Chrome/138.0.7204.183 Mobile Safari/537.36 (compatible; Googlebot/2.1; +http://www.google.com/bot.html)"
20.171.207.29 - - [22/Aug/2025:06:18:22 +0200] "GET /pages.php?q-~43s5jkXlOHKLXmH2wYiS15pB6fTMUu9Z7136/ HTTP/1.1" 200 0 "-" "Mozilla/5.0 AppleWebKit/537.36 (KHTML, like Gecko; compatible; GPTBot/1.2; +https://openai.com/gptbot)"
20.171.207.15 - - [22/Aug/2025:06:18:25 +0200] "GET /pages.php?Dutch%2Fi54%3Fpid=518 HTTP/1.1" 200 463649 "-" "Mozilla/5.0 AppleWebKit/537.36 (KHTML, like Gecko; compatible; GPTBot/1.2; +https://openai.com/gptbot)"
20.171.207.15 - - [22/Aug/2025:06:18:28 +0200] "GET /pages.php?factory%2Fz46%3Fpid=860 HTTP/1.1" 200 470980 "-" "Mozilla/5.0 AppleWebKit/537.36 (KHTML, like Gecko; compatible; GPTBot/1.2; +https://openai.com/gptbot)"
20.171.207.15 - - [22/Aug/2025:06:18:33 +0200] "GET /pages.php?outfit%2Fk46%3Fpid=856 HTTP/1.1" 200 476853 "-" "Mozilla/5.0 AppleWebKit/537.36 (KHTML, like Gecko; compatible; GPTBot/1.2; +https://openai.com/gptbot)"
20.171.207.15 - - [22/Aug/2025:06:18:35 +0200] "GET /pages.php?found%2Fm46%3Fpid=858 HTTP/1.1" 200 471630 "-" "Mozilla/5.0 AppleWebKit/537.36 (KHTML, like Gecko; compatible; GPTBot/1.2; +https://openai.com/gptbot)"
20.171.207.15 - - [22/Aug/2025:06:18:38 +0200] "GET /pages.php?route%2Fs30%3Fpid=17926 HTTP/1.1" 200 463136 "-" "Mozilla/5.0 AppleWebKit/537.36 (KHTML, like Gecko; compatible; GPTBot/1.2; +https://openai.com/gptbot)"
20.171.207.15 - - [22/Aug/2025:06:18:39 +0200] "GET /pages.php?employ%2Fk6%3Fpid=34452 HTTP/1.1" 200 471947 "-" "Mozilla/5.0 AppleWebKit/537.36 (KHTML, like Gecko; compatible; GPTBot/1.2; +https://openai.com/gptbot)"
20.171.207.15 - - [22/Aug/2025:06:18:43 +0200] "GET /pages.php?flour%2Fo97%3Fpid=423 HTTP/1.1" 200 469071 "-" "Mozilla/5.0 AppleWebKit/537.36 (KHTML, like Gecko; compatible; GPTBot/1.2; +https://openai.com/gptbot)"
20.171.207.15 - - [22/Aug/2025:06:18:45 +0200] "GET /pages.php?lemon%2Fe23%3Fpid=14865 HTTP/1.1" 200 464811 "-" "Mozilla/5.0 AppleWebKit/537.36 (KHTML, like Gecko; compatible; GPTBot/1.2; +https://openai.com/gptbot)"
20.171.207.15 - - [22/Aug/2025:06:18:46 +0200] "GET /chat.xhtml?easily%2Ff78%3Fpid=788 HTTP/1.1" 500 0 "-" "Mozilla/5.0 AppleWebKit/537.36 (KHTML, like Gecko; compatible; GPTBot/1.2; +https://openai.com/gptbot)"
20.171.207.15 - - [22/Aug/2025:06:18:48 +0200] "GET /pages.php?lawmaker%2Fc89%3Fpid=21 HTTP/1.1" 200 469223 "-" "Mozilla/5.0 AppleWebKit/537.36 (KHTML, like Gecko; compatible; GPTBot/1.2; +https://openai.com/gptbot)"
20.171.207.15 - - [22/Aug/2025:06:18:53 +0200] "GET /pages.php?blood%2Fi250%3Fpid=8544 HTTP/1.1" 200 477595 "-" "Mozilla/5.0 AppleWebKit/537.36 (KHTML, like Gecko; compatible; GPTBot/1.2; +https://openai.com/gptbot)"
20.171.207.15 - - [22/Aug/2025:06:18:58 +0200] "GET /pages.php?African%2Fw78%3Fpid=352 HTTP/1.1" 200 466956 "-" "Mozilla/5.0 AppleWebKit/537.36 (KHTML, like Gecko; compatible; GPTBot/1.2; +https://openai.com/gptbot)"
20.171.207.15 - - [22/Aug/2025:06:19:01 +0200] "GET /pages.php?bucket%2Fq236%3Fpid=892 HTTP/1.1" 200 464702 "-" "Mozilla/5.0 AppleWebKit/537.36 (KHTML, like Gecko; compatible; GPTBot/1.2; +https://openai.com/gptbot)"
66.249.74.73 - - [22/Aug/2025:06:19:02 +0200] "GET /billion099043982.html HTTP/1.1" 200 556860 "-" "Mozilla/5.0 (Linux; Android 6.0.1; Nexus 5X Build/MMB29P) AppleWebKit/537.36 (KHTML, like Gecko) Chrome/138.0.7204.183 Mobile Safari/537.36 (compatible; Googlebot/2.1; +http://www.google.com/bot.html)"
20.171.207.29 - - [22/Aug/2025:06:19:04 +0200] "GET /pages.php?story%2Ff224%3Fpid=6768 HTTP/1.1" 200 468880 "-" "Mozilla/5.0 AppleWebKit/537.36 (KHTML, like Gecko; compatible; GPTBot/1.2; +https://openai.com/gptbot)"
20.171.207.15 - - [22/Aug/2025:06:19:04 +0200] "GET /pages.php?software%2Fj25%3Fpid=19 HTTP/1.1" 200 468368 "-" "Mozilla/5.0 AppleWebKit/537.36 (KHTML, like Gecko; compatible; GPTBot/1.2; +https://openai.com/gptbot)"
20.171.207.15 - - [22/Aug/2025:06:19:07 +0200] "GET /pages.php?trouble%2Fv54%3Fpid=520 HTTP/1.1" 200 465607 "-" "Mozilla/5.0 AppleWebKit/537.36 (KHTML, like Gecko; compatible; GPTBot/1.2; +https://openai.com/gptbot)"
20.171.207.15 - - [22/Aug/2025:06:19:10 +0200] "GET /pages.php?empty%2Fz58%3Fpid=18662 HTTP/1.1" 200 467239 "-" "Mozilla/5.0 AppleWebKit/537.36 (KHTML, like Gecko; compatible; GPTBot/1.2; +https://openai.com/gptbot)"
20.171.207.15 - - [22/Aug/2025:06:19:12 +0200] "GET /pages.php?doctrine%2Fo47%3Fpid=23 HTTP/1.1" 200 463877 "-" "Mozilla/5.0 AppleWebKit/537.36 (KHTML, like Gecko; compatible; GPTBot/1.2; +https://openai.com/gptbot)"
20.171.207.15 - - [22/Aug/2025:06:19:15 +0200] "GET /pages.php?ordinary%2Fg25%3Fpid=17 HTTP/1.1" 200 460702 "-" "Mozilla/5.0 AppleWebKit/537.36 (KHTML, like Gecko; compatible; GPTBot/1.2; +https://openai.com/gptbot)"
20.171.207.15 - - [22/Aug/2025:06:19:16 +0200] "GET /pages.php?q-~106ZnCpxrZ1avBOXpdqFDCZcoNjMuzonc27473/ HTTP/1.1" 200 465854 "-" "Mozilla/5.0 AppleWebKit/537.36 (KHTML, like Gecko; compatible; GPTBot/1.2; +https://openai.com/gptbot)"
20.171.207.15 - - [22/Aug/2025:06:19:18 +0200] "GET /pages.php?virus%2Fr54%3Fpid=516 HTTP/1.1" 200 460336 "-" "Mozilla/5.0 AppleWebKit/537.36 (KHTML, like Gecko; compatible; GPTBot/1.2; +https://openai.com/gptbot)"
20.171.207.15 - - [22/Aug/2025:06:19:20 +0200] "GET /pages.php?fill%2Fz149%3Fpid=1427 HTTP/1.1" 200 461183 "-" "Mozilla/5.0 AppleWebKit/537.36 (KHTML, like Gecko; compatible; GPTBot/1.2; +https://openai.com/gptbot)"
20.171.207.15 - - [22/Aug/2025:06:19:21 +0200] "GET /chat.xhtml?bank%2Fe89%3Fpid=175 HTTP/1.1" 500 0 "-" "Mozilla/5.0 AppleWebKit/537.36 (KHTML, like Gecko; compatible; GPTBot/1.2; +https://openai.com/gptbot)"
20.171.207.15 - - [22/Aug/2025:06:19:23 +0200] "GET /pages.php?rod%2Fm86%3Fpid=15496 HTTP/1.1" 200 465518 "-" "Mozilla/5.0 AppleWebKit/537.36 (KHTML, like Gecko; compatible; GPTBot/1.2; +https://openai.com/gptbot)"
20.171.207.15 - - [22/Aug/2025:06:19:27 +0200] "GET /pages.php?search%2Fu56%3Fpid=358 HTTP/1.1" 200 466150 "-" "Mozilla/5.0 AppleWebKit/537.36 (KHTML, like Gecko; compatible; GPTBot/1.2; +https://openai.com/gptbot)"
20.171.207.15 - - [22/Aug/2025:06:19:30 +0200] "GET /?_bd_prev_page=https%3A%2F%2Fwww.kjinvest.net%2Fchat.xhtml%3Fq-%7E107F0YA46cKL6NVdG6pEo7kSys4l8gH6R41798%2F&_bdsid=sh0qr2.n%7ECANTS.172979176.172372949&_gz=2.199304954.190978852.175149336-863852640.162371011 HTTP/1.1" 500 0 "-" "Mozilla/5.0 AppleWebKit/537.36 (KHTML, like Gecko; compatible; GPTBot/1.2; +https://openai.com/gptbot)"
20.171.207.15 - - [22/Aug/2025:06:19:34 +0200] "GET /pages.php?outer%2Fu56%3Fpid=360 HTTP/1.1" 200 473151 "-" "Mozilla/5.0 AppleWebKit/537.36 (KHTML, like Gecko; compatible; GPTBot/1.2; +https://openai.com/gptbot)"
20.171.207.15 - - [22/Aug/2025:06:19:43 +0200] "GET / HTTP/1.1" 500 0 "-" "Mozilla/5.0 AppleWebKit/537.36 (KHTML, like Gecko; compatible; GPTBot/1.2; +https://openai.com/gptbot)"
20.171.207.15 - - [22/Aug/2025:06:19:53 +0200] "GET /pages.php?block%2Fo55%3Fpid=15461 HTTP/1.1" 200 471783 "-" "Mozilla/5.0 AppleWebKit/537.36 (KHTML, like Gecko; compatible; GPTBot/1.2; +https://openai.com/gptbot)"
20.171.207.29 - - [22/Aug/2025:06:20:02 +0200] "GET /pages.php?jungle%2Fk80%3Fpid=214 HTTP/1.1" 200 464460 "-" "Mozilla/5.0 AppleWebKit/537.36 (KHTML, like Gecko; compatible; GPTBot/1.2; +https://openai.com/gptbot)"
66.249.74.72 - - [22/Aug/2025:06:20:16 +0200] "GET /frequent115015968.html HTTP/1.1" 200 559445 "-" "Mozilla/5.0 (Linux; Android 6.0.1; Nexus 5X Build/MMB29P) AppleWebKit/537.36 (KHTML, like Gecko) Chrome/138.0.7204.183 Mobile Safari/537.36 (compatible; Googlebot/2.1; +http://www.google.com/bot.html)"
20.171.207.15 - - [22/Aug/2025:06:20:19 +0200] "GET /pages.php?rank%2Fv66%3Fpid=32076 HTTP/1.1" 200 465174 "-" "Mozilla/5.0 AppleWebKit/537.36 (KHTML, like Gecko; compatible; GPTBot/1.2; +https://openai.com/gptbot)"
66.249.74.72 - - [22/Aug/2025:06:20:34 +0200] "GET /pages.php?q-~138xfpoisjPuKXgGpHySmxYHWWQYB2Czz33077/ HTTP/1.1" 200 466671 "-" "Mozilla/5.0 (Linux; Android 6.0.1; Nexus 5X Build/MMB29P) AppleWebKit/537.36 (KHTML, like Gecko) Chrome/138.0.7204.183 Mobile Safari/537.36 (compatible; Googlebot/2.1; +http://www.google.com/bot.html)"
20.171.207.15 - - [22/Aug/2025:06:20:42 +0200] "GET /pages.php?insist%2Fj5%3Fpid=2047 HTTP/1.1" 200 462432 "-" "Mozilla/5.0 AppleWebKit/537.36 (KHTML, like Gecko; compatible; GPTBot/1.2; +https://openai.com/gptbot)"
20.171.207.29 - - [22/Aug/2025:06:20:53 +0200] "GET /?_bd_prev_page=https%3A%2F%2Fkjinvest.net%2Fsite.asp%3Fcompound%2Fq154%3Fpid%3D814&_bdsid=v5njat.n%7EAVSGA.1747508339875.1798364627 HTTP/1.1" 500 0 "-" "Mozilla/5.0 AppleWebKit/537.36 (KHTML, like Gecko; compatible; GPTBot/1.2; +https://openai.com/gptbot)"
20.171.207.15 - - [22/Aug/2025:06:21:04 +0200] "GET /pages.php?clerk%2Fz68%3Fpid=344 HTTP/1.1" 200 462737 "-" "Mozilla/5.0 AppleWebKit/537.36 (KHTML, like Gecko; compatible; GPTBot/1.2; +https://openai.com/gptbot)"
20.171.207.15 - - [22/Aug/2025:06:21:22 +0200] "GET / HTTP/1.1" 500 0 "-" "Mozilla/5.0 AppleWebKit/537.36 (KHTML, like Gecko; compatible; GPTBot/1.2; +https://openai.com/gptbot)"
20.171.207.15 - - [22/Aug/2025:06:21:39 +0200] "GET /pages.php?swear%2Fv63%3Fpid=38295 HTTP/1.1" 200 463779 "-" "Mozilla/5.0 AppleWebKit/537.36 (KHTML, like Gecko; compatible; GPTBot/1.2; +https://openai.com/gptbot)"
20.171.207.29 - - [22/Aug/2025:06:21:40 +0200] "GET /?_bd_prev_page=https%3A%2F%2Fkjinvest.net%2Fsite.asp%3Fhope%2Fd8%3Fpid%3D8640&_bdsid=v5njat.n%7EAVSGA.1747508339875.1798364627 HTTP/1.1" 500 0 "-" "Mozilla/5.0 AppleWebKit/537.36 (KHTML, like Gecko; compatible; GPTBot/1.2; +https://openai.com/gptbot)"
20.171.207.15 - - [22/Aug/2025:06:22:33 +0200] "GET /pages.php?wise%2Fl71%3Fpid=48249 HTTP/1.1" 200 477726 "-" "Mozilla/5.0 AppleWebKit/537.36 (KHTML, like Gecko; compatible; GPTBot/1.2; +https://openai.com/gptbot)"
20.171.207.29 - - [22/Aug/2025:06:22:45 +0200] "GET /pages.php?work%2Fb83%3Fpid=40655 HTTP/1.1" 200 467639 "-" "Mozilla/5.0 AppleWebKit/537.36 (KHTML, like Gecko; compatible; GPTBot/1.2; +https://openai.com/gptbot)"
66.249.74.72 - - [22/Aug/2025:06:22:47 +0200] "GET /known296006779.html HTTP/1.1" 200 591782 "-" "Mozilla/5.0 (Linux; Android 6.0.1; Nexus 5X Build/MMB29P) AppleWebKit/537.36 (KHTML, like Gecko) Chrome/138.0.7204.183 Mobile Safari/537.36 (compatible; Googlebot/2.1; +http://www.google.com/bot.html)"
20.171.207.15 - - [22/Aug/2025:06:23:19 +0200] "GET /pages.php?bother%2Fz97%3Fpid=407 HTTP/1.1" 200 464934 "-" "Mozilla/5.0 AppleWebKit/537.36 (KHTML, like Gecko; compatible; GPTBot/1.2; +https://openai.com/gptbot)"
66.249.74.72 - - [22/Aug/2025:06:23:22 +0200] "GET /otherwise228019337.html HTTP/1.1" 200 557130 "-" "Mozilla/5.0 (Linux; Android 6.0.1; Nexus 5X Build/MMB29P) AppleWebKit/537.36 (KHTML, like Gecko) Chrome/138.0.7204.183 Mobile Safari/537.36 (compatible; Googlebot/2.1; +http://www.google.com/bot.html)"
20.171.207.29 - - [22/Aug/2025:06:23:44 +0200] "GET /?_bd_prev_page=https%3A%2F%2Fkjinvest.net%2Fsite.asp%3Foutlet%2Fn177%3Fpid%3D9865&_bdsid=v5njat.n%7EAVSGA.1747508339875.1798364627 HTTP/1.1" 500 0 "-" "Mozilla/5.0 AppleWebKit/537.36 (KHTML, like Gecko; compatible; GPTBot/1.2; +https://openai.com/gptbot)"
20.171.207.15 - - [22/Aug/2025:06:23:57 +0200] "GET /pages.php?maker%2Fv62%3Fpid=40064 HTTP/1.1" 200 466791 "-" "Mozilla/5.0 AppleWebKit/537.36 (KHTML, like Gecko; compatible; GPTBot/1.2; +https://openai.com/gptbot)"
66.249.74.73 - - [22/Aug/2025:06:24:31 +0200] "GET /items/070026930.html?srsltid=AfmBOowiafGbMpLQtxoKMyq0NXuSesfg9nwNzVA7CnUVNt34YWkV HTTP/1.1" 200 569265 "-" "Mozilla/5.0 (Linux; Android 6.0.1; Nexus 5X Build/MMB29P) AppleWebKit/537.36 (KHTML, like Gecko) Chrome/138.0.7204.183 Mobile Safari/537.36 (compatible; Googlebot/2.1; +http://www.google.com/bot.html)"
20.171.207.15 - - [22/Aug/2025:06:24:37 +0200] "GET /pages.php?flavor%2Fi54%3Fpid=4534 HTTP/1.1" 200 466029 "-" "Mozilla/5.0 AppleWebKit/537.36 (KHTML, like Gecko; compatible; GPTBot/1.2; +https://openai.com/gptbot)"
20.171.207.29 - - [22/Aug/2025:06:24:43 +0200] "GET /pages.php?frankly%2Fm8%3Fpid=8730 HTTP/1.1" 200 460590 "-" "Mozilla/5.0 AppleWebKit/537.36 (KHTML, like Gecko; compatible; GPTBot/1.2; +https://openai.com/gptbot)"
66.249.74.72 - - [22/Aug/2025:06:24:49 +0200] "GET /items/237012241.html?srsltid=AfmBOoqwmyKWodGoJWig99riWMPxMIec9mBmBU3cfGpMAMUpK9kY HTTP/1.1" 200 584224 "-" "Mozilla/5.0 (Linux; Android 6.0.1; Nexus 5X Build/MMB29P) AppleWebKit/537.36 (KHTML, like Gecko) Chrome/138.0.7204.183 Mobile Safari/537.36 (compatible; Googlebot/2.1; +http://www.google.com/bot.html)"
20.171.207.15 - - [22/Aug/2025:06:25:09 +0200] "GET /pages.php?calendar%2Fu55%3Fpid=801 HTTP/1.1" 200 472820 "-" "Mozilla/5.0 AppleWebKit/537.36 (KHTML, like Gecko; compatible; GPTBot/1.2; +https://openai.com/gptbot)"
20.171.207.15 - - [22/Aug/2025:06:25:41 +0200] "GET /pages.php?some%2Fz32%3Fpid=48440 HTTP/1.1" 200 468751 "-" "Mozilla/5.0 AppleWebKit/537.36 (KHTML, like Gecko; compatible; GPTBot/1.2; +https://openai.com/gptbot)"
20.171.207.29 - - [22/Aug/2025:06:25:48 +0200] "GET /?_bd_prev_page=https%3A%2F%2Fkjinvest.net%2Fsite.asp%3Fsouth%2Fg30%3Fpid%3D14166&_bdsid=v5njat.n%7EAVSGA.1747508339875.1798364627 HTTP/1.1" 500 0 "-" "Mozilla/5.0 AppleWebKit/537.36 (KHTML, like Gecko; compatible; GPTBot/1.2; +https://openai.com/gptbot)"
20.171.207.15 - - [22/Aug/2025:06:26:07 +0200] "GET /pages.php?collective%2Fp97%3Fpid=405 HTTP/1.1" 200 462926 "-" "Mozilla/5.0 AppleWebKit/537.36 (KHTML, like Gecko; compatible; GPTBot/1.2; +https://openai.com/gptbot)"
66.249.74.72 - - [22/Aug/2025:06:26:26 +0200] "GET /feed067000104.html HTTP/1.1" 200 554473 "-" "Mozilla/5.0 (Linux; Android 6.0.1; Nexus 5X Build/MMB29P) AppleWebKit/537.36 (KHTML, like Gecko) Chrome/138.0.7204.183 Mobile Safari/537.36 (compatible; Googlebot/2.1; +http://www.google.com/bot.html)"
20.171.207.15 - - [22/Aug/2025:06:26:31 +0200] "GET /pages.php?require%2Fx49%3Fpid=173 HTTP/1.1" 200 472010 "-" "Mozilla/5.0 AppleWebKit/537.36 (KHTML, like Gecko; compatible; GPTBot/1.2; +https://openai.com/gptbot)"
66.249.74.72 - - [22/Aug/2025:06:26:33 +0200] "GET /dare112043447.html HTTP/1.1" 200 561404 "-" "Mozilla/5.0 (Linux; Android 6.0.1; Nexus 5X Build/MMB29P) AppleWebKit/537.36 (KHTML, like Gecko) Chrome/138.0.7204.183 Mobile Safari/537.36 (compatible; Googlebot/2.1; +http://www.google.com/bot.html)"
20.171.207.29 - - [22/Aug/2025:06:26:47 +0200] "GET /?_bd_prev_page=https%3A%2F%2Fkjinvest.net%2Fsite.asp%3Fduck%2Fu42%3Fpid%3D372&_bdsid=v5njat.n%7EAVSGA.1747508339875.1798364627 HTTP/1.1" 500 0 "-" "Mozilla/5.0 AppleWebKit/537.36 (KHTML, like Gecko; compatible; GPTBot/1.2; +https://openai.com/gptbot)"
20.171.207.15 - - [22/Aug/2025:06:26:52 +0200] "GET /pages.php?brain%2Fo46%3Fpid=28912 HTTP/1.1" 200 472664 "-" "Mozilla/5.0 AppleWebKit/537.36 (KHTML, like Gecko; compatible; GPTBot/1.2; +https://openai.com/gptbot)"
20.171.207.15 - - [22/Aug/2025:06:27:12 +0200] "GET /pages.php?switch%2Fh58%3Fpid=964 HTTP/1.1" 200 465222 "-" "Mozilla/5.0 AppleWebKit/537.36 (KHTML, like Gecko; compatible; GPTBot/1.2; +https://openai.com/gptbot)"
