66.249.74.75 - - [22/Aug/2025:04:39:36 +0200] "GET /row196022263.html HTTP/1.1" 200 558128 "-" "Mozilla/5.0 (Linux; Android 6.0.1; Nexus 5X Build/MMB29P) AppleWebKit/537.36 (KHTML, like Gecko) Chrome/138.0.7204.183 Mobile Safari/537.36 (compatible; Googlebot/2.1; +http://www.google.com/bot.html)"
66.249.74.73 - - [22/Aug/2025:04:39:36 +0200] "GET /soft224047437.html HTTP/1.1" 200 559506 "-" "Mozilla/5.0 (Linux; Android 6.0.1; Nexus 5X Build/MMB29P) AppleWebKit/537.36 (KHTML, like Gecko) Chrome/138.0.7204.183 Mobile Safari/537.36 (compatible; Googlebot/2.1; +http://www.google.com/bot.html)"
20.171.207.15 - - [22/Aug/2025:04:39:40 +0200] "GET /pages.php?after%2Fm59%3Fpid=2649 HTTP/1.1" 200 461913 "-" "Mozilla/5.0 AppleWebKit/537.36 (KHTML, like Gecko; compatible; GPTBot/1.2; +https://openai.com/gptbot)"
66.249.74.77 - - [22/Aug/2025:04:39:42 +0200] "GET /items/249007315.html?srsltid=AfmBOocdcKNQMDbPwojTsKoGFcdxlLZIl28xF2r2UWmPE3DImPH0 HTTP/1.1" 200 560790 "-" "Mozilla/5.0 (Linux; Android 6.0.1; Nexus 5X Build/MMB29P) AppleWebKit/537.36 (KHTML, like Gecko) Chrome/138.0.7204.183 Mobile Safari/537.36 (compatible; Googlebot/2.1; +http://www.google.com/bot.html)"
66.249.74.77 - - [22/Aug/2025:04:39:45 +0200] "GET /items/084000046.html?srsltid=AfmBOodekxhHFdkuiDER7DiwQgcfDJHO1t8yuYxVbjg1bieXAOmk HTTP/1.1" 200 555652 "-" "Mozilla/5.0 (Linux; Android 6.0.1; Nexus 5X Build/MMB29P) AppleWebKit/537.36 (KHTML, like Gecko) Chrome/138.0.7204.183 Mobile Safari/537.36 (compatible; Googlebot/2.1; +http://www.google.com/bot.html)"
20.171.207.15 - - [22/Aug/2025:04:39:47 +0200] "GET /pages.php?romantic%2Fy25%3Fpid=125 HTTP/1.1" 200 483327 "-" "Mozilla/5.0 AppleWebKit/537.36 (KHTML, like Gecko; compatible; GPTBot/1.2; +https://openai.com/gptbot)"
66.249.74.78 - - [22/Aug/2025:04:39:49 +0200] "GET /items/030030054.html?srsltid=AfmBOozdlwjyRWdToiDATHoIMDLspgMIHTCH8aUcRCV5XXEv2Uud HTTP/1.1" 200 557954 "-" "Mozilla/5.0 (Linux; Android 6.0.1; Nexus 5X Build/MMB29P) AppleWebKit/537.36 (KHTML, like Gecko) Chrome/138.0.7204.183 Mobile Safari/537.36 (compatible; Googlebot/2.1; +http://www.google.com/bot.html)"
20.171.207.15 - - [22/Aug/2025:04:39:52 +0200] "GET /pages.php?tribe%2Fs40%3Fpid=12734 HTTP/1.1" 200 466355 "-" "Mozilla/5.0 AppleWebKit/537.36 (KHTML, like Gecko; compatible; GPTBot/1.2; +https://openai.com/gptbot)"
66.249.74.74 - - [22/Aug/2025:04:39:55 +0200] "GET /culture083009442.html HTTP/1.1" 200 558806 "-" "Mozilla/5.0 (Linux; Android 6.0.1; Nexus 5X Build/MMB29P) AppleWebKit/537.36 (KHTML, like Gecko) Chrome/138.0.7204.183 Mobile Safari/537.36 (compatible; Googlebot/2.1; +http://www.google.com/bot.html)"
66.249.74.76 - - [22/Aug/2025:04:39:58 +0200] "GET /female297035610.html HTTP/1.1" 200 560761 "-" "Mozilla/5.0 (Linux; Android 6.0.1; Nexus 5X Build/MMB29P) AppleWebKit/537.36 (KHTML, like Gecko) Chrome/138.0.7204.183 Mobile Safari/537.36 (compatible; Googlebot/2.1; +http://www.google.com/bot.html)"
20.171.207.15 - - [22/Aug/2025:04:39:58 +0200] "GET /pages.php?burden%2Fa6%3Fpid=19050 HTTP/1.1" 200 472824 "-" "Mozilla/5.0 AppleWebKit/537.36 (KHTML, like Gecko; compatible; GPTBot/1.2; +https://openai.com/gptbot)"
66.249.74.76 - - [22/Aug/2025:04:39:59 +0200] "GET /items/158015026.html?srsltid=AfmBOococRULdnXFeJWG5ItIGSWOynIkvV1SgFsxL5gVph6rayMq HTTP/1.1" 200 573967 "-" "Mozilla/5.0 (Linux; Android 6.0.1; Nexus 5X Build/MMB29P) AppleWebKit/537.36 (KHTML, like Gecko) Chrome/138.0.7204.183 Mobile Safari/537.36 (compatible; Googlebot/2.1; +http://www.google.com/bot.html)"
66.249.74.77 - - [22/Aug/2025:04:40:02 +0200] "GET /pcmypage?callback=product/review/carparts-soko-kek231027020330 HTTP/1.1" 200 556093 "-" "Mozilla/5.0 (Linux; Android 6.0.1; Nexus 5X Build/MMB29P) AppleWebKit/537.36 (KHTML, like Gecko) Chrome/138.0.7204.183 Mobile Safari/537.36 (compatible; Googlebot/2.1; +http://www.google.com/bot.html)"
66.249.74.73 - - [22/Aug/2025:04:40:03 +0200] "GET /items/136030702.html?srsltid=AfmBOoxogZPnZAtnlFpa8rIuIZMpWDqIH6xmpHTUZ4oqzs1rb022 HTTP/1.1" 200 557476 "-" "Mozilla/5.0 (Linux; Android 6.0.1; Nexus 5X Build/MMB29P) AppleWebKit/537.36 (KHTML, like Gecko) Chrome/138.0.7204.183 Mobile Safari/537.36 (compatible; Googlebot/2.1; +http://www.google.com/bot.html)"
20.171.207.15 - - [22/Aug/2025:04:40:04 +0200] "GET /pages.php?read%2Fc2%3Fpid=23074 HTTP/1.1" 200 477472 "-" "Mozilla/5.0 AppleWebKit/537.36 (KHTML, like Gecko; compatible; GPTBot/1.2; +https://openai.com/gptbot)"
66.249.74.73 - - [22/Aug/2025:04:40:05 +0200] "GET /clerk078009543.html HTTP/1.1" 200 557323 "-" "Mozilla/5.0 (Linux; Android 6.0.1; Nexus 5X Build/MMB29P) AppleWebKit/537.36 (KHTML, like Gecko) Chrome/138.0.7204.183 Mobile Safari/537.36 (compatible; Googlebot/2.1; +http://www.google.com/bot.html)"
20.171.207.15 - - [22/Aug/2025:04:40:07 +0200] "GET /pages.php?minimal%2Fk91%3Fpid=95 HTTP/1.1" 200 468842 "-" "Mozilla/5.0 AppleWebKit/537.36 (KHTML, like Gecko; compatible; GPTBot/1.2; +https://openai.com/gptbot)"
20.171.207.29 - - [22/Aug/2025:04:40:09 +0200] "GET /?_bd_prev_page=https%3A%2F%2Fkjinvest.net%2Fsite.asp%3Fpropose%2Fz26%3Fpid%3D40714&_bdsid=v5njat.n%7EAVSGA.1747508339875.1798364627 HTTP/1.1" 500 0 "-" "Mozilla/5.0 AppleWebKit/537.36 (KHTML, like Gecko; compatible; GPTBot/1.2; +https://openai.com/gptbot)"
66.249.74.74 - - [22/Aug/2025:04:40:09 +0200] "GET /items/084024290.html?srsltid=AfmBOohbaGtpxtvzjduvMFxxHbtfDnRBPlN7CZtZmqaYpcDpqd3G HTTP/1.1" 200 565976 "-" "Mozilla/5.0 (Linux; Android 6.0.1; Nexus 5X Build/MMB29P) AppleWebKit/537.36 (KHTML, like Gecko) Chrome/138.0.7204.183 Mobile Safari/537.36 (compatible; Googlebot/2.1; +http://www.google.com/bot.html)"
20.171.207.15 - - [22/Aug/2025:04:40:10 +0200] "GET / HTTP/1.1" 500 0 "-" "Mozilla/5.0 AppleWebKit/537.36 (KHTML, like Gecko; compatible; GPTBot/1.2; +https://openai.com/gptbot)"
66.249.74.75 - - [22/Aug/2025:04:40:12 +0200] "GET /integration033049406.html HTTP/1.1" 200 555985 "-" "Mozilla/5.0 (Linux; Android 6.0.1; Nexus 5X Build/MMB29P) AppleWebKit/537.36 (KHTML, like Gecko) Chrome/138.0.7204.183 Mobile Safari/537.36 (compatible; Googlebot/2.1; +http://www.google.com/bot.html)"
66.249.74.73 - - [22/Aug/2025:04:40:13 +0200] "GET /items/243000009.html?srsltid=AfmBOonbkwIfyeUYIKgopkaaLhPtQsBx8UMEbpIizc15vnTcYO3J HTTP/1.1" 200 569888 "-" "Mozilla/5.0 (Linux; Android 6.0.1; Nexus 5X Build/MMB29P) AppleWebKit/537.36 (KHTML, like Gecko) Chrome/138.0.7204.183 Mobile Safari/537.36 (compatible; Googlebot/2.1; +http://www.google.com/bot.html)"
54.214.140.132 - - [22/Aug/2025:04:40:15 +0200] "GET / HTTP/1.1" 200 560745 "-" "Mozilla/5.0 (iPhone; CPU iPhone OS 14_4 like Mac OS X) AppleWebKit/605.1.15 (KHTML, like Gecko) Version/15.4 Mobile/15E148 Safari/604.1"
20.171.207.15 - - [22/Aug/2025:04:40:15 +0200] "GET /pages.php?skull%2Fq50%3Fpid=1698 HTTP/1.1" 200 462106 "-" "Mozilla/5.0 AppleWebKit/537.36 (KHTML, like Gecko; compatible; GPTBot/1.2; +https://openai.com/gptbot)"
54.214.140.132 - - [22/Aug/2025:04:40:15 +0200] "GET /drupal/themes/surugaya/new/images/icon/arrow-next-blue.svg HTTP/1.1" 500 0 "https://kjinvest.net/" "Mozilla/5.0 (iPhone; CPU iPhone OS 14_4 like Mac OS X) AppleWebKit/605.1.15 (KHTML, like Gecko) Version/15.4 Mobile/15E148 Safari/604.1"
54.214.140.132 - - [22/Aug/2025:04:40:16 +0200] "GET /drupal/themes/surugaya/new/css/library/icon/fonts/bootstrap-icons.woff?5813790c1ebd573b51a03ec84367082a HTTP/1.1" 500 0 "https://kjinvest.net/" "Mozilla/5.0 (iPhone; CPU iPhone OS 14_4 like Mac OS X) AppleWebKit/605.1.15 (KHTML, like Gecko) Version/15.4 Mobile/15E148 Safari/604.1"
54.214.140.132 - - [22/Aug/2025:04:40:17 +0200] "GET /drupal/themes/surugaya/new/css/library/icon/fonts/bootstrap-icons.woff2?5813790c1ebd573b51a03ec84367082a HTTP/1.1" 500 0 "https://kjinvest.net/" "Mozilla/5.0 (iPhone; CPU iPhone OS 14_4 like Mac OS X) AppleWebKit/605.1.15 (KHTML, like Gecko) Version/15.4 Mobile/15E148 Safari/604.1"
66.249.74.73 - - [22/Aug/2025:04:40:19 +0200] "GET /into032045825.html HTTP/1.1" 200 572505 "-" "Mozilla/5.0 (Linux; Android 6.0.1; Nexus 5X Build/MMB29P) AppleWebKit/537.36 (KHTML, like Gecko) Chrome/138.0.7204.183 Mobile Safari/537.36 (compatible; Googlebot/2.1; +http://www.google.com/bot.html)"
66.249.74.74 - - [22/Aug/2025:04:40:20 +0200] "GET /living067031412.html HTTP/1.1" 200 571018 "-" "Mozilla/5.0 (Linux; Android 6.0.1; Nexus 5X Build/MMB29P) AppleWebKit/537.36 (KHTML, like Gecko) Chrome/138.0.7204.183 Mobile Safari/537.36 (compatible; Googlebot/2.1; +http://www.google.com/bot.html)"
66.249.74.73 - - [22/Aug/2025:04:40:23 +0200] "GET /items/195016491.html?srsltid=AfmBOopctAufnnxKuXBoSYb8HuuvDYGPKBK7y5dh5RapA4uaWr21 HTTP/1.1" 200 557369 "-" "Mozilla/5.0 (Linux; Android 6.0.1; Nexus 5X Build/MMB29P) AppleWebKit/537.36 (KHTML, like Gecko) Chrome/138.0.7204.183 Mobile Safari/537.36 (compatible; Googlebot/2.1; +http://www.google.com/bot.html)"
66.249.74.72 - - [22/Aug/2025:04:40:24 +0200] "GET /attention004025757.html HTTP/1.1" 200 564835 "-" "Mozilla/5.0 (Linux; Android 6.0.1; Nexus 5X Build/MMB29P) AppleWebKit/537.36 (KHTML, like Gecko) Chrome/138.0.7204.183 Mobile Safari/537.36 (compatible; Googlebot/2.1; +http://www.google.com/bot.html)"
20.171.207.15 - - [22/Aug/2025:04:40:26 +0200] "GET /pages.php?reverse%2Fu65%3Fpid=137 HTTP/1.1" 200 480793 "-" "Mozilla/5.0 AppleWebKit/537.36 (KHTML, like Gecko; compatible; GPTBot/1.2; +https://openai.com/gptbot)"
66.249.74.73 - - [22/Aug/2025:04:40:28 +0200] "GET /items/183041265.html?srsltid=AfmBOorbeSmOezSDxLpTXzF9JsqtRQYBNav89bHQk4WFfbuaFlDF HTTP/1.1" 200 565877 "-" "Mozilla/5.0 (Linux; Android 6.0.1; Nexus 5X Build/MMB29P) AppleWebKit/537.36 (KHTML, like Gecko) Chrome/138.0.7204.183 Mobile Safari/537.36 (compatible; Googlebot/2.1; +http://www.google.com/bot.html)"
66.249.74.76 - - [22/Aug/2025:04:40:30 +0200] "GET /pages.php?q-~24nZe9mQYQvPglEcO7eRIZPto6h0wpLm31021/ HTTP/1.1" 200 465729 "-" "Mozilla/5.0 (Linux; Android 6.0.1; Nexus 5X Build/MMB29P) AppleWebKit/537.36 (KHTML, like Gecko) Chrome/138.0.7204.183 Mobile Safari/537.36 (compatible; Googlebot/2.1; +http://www.google.com/bot.html)"
66.249.74.72 - - [22/Aug/2025:04:40:31 +0200] "GET /consult107006904.html HTTP/1.1" 200 558972 "-" "Mozilla/5.0 (Linux; Android 6.0.1; Nexus 5X Build/MMB29P) AppleWebKit/537.36 (KHTML, like Gecko) Chrome/138.0.7204.183 Mobile Safari/537.36 (compatible; Googlebot/2.1; +http://www.google.com/bot.html)"
66.249.66.161 - - [22/Aug/2025:04:40:31 +0200] "GET /pcmypage?callback=/product%2Fdetail%2First34-trusco-2921505 HTTP/1.1" 200 556909 "-" "Mozilla/5.0 (Linux; Android 6.0.1; Nexus 5X Build/MMB29P) AppleWebKit/537.36 (KHTML, like Gecko) Chrome/138.0.7204.183 Mobile Safari/537.36 (compatible; Googlebot/2.1; +http://www.google.com/bot.html)"
20.171.207.15 - - [22/Aug/2025:04:40:34 +0200] "GET /pages.php?terms%2Fv34%3Fpid=9512 HTTP/1.1" 200 461104 "-" "Mozilla/5.0 AppleWebKit/537.36 (KHTML, like Gecko; compatible; GPTBot/1.2; +https://openai.com/gptbot)"
66.249.74.77 - - [22/Aug/2025:04:40:34 +0200] "GET /dancer284039317.html HTTP/1.1" 200 557804 "-" "Mozilla/5.0 (Linux; Android 6.0.1; Nexus 5X Build/MMB29P) AppleWebKit/537.36 (KHTML, like Gecko) Chrome/138.0.7204.183 Mobile Safari/537.36 (compatible; Googlebot/2.1; +http://www.google.com/bot.html)"
66.249.74.78 - - [22/Aug/2025:04:40:38 +0200] "GET /items/038027966.html?srsltid=AfmBOotfmEJDWXnPncDgXrH4OAvpCpea0T232g8jp14ZHK58QP3U HTTP/1.1" 200 557270 "-" "Mozilla/5.0 (Linux; Android 6.0.1; Nexus 5X Build/MMB29P) AppleWebKit/537.36 (KHTML, like Gecko) Chrome/138.0.7204.183 Mobile Safari/537.36 (compatible; Googlebot/2.1; +http://www.google.com/bot.html)"
66.249.74.75 - - [22/Aug/2025:04:40:38 +0200] "GET /pages.php?q-~108iwOWZ6I4HUDpT63NqxrVEWnWIHkegS26409/ HTTP/1.1" 200 469886 "-" "Mozilla/5.0 (Linux; Android 6.0.1; Nexus 5X Build/MMB29P) AppleWebKit/537.36 (KHTML, like Gecko) Chrome/138.0.7204.183 Mobile Safari/537.36 (compatible; Googlebot/2.1; +http://www.google.com/bot.html)"
66.249.74.72 - - [22/Aug/2025:04:40:42 +0200] "GET /items/197033703.html?srsltid=AfmBOolhvfmZMoqFEOnJgp63UiWSdRkyK4j2gK08gjUUbVKHuuib HTTP/1.1" 200 556941 "-" "Mozilla/5.0 (Linux; Android 6.0.1; Nexus 5X Build/MMB29P) AppleWebKit/537.36 (KHTML, like Gecko) Chrome/138.0.7204.183 Mobile Safari/537.36 (compatible; Googlebot/2.1; +http://www.google.com/bot.html)"
20.171.207.15 - - [22/Aug/2025:04:40:42 +0200] "GET /pages.php?flour%2Fp300%3Fpid=9166 HTTP/1.1" 200 461828 "-" "Mozilla/5.0 AppleWebKit/537.36 (KHTML, like Gecko; compatible; GPTBot/1.2; +https://openai.com/gptbot)"
66.249.74.74 - - [22/Aug/2025:04:40:45 +0200] "GET /items/106037198.html?srsltid=AfmBOoomxTUNVvXWcPEQsjdAFgUKlwPIsBBZN4dfURnZdtMMOwuy HTTP/1.1" 200 560746 "-" "Mozilla/5.0 (Linux; Android 6.0.1; Nexus 5X Build/MMB29P) AppleWebKit/537.36 (KHTML, like Gecko) Chrome/138.0.7204.183 Mobile Safari/537.36 (compatible; Googlebot/2.1; +http://www.google.com/bot.html)"
66.249.74.76 - - [22/Aug/2025:04:40:46 +0200] "GET /pages.php?understanding/u276?pid=44758 HTTP/1.1" 200 467014 "-" "Mozilla/5.0 (Linux; Android 6.0.1; Nexus 5X Build/MMB29P) AppleWebKit/537.36 (KHTML, like Gecko) Chrome/138.0.7204.183 Mobile Safari/537.36 (compatible; Googlebot/2.1; +http://www.google.com/bot.html)"
66.249.74.72 - - [22/Aug/2025:04:40:47 +0200] "GET /items/016001178.html?srsltid=AfmBOobqeaqmqfyETeccc4eCKGmrfbYWYQEneNa0piajsGNy9S2v HTTP/1.1" 200 555856 "-" "Mozilla/5.0 (Linux; Android 6.0.1; Nexus 5X Build/MMB29P) AppleWebKit/537.36 (KHTML, like Gecko) Chrome/138.0.7204.183 Mobile Safari/537.36 (compatible; Googlebot/2.1; +http://www.google.com/bot.html)"
66.249.74.78 - - [22/Aug/2025:04:40:50 +0200] "GET /items/253044241.html?srsltid=AfmBOoatbNgGIWPaAOinp07TWkRuJbCSBl6V5TdfdnJw7TCZG6uG HTTP/1.1" 200 561918 "-" "Mozilla/5.0 (Linux; Android 6.0.1; Nexus 5X Build/MMB29P) AppleWebKit/537.36 (KHTML, like Gecko) Chrome/138.0.7204.183 Mobile Safari/537.36 (compatible; Googlebot/2.1; +http://www.google.com/bot.html)"
20.171.207.15 - - [22/Aug/2025:04:40:50 +0200] "GET /pages.php?gender%2Fq119%3Fpid=87 HTTP/1.1" 200 466209 "-" "Mozilla/5.0 AppleWebKit/537.36 (KHTML, like Gecko; compatible; GPTBot/1.2; +https://openai.com/gptbot)"
66.249.74.73 - - [22/Aug/2025:04:40:50 +0200] "GET /ability279017998.html HTTP/1.1" 200 557693 "-" "Mozilla/5.0 (Linux; Android 6.0.1; Nexus 5X Build/MMB29P) AppleWebKit/537.36 (KHTML, like Gecko) Chrome/138.0.7204.183 Mobile Safari/537.36 (compatible; Googlebot/2.1; +http://www.google.com/bot.html)"
20.171.207.29 - - [22/Aug/2025:04:40:51 +0200] "GET /?_bd_prev_page=https%3A%2F%2Fkjinvest.net%2Fsite.asp%3Freliability%2Fi254%3Fpid%3D24042&_bdsid=v5njat.n%7EAVSGA.1747508339875.1798364627 HTTP/1.1" 500 0 "-" "Mozilla/5.0 AppleWebKit/537.36 (KHTML, like Gecko; compatible; GPTBot/1.2; +https://openai.com/gptbot)"
66.249.74.73 - - [22/Aug/2025:04:40:54 +0200] "GET /pcmypage?callback=/product%2Fdetail%2F282022-amagasaki-1282701 HTTP/1.1" 200 556625 "-" "Mozilla/5.0 (Linux; Android 6.0.1; Nexus 5X Build/MMB29P) AppleWebKit/537.36 (KHTML, like Gecko) Chrome/138.0.7204.183 Mobile Safari/537.36 (compatible; Googlebot/2.1; +http://www.google.com/bot.html)"
20.171.207.15 - - [22/Aug/2025:04:40:57 +0200] "GET /pages.php?talk%2Fv138%3Fpid=6706 HTTP/1.1" 200 463215 "-" "Mozilla/5.0 AppleWebKit/537.36 (KHTML, like Gecko; compatible; GPTBot/1.2; +https://openai.com/gptbot)"
66.249.74.64 - - [22/Aug/2025:04:41:00 +0200] "GET /items/054036392.html?srsltid=AfmBOofwtvnokiikdnqpOz0tCQSSQvahysPUuumvkzUmKDuWdtn1 HTTP/1.1" 200 557548 "-" "Mozilla/5.0 (Linux; Android 6.0.1; Nexus 5X Build/MMB29P) AppleWebKit/537.36 (KHTML, like Gecko) Chrome/138.0.7204.183 Mobile Safari/537.36 (compatible; Googlebot/2.1; +http://www.google.com/bot.html)"
66.249.74.67 - - [22/Aug/2025:04:41:03 +0200] "GET /items/037048105.html?srsltid=AfmBOolbbJJjGPXcDQLO8hKpRGMiFdDymE68o0tmU37dmQrXeAx8 HTTP/1.1" 200 555747 "-" "Mozilla/5.0 (Linux; Android 6.0.1; Nexus 5X Build/MMB29P) AppleWebKit/537.36 (KHTML, like Gecko) Chrome/138.0.7204.183 Mobile Safari/537.36 (compatible; Googlebot/2.1; +http://www.google.com/bot.html)"
20.171.207.15 - - [22/Aug/2025:04:41:03 +0200] "GET /pages.php?father%2Fd146%3Fpid=610 HTTP/1.1" 200 460170 "-" "Mozilla/5.0 AppleWebKit/537.36 (KHTML, like Gecko; compatible; GPTBot/1.2; +https://openai.com/gptbot)"
66.249.74.78 - - [22/Aug/2025:04:41:06 +0200] "GET /items/063000791.html?srsltid=AfmBOookuPVXHxgIAXuyea84RRzFPvuxnoMjdhZXXaJxda2fwsDQ HTTP/1.1" 200 556059 "-" "Mozilla/5.0 (Linux; Android 6.0.1; Nexus 5X Build/MMB29P) AppleWebKit/537.36 (KHTML, like Gecko) Chrome/138.0.7204.183 Mobile Safari/537.36 (compatible; Googlebot/2.1; +http://www.google.com/bot.html)"
20.171.207.15 - - [22/Aug/2025:04:41:09 +0200] "GET /pages.php?blue%2Fr91%3Fpid=48869 HTTP/1.1" 200 478855 "-" "Mozilla/5.0 AppleWebKit/537.36 (KHTML, like Gecko; compatible; GPTBot/1.2; +https://openai.com/gptbot)"
66.249.74.78 - - [22/Aug/2025:04:41:10 +0200] "GET /pcmypage?callback=product%2Fdetail%2Ffirst23-trusco-1230172 HTTP/1.1" 200 558351 "-" "Mozilla/5.0 (Linux; Android 6.0.1; Nexus 5X Build/MMB29P) AppleWebKit/537.36 (KHTML, like Gecko) Chrome/138.0.7204.183 Mobile Safari/537.36 (compatible; Googlebot/2.1; +http://www.google.com/bot.html)"
20.171.207.15 - - [22/Aug/2025:04:41:14 +0200] "GET /pages.php?pound%2Fk74%3Fpid=36650 HTTP/1.1" 200 460672 "-" "Mozilla/5.0 AppleWebKit/537.36 (KHTML, like Gecko; compatible; GPTBot/1.2; +https://openai.com/gptbot)"
66.249.74.73 - - [22/Aug/2025:04:41:14 +0200] "GET /items/102007400.html?srsltid=AfmBOocaxxauwNXqvtjdsgYFKUHGPMgyn6egbQmeB1O5E0QlUTQX HTTP/1.1" 200 560534 "-" "Mozilla/5.0 (Linux; Android 6.0.1; Nexus 5X Build/MMB29P) AppleWebKit/537.36 (KHTML, like Gecko) Chrome/138.0.7204.183 Mobile Safari/537.36 (compatible; Googlebot/2.1; +http://www.google.com/bot.html)"
66.249.74.78 - - [22/Aug/2025:04:41:15 +0200] "GET /pcmypage?callback=/product%2Fdetail%2Autopartsdirect-0476041931793171658 HTTP/1.1" 200 558232 "-" "Mozilla/5.0 (Linux; Android 6.0.1; Nexus 5X Build/MMB29P) AppleWebKit/537.36 (KHTML, like Gecko) Chrome/138.0.7204.183 Mobile Safari/537.36 (compatible; Googlebot/2.1; +http://www.google.com/bot.html)"
20.171.207.15 - - [22/Aug/2025:04:41:17 +0200] "GET / HTTP/1.1" 500 0 "-" "Mozilla/5.0 AppleWebKit/537.36 (KHTML, like Gecko; compatible; GPTBot/1.2; +https://openai.com/gptbot)"
66.249.74.74 - - [22/Aug/2025:04:41:18 +0200] "GET /items/197022961.html?srsltid=AfmBOozywRkqgFCGbHzRtv5dNPiyUmSk1X3RvlXGnkdO7yl8i22z HTTP/1.1" 200 561593 "-" "Mozilla/5.0 (Linux; Android 6.0.1; Nexus 5X Build/MMB29P) AppleWebKit/537.36 (KHTML, like Gecko) Chrome/138.0.7204.183 Mobile Safari/537.36 (compatible; Googlebot/2.1; +http://www.google.com/bot.html)"
66.249.74.74 - - [22/Aug/2025:04:41:21 +0200] "GET /inspection086024883.html HTTP/1.1" 200 574413 "-" "Mozilla/5.0 (Linux; Android 6.0.1; Nexus 5X Build/MMB29P) AppleWebKit/537.36 (KHTML, like Gecko) Chrome/138.0.7204.183 Mobile Safari/537.36 (compatible; Googlebot/2.1; +http://www.google.com/bot.html)"
20.171.207.15 - - [22/Aug/2025:04:41:22 +0200] "GET /pages.php?mixture%2Fw36%3Fpid=522 HTTP/1.1" 200 461264 "-" "Mozilla/5.0 AppleWebKit/537.36 (KHTML, like Gecko; compatible; GPTBot/1.2; +https://openai.com/gptbot)"
66.249.74.73 - - [22/Aug/2025:04:41:24 +0200] "GET /items/056035178.html?srsltid=AfmBOozjkiliJWdAIgzb8AmhMGmvFtZuEj1rd57xGR4vkT2vdTKi HTTP/1.1" 200 571336 "-" "Mozilla/5.0 (Linux; Android 6.0.1; Nexus 5X Build/MMB29P) AppleWebKit/537.36 (KHTML, like Gecko) Chrome/138.0.7204.183 Mobile Safari/537.36 (compatible; Googlebot/2.1; +http://www.google.com/bot.html)"
66.249.74.76 - - [22/Aug/2025:04:41:28 +0200] "GET /auto233000036.html HTTP/1.1" 200 557812 "-" "Mozilla/5.0 (Linux; Android 6.0.1; Nexus 5X Build/MMB29P) AppleWebKit/537.36 (KHTML, like Gecko) Chrome/138.0.7204.183 Mobile Safari/537.36 (compatible; Googlebot/2.1; +http://www.google.com/bot.html)"
66.249.74.74 - - [22/Aug/2025:04:41:30 +0200] "GET /sometimes061023360.html HTTP/1.1" 200 557143 "-" "Mozilla/5.0 (Linux; Android 6.0.1; Nexus 5X Build/MMB29P) AppleWebKit/537.36 (KHTML, like Gecko) Chrome/138.0.7204.183 Mobile Safari/537.36 (compatible; Googlebot/2.1; +http://www.google.com/bot.html)"
20.171.207.15 - - [22/Aug/2025:04:41:34 +0200] "GET /pages.php?risky%2Fq65%3Fpid=141 HTTP/1.1" 200 464603 "-" "Mozilla/5.0 AppleWebKit/537.36 (KHTML, like Gecko; compatible; GPTBot/1.2; +https://openai.com/gptbot)"
66.249.74.77 - - [22/Aug/2025:04:41:37 +0200] "GET /graduation118048621.html HTTP/1.1" 200 553140 "-" "Mozilla/5.0 (Linux; Android 6.0.1; Nexus 5X Build/MMB29P) AppleWebKit/537.36 (KHTML, like Gecko) Chrome/138.0.7204.183 Mobile Safari/537.36 (compatible; Googlebot/2.1; +http://www.google.com/bot.html)"
20.171.207.15 - - [22/Aug/2025:04:41:45 +0200] "GET /pages.php?echo%2Fr54%3Fpid=43950 HTTP/1.1" 200 463965 "-" "Mozilla/5.0 AppleWebKit/537.36 (KHTML, like Gecko; compatible; GPTBot/1.2; +https://openai.com/gptbot)"
20.171.207.29 - - [22/Aug/2025:04:41:54 +0200] "GET /pages.php?q-~18YoSSGadaCrM26ZAL7H5YbMZ6mOgKqe375/ HTTP/1.1" 200 464319 "-" "Mozilla/5.0 AppleWebKit/537.36 (KHTML, like Gecko; compatible; GPTBot/1.2; +https://openai.com/gptbot)"
20.171.207.15 - - [22/Aug/2025:04:41:57 +0200] "GET /pages.php?hand%2Fz71%3Fpid=34195 HTTP/1.1" 200 466882 "-" "Mozilla/5.0 AppleWebKit/537.36 (KHTML, like Gecko; compatible; GPTBot/1.2; +https://openai.com/gptbot)"
20.171.207.15 - - [22/Aug/2025:04:42:04 +0200] "GET /pages.php?unlikely%2Fg79%3Fpid=881 HTTP/1.1" 200 468328 "-" "Mozilla/5.0 AppleWebKit/537.36 (KHTML, like Gecko; compatible; GPTBot/1.2; +https://openai.com/gptbot)"
20.171.207.15 - - [22/Aug/2025:04:42:12 +0200] "GET /pages.php?detect%2Fx28%3Fpid=194 HTTP/1.1" 200 468924 "-" "Mozilla/5.0 AppleWebKit/537.36 (KHTML, like Gecko; compatible; GPTBot/1.2; +https://openai.com/gptbot)"
20.171.207.15 - - [22/Aug/2025:04:42:19 +0200] "GET /pages.php?index%2Fz28%3Fpid=192 HTTP/1.1" 200 463151 "-" "Mozilla/5.0 AppleWebKit/537.36 (KHTML, like Gecko; compatible; GPTBot/1.2; +https://openai.com/gptbot)"
20.171.207.15 - - [22/Aug/2025:04:42:26 +0200] "GET /pages.php?protein%2Fy86%3Fpid=382 HTTP/1.1" 200 467563 "-" "Mozilla/5.0 AppleWebKit/537.36 (KHTML, like Gecko; compatible; GPTBot/1.2; +https://openai.com/gptbot)"
20.171.207.15 - - [22/Aug/2025:04:42:32 +0200] "GET /pages.php?bright%2Fo86%3Fpid=376 HTTP/1.1" 200 467940 "-" "Mozilla/5.0 AppleWebKit/537.36 (KHTML, like Gecko; compatible; GPTBot/1.2; +https://openai.com/gptbot)"
20.171.207.15 - - [22/Aug/2025:04:42:37 +0200] "GET /pages.php?regain%2Fx59%3Fpid=3085 HTTP/1.1" 200 464172 "-" "Mozilla/5.0 AppleWebKit/537.36 (KHTML, like Gecko; compatible; GPTBot/1.2; +https://openai.com/gptbot)"
20.171.207.15 - - [22/Aug/2025:04:42:42 +0200] "GET /pages.php?twenty%2Fg26%3Fpid=5550 HTTP/1.1" 200 469026 "-" "Mozilla/5.0 AppleWebKit/537.36 (KHTML, like Gecko; compatible; GPTBot/1.2; +https://openai.com/gptbot)"
20.171.207.15 - - [22/Aug/2025:04:42:46 +0200] "GET /pages.php?q-~244bpftYWUUeaAjlaIm1ozRVvuctDjpGf5621/ HTTP/1.1" 200 462742 "-" "Mozilla/5.0 AppleWebKit/537.36 (KHTML, like Gecko; compatible; GPTBot/1.2; +https://openai.com/gptbot)"
20.171.207.15 - - [22/Aug/2025:04:42:50 +0200] "GET /pages.php?but%2Fr58%3Fpid=49310 HTTP/1.1" 200 467952 "-" "Mozilla/5.0 AppleWebKit/537.36 (KHTML, like Gecko; compatible; GPTBot/1.2; +https://openai.com/gptbot)"
20.171.207.15 - - [22/Aug/2025:04:42:53 +0200] "GET /pages.php?q-~45Gsgo85rOUNamOdZweYdGrMg3upYRyi30122/ HTTP/1.1" 200 474362 "-" "Mozilla/5.0 AppleWebKit/537.36 (KHTML, like Gecko; compatible; GPTBot/1.2; +https://openai.com/gptbot)"
20.171.207.15 - - [22/Aug/2025:04:42:56 +0200] "GET /pages.php?Catholic%2Fb22%3Fpid=816 HTTP/1.1" 200 463424 "-" "Mozilla/5.0 AppleWebKit/537.36 (KHTML, like Gecko; compatible; GPTBot/1.2; +https://openai.com/gptbot)"
20.171.207.29 - - [22/Aug/2025:04:42:57 +0200] "GET /pages.php?current%2Ft16%3Fpid=578 HTTP/1.1" 200 468109 "-" "Mozilla/5.0 AppleWebKit/537.36 (KHTML, like Gecko; compatible; GPTBot/1.2; +https://openai.com/gptbot)"
20.171.207.15 - - [22/Aug/2025:04:43:01 +0200] "GET /pages.php?nail%2Fr283%3Fpid=4565 HTTP/1.1" 200 464263 "-" "Mozilla/5.0 AppleWebKit/537.36 (KHTML, like Gecko; compatible; GPTBot/1.2; +https://openai.com/gptbot)"
40.77.167.101 - - [22/Aug/2025:04:43:02 +0200] "GET /robots.txt HTTP/1.1" 200 356 "-" "Mozilla/5.0 AppleWebKit/537.36 (KHTML, like Gecko; compatible; bingbot/2.0; +http://www.bing.com/bingbot.htm) Chrome/116.0.1938.76 Safari/537.36"
20.171.207.15 - - [22/Aug/2025:04:43:02 +0200] "GET /pages.php?route%2Fm8%3Fpid=40892 HTTP/1.1" 200 474606 "-" "Mozilla/5.0 AppleWebKit/537.36 (KHTML, like Gecko; compatible; GPTBot/1.2; +https://openai.com/gptbot)"
20.171.207.15 - - [22/Aug/2025:04:43:05 +0200] "GET /pages.php?valuable%2Fb6%3Fpid=484 HTTP/1.1" 200 466851 "-" "Mozilla/5.0 AppleWebKit/537.36 (KHTML, like Gecko; compatible; GPTBot/1.2; +https://openai.com/gptbot)"
20.171.207.15 - - [22/Aug/2025:04:43:07 +0200] "GET /pages.php?lesson%2Fz58%3Fpid=2344 HTTP/1.1" 200 461457 "-" "Mozilla/5.0 AppleWebKit/537.36 (KHTML, like Gecko; compatible; GPTBot/1.2; +https://openai.com/gptbot)"
20.171.207.15 - - [22/Aug/2025:04:43:09 +0200] "GET /pages.php?flavor%2Fw82%3Fpid=532 HTTP/1.1" 200 471323 "-" "Mozilla/5.0 AppleWebKit/537.36 (KHTML, like Gecko; compatible; GPTBot/1.2; +https://openai.com/gptbot)"
20.171.207.15 - - [22/Aug/2025:04:43:10 +0200] "GET /pages.php?sweat%2Fu31%3Fpid=14055 HTTP/1.1" 200 461781 "-" "Mozilla/5.0 AppleWebKit/537.36 (KHTML, like Gecko; compatible; GPTBot/1.2; +https://openai.com/gptbot)"
20.171.207.15 - - [22/Aug/2025:04:43:12 +0200] "GET /pages.php?pistol%2Fw9%3Fpid=40607 HTTP/1.1" 200 479140 "-" "Mozilla/5.0 AppleWebKit/537.36 (KHTML, like Gecko; compatible; GPTBot/1.2; +https://openai.com/gptbot)"
20.171.207.15 - - [22/Aug/2025:04:43:13 +0200] "GET /pages.php?comply%2Fk96%3Fpid=9716 HTTP/1.1" 200 470132 "-" "Mozilla/5.0 AppleWebKit/537.36 (KHTML, like Gecko; compatible; GPTBot/1.2; +https://openai.com/gptbot)"
52.167.144.236 - - [22/Aug/2025:04:43:15 +0200] "GET /category/ctgy00115 HTTP/1.1" 200 23 "-" "Mozilla/5.0 AppleWebKit/537.36 (KHTML, like Gecko; compatible; bingbot/2.0; +http://www.bing.com/bingbot.htm) Chrome/116.0.1938.76 Safari/537.36"
20.171.207.15 - - [22/Aug/2025:04:43:15 +0200] "GET /pages.php?rumor%2Fk102%3Fpid=6686 HTTP/1.1" 200 463853 "-" "Mozilla/5.0 AppleWebKit/537.36 (KHTML, like Gecko; compatible; GPTBot/1.2; +https://openai.com/gptbot)"
20.171.207.15 - - [22/Aug/2025:04:43:17 +0200] "GET /pages.php?rough%2Fa59%3Fpid=401 HTTP/1.1" 200 465950 "-" "Mozilla/5.0 AppleWebKit/537.36 (KHTML, like Gecko; compatible; GPTBot/1.2; +https://openai.com/gptbot)"
20.171.207.15 - - [22/Aug/2025:04:43:20 +0200] "GET /pages.php?crime%2Fm47%3Fpid=549 HTTP/1.1" 200 471385 "-" "Mozilla/5.0 AppleWebKit/537.36 (KHTML, like Gecko; compatible; GPTBot/1.2; +https://openai.com/gptbot)"
20.171.207.15 - - [22/Aug/2025:04:43:22 +0200] "GET /pages.php?type%2Fl89%3Fpid=41281 HTTP/1.1" 200 475821 "-" "Mozilla/5.0 AppleWebKit/537.36 (KHTML, like Gecko; compatible; GPTBot/1.2; +https://openai.com/gptbot)"
20.171.207.15 - - [22/Aug/2025:04:43:26 +0200] "GET /pages.php?wagon%2Fy27%3Fpid=2715 HTTP/1.1" 200 468228 "-" "Mozilla/5.0 AppleWebKit/537.36 (KHTML, like Gecko; compatible; GPTBot/1.2; +https://openai.com/gptbot)"
20.171.207.15 - - [22/Aug/2025:04:43:27 +0200] "GET /pages.php?buyer%2Fa89%3Fpid=41279 HTTP/1.1" 200 468009 "-" "Mozilla/5.0 AppleWebKit/537.36 (KHTML, like Gecko; compatible; GPTBot/1.2; +https://openai.com/gptbot)"
20.171.207.15 - - [22/Aug/2025:04:43:29 +0200] "GET /pages.php?shoot%2Fe67%3Fpid=45845 HTTP/1.1" 200 461140 "-" "Mozilla/5.0 AppleWebKit/537.36 (KHTML, like Gecko; compatible; GPTBot/1.2; +https://openai.com/gptbot)"
20.171.207.15 - - [22/Aug/2025:04:43:31 +0200] "GET /pages.php?Persian%2Ff96%3Fpid=300 HTTP/1.1" 200 465104 "-" "Mozilla/5.0 AppleWebKit/537.36 (KHTML, like Gecko; compatible; GPTBot/1.2; +https://openai.com/gptbot)"
20.171.207.15 - - [22/Aug/2025:04:43:33 +0200] "GET /pages.php?confuse%2Fs68%3Fpid=684 HTTP/1.1" 200 463512 "-" "Mozilla/5.0 AppleWebKit/537.36 (KHTML, like Gecko; compatible; GPTBot/1.2; +https://openai.com/gptbot)"
20.171.207.15 - - [22/Aug/2025:04:43:34 +0200] "GET /pages.php?onto%2Fd48%3Fpid=48476 HTTP/1.1" 200 469291 "-" "Mozilla/5.0 AppleWebKit/537.36 (KHTML, like Gecko; compatible; GPTBot/1.2; +https://openai.com/gptbot)"
66.249.74.73 - - [22/Aug/2025:04:43:36 +0200] "GET /modify125040128.html HTTP/1.1" 200 560265 "-" "Mozilla/5.0 (Linux; Android 6.0.1; Nexus 5X Build/MMB29P) AppleWebKit/537.36 (KHTML, like Gecko) Chrome/138.0.7204.183 Mobile Safari/537.36 (compatible; Googlebot/2.1; +http://www.google.com/bot.html)"
20.171.207.15 - - [22/Aug/2025:04:43:37 +0200] "GET /pages.php?menu%2Fq227%3Fpid=4467 HTTP/1.1" 200 470035 "-" "Mozilla/5.0 AppleWebKit/537.36 (KHTML, like Gecko; compatible; GPTBot/1.2; +https://openai.com/gptbot)"
20.171.207.15 - - [22/Aug/2025:04:43:39 +0200] "GET /pages.php?skin%2Fz60%3Fpid=28004 HTTP/1.1" 200 462352 "-" "Mozilla/5.0 AppleWebKit/537.36 (KHTML, like Gecko; compatible; GPTBot/1.2; +https://openai.com/gptbot)"
20.171.207.15 - - [22/Aug/2025:04:43:40 +0200] "GET /pages.php?bless%2Ft45%3Fpid=35027 HTTP/1.1" 200 463170 "-" "Mozilla/5.0 AppleWebKit/537.36 (KHTML, like Gecko; compatible; GPTBot/1.2; +https://openai.com/gptbot)"
20.171.207.15 - - [22/Aug/2025:04:43:42 +0200] "GET /pages.php?merit%2Fp17%3Fpid=41093 HTTP/1.1" 200 466904 "-" "Mozilla/5.0 AppleWebKit/537.36 (KHTML, like Gecko; compatible; GPTBot/1.2; +https://openai.com/gptbot)"
20.171.207.15 - - [22/Aug/2025:04:43:44 +0200] "GET /pages.php?fraud%2Fc45%3Fpid=823 HTTP/1.1" 200 469097 "-" "Mozilla/5.0 AppleWebKit/537.36 (KHTML, like Gecko; compatible; GPTBot/1.2; +https://openai.com/gptbot)"
20.171.207.15 - - [22/Aug/2025:04:43:46 +0200] "GET /pages.php?shove%2Fe115%3Fpid=4703 HTTP/1.1" 200 481606 "-" "Mozilla/5.0 AppleWebKit/537.36 (KHTML, like Gecko; compatible; GPTBot/1.2; +https://openai.com/gptbot)"
20.171.207.15 - - [22/Aug/2025:04:43:47 +0200] "GET /pages.php?folk%2Fq65%3Fpid=875 HTTP/1.1" 200 461157 "-" "Mozilla/5.0 AppleWebKit/537.36 (KHTML, like Gecko; compatible; GPTBot/1.2; +https://openai.com/gptbot)"
20.171.207.15 - - [22/Aug/2025:04:43:49 +0200] "GET /pages.php?ugly%2Fy72%3Fpid=24078 HTTP/1.1" 200 467914 "-" "Mozilla/5.0 AppleWebKit/537.36 (KHTML, like Gecko; compatible; GPTBot/1.2; +https://openai.com/gptbot)"
20.171.207.15 - - [22/Aug/2025:04:43:51 +0200] "GET /pages.php?bonus%2Fb131%3Fpid=5237 HTTP/1.1" 200 478558 "-" "Mozilla/5.0 AppleWebKit/537.36 (KHTML, like Gecko; compatible; GPTBot/1.2; +https://openai.com/gptbot)"
20.171.207.15 - - [22/Aug/2025:04:43:52 +0200] "GET /pages.php?enemy%2Fp48%3Fpid=30296 HTTP/1.1" 200 462660 "-" "Mozilla/5.0 AppleWebKit/537.36 (KHTML, like Gecko; compatible; GPTBot/1.2; +https://openai.com/gptbot)"
20.171.207.29 - - [22/Aug/2025:04:43:53 +0200] "GET /pages.php?setting%2Fz9%3Fpid=3879 HTTP/1.1" 200 462893 "-" "Mozilla/5.0 AppleWebKit/537.36 (KHTML, like Gecko; compatible; GPTBot/1.2; +https://openai.com/gptbot)"
20.171.207.15 - - [22/Aug/2025:04:43:56 +0200] "GET /pages.php?mount%2Fv2%3Fpid=35306 HTTP/1.1" 200 462347 "-" "Mozilla/5.0 AppleWebKit/537.36 (KHTML, like Gecko; compatible; GPTBot/1.2; +https://openai.com/gptbot)"
20.171.207.15 - - [22/Aug/2025:04:43:57 +0200] "GET /pages.php?naked%2Fc98%3Fpid=32412 HTTP/1.1" 200 463729 "-" "Mozilla/5.0 AppleWebKit/537.36 (KHTML, like Gecko; compatible; GPTBot/1.2; +https://openai.com/gptbot)"
20.171.207.15 - - [22/Aug/2025:04:43:59 +0200] "GET /pages.php?wrong%2Fr254%3Fpid=1698 HTTP/1.1" 200 468762 "-" "Mozilla/5.0 AppleWebKit/537.36 (KHTML, like Gecko; compatible; GPTBot/1.2; +https://openai.com/gptbot)"
20.171.207.15 - - [22/Aug/2025:04:44:01 +0200] "GET /pages.php?q-~167eCzHcYgIkecuddqVAyMVq6fcYe40MS47298/ HTTP/1.1" 200 471477 "-" "Mozilla/5.0 AppleWebKit/537.36 (KHTML, like Gecko; compatible; GPTBot/1.2; +https://openai.com/gptbot)"
20.171.207.15 - - [22/Aug/2025:04:44:02 +0200] "GET /pages.php?coat%2Fd240%3Fpid=5842 HTTP/1.1" 200 463614 "-" "Mozilla/5.0 AppleWebKit/537.36 (KHTML, like Gecko; compatible; GPTBot/1.2; +https://openai.com/gptbot)"
20.171.207.15 - - [22/Aug/2025:04:44:03 +0200] "GET /pages.php?drift%2Fp92%3Fpid=27418 HTTP/1.1" 200 479076 "-" "Mozilla/5.0 AppleWebKit/537.36 (KHTML, like Gecko; compatible; GPTBot/1.2; +https://openai.com/gptbot)"
20.171.207.15 - - [22/Aug/2025:04:44:05 +0200] "GET /pages.php?music%2Fw52%3Fpid=49822 HTTP/1.1" 200 464008 "-" "Mozilla/5.0 AppleWebKit/537.36 (KHTML, like Gecko; compatible; GPTBot/1.2; +https://openai.com/gptbot)"
20.171.207.15 - - [22/Aug/2025:04:44:07 +0200] "GET /pages.php?upon%2Ft14%3Fpid=26564 HTTP/1.1" 200 453252 "-" "Mozilla/5.0 AppleWebKit/537.36 (KHTML, like Gecko; compatible; GPTBot/1.2; +https://openai.com/gptbot)"
20.171.207.15 - - [22/Aug/2025:04:44:08 +0200] "GET /pages.php?customer%2Fj52%3Fpid=502 HTTP/1.1" 200 474589 "-" "Mozilla/5.0 AppleWebKit/537.36 (KHTML, like Gecko; compatible; GPTBot/1.2; +https://openai.com/gptbot)"
20.171.207.15 - - [22/Aug/2025:04:44:09 +0200] "GET /pages.php?store%2Fq66%3Fpid=204 HTTP/1.1" 200 465504 "-" "Mozilla/5.0 AppleWebKit/537.36 (KHTML, like Gecko; compatible; GPTBot/1.2; +https://openai.com/gptbot)"
20.171.207.15 - - [22/Aug/2025:04:44:10 +0200] "GET /chat.xhtml?crash%2Fu14%3Fpid=220 HTTP/1.1" 500 0 "-" "Mozilla/5.0 AppleWebKit/537.36 (KHTML, like Gecko; compatible; GPTBot/1.2; +https://openai.com/gptbot)"
20.171.207.15 - - [22/Aug/2025:04:44:12 +0200] "GET /pages.php?fare%2Fq95%3Fpid=43315 HTTP/1.1" 200 480334 "-" "Mozilla/5.0 AppleWebKit/537.36 (KHTML, like Gecko; compatible; GPTBot/1.2; +https://openai.com/gptbot)"
20.171.207.15 - - [22/Aug/2025:04:44:15 +0200] "GET / HTTP/1.1" 500 0 "-" "Mozilla/5.0 AppleWebKit/537.36 (KHTML, like Gecko; compatible; GPTBot/1.2; +https://openai.com/gptbot)"
66.249.74.74 - - [22/Aug/2025:04:44:16 +0200] "GET /reflect151031136.html HTTP/1.1" 200 557233 "-" "Mozilla/5.0 (Linux; Android 6.0.1; Nexus 5X Build/MMB29P) AppleWebKit/537.36 (KHTML, like Gecko) Chrome/138.0.7204.183 Mobile Safari/537.36 (compatible; Googlebot/2.1; +http://www.google.com/bot.html)"
66.249.74.74 - - [22/Aug/2025:04:44:19 +0200] "GET /communication242022435.html HTTP/1.1" 200 564159 "-" "Mozilla/5.0 (Linux; Android 6.0.1; Nexus 5X Build/MMB29P) AppleWebKit/537.36 (KHTML, like Gecko) Chrome/138.0.7204.183 Mobile Safari/537.36 (compatible; Googlebot/2.1; +http://www.google.com/bot.html)"
20.171.207.15 - - [22/Aug/2025:04:44:19 +0200] "GET /pages.php?lots%2Ff10%3Fpid=2796 HTTP/1.1" 200 467420 "-" "Mozilla/5.0 AppleWebKit/537.36 (KHTML, like Gecko; compatible; GPTBot/1.2; +https://openai.com/gptbot)"
66.249.74.72 - - [22/Aug/2025:04:44:23 +0200] "GET /processor086018843.html HTTP/1.1" 200 560152 "-" "Mozilla/5.0 (Linux; Android 6.0.1; Nexus 5X Build/MMB29P) AppleWebKit/537.36 (KHTML, like Gecko) Chrome/138.0.7204.183 Mobile Safari/537.36 (compatible; Googlebot/2.1; +http://www.google.com/bot.html)"
66.249.74.72 - - [22/Aug/2025:04:44:26 +0200] "GET /coalition052009227.html HTTP/1.1" 200 561487 "-" "Mozilla/5.0 (Linux; Android 6.0.1; Nexus 5X Build/MMB29P) AppleWebKit/537.36 (KHTML, like Gecko) Chrome/138.0.7204.183 Mobile Safari/537.36 (compatible; Googlebot/2.1; +http://www.google.com/bot.html)"
20.171.207.15 - - [22/Aug/2025:04:44:28 +0200] "GET /pages.php?trail%2Fo198%3Fpid=2954 HTTP/1.1" 200 464554 "-" "Mozilla/5.0 AppleWebKit/537.36 (KHTML, like Gecko; compatible; GPTBot/1.2; +https://openai.com/gptbot)"
66.249.74.72 - - [22/Aug/2025:04:44:29 +0200] "GET /items/173028273.html?srsltid=AfmBOosmmBBQdDSEUPNIXdiESlhMVoEtxeAm7QmrUBODWfs1gIQO HTTP/1.1" 200 582962 "-" "Mozilla/5.0 (Linux; Android 6.0.1; Nexus 5X Build/MMB29P) AppleWebKit/537.36 (KHTML, like Gecko) Chrome/138.0.7204.183 Mobile Safari/537.36 (compatible; Googlebot/2.1; +http://www.google.com/bot.html)"
66.249.74.73 - - [22/Aug/2025:04:44:33 +0200] "GET /items/229014473.html?srsltid=AfmBOosvbCqlfsmgUoOKQhj3HCArTIJYme6XURcTu6QqrocFtFfX HTTP/1.1" 200 558320 "-" "Mozilla/5.0 (Linux; Android 6.0.1; Nexus 5X Build/MMB29P) AppleWebKit/537.36 (KHTML, like Gecko) Chrome/138.0.7204.183 Mobile Safari/537.36 (compatible; Googlebot/2.1; +http://www.google.com/bot.html)"
66.249.74.74 - - [22/Aug/2025:04:44:36 +0200] "GET /items/067008849.html?srsltid=AfmBOokxmPJeqlLyTTpl3IxgZDFOmooGBNLVJXOcMGrYKX0zcg0L HTTP/1.1" 200 555300 "-" "Mozilla/5.0 (Linux; Android 6.0.1; Nexus 5X Build/MMB29P) AppleWebKit/537.36 (KHTML, like Gecko) Chrome/138.0.7204.183 Mobile Safari/537.36 (compatible; Googlebot/2.1; +http://www.google.com/bot.html)"
20.171.207.15 - - [22/Aug/2025:04:44:38 +0200] "GET /pages.php?find%2Fr97%3Fpid=37521 HTTP/1.1" 200 475364 "-" "Mozilla/5.0 AppleWebKit/537.36 (KHTML, like Gecko; compatible; GPTBot/1.2; +https://openai.com/gptbot)"
66.249.74.73 - - [22/Aug/2025:04:44:40 +0200] "GET /squeeze200034349.html HTTP/1.1" 200 598277 "-" "Mozilla/5.0 (Linux; Android 6.0.1; Nexus 5X Build/MMB29P) AppleWebKit/537.36 (KHTML, like Gecko) Chrome/138.0.7204.183 Mobile Safari/537.36 (compatible; Googlebot/2.1; +http://www.google.com/bot.html)"
66.249.74.72 - - [22/Aug/2025:04:44:43 +0200] "GET /pcmypage?callback=product/review/gravity-2024-ehakpip5vlgkx76cma6ng4edni HTTP/1.1" 200 564028 "-" "Mozilla/5.0 (Linux; Android 6.0.1; Nexus 5X Build/MMB29P) AppleWebKit/537.36 (KHTML, like Gecko) Chrome/138.0.7204.183 Mobile Safari/537.36 (compatible; Googlebot/2.1; +http://www.google.com/bot.html)"
20.171.207.15 - - [22/Aug/2025:04:44:45 +0200] "GET /pages.php?worried%2Fx55%3Fpid=865 HTTP/1.1" 200 464755 "-" "Mozilla/5.0 AppleWebKit/537.36 (KHTML, like Gecko; compatible; GPTBot/1.2; +https://openai.com/gptbot)"
20.171.207.29 - - [22/Aug/2025:04:44:46 +0200] "GET /pages.php?body%2Fc106%3Fpid=39672 HTTP/1.1" 200 465306 "-" "Mozilla/5.0 AppleWebKit/537.36 (KHTML, like Gecko; compatible; GPTBot/1.2; +https://openai.com/gptbot)"
66.249.74.74 - - [22/Aug/2025:04:44:47 +0200] "GET /pcmypage?callback=/product%2Fdetail%2trmt-1-b084tjt1qj HTTP/1.1" 200 556108 "-" "Mozilla/5.0 (Linux; Android 6.0.1; Nexus 5X Build/MMB29P) AppleWebKit/537.36 (KHTML, like Gecko) Chrome/138.0.7204.183 Mobile Safari/537.36 (compatible; Googlebot/2.1; +http://www.google.com/bot.html)"
66.249.74.73 - - [22/Aug/2025:04:44:51 +0200] "GET /not215000784.html HTTP/1.1" 200 566090 "-" "Mozilla/5.0 (Linux; Android 6.0.1; Nexus 5X Build/MMB29P) AppleWebKit/537.36 (KHTML, like Gecko) Chrome/138.0.7204.183 Mobile Safari/537.36 (compatible; Googlebot/2.1; +http://www.google.com/bot.html)"
20.171.207.15 - - [22/Aug/2025:04:44:51 +0200] "GET /pages.php?world%2Fy4%3Fpid=21620 HTTP/1.1" 200 462294 "-" "Mozilla/5.0 AppleWebKit/537.36 (KHTML, like Gecko; compatible; GPTBot/1.2; +https://openai.com/gptbot)"
66.249.74.76 - - [22/Aug/2025:04:44:55 +0200] "GET /insurance120001205.html HTTP/1.1" 200 556160 "-" "Mozilla/5.0 (Linux; Android 6.0.1; Nexus 5X Build/MMB29P) AppleWebKit/537.36 (KHTML, like Gecko) Chrome/138.0.7204.183 Mobile Safari/537.36 (compatible; Googlebot/2.1; +http://www.google.com/bot.html)"
66.249.74.77 - - [22/Aug/2025:04:44:56 +0200] "GET /separate049007364.html HTTP/1.1" 200 556908 "-" "Mozilla/5.0 (Linux; Android 6.0.1; Nexus 5X Build/MMB29P) AppleWebKit/537.36 (KHTML, like Gecko) Chrome/138.0.7204.183 Mobile Safari/537.36 (compatible; Googlebot/2.1; +http://www.google.com/bot.html)"
20.171.207.15 - - [22/Aug/2025:04:44:57 +0200] "GET /pages.php?future%2Fc9%3Fpid=27661 HTTP/1.1" 200 462696 "-" "Mozilla/5.0 AppleWebKit/537.36 (KHTML, like Gecko; compatible; GPTBot/1.2; +https://openai.com/gptbot)"
66.249.74.75 - - [22/Aug/2025:04:45:00 +0200] "GET /possibly266033059.html HTTP/1.1" 200 557035 "-" "Mozilla/5.0 (Linux; Android 6.0.1; Nexus 5X Build/MMB29P) AppleWebKit/537.36 (KHTML, like Gecko) Chrome/138.0.7204.183 Mobile Safari/537.36 (compatible; Googlebot/2.1; +http://www.google.com/bot.html)"
66.249.74.78 - - [22/Aug/2025:04:45:00 +0200] "GET /items/034003716.html?srsltid=AfmBOokrjGekRwTKCgGRpmANRdVygxBpq3XDPdylcTqJoVrxFHzX HTTP/1.1" 200 558883 "-" "Mozilla/5.0 (Linux; Android 6.0.1; Nexus 5X Build/MMB29P) AppleWebKit/537.36 (KHTML, like Gecko) Chrome/138.0.7204.183 Mobile Safari/537.36 (compatible; Googlebot/2.1; +http://www.google.com/bot.html)"
20.171.207.15 - - [22/Aug/2025:04:45:02 +0200] "GET /pages.php?fatal%2Fx4%3Fpid=31524 HTTP/1.1" 200 464674 "-" "Mozilla/5.0 AppleWebKit/537.36 (KHTML, like Gecko; compatible; GPTBot/1.2; +https://openai.com/gptbot)"
66.249.74.78 - - [22/Aug/2025:04:45:03 +0200] "GET /violation068000783.html HTTP/1.1" 200 554568 "-" "Mozilla/5.0 (Linux; Android 6.0.1; Nexus 5X Build/MMB29P) AppleWebKit/537.36 (KHTML, like Gecko) Chrome/138.0.7204.183 Mobile Safari/537.36 (compatible; Googlebot/2.1; +http://www.google.com/bot.html)"
66.249.74.73 - - [22/Aug/2025:04:45:06 +0200] "GET /pcmypage?callback=product/review/biki-shop-08020-109 HTTP/1.1" 200 562104 "-" "Mozilla/5.0 (Linux; Android 6.0.1; Nexus 5X Build/MMB29P) AppleWebKit/537.36 (KHTML, like Gecko) Chrome/138.0.7204.183 Mobile Safari/537.36 (compatible; Googlebot/2.1; +http://www.google.com/bot.html)"
20.171.207.15 - - [22/Aug/2025:04:45:08 +0200] "GET /pages.php?adult%2Fz126%3Fpid=6338 HTTP/1.1" 200 464842 "-" "Mozilla/5.0 AppleWebKit/537.36 (KHTML, like Gecko; compatible; GPTBot/1.2; +https://openai.com/gptbot)"
66.249.74.76 - - [22/Aug/2025:04:45:10 +0200] "GET /either288008631.html HTTP/1.1" 200 559986 "-" "Mozilla/5.0 (Linux; Android 6.0.1; Nexus 5X Build/MMB29P) AppleWebKit/537.36 (KHTML, like Gecko) Chrome/138.0.7204.183 Mobile Safari/537.36 (compatible; Googlebot/2.1; +http://www.google.com/bot.html)"
20.171.207.15 - - [22/Aug/2025:04:45:12 +0200] "GET / HTTP/1.1" 500 0 "-" "Mozilla/5.0 AppleWebKit/537.36 (KHTML, like Gecko; compatible; GPTBot/1.2; +https://openai.com/gptbot)"
66.249.74.75 - - [22/Aug/2025:04:45:13 +0200] "GET /tolerate272034499.html HTTP/1.1" 200 563805 "-" "Mozilla/5.0 (Linux; Android 6.0.1; Nexus 5X Build/MMB29P) AppleWebKit/537.36 (KHTML, like Gecko) Chrome/138.0.7204.183 Mobile Safari/537.36 (compatible; Googlebot/2.1; +http://www.google.com/bot.html)"
20.171.207.15 - - [22/Aug/2025:04:45:16 +0200] "GET /pages.php?alive%2Fb98%3Fpid=740 HTTP/1.1" 200 462390 "-" "Mozilla/5.0 AppleWebKit/537.36 (KHTML, like Gecko; compatible; GPTBot/1.2; +https://openai.com/gptbot)"
66.249.74.75 - - [22/Aug/2025:04:45:17 +0200] "GET /billion214012091.html HTTP/1.1" 200 557306 "-" "Mozilla/5.0 (Linux; Android 6.0.1; Nexus 5X Build/MMB29P) AppleWebKit/537.36 (KHTML, like Gecko) Chrome/138.0.7204.183 Mobile Safari/537.36 (compatible; Googlebot/2.1; +http://www.google.com/bot.html)"
66.249.74.74 - - [22/Aug/2025:04:45:21 +0200] "GET /index020047739.html HTTP/1.1" 200 558558 "-" "Mozilla/5.0 (Linux; Android 6.0.1; Nexus 5X Build/MMB29P) AppleWebKit/537.36 (KHTML, like Gecko) Chrome/138.0.7204.183 Mobile Safari/537.36 (compatible; Googlebot/2.1; +http://www.google.com/bot.html)"
66.249.74.72 - - [22/Aug/2025:04:45:24 +0200] "GET /tooth127044892.html HTTP/1.1" 200 561844 "-" "Mozilla/5.0 (Linux; Android 6.0.1; Nexus 5X Build/MMB29P) AppleWebKit/537.36 (KHTML, like Gecko) Chrome/138.0.7204.183 Mobile Safari/537.36 (compatible; Googlebot/2.1; +http://www.google.com/bot.html)"
66.249.74.75 - - [22/Aug/2025:04:45:27 +0200] "GET /items/054036348.html?srsltid=AfmBOougzfEYmpPPNqOIeHVHPuWOOfqHe7Rw3KTM8HHGimmbPILT HTTP/1.1" 200 559529 "-" "Mozilla/5.0 (Linux; Android 6.0.1; Nexus 5X Build/MMB29P) AppleWebKit/537.36 (KHTML, like Gecko) Chrome/138.0.7204.183 Mobile Safari/537.36 (compatible; Googlebot/2.1; +http://www.google.com/bot.html)"
20.171.207.15 - - [22/Aug/2025:04:45:30 +0200] "GET /pages.php?mouth%2Fz58%3Fpid=298 HTTP/1.1" 200 464254 "-" "Mozilla/5.0 AppleWebKit/537.36 (KHTML, like Gecko; compatible; GPTBot/1.2; +https://openai.com/gptbot)"
66.249.74.76 - - [22/Aug/2025:04:45:31 +0200] "GET /these049039132.html HTTP/1.1" 200 559524 "-" "Mozilla/5.0 (Linux; Android 6.0.1; Nexus 5X Build/MMB29P) AppleWebKit/537.36 (KHTML, like Gecko) Chrome/138.0.7204.183 Mobile Safari/537.36 (compatible; Googlebot/2.1; +http://www.google.com/bot.html)"
20.171.207.29 - - [22/Aug/2025:04:45:32 +0200] "GET /pages.php?basic%2Fn4%3Fpid=19884 HTTP/1.1" 200 461844 "-" "Mozilla/5.0 AppleWebKit/537.36 (KHTML, like Gecko; compatible; GPTBot/1.2; +https://openai.com/gptbot)"
66.249.74.74 - - [22/Aug/2025:04:45:35 +0200] "GET /shell142041937.html HTTP/1.1" 200 562301 "-" "Mozilla/5.0 (Linux; Android 6.0.1; Nexus 5X Build/MMB29P) AppleWebKit/537.36 (KHTML, like Gecko) Chrome/138.0.7204.183 Mobile Safari/537.36 (compatible; Googlebot/2.1; +http://www.google.com/bot.html)"
66.249.74.72 - - [22/Aug/2025:04:45:38 +0200] "GET /unhappy202035091.html HTTP/1.1" 200 554834 "-" "Mozilla/5.0 (Linux; Android 6.0.1; Nexus 5X Build/MMB29P) AppleWebKit/537.36 (KHTML, like Gecko) Chrome/138.0.7204.183 Mobile Safari/537.36 (compatible; Googlebot/2.1; +http://www.google.com/bot.html)"
20.171.207.15 - - [22/Aug/2025:04:45:40 +0200] "GET /pages.php?justify%2Fr78%3Fpid=664 HTTP/1.1" 200 468379 "-" "Mozilla/5.0 AppleWebKit/537.36 (KHTML, like Gecko; compatible; GPTBot/1.2; +https://openai.com/gptbot)"
66.249.74.77 - - [22/Aug/2025:04:45:42 +0200] "GET /irony029041812.html HTTP/1.1" 200 557271 "-" "Mozilla/5.0 (Linux; Android 6.0.1; Nexus 5X Build/MMB29P) AppleWebKit/537.36 (KHTML, like Gecko) Chrome/138.0.7204.183 Mobile Safari/537.36 (compatible; Googlebot/2.1; +http://www.google.com/bot.html)"
66.249.74.78 - - [22/Aug/2025:04:45:45 +0200] "GET /mall086000031.html HTTP/1.1" 200 557420 "-" "Mozilla/5.0 (Linux; Android 6.0.1; Nexus 5X Build/MMB29P) AppleWebKit/537.36 (KHTML, like Gecko) Chrome/138.0.7204.183 Mobile Safari/537.36 (compatible; Googlebot/2.1; +http://www.google.com/bot.html)"
66.249.74.77 - - [22/Aug/2025:04:45:47 +0200] "GET /allow068004755.html HTTP/1.1" 200 572906 "-" "Mozilla/5.0 (Linux; Android 6.0.1; Nexus 5X Build/MMB29P) AppleWebKit/537.36 (KHTML, like Gecko) Chrome/138.0.7204.183 Mobile Safari/537.36 (compatible; Googlebot/2.1; +http://www.google.com/bot.html)"
66.249.74.75 - - [22/Aug/2025:04:45:48 +0200] "GET /candy192021453.html HTTP/1.1" 200 574961 "-" "Mozilla/5.0 (Linux; Android 6.0.1; Nexus 5X Build/MMB29P) AppleWebKit/537.36 (KHTML, like Gecko) Chrome/138.0.7204.183 Mobile Safari/537.36 (compatible; Googlebot/2.1; +http://www.google.com/bot.html)"
20.171.207.15 - - [22/Aug/2025:04:45:49 +0200] "GET /pages.php?q-~207oVdoIF5ZwIdP9TuNnLR3ACjC0jfjXp46408/ HTTP/1.1" 200 458037 "-" "Mozilla/5.0 AppleWebKit/537.36 (KHTML, like Gecko; compatible; GPTBot/1.2; +https://openai.com/gptbot)"
66.249.74.74 - - [22/Aug/2025:04:45:50 +0200] "GET /charge054003421.html HTTP/1.1" 200 559639 "-" "Mozilla/5.0 (Linux; Android 6.0.1; Nexus 5X Build/MMB29P) AppleWebKit/537.36 (KHTML, like Gecko) Chrome/138.0.7204.183 Mobile Safari/537.36 (compatible; Googlebot/2.1; +http://www.google.com/bot.html)"
66.249.74.64 - - [22/Aug/2025:04:45:55 +0200] "GET /personally091049828.html HTTP/1.1" 200 556348 "-" "Mozilla/5.0 (Linux; Android 6.0.1; Nexus 5X Build/MMB29P) AppleWebKit/537.36 (KHTML, like Gecko) Chrome/138.0.7204.183 Mobile Safari/537.36 (compatible; Googlebot/2.1; +http://www.google.com/bot.html)"
20.171.207.15 - - [22/Aug/2025:04:45:58 +0200] "GET /pages.php?biography%2Fs161%3Fpid=34375 HTTP/1.1" 200 468506 "-" "Mozilla/5.0 AppleWebKit/537.36 (KHTML, like Gecko; compatible; GPTBot/1.2; +https://openai.com/gptbot)"
66.249.74.64 - - [22/Aug/2025:04:45:58 +0200] "GET /pcmypage?callback=product/review/tarotodenki-mcm-1_trusco HTTP/1.1" 200 568539 "-" "Mozilla/5.0 (Linux; Android 6.0.1; Nexus 5X Build/MMB29P) AppleWebKit/537.36 (KHTML, like Gecko) Chrome/138.0.7204.183 Mobile Safari/537.36 (compatible; Googlebot/2.1; +http://www.google.com/bot.html)"
66.249.74.73 - - [22/Aug/2025:04:46:02 +0200] "GET /pcmypage?callback=product%2Fdetail%2Fdaishinshop-2303-8157804 HTTP/1.1" 200 582107 "-" "Mozilla/5.0 (Linux; Android 6.0.1; Nexus 5X Build/MMB29P) AppleWebKit/537.36 (KHTML, like Gecko) Chrome/138.0.7204.183 Mobile Safari/537.36 (compatible; Googlebot/2.1; +http://www.google.com/bot.html)"
20.171.207.15 - - [22/Aug/2025:04:46:05 +0200] "GET /pages.php?inherit%2Fm139%3Fpid=35991 HTTP/1.1" 200 475981 "-" "Mozilla/5.0 AppleWebKit/537.36 (KHTML, like Gecko; compatible; GPTBot/1.2; +https://openai.com/gptbot)"
66.249.74.72 - - [22/Aug/2025:04:46:05 +0200] "GET /Irish104022243.html HTTP/1.1" 200 554918 "-" "Mozilla/5.0 (Linux; Android 6.0.1; Nexus 5X Build/MMB29P) AppleWebKit/537.36 (KHTML, like Gecko) Chrome/138.0.7204.183 Mobile Safari/537.36 (compatible; Googlebot/2.1; +http://www.google.com/bot.html)"
66.249.74.72 - - [22/Aug/2025:04:46:08 +0200] "GET /short-term205038586.html HTTP/1.1" 200 557436 "-" "Mozilla/5.0 (Linux; Android 6.0.1; Nexus 5X Build/MMB29P) AppleWebKit/537.36 (KHTML, like Gecko) Chrome/138.0.7204.183 Mobile Safari/537.36 (compatible; Googlebot/2.1; +http://www.google.com/bot.html)"
20.171.207.15 - - [22/Aug/2025:04:46:13 +0200] "GET /pages.php?away%2Fn193%3Fpid=4947 HTTP/1.1" 200 467243 "-" "Mozilla/5.0 AppleWebKit/537.36 (KHTML, like Gecko; compatible; GPTBot/1.2; +https://openai.com/gptbot)"
66.249.74.72 - - [22/Aug/2025:04:46:15 +0200] "GET /streak078000971.html HTTP/1.1" 200 556227 "-" "Mozilla/5.0 (Linux; Android 6.0.1; Nexus 5X Build/MMB29P) AppleWebKit/537.36 (KHTML, like Gecko) Chrome/138.0.7204.183 Mobile Safari/537.36 (compatible; Googlebot/2.1; +http://www.google.com/bot.html)"
20.171.207.29 - - [22/Aug/2025:04:46:15 +0200] "GET /?_bd_prev_page=https%3A%2F%2Fkjinvest.net%2Fsite.asp%3Ftall%2Fa25%3Fpid%3D3545&_bdsid=v5njat.n%7EAVSGA.1747508339875.1798364627 HTTP/1.1" 500 0 "-" "Mozilla/5.0 AppleWebKit/537.36 (KHTML, like Gecko; compatible; GPTBot/1.2; +https://openai.com/gptbot)"
66.249.74.72 - - [22/Aug/2025:04:46:18 +0200] "GET /connect219008222.html HTTP/1.1" 200 556694 "-" "Mozilla/5.0 (Linux; Android 6.0.1; Nexus 5X Build/MMB29P) AppleWebKit/537.36 (KHTML, like Gecko) Chrome/138.0.7204.183 Mobile Safari/537.36 (compatible; Googlebot/2.1; +http://www.google.com/bot.html)"
