66.249.74.72 - - [22/Aug/2025:11:22:44 +0200] "GET /items/073000079.html?srsltid=AfmBOojydnUhtVGYEMrFi5j8OzWqmMDnydpas2HY6SiPO7QY2b3f HTTP/1.1" 200 559888 "-" "Mozilla/5.0 (Linux; Android 6.0.1; Nexus 5X Build/MMB29P) AppleWebKit/537.36 (KHTML, like Gecko) Chrome/138.0.7204.183 Mobile Safari/537.36 (compatible; Googlebot/2.1; +http://www.google.com/bot.html)"
20.171.207.15 - - [22/Aug/2025:11:22:48 +0200] "GET /pages.php?bring%2Fq103%3Fpid=26171 HTTP/1.1" 200 480626 "-" "Mozilla/5.0 AppleWebKit/537.36 (KHTML, like Gecko; compatible; GPTBot/1.2; +https://openai.com/gptbot)"
20.171.207.15 - - [22/Aug/2025:11:22:53 +0200] "GET /pages.php?friend%2Fh91%3Fpid=867 HTTP/1.1" 200 476238 "-" "Mozilla/5.0 AppleWebKit/537.36 (KHTML, like Gecko; compatible; GPTBot/1.2; +https://openai.com/gptbot)"
52.167.144.201 - - [22/Aug/2025:11:22:56 +0200] "GET /nice/fpaye-MOyeJ HTTP/1.1" 200 23 "-" "Mozilla/5.0 AppleWebKit/537.36 (KHTML, like Gecko; compatible; bingbot/2.0; +http://www.bing.com/bingbot.htm) Chrome/116.0.1938.76 Safari/537.36"
20.171.207.15 - - [22/Aug/2025:11:22:57 +0200] "GET /pages.php?work%2Fm41%3Fpid=9843 HTTP/1.1" 200 471896 "-" "Mozilla/5.0 AppleWebKit/537.36 (KHTML, like Gecko; compatible; GPTBot/1.2; +https://openai.com/gptbot)"
20.171.207.15 - - [22/Aug/2025:11:23:01 +0200] "GET /pages.php?title%2Fz31%3Fpid=28055 HTTP/1.1" 200 467784 "-" "Mozilla/5.0 AppleWebKit/537.36 (KHTML, like Gecko; compatible; GPTBot/1.2; +https://openai.com/gptbot)"
20.171.207.29 - - [22/Aug/2025:11:23:04 +0200] "GET /?_bd_prev_page=https%3A%2F%2Fkjinvest.net%2Fsite.asp%3Fboundary%2Fw280%3Fpid%3D44176&_bdsid=v5njat.n%7EAVSGA.1747508339875.1798364627 HTTP/1.1" 500 0 "-" "Mozilla/5.0 AppleWebKit/537.36 (KHTML, like Gecko; compatible; GPTBot/1.2; +https://openai.com/gptbot)"
20.171.207.15 - - [22/Aug/2025:11:23:07 +0200] "GET /pages.php?flow%2Fv56%3Fpid=3834 HTTP/1.1" 200 472982 "-" "Mozilla/5.0 AppleWebKit/537.36 (KHTML, like Gecko; compatible; GPTBot/1.2; +https://openai.com/gptbot)"
66.249.74.72 - - [22/Aug/2025:11:23:10 +0200] "GET /smoke259019810.html HTTP/1.1" 200 559325 "-" "Mozilla/5.0 (Linux; Android 6.0.1; Nexus 5X Build/MMB29P) AppleWebKit/537.36 (KHTML, like Gecko) Chrome/138.0.7204.183 Mobile Safari/537.36 (compatible; Googlebot/2.1; +http://www.google.com/bot.html)"
20.171.207.15 - - [22/Aug/2025:11:23:11 +0200] "GET /pages.php?blood%2Fq16%3Fpid=388 HTTP/1.1" 200 466342 "-" "Mozilla/5.0 AppleWebKit/537.36 (KHTML, like Gecko; compatible; GPTBot/1.2; +https://openai.com/gptbot)"
20.171.207.15 - - [22/Aug/2025:11:23:14 +0200] "GET /pages.php?mine%2Fl49%3Fpid=12699 HTTP/1.1" 200 464823 "-" "Mozilla/5.0 AppleWebKit/537.36 (KHTML, like Gecko; compatible; GPTBot/1.2; +https://openai.com/gptbot)"
20.171.207.15 - - [22/Aug/2025:11:23:15 +0200] "GET /pages.php?outline%2Fb64%3Fpid=300 HTTP/1.1" 200 460705 "-" "Mozilla/5.0 AppleWebKit/537.36 (KHTML, like Gecko; compatible; GPTBot/1.2; +https://openai.com/gptbot)"
20.171.207.15 - - [22/Aug/2025:11:23:18 +0200] "GET /pages.php?vertical%2Fn98%3Fpid=708 HTTP/1.1" 200 463994 "-" "Mozilla/5.0 AppleWebKit/537.36 (KHTML, like Gecko; compatible; GPTBot/1.2; +https://openai.com/gptbot)"
20.171.207.15 - - [22/Aug/2025:11:23:22 +0200] "GET /pages.php?hockey%2Fw81%3Fpid=477 HTTP/1.1" 200 461882 "-" "Mozilla/5.0 AppleWebKit/537.36 (KHTML, like Gecko; compatible; GPTBot/1.2; +https://openai.com/gptbot)"
20.171.207.15 - - [22/Aug/2025:11:23:23 +0200] "GET /pages.php?sword%2Fy14%3Fpid=49584 HTTP/1.1" 200 462784 "-" "Mozilla/5.0 AppleWebKit/537.36 (KHTML, like Gecko; compatible; GPTBot/1.2; +https://openai.com/gptbot)"
20.171.207.15 - - [22/Aug/2025:11:23:25 +0200] "GET /pages.php?rack%2Fg94%3Fpid=26902 HTTP/1.1" 200 475091 "-" "Mozilla/5.0 AppleWebKit/537.36 (KHTML, like Gecko; compatible; GPTBot/1.2; +https://openai.com/gptbot)"
20.171.207.15 - - [22/Aug/2025:11:23:27 +0200] "GET /pages.php?contest%2Fi81%3Fpid=475 HTTP/1.1" 200 464910 "-" "Mozilla/5.0 AppleWebKit/537.36 (KHTML, like Gecko; compatible; GPTBot/1.2; +https://openai.com/gptbot)"
20.171.207.15 - - [22/Aug/2025:11:23:28 +0200] "GET /pages.php?brave%2Fi224%3Fpid=1764 HTTP/1.1" 200 469748 "-" "Mozilla/5.0 AppleWebKit/537.36 (KHTML, like Gecko; compatible; GPTBot/1.2; +https://openai.com/gptbot)"
66.249.74.73 - - [22/Aug/2025:11:23:29 +0200] "GET /?_gl=1*bx5ousi*_ga*jmOkjrslEctTxxyBphkOXVBFpdnT*_ga_CIUYDGQRZ*VbFORzFMf28r8oSYa6jwWtQcUR3D9BBb6dggdt6pyrSMkR1GsxkIApb.*_gcl_au=1.1.194240322.174645842*_gcl_aw=EVG.174214764.zxdO3ctP9c7uprfxdEJGHKGVCTBI7as7Cu9gzmmRKRKM2xVxq0E7rdVGrNb0pbjwHuYwxObTWj36SAmCj0L2sB3fHg..&_gz=2.192686394.191080969.179293887-869362568.161281656&_bdsid=v1shpr.n~RDIAH.174719976.171567595&_bd_prev_page=https://kjinvest.net/vendor.py?edition293049080.html HTTP/1.1" 200 567044 "-" "Mozilla/5.0 (Linux; Android 6.0.1; Nexus 5X Build/MMB29P) AppleWebKit/537.36 (KHTML, like Gecko) Chrome/138.0.7204.183 Mobile Safari/537.36 (compatible; Googlebot/2.1; +http://www.google.com/bot.html)"
20.171.207.15 - - [22/Aug/2025:11:23:30 +0200] "GET /pages.php?chair%2Fr78%3Fpid=10858 HTTP/1.1" 200 481407 "-" "Mozilla/5.0 AppleWebKit/537.36 (KHTML, like Gecko; compatible; GPTBot/1.2; +https://openai.com/gptbot)"
20.171.207.15 - - [22/Aug/2025:11:23:31 +0200] "GET /pages.php?pretend%2Fm55%3Fpid=849 HTTP/1.1" 200 460823 "-" "Mozilla/5.0 AppleWebKit/537.36 (KHTML, like Gecko; compatible; GPTBot/1.2; +https://openai.com/gptbot)"
20.171.207.15 - - [22/Aug/2025:11:23:31 +0200] "GET / HTTP/1.1" 500 0 "-" "Mozilla/5.0 AppleWebKit/537.36 (KHTML, like Gecko; compatible; GPTBot/1.2; +https://openai.com/gptbot)"
20.171.207.15 - - [22/Aug/2025:11:23:33 +0200] "GET /pages.php?carry%2Fg241%3Fpid=853 HTTP/1.1" 200 468411 "-" "Mozilla/5.0 AppleWebKit/537.36 (KHTML, like Gecko; compatible; GPTBot/1.2; +https://openai.com/gptbot)"
66.249.74.72 - - [22/Aug/2025:11:23:37 +0200] "GET /he032026603.html HTTP/1.1" 200 559438 "-" "Mozilla/5.0 (Linux; Android 6.0.1; Nexus 5X Build/MMB29P) AppleWebKit/537.36 (KHTML, like Gecko) Chrome/138.0.7204.183 Mobile Safari/537.36 (compatible; Googlebot/2.1; +http://www.google.com/bot.html)"
20.171.207.15 - - [22/Aug/2025:11:23:38 +0200] "GET /pages.php?seal%2Fb42%3Fpid=21850 HTTP/1.1" 200 463092 "-" "Mozilla/5.0 AppleWebKit/537.36 (KHTML, like Gecko; compatible; GPTBot/1.2; +https://openai.com/gptbot)"
66.249.74.72 - - [22/Aug/2025:11:23:39 +0200] "GET /us069042512.html HTTP/1.1" 200 555984 "-" "Mozilla/5.0 (Linux; Android 6.0.1; Nexus 5X Build/MMB29P) AppleWebKit/537.36 (KHTML, like Gecko) Chrome/138.0.7204.183 Mobile Safari/537.36 (compatible; Googlebot/2.1; +http://www.google.com/bot.html)"
20.171.207.15 - - [22/Aug/2025:11:23:40 +0200] "GET /pages.php?defendant%2Fy21%3Fpid=3063 HTTP/1.1" 200 474759 "-" "Mozilla/5.0 AppleWebKit/537.36 (KHTML, like Gecko; compatible; GPTBot/1.2; +https://openai.com/gptbot)"
20.171.207.15 - - [22/Aug/2025:11:23:44 +0200] "GET /pages.php?fellow%2Fl64%3Fpid=152 HTTP/1.1" 200 473047 "-" "Mozilla/5.0 AppleWebKit/537.36 (KHTML, like Gecko; compatible; GPTBot/1.2; +https://openai.com/gptbot)"
20.171.207.15 - - [22/Aug/2025:11:23:47 +0200] "GET /pages.php?lawyer%2Fu65%3Fpid=319 HTTP/1.1" 200 465598 "-" "Mozilla/5.0 AppleWebKit/537.36 (KHTML, like Gecko; compatible; GPTBot/1.2; +https://openai.com/gptbot)"
20.171.207.15 - - [22/Aug/2025:11:23:49 +0200] "GET /pages.php?delivery%2Fn78%3Fpid=174 HTTP/1.1" 200 465125 "-" "Mozilla/5.0 AppleWebKit/537.36 (KHTML, like Gecko; compatible; GPTBot/1.2; +https://openai.com/gptbot)"
20.171.207.15 - - [22/Aug/2025:11:23:51 +0200] "GET /pages.php?import%2Ft1%3Fpid=13485 HTTP/1.1" 200 475786 "-" "Mozilla/5.0 AppleWebKit/537.36 (KHTML, like Gecko; compatible; GPTBot/1.2; +https://openai.com/gptbot)"
20.171.207.15 - - [22/Aug/2025:11:23:54 +0200] "GET /pages.php?state%2Fm136%3Fpid=4920 HTTP/1.1" 200 465148 "-" "Mozilla/5.0 AppleWebKit/537.36 (KHTML, like Gecko; compatible; GPTBot/1.2; +https://openai.com/gptbot)"
20.171.207.15 - - [22/Aug/2025:11:23:55 +0200] "GET /pages.php?alcohol%2Fz21%3Fpid=763 HTTP/1.1" 200 467782 "-" "Mozilla/5.0 AppleWebKit/537.36 (KHTML, like Gecko; compatible; GPTBot/1.2; +https://openai.com/gptbot)"
20.171.207.15 - - [22/Aug/2025:11:23:57 +0200] "GET /pages.php?brain%2Fx44%3Fpid=178 HTTP/1.1" 200 462194 "-" "Mozilla/5.0 AppleWebKit/537.36 (KHTML, like Gecko; compatible; GPTBot/1.2; +https://openai.com/gptbot)"
20.171.207.15 - - [22/Aug/2025:11:23:59 +0200] "GET /pages.php?portion%2Fj76%3Fpid=92 HTTP/1.1" 200 472962 "-" "Mozilla/5.0 AppleWebKit/537.36 (KHTML, like Gecko; compatible; GPTBot/1.2; +https://openai.com/gptbot)"
20.171.207.15 - - [22/Aug/2025:11:24:00 +0200] "GET /pages.php?fighter%2Fo64%3Fpid=704 HTTP/1.1" 200 465429 "-" "Mozilla/5.0 AppleWebKit/537.36 (KHTML, like Gecko; compatible; GPTBot/1.2; +https://openai.com/gptbot)"
20.171.207.15 - - [22/Aug/2025:11:24:02 +0200] "GET /pages.php?watch%2Fr21%3Fpid=3061 HTTP/1.1" 200 464396 "-" "Mozilla/5.0 AppleWebKit/537.36 (KHTML, like Gecko; compatible; GPTBot/1.2; +https://openai.com/gptbot)"
20.171.207.15 - - [22/Aug/2025:11:24:04 +0200] "GET /pages.php?visual%2Fb66%3Fpid=5162 HTTP/1.1" 200 462661 "-" "Mozilla/5.0 AppleWebKit/537.36 (KHTML, like Gecko; compatible; GPTBot/1.2; +https://openai.com/gptbot)"
20.171.207.15 - - [22/Aug/2025:11:24:04 +0200] "GET / HTTP/1.1" 500 0 "-" "Mozilla/5.0 AppleWebKit/537.36 (KHTML, like Gecko; compatible; GPTBot/1.2; +https://openai.com/gptbot)"
20.171.207.15 - - [22/Aug/2025:11:24:07 +0200] "GET /pages.php?via%2Fz53%3Fpid=25497 HTTP/1.1" 200 467486 "-" "Mozilla/5.0 AppleWebKit/537.36 (KHTML, like Gecko; compatible; GPTBot/1.2; +https://openai.com/gptbot)"
20.171.207.29 - - [22/Aug/2025:11:24:10 +0200] "GET /?_bd_prev_page=https%3A%2F%2Fkjinvest.net%2Fsite.asp%3Fhostile%2Fp12%3Fpid%3D22888&_bdsid=v5njat.n%7EAVSGA.1747508339875.1798364627 HTTP/1.1" 500 0 "-" "Mozilla/5.0 AppleWebKit/537.36 (KHTML, like Gecko; compatible; GPTBot/1.2; +https://openai.com/gptbot)"
20.171.207.15 - - [22/Aug/2025:11:24:10 +0200] "GET /pages.php?comply%2Fs37%3Fpid=497 HTTP/1.1" 200 468909 "-" "Mozilla/5.0 AppleWebKit/537.36 (KHTML, like Gecko; compatible; GPTBot/1.2; +https://openai.com/gptbot)"
20.171.207.15 - - [22/Aug/2025:11:24:13 +0200] "GET /pages.php?loose%2Fk93%3Fpid=21707 HTTP/1.1" 200 466714 "-" "Mozilla/5.0 AppleWebKit/537.36 (KHTML, like Gecko; compatible; GPTBot/1.2; +https://openai.com/gptbot)"
20.171.207.15 - - [22/Aug/2025:11:24:16 +0200] "GET /pages.php?range%2Fy54%3Fpid=7712 HTTP/1.1" 200 462517 "-" "Mozilla/5.0 AppleWebKit/537.36 (KHTML, like Gecko; compatible; GPTBot/1.2; +https://openai.com/gptbot)"
20.171.207.15 - - [22/Aug/2025:11:24:18 +0200] "GET /pages.php?genetic%2Fr17%3Fpid=167 HTTP/1.1" 200 462486 "-" "Mozilla/5.0 AppleWebKit/537.36 (KHTML, like Gecko; compatible; GPTBot/1.2; +https://openai.com/gptbot)"
20.171.207.15 - - [22/Aug/2025:11:24:20 +0200] "GET /pages.php?blind%2Fv58%3Fpid=44148 HTTP/1.1" 200 463619 "-" "Mozilla/5.0 AppleWebKit/537.36 (KHTML, like Gecko; compatible; GPTBot/1.2; +https://openai.com/gptbot)"
20.171.207.15 - - [22/Aug/2025:11:24:23 +0200] "GET /pages.php?quick%2Fz8%3Fpid=39256 HTTP/1.1" 200 468430 "-" "Mozilla/5.0 AppleWebKit/537.36 (KHTML, like Gecko; compatible; GPTBot/1.2; +https://openai.com/gptbot)"
20.171.207.15 - - [22/Aug/2025:11:24:26 +0200] "GET /pages.php?q-~163HicsyeQfrywN4o3iPX7CKSQBW7T5zM38332/ HTTP/1.1" 200 464907 "-" "Mozilla/5.0 AppleWebKit/537.36 (KHTML, like Gecko; compatible; GPTBot/1.2; +https://openai.com/gptbot)"
20.171.207.15 - - [22/Aug/2025:11:24:28 +0200] "GET /pages.php?able%2Fz88%3Fpid=37492 HTTP/1.1" 200 467728 "-" "Mozilla/5.0 AppleWebKit/537.36 (KHTML, like Gecko; compatible; GPTBot/1.2; +https://openai.com/gptbot)"
20.171.207.15 - - [22/Aug/2025:11:24:31 +0200] "GET /pages.php?naked%2Fz44%3Fpid=176 HTTP/1.1" 200 472399 "-" "Mozilla/5.0 AppleWebKit/537.36 (KHTML, like Gecko; compatible; GPTBot/1.2; +https://openai.com/gptbot)"
20.171.207.15 - - [22/Aug/2025:11:24:33 +0200] "GET /pages.php?two%2Fm288%3Fpid=9516 HTTP/1.1" 200 466080 "-" "Mozilla/5.0 AppleWebKit/537.36 (KHTML, like Gecko; compatible; GPTBot/1.2; +https://openai.com/gptbot)"
20.171.207.15 - - [22/Aug/2025:11:24:34 +0200] "GET /pages.php?group%2Fc41%3Fpid=35847 HTTP/1.1" 200 467170 "-" "Mozilla/5.0 AppleWebKit/537.36 (KHTML, like Gecko; compatible; GPTBot/1.2; +https://openai.com/gptbot)"
20.171.207.15 - - [22/Aug/2025:11:24:35 +0200] "GET /pages.php?green%2Fz17%3Fpid=165 HTTP/1.1" 200 462537 "-" "Mozilla/5.0 AppleWebKit/537.36 (KHTML, like Gecko; compatible; GPTBot/1.2; +https://openai.com/gptbot)"
20.171.207.15 - - [22/Aug/2025:11:24:36 +0200] "GET /pages.php?item%2Fv180%3Fpid=45358 HTTP/1.1" 200 463896 "-" "Mozilla/5.0 AppleWebKit/537.36 (KHTML, like Gecko; compatible; GPTBot/1.2; +https://openai.com/gptbot)"
20.171.207.15 - - [22/Aug/2025:11:24:38 +0200] "GET /pages.php?such%2Fg63%3Fpid=41915 HTTP/1.1" 200 468006 "-" "Mozilla/5.0 AppleWebKit/537.36 (KHTML, like Gecko; compatible; GPTBot/1.2; +https://openai.com/gptbot)"
20.171.207.15 - - [22/Aug/2025:11:24:41 +0200] "GET /pages.php?purple%2Fe250%3Fpid=41754 HTTP/1.1" 200 461569 "-" "Mozilla/5.0 AppleWebKit/537.36 (KHTML, like Gecko; compatible; GPTBot/1.2; +https://openai.com/gptbot)"
20.171.207.15 - - [22/Aug/2025:11:24:42 +0200] "GET /pages.php?awake%2Fz41%3Fpid=23651 HTTP/1.1" 200 459759 "-" "Mozilla/5.0 AppleWebKit/537.36 (KHTML, like Gecko; compatible; GPTBot/1.2; +https://openai.com/gptbot)"
20.171.207.15 - - [22/Aug/2025:11:24:44 +0200] "GET /pages.php?elegant%2Fg88%3Fpid=24370 HTTP/1.1" 200 462853 "-" "Mozilla/5.0 AppleWebKit/537.36 (KHTML, like Gecko; compatible; GPTBot/1.2; +https://openai.com/gptbot)"
20.171.207.15 - - [22/Aug/2025:11:24:45 +0200] "GET /pages.php?fewer%2Fp80%3Fpid=10468 HTTP/1.1" 200 465875 "-" "Mozilla/5.0 AppleWebKit/537.36 (KHTML, like Gecko; compatible; GPTBot/1.2; +https://openai.com/gptbot)"
20.171.207.15 - - [22/Aug/2025:11:24:45 +0200] "GET / HTTP/1.1" 500 0 "-" "Mozilla/5.0 AppleWebKit/537.36 (KHTML, like Gecko; compatible; GPTBot/1.2; +https://openai.com/gptbot)"
20.171.207.15 - - [22/Aug/2025:11:24:47 +0200] "GET /pages.php?stay%2Fz17%3Fpid=42707 HTTP/1.1" 200 460029 "-" "Mozilla/5.0 AppleWebKit/537.36 (KHTML, like Gecko; compatible; GPTBot/1.2; +https://openai.com/gptbot)"
20.171.207.15 - - [22/Aug/2025:11:24:50 +0200] "GET /pages.php?actually%2Fz91%3Fpid=277 HTTP/1.1" 200 460452 "-" "Mozilla/5.0 AppleWebKit/537.36 (KHTML, like Gecko; compatible; GPTBot/1.2; +https://openai.com/gptbot)"
20.171.207.15 - - [22/Aug/2025:11:24:53 +0200] "GET /pages.php?chart%2Fz178%3Fpid=1712 HTTP/1.1" 200 461055 "-" "Mozilla/5.0 AppleWebKit/537.36 (KHTML, like Gecko; compatible; GPTBot/1.2; +https://openai.com/gptbot)"
20.171.207.15 - - [22/Aug/2025:11:24:57 +0200] "GET /pages.php?wind%2Fl33%3Fpid=11407 HTTP/1.1" 200 466350 "-" "Mozilla/5.0 AppleWebKit/537.36 (KHTML, like Gecko; compatible; GPTBot/1.2; +https://openai.com/gptbot)"
20.171.207.15 - - [22/Aug/2025:11:24:59 +0200] "GET /pages.php?pant%2Fa91%3Fpid=47863 HTTP/1.1" 200 466549 "-" "Mozilla/5.0 AppleWebKit/537.36 (KHTML, like Gecko; compatible; GPTBot/1.2; +https://openai.com/gptbot)"
20.171.207.15 - - [22/Aug/2025:11:25:02 +0200] "GET /pages.php?dough%2Fw49%3Fpid=26595 HTTP/1.1" 200 469071 "-" "Mozilla/5.0 AppleWebKit/537.36 (KHTML, like Gecko; compatible; GPTBot/1.2; +https://openai.com/gptbot)"
20.171.207.15 - - [22/Aug/2025:11:25:03 +0200] "GET /pages.php?critic%2Fz207%3Fpid=34299 HTTP/1.1" 200 461269 "-" "Mozilla/5.0 AppleWebKit/537.36 (KHTML, like Gecko; compatible; GPTBot/1.2; +https://openai.com/gptbot)"
20.171.207.15 - - [22/Aug/2025:11:25:05 +0200] "GET /pages.php?teacher%2Fk24%3Fpid=370 HTTP/1.1" 200 463331 "-" "Mozilla/5.0 AppleWebKit/537.36 (KHTML, like Gecko; compatible; GPTBot/1.2; +https://openai.com/gptbot)"
20.171.207.15 - - [22/Aug/2025:11:25:08 +0200] "GET /pages.php?publish%2Fk24%3Fpid=370 HTTP/1.1" 200 470189 "-" "Mozilla/5.0 AppleWebKit/537.36 (KHTML, like Gecko; compatible; GPTBot/1.2; +https://openai.com/gptbot)"
20.171.207.15 - - [22/Aug/2025:11:25:09 +0200] "GET /pages.php?strip%2Fk49%3Fpid=30381 HTTP/1.1" 200 467701 "-" "Mozilla/5.0 AppleWebKit/537.36 (KHTML, like Gecko; compatible; GPTBot/1.2; +https://openai.com/gptbot)"
20.171.207.15 - - [22/Aug/2025:11:25:12 +0200] "GET /pages.php?monster%2Fh79%3Fpid=303 HTTP/1.1" 200 467881 "-" "Mozilla/5.0 AppleWebKit/537.36 (KHTML, like Gecko; compatible; GPTBot/1.2; +https://openai.com/gptbot)"
20.171.207.15 - - [22/Aug/2025:11:25:13 +0200] "GET /pages.php?open%2Fk89%3Fpid=29671 HTTP/1.1" 200 466374 "-" "Mozilla/5.0 AppleWebKit/537.36 (KHTML, like Gecko; compatible; GPTBot/1.2; +https://openai.com/gptbot)"
20.171.207.29 - - [22/Aug/2025:11:25:13 +0200] "GET /pages.php?remote%2Fi66%3Fpid=480 HTTP/1.1" 200 461732 "-" "Mozilla/5.0 AppleWebKit/537.36 (KHTML, like Gecko; compatible; GPTBot/1.2; +https://openai.com/gptbot)"
20.171.207.15 - - [22/Aug/2025:11:25:14 +0200] "GET /pages.php?evil%2Fa38%3Fpid=17436 HTTP/1.1" 200 471611 "-" "Mozilla/5.0 AppleWebKit/537.36 (KHTML, like Gecko; compatible; GPTBot/1.2; +https://openai.com/gptbot)"
20.171.207.15 - - [22/Aug/2025:11:25:17 +0200] "GET /pages.php?laser%2Fy94%3Fpid=7694 HTTP/1.1" 200 470832 "-" "Mozilla/5.0 AppleWebKit/537.36 (KHTML, like Gecko; compatible; GPTBot/1.2; +https://openai.com/gptbot)"
20.171.207.15 - - [22/Aug/2025:11:25:19 +0200] "GET /pages.php?forum%2Fv44%3Fpid=15780 HTTP/1.1" 200 471200 "-" "Mozilla/5.0 AppleWebKit/537.36 (KHTML, like Gecko; compatible; GPTBot/1.2; +https://openai.com/gptbot)"
20.171.207.15 - - [22/Aug/2025:11:25:20 +0200] "GET /pages.php?blend%2Fh39%3Fpid=675 HTTP/1.1" 200 463684 "-" "Mozilla/5.0 AppleWebKit/537.36 (KHTML, like Gecko; compatible; GPTBot/1.2; +https://openai.com/gptbot)"
20.171.207.15 - - [22/Aug/2025:11:25:21 +0200] "GET /pages.php?patron%2Fu78%3Fpid=7956 HTTP/1.1" 200 480808 "-" "Mozilla/5.0 AppleWebKit/537.36 (KHTML, like Gecko; compatible; GPTBot/1.2; +https://openai.com/gptbot)"
20.171.207.15 - - [22/Aug/2025:11:25:22 +0200] "GET /pages.php?right%2Fz124%3Fpid=1584 HTTP/1.1" 200 474384 "-" "Mozilla/5.0 AppleWebKit/537.36 (KHTML, like Gecko; compatible; GPTBot/1.2; +https://openai.com/gptbot)"
20.171.207.15 - - [22/Aug/2025:11:25:23 +0200] "GET /pages.php?touch%2Fz100%3Fpid=8556 HTTP/1.1" 200 469184 "-" "Mozilla/5.0 AppleWebKit/537.36 (KHTML, like Gecko; compatible; GPTBot/1.2; +https://openai.com/gptbot)"
20.171.207.15 - - [22/Aug/2025:11:25:24 +0200] "GET /pages.php?main%2Fz70%3Fpid=14574 HTTP/1.1" 200 462194 "-" "Mozilla/5.0 AppleWebKit/537.36 (KHTML, like Gecko; compatible; GPTBot/1.2; +https://openai.com/gptbot)"
20.171.207.15 - - [22/Aug/2025:11:25:26 +0200] "GET /pages.php?death%2Fi90%3Fpid=7146 HTTP/1.1" 200 462496 "-" "Mozilla/5.0 AppleWebKit/537.36 (KHTML, like Gecko; compatible; GPTBot/1.2; +https://openai.com/gptbot)"
20.171.207.15 - - [22/Aug/2025:11:25:29 +0200] "GET /pages.php?brake%2Fv78%3Fpid=7954 HTTP/1.1" 200 464523 "-" "Mozilla/5.0 AppleWebKit/537.36 (KHTML, like Gecko; compatible; GPTBot/1.2; +https://openai.com/gptbot)"
20.171.207.15 - - [22/Aug/2025:11:25:31 +0200] "GET /pages.php?depict%2Fu78%3Fpid=7960 HTTP/1.1" 200 468705 "-" "Mozilla/5.0 AppleWebKit/537.36 (KHTML, like Gecko; compatible; GPTBot/1.2; +https://openai.com/gptbot)"
20.171.207.15 - - [22/Aug/2025:11:25:34 +0200] "GET /pages.php?remaining%2Fb165%3Fpid=32931 HTTP/1.1" 200 463043 "-" "Mozilla/5.0 AppleWebKit/537.36 (KHTML, like Gecko; compatible; GPTBot/1.2; +https://openai.com/gptbot)"
206.189.247.132 - - [22/Aug/2025:11:25:35 +0200] "GET /wp-content/product.php HTTP/1.1" 200 393 "-" "Mozilla/5.0 (iPhone; CPU iPhone OS 18_3_1 like Mac OS X) AppleWebKit/605.1.15 (KHTML, like Gecko) Mobile/15E148 THDConsumer/7.45.0.1 (iPhone;iOS 18.3.1)DID:"
159.223.242.210 - - [22/Aug/2025:11:25:35 +0200] "GET /wp-content/product.php HTTP/1.1" 200 393 "-" "Mozilla/5.0 (iPhone; CPU iPhone OS 18_3_1 like Mac OS X) AppleWebKit/605.1.15 (KHTML, like Gecko) Mobile/15E148 THDConsumer/7.45.0.1 (iPhone;iOS 18.3.1)DID:"
86.8.204.43 - - [22/Aug/2025:11:25:35 +0200] "GET /wp-content/product.php HTTP/1.1" 200 393 "-" "Mozilla/5.0 (iPhone; CPU iPhone OS 18_3_1 like Mac OS X) AppleWebKit/605.1.15 (KHTML, like Gecko) Mobile/15E148 THDConsumer/7.45.0.1 (iPhone;iOS 18.3.1)DID:"
172.83.7.26 - - [22/Aug/2025:11:25:35 +0200] "GET /wp-content/product.php HTTP/1.1" 200 393 "-" "Mozilla/5.0 (iPhone; CPU iPhone OS 18_3_1 like Mac OS X) AppleWebKit/605.1.15 (KHTML, like Gecko) Mobile/15E148 THDConsumer/7.45.0.1 (iPhone;iOS 18.3.1)DID:"
20.171.207.15 - - [22/Aug/2025:11:25:36 +0200] "GET /pages.php?shrug%2Fz78%3Fpid=32894 HTTP/1.1" 200 479480 "-" "Mozilla/5.0 AppleWebKit/537.36 (KHTML, like Gecko; compatible; GPTBot/1.2; +https://openai.com/gptbot)"
20.171.207.15 - - [22/Aug/2025:11:25:39 +0200] "GET /pages.php?scary%2Fv40%3Fpid=646 HTTP/1.1" 200 473035 "-" "Mozilla/5.0 AppleWebKit/537.36 (KHTML, like Gecko; compatible; GPTBot/1.2; +https://openai.com/gptbot)"
20.171.207.15 - - [22/Aug/2025:11:25:40 +0200] "GET /pages.php?vertical%2Fc76%3Fpid=902 HTTP/1.1" 200 463367 "-" "Mozilla/5.0 AppleWebKit/537.36 (KHTML, like Gecko; compatible; GPTBot/1.2; +https://openai.com/gptbot)"
66.249.74.72 - - [22/Aug/2025:11:25:41 +0200] "GET /?_gl=1*bx5ousi*_ga*jmOkjrslEctTxxyBphkOXVBFpdnT*_ga_CIUYDGQRZ*VbFORzFMf28r8oSYa6jwWtQcUR3D9BBb6dggdt6pyrSMkR1GsxkIApb.*_gcl_au=1.1.194240322.174645842*_gcl_aw=EVG.174214764.zxdO3ctP9c7uprfxdEJGHKGVCTBI7as7Cu9gzmmRKRKM2xVxq0E7rdVGrNb0pbjwHuYwxObTWj36SAmCj0L2sB3fHg..&_gz=2.192686394.191080969.179293887-869362568.161281656&_bdsid=v1shpr.n~RDIAH.174719976.171567595&_bd_prev_page=https://kjinvest.net/vendor.py?dessert297033672.html HTTP/1.1" 200 584938 "-" "Mozilla/5.0 (Linux; Android 6.0.1; Nexus 5X Build/MMB29P) AppleWebKit/537.36 (KHTML, like Gecko) Chrome/138.0.7204.183 Mobile Safari/537.36 (compatible; Googlebot/2.1; +http://www.google.com/bot.html)"
20.171.207.15 - - [22/Aug/2025:11:25:41 +0200] "GET / HTTP/1.1" 500 0 "-" "Mozilla/5.0 AppleWebKit/537.36 (KHTML, like Gecko; compatible; GPTBot/1.2; +https://openai.com/gptbot)"
20.171.207.15 - - [22/Aug/2025:11:25:44 +0200] "GET /pages.php?behavioral%2Fn29%3Fpid=301 HTTP/1.1" 200 465605 "-" "Mozilla/5.0 AppleWebKit/537.36 (KHTML, like Gecko; compatible; GPTBot/1.2; +https://openai.com/gptbot)"
20.171.207.15 - - [22/Aug/2025:11:25:48 +0200] "GET /pages.php?knock%2Fq60%3Fpid=13880 HTTP/1.1" 200 475889 "-" "Mozilla/5.0 AppleWebKit/537.36 (KHTML, like Gecko; compatible; GPTBot/1.2; +https://openai.com/gptbot)"
20.171.207.15 - - [22/Aug/2025:11:25:50 +0200] "GET /pages.php?highly%2Fy246%3Fpid=21416 HTTP/1.1" 200 467312 "-" "Mozilla/5.0 AppleWebKit/537.36 (KHTML, like Gecko; compatible; GPTBot/1.2; +https://openai.com/gptbot)"
20.171.207.15 - - [22/Aug/2025:11:25:53 +0200] "GET /pages.php?revenue%2Fv22%3Fpid=16972 HTTP/1.1" 200 473065 "-" "Mozilla/5.0 AppleWebKit/537.36 (KHTML, like Gecko; compatible; GPTBot/1.2; +https://openai.com/gptbot)"
20.171.207.15 - - [22/Aug/2025:11:25:56 +0200] "GET /pages.php?belly%2Fx3%3Fpid=27871 HTTP/1.1" 200 469561 "-" "Mozilla/5.0 AppleWebKit/537.36 (KHTML, like Gecko; compatible; GPTBot/1.2; +https://openai.com/gptbot)"
20.171.207.15 - - [22/Aug/2025:11:25:57 +0200] "GET /pages.php?mood%2Fj167%3Fpid=3923 HTTP/1.1" 200 466066 "-" "Mozilla/5.0 AppleWebKit/537.36 (KHTML, like Gecko; compatible; GPTBot/1.2; +https://openai.com/gptbot)"
20.171.207.15 - - [22/Aug/2025:11:25:59 +0200] "GET /pages.php?grain%2Fi41%3Fpid=8045 HTTP/1.1" 200 459974 "-" "Mozilla/5.0 AppleWebKit/537.36 (KHTML, like Gecko; compatible; GPTBot/1.2; +https://openai.com/gptbot)"
20.171.207.15 - - [22/Aug/2025:11:26:01 +0200] "GET /pages.php?talk%2Fw82%3Fpid=42602 HTTP/1.1" 200 474733 "-" "Mozilla/5.0 AppleWebKit/537.36 (KHTML, like Gecko; compatible; GPTBot/1.2; +https://openai.com/gptbot)"
20.171.207.15 - - [22/Aug/2025:11:26:03 +0200] "GET /pages.php?comparison%2Ft22%3Fpid=614 HTTP/1.1" 200 467452 "-" "Mozilla/5.0 AppleWebKit/537.36 (KHTML, like Gecko; compatible; GPTBot/1.2; +https://openai.com/gptbot)"
20.171.207.15 - - [22/Aug/2025:11:26:04 +0200] "GET /pages.php?code%2Fr82%3Fpid=42604 HTTP/1.1" 200 461637 "-" "Mozilla/5.0 AppleWebKit/537.36 (KHTML, like Gecko; compatible; GPTBot/1.2; +https://openai.com/gptbot)"
20.171.207.15 - - [22/Aug/2025:11:26:07 +0200] "GET /pages.php?jeans%2Fw16%3Fpid=16878 HTTP/1.1" 200 469545 "-" "Mozilla/5.0 AppleWebKit/537.36 (KHTML, like Gecko; compatible; GPTBot/1.2; +https://openai.com/gptbot)"
20.171.207.15 - - [22/Aug/2025:11:26:09 +0200] "GET /pages.php?bind%2Fr93%3Fpid=10183 HTTP/1.1" 200 463982 "-" "Mozilla/5.0 AppleWebKit/537.36 (KHTML, like Gecko; compatible; GPTBot/1.2; +https://openai.com/gptbot)"
20.171.207.15 - - [22/Aug/2025:11:26:12 +0200] "GET /pages.php?cloud%2Fi63%3Fpid=11945 HTTP/1.1" 200 474050 "-" "Mozilla/5.0 AppleWebKit/537.36 (KHTML, like Gecko; compatible; GPTBot/1.2; +https://openai.com/gptbot)"
20.171.207.29 - - [22/Aug/2025:11:26:13 +0200] "GET /?_bd_prev_page=https%3A%2F%2Fkjinvest.net%2Fsite.asp%3Fbehave%2Fa3%3Fpid%3D395&_bdsid=v5njat.n%7EAVSGA.1747508339875.1798364627 HTTP/1.1" 500 0 "-" "Mozilla/5.0 AppleWebKit/537.36 (KHTML, like Gecko; compatible; GPTBot/1.2; +https://openai.com/gptbot)"
20.171.207.15 - - [22/Aug/2025:11:26:15 +0200] "GET /pages.php?relate%2Fm2%3Fpid=7598 HTTP/1.1" 200 476212 "-" "Mozilla/5.0 AppleWebKit/537.36 (KHTML, like Gecko; compatible; GPTBot/1.2; +https://openai.com/gptbot)"
20.171.207.15 - - [22/Aug/2025:11:26:18 +0200] "GET /pages.php?money%2Fi29%3Fpid=33155 HTTP/1.1" 200 471131 "-" "Mozilla/5.0 AppleWebKit/537.36 (KHTML, like Gecko; compatible; GPTBot/1.2; +https://openai.com/gptbot)"
20.171.207.15 - - [22/Aug/2025:11:26:19 +0200] "GET /pages.php?event%2Fo8%3Fpid=28400 HTTP/1.1" 200 466058 "-" "Mozilla/5.0 AppleWebKit/537.36 (KHTML, like Gecko; compatible; GPTBot/1.2; +https://openai.com/gptbot)"
20.171.207.15 - - [22/Aug/2025:11:26:20 +0200] "GET /pages.php?section%2Fl2%3Fpid=7600 HTTP/1.1" 200 461294 "-" "Mozilla/5.0 AppleWebKit/537.36 (KHTML, like Gecko; compatible; GPTBot/1.2; +https://openai.com/gptbot)"
20.171.207.15 - - [22/Aug/2025:11:26:22 +0200] "GET /pages.php?shoot%2Fu1%3Fpid=33469 HTTP/1.1" 200 466137 "-" "Mozilla/5.0 AppleWebKit/537.36 (KHTML, like Gecko; compatible; GPTBot/1.2; +https://openai.com/gptbot)"
20.171.207.15 - - [22/Aug/2025:11:26:24 +0200] "GET /pages.php?mainly%2Fo86%3Fpid=422 HTTP/1.1" 200 465406 "-" "Mozilla/5.0 AppleWebKit/537.36 (KHTML, like Gecko; compatible; GPTBot/1.2; +https://openai.com/gptbot)"
20.171.207.15 - - [22/Aug/2025:11:26:27 +0200] "GET /pages.php?list%2Fr28%3Fpid=13956 HTTP/1.1" 200 475760 "-" "Mozilla/5.0 AppleWebKit/537.36 (KHTML, like Gecko; compatible; GPTBot/1.2; +https://openai.com/gptbot)"
20.171.207.15 - - [22/Aug/2025:11:26:28 +0200] "GET /pages.php?partly%2Fj38%3Fpid=1142 HTTP/1.1" 200 469920 "-" "Mozilla/5.0 AppleWebKit/537.36 (KHTML, like Gecko; compatible; GPTBot/1.2; +https://openai.com/gptbot)"
20.171.207.15 - - [22/Aug/2025:11:26:29 +0200] "GET /pages.php?four%2Fx86%3Fpid=47114 HTTP/1.1" 200 476023 "-" "Mozilla/5.0 AppleWebKit/537.36 (KHTML, like Gecko; compatible; GPTBot/1.2; +https://openai.com/gptbot)"
20.171.207.15 - - [22/Aug/2025:11:26:30 +0200] "GET /pages.php?flip%2Fw69%3Fpid=46751 HTTP/1.1" 200 461025 "-" "Mozilla/5.0 AppleWebKit/537.36 (KHTML, like Gecko; compatible; GPTBot/1.2; +https://openai.com/gptbot)"
20.171.207.15 - - [22/Aug/2025:11:26:31 +0200] "GET / HTTP/1.1" 500 0 "-" "Mozilla/5.0 AppleWebKit/537.36 (KHTML, like Gecko; compatible; GPTBot/1.2; +https://openai.com/gptbot)"
20.171.207.15 - - [22/Aug/2025:11:26:33 +0200] "GET /pages.php?term%2Ff170%3Fpid=1592 HTTP/1.1" 200 472207 "-" "Mozilla/5.0 AppleWebKit/537.36 (KHTML, like Gecko; compatible; GPTBot/1.2; +https://openai.com/gptbot)"
20.171.207.15 - - [22/Aug/2025:11:26:36 +0200] "GET /pages.php?import%2Fo88%3Fpid=614 HTTP/1.1" 200 465359 "-" "Mozilla/5.0 AppleWebKit/537.36 (KHTML, like Gecko; compatible; GPTBot/1.2; +https://openai.com/gptbot)"
20.171.207.15 - - [22/Aug/2025:11:26:39 +0200] "GET /pages.php?must%2Ff45%3Fpid=47615 HTTP/1.1" 200 466460 "-" "Mozilla/5.0 AppleWebKit/537.36 (KHTML, like Gecko; compatible; GPTBot/1.2; +https://openai.com/gptbot)"
66.249.74.73 - - [22/Aug/2025:11:26:39 +0200] "GET /initial298022379.html HTTP/1.1" 200 558852 "-" "Mozilla/5.0 (Linux; Android 6.0.1; Nexus 5X Build/MMB29P) AppleWebKit/537.36 (KHTML, like Gecko) Chrome/138.0.7204.183 Mobile Safari/537.36 (compatible; Googlebot/2.1; +http://www.google.com/bot.html)"
20.171.207.15 - - [22/Aug/2025:11:26:41 +0200] "GET /pages.php?winter%2Fn91%3Fpid=695 HTTP/1.1" 200 463449 "-" "Mozilla/5.0 AppleWebKit/537.36 (KHTML, like Gecko; compatible; GPTBot/1.2; +https://openai.com/gptbot)"
20.171.207.15 - - [22/Aug/2025:11:26:44 +0200] "GET /pages.php?command%2Fq91%3Fpid=699 HTTP/1.1" 200 463105 "-" "Mozilla/5.0 AppleWebKit/537.36 (KHTML, like Gecko; compatible; GPTBot/1.2; +https://openai.com/gptbot)"
20.171.207.15 - - [22/Aug/2025:11:26:48 +0200] "GET /pages.php?funny%2Fx274%3Fpid=8280 HTTP/1.1" 200 469808 "-" "Mozilla/5.0 AppleWebKit/537.36 (KHTML, like Gecko; compatible; GPTBot/1.2; +https://openai.com/gptbot)"
20.171.207.15 - - [22/Aug/2025:11:26:51 +0200] "GET /pages.php?risky%2Fl17%3Fpid=15465 HTTP/1.1" 200 469589 "-" "Mozilla/5.0 AppleWebKit/537.36 (KHTML, like Gecko; compatible; GPTBot/1.2; +https://openai.com/gptbot)"
20.171.207.15 - - [22/Aug/2025:11:26:51 +0200] "GET /pages.php?suffer%2Fp91%3Fpid=697 HTTP/1.1" 200 465194 "-" "Mozilla/5.0 AppleWebKit/537.36 (KHTML, like Gecko; compatible; GPTBot/1.2; +https://openai.com/gptbot)"
20.171.207.15 - - [22/Aug/2025:11:26:53 +0200] "GET /pages.php?organ%2Fi35%3Fpid=9019 HTTP/1.1" 200 466143 "-" "Mozilla/5.0 AppleWebKit/537.36 (KHTML, like Gecko; compatible; GPTBot/1.2; +https://openai.com/gptbot)"
20.171.207.15 - - [22/Aug/2025:11:26:55 +0200] "GET /pages.php?sofa%2Fq268%3Fpid=45606 HTTP/1.1" 200 465190 "-" "Mozilla/5.0 AppleWebKit/537.36 (KHTML, like Gecko; compatible; GPTBot/1.2; +https://openai.com/gptbot)"
20.171.207.15 - - [22/Aug/2025:11:26:56 +0200] "GET /pages.php?per%2Fz261%3Fpid=22843 HTTP/1.1" 200 471205 "-" "Mozilla/5.0 AppleWebKit/537.36 (KHTML, like Gecko; compatible; GPTBot/1.2; +https://openai.com/gptbot)"
20.171.207.15 - - [22/Aug/2025:11:26:57 +0200] "GET /pages.php?lover%2Fl25%3Fpid=48931 HTTP/1.1" 200 462778 "-" "Mozilla/5.0 AppleWebKit/537.36 (KHTML, like Gecko; compatible; GPTBot/1.2; +https://openai.com/gptbot)"
20.171.207.15 - - [22/Aug/2025:11:26:58 +0200] "GET /pages.php?tough%2Ff8%3Fpid=7918 HTTP/1.1" 200 465216 "-" "Mozilla/5.0 AppleWebKit/537.36 (KHTML, like Gecko; compatible; GPTBot/1.2; +https://openai.com/gptbot)"
20.171.207.15 - - [22/Aug/2025:11:27:00 +0200] "GET /pages.php?casino%2Ff8%3Fpid=31300 HTTP/1.1" 200 472257 "-" "Mozilla/5.0 AppleWebKit/537.36 (KHTML, like Gecko; compatible; GPTBot/1.2; +https://openai.com/gptbot)"
20.171.207.15 - - [22/Aug/2025:11:27:01 +0200] "GET /pages.php?bury%2Fi96%3Fpid=10204 HTTP/1.1" 200 466969 "-" "Mozilla/5.0 AppleWebKit/537.36 (KHTML, like Gecko; compatible; GPTBot/1.2; +https://openai.com/gptbot)"
20.171.207.15 - - [22/Aug/2025:11:27:04 +0200] "GET /pages.php?tone%2Fa19%3Fpid=24381 HTTP/1.1" 200 465108 "-" "Mozilla/5.0 AppleWebKit/537.36 (KHTML, like Gecko; compatible; GPTBot/1.2; +https://openai.com/gptbot)"
20.171.207.15 - - [22/Aug/2025:11:27:05 +0200] "GET /pages.php?action%2Fa84%3Fpid=952 HTTP/1.1" 200 469255 "-" "Mozilla/5.0 AppleWebKit/537.36 (KHTML, like Gecko; compatible; GPTBot/1.2; +https://openai.com/gptbot)"
20.171.207.15 - - [22/Aug/2025:11:27:05 +0200] "GET / HTTP/1.1" 500 0 "-" "Mozilla/5.0 AppleWebKit/537.36 (KHTML, like Gecko; compatible; GPTBot/1.2; +https://openai.com/gptbot)"
20.171.207.15 - - [22/Aug/2025:11:27:07 +0200] "GET /pages.php?chest%2Fj83%3Fpid=27057 HTTP/1.1" 200 476467 "-" "Mozilla/5.0 AppleWebKit/537.36 (KHTML, like Gecko; compatible; GPTBot/1.2; +https://openai.com/gptbot)"
20.171.207.15 - - [22/Aug/2025:11:27:11 +0200] "GET /pages.php?frequent%2Fr16%3Fpid=124 HTTP/1.1" 200 461059 "-" "Mozilla/5.0 AppleWebKit/537.36 (KHTML, like Gecko; compatible; GPTBot/1.2; +https://openai.com/gptbot)"
20.171.207.29 - - [22/Aug/2025:11:27:12 +0200] "GET /pages.php?salmon%2Fg66%3Fpid=478 HTTP/1.1" 200 465217 "-" "Mozilla/5.0 AppleWebKit/537.36 (KHTML, like Gecko; compatible; GPTBot/1.2; +https://openai.com/gptbot)"
20.171.207.15 - - [22/Aug/2025:11:27:16 +0200] "GET /pages.php?anxious%2Fc46%3Fpid=868 HTTP/1.1" 200 472233 "-" "Mozilla/5.0 AppleWebKit/537.36 (KHTML, like Gecko; compatible; GPTBot/1.2; +https://openai.com/gptbot)"
20.171.207.15 - - [22/Aug/2025:11:27:19 +0200] "GET /pages.php?mutter%2Fn27%3Fpid=9385 HTTP/1.1" 200 466110 "-" "Mozilla/5.0 AppleWebKit/537.36 (KHTML, like Gecko; compatible; GPTBot/1.2; +https://openai.com/gptbot)"
20.171.207.15 - - [22/Aug/2025:11:27:20 +0200] "GET /pages.php?halfway%2Fc46%3Fpid=884 HTTP/1.1" 200 460730 "-" "Mozilla/5.0 AppleWebKit/537.36 (KHTML, like Gecko; compatible; GPTBot/1.2; +https://openai.com/gptbot)"
20.171.207.15 - - [22/Aug/2025:11:27:22 +0200] "GET /pages.php?q-~74jzbCFE2q9fkEWv21DjvVL4misu7hmZ33803/ HTTP/1.1" 200 463862 "-" "Mozilla/5.0 AppleWebKit/537.36 (KHTML, like Gecko; compatible; GPTBot/1.2; +https://openai.com/gptbot)"
20.171.207.15 - - [22/Aug/2025:11:27:23 +0200] "GET /?_bd_prev_page=https%3A%2F%2Fwww.kjinvest.net%2Fchat.xhtml%3Fidentity%2Fu88%3Fpid%3D37488&_bdsid=sh0qr2.n%7ECANTS.172979176.172372949&_gz=2.199304954.190978852.175149336-863852640.162371011 HTTP/1.1" 500 0 "-" "Mozilla/5.0 AppleWebKit/537.36 (KHTML, like Gecko; compatible; GPTBot/1.2; +https://openai.com/gptbot)"
20.171.207.15 - - [22/Aug/2025:11:27:26 +0200] "GET /pages.php?peaceful%2Fw84%3Fpid=950 HTTP/1.1" 200 466028 "-" "Mozilla/5.0 AppleWebKit/537.36 (KHTML, like Gecko; compatible; GPTBot/1.2; +https://openai.com/gptbot)"
66.249.74.74 - - [22/Aug/2025:11:27:27 +0200] "GET /rate024001755.html HTTP/1.1" 200 555952 "-" "Mozilla/5.0 (Linux; Android 6.0.1; Nexus 5X Build/MMB29P) AppleWebKit/537.36 (KHTML, like Gecko) Chrome/138.0.7204.183 Mobile Safari/537.36 (compatible; Googlebot/2.1; +http://www.google.com/bot.html)"
20.171.207.15 - - [22/Aug/2025:11:27:31 +0200] "GET /pages.php?trick%2Fl8%3Fpid=17910 HTTP/1.1" 200 467067 "-" "Mozilla/5.0 AppleWebKit/537.36 (KHTML, like Gecko; compatible; GPTBot/1.2; +https://openai.com/gptbot)"
20.171.207.15 - - [22/Aug/2025:11:27:36 +0200] "GET /pages.php?q-~296s1AAJlfvLJoA1rPxD8Ixcx9snIE6Fl23247/ HTTP/1.1" 200 465326 "-" "Mozilla/5.0 AppleWebKit/537.36 (KHTML, like Gecko; compatible; GPTBot/1.2; +https://openai.com/gptbot)"
20.171.207.15 - - [22/Aug/2025:11:27:41 +0200] "GET /pages.php?observe%2Fg5%3Fpid=6909 HTTP/1.1" 200 461022 "-" "Mozilla/5.0 AppleWebKit/537.36 (KHTML, like Gecko; compatible; GPTBot/1.2; +https://openai.com/gptbot)"
20.171.207.15 - - [22/Aug/2025:11:27:46 +0200] "GET /pages.php?friendly%2Fh84%3Fpid=954 HTTP/1.1" 200 466689 "-" "Mozilla/5.0 AppleWebKit/537.36 (KHTML, like Gecko; compatible; GPTBot/1.2; +https://openai.com/gptbot)"
20.171.207.15 - - [22/Aug/2025:11:27:50 +0200] "GET /pages.php?safely%2Fr82%3Fpid=740 HTTP/1.1" 200 471396 "-" "Mozilla/5.0 AppleWebKit/537.36 (KHTML, like Gecko; compatible; GPTBot/1.2; +https://openai.com/gptbot)"
20.171.207.15 - - [22/Aug/2025:11:27:53 +0200] "GET /pages.php?civil%2Fo49%3Fpid=3103 HTTP/1.1" 200 459604 "-" "Mozilla/5.0 AppleWebKit/537.36 (KHTML, like Gecko; compatible; GPTBot/1.2; +https://openai.com/gptbot)"
20.171.207.15 - - [22/Aug/2025:11:27:55 +0200] "GET /pages.php?skirt%2Fm19%3Fpid=40427 HTTP/1.1" 200 462958 "-" "Mozilla/5.0 AppleWebKit/537.36 (KHTML, like Gecko; compatible; GPTBot/1.2; +https://openai.com/gptbot)"
20.171.207.15 - - [22/Aug/2025:11:27:59 +0200] "GET /pages.php?AIDS%2Fn94%3Fpid=18156 HTTP/1.1" 200 461404 "-" "Mozilla/5.0 AppleWebKit/537.36 (KHTML, like Gecko; compatible; GPTBot/1.2; +https://openai.com/gptbot)"
20.171.207.15 - - [22/Aug/2025:11:28:00 +0200] "GET /pages.php?course%2Fb8%3Fpid=17912 HTTP/1.1" 200 459805 "-" "Mozilla/5.0 AppleWebKit/537.36 (KHTML, like Gecko; compatible; GPTBot/1.2; +https://openai.com/gptbot)"
20.171.207.15 - - [22/Aug/2025:11:28:02 +0200] "GET /pages.php?tour%2Fz97%3Fpid=17585 HTTP/1.1" 200 459794 "-" "Mozilla/5.0 AppleWebKit/537.36 (KHTML, like Gecko; compatible; GPTBot/1.2; +https://openai.com/gptbot)"
20.171.207.15 - - [22/Aug/2025:11:28:04 +0200] "GET /pages.php?loyal%2Fa8%3Fpid=31900 HTTP/1.1" 200 463164 "-" "Mozilla/5.0 AppleWebKit/537.36 (KHTML, like Gecko; compatible; GPTBot/1.2; +https://openai.com/gptbot)"
20.171.207.15 - - [22/Aug/2025:11:28:07 +0200] "GET /pages.php?restaurant%2Fn291%3Fpid=7919 HTTP/1.1" 200 469416 "-" "Mozilla/5.0 AppleWebKit/537.36 (KHTML, like Gecko; compatible; GPTBot/1.2; +https://openai.com/gptbot)"
20.171.207.15 - - [22/Aug/2025:11:28:10 +0200] "GET /pages.php?trim%2Fz21%3Fpid=20285 HTTP/1.1" 200 480260 "-" "Mozilla/5.0 AppleWebKit/537.36 (KHTML, like Gecko; compatible; GPTBot/1.2; +https://openai.com/gptbot)"
20.171.207.15 - - [22/Aug/2025:11:28:11 +0200] "GET /pages.php?candy%2Fz88%3Fpid=616 HTTP/1.1" 200 465574 "-" "Mozilla/5.0 AppleWebKit/537.36 (KHTML, like Gecko; compatible; GPTBot/1.2; +https://openai.com/gptbot)"
20.171.207.29 - - [22/Aug/2025:11:28:12 +0200] "GET /?_bd_prev_page=https%3A%2F%2Fkjinvest.net%2Fsite.asp%3Ftragic%2Fz74%3Fpid%3D23464&_bdsid=v5njat.n%7EAVSGA.1747508339875.1798364627 HTTP/1.1" 500 0 "-" "Mozilla/5.0 AppleWebKit/537.36 (KHTML, like Gecko; compatible; GPTBot/1.2; +https://openai.com/gptbot)"
20.171.207.15 - - [22/Aug/2025:11:28:12 +0200] "GET /pages.php?ambition%2Fb40%3Fpid=682 HTTP/1.1" 200 464808 "-" "Mozilla/5.0 AppleWebKit/537.36 (KHTML, like Gecko; compatible; GPTBot/1.2; +https://openai.com/gptbot)"
20.171.207.15 - - [22/Aug/2025:11:28:15 +0200] "GET /pages.php?bloody%2Fz81%3Fpid=41875 HTTP/1.1" 200 473640 "-" "Mozilla/5.0 AppleWebKit/537.36 (KHTML, like Gecko; compatible; GPTBot/1.2; +https://openai.com/gptbot)"
20.171.207.15 - - [22/Aug/2025:11:28:18 +0200] "GET /pages.php?news%2Fa19%3Fpid=4519 HTTP/1.1" 200 467014 "-" "Mozilla/5.0 AppleWebKit/537.36 (KHTML, like Gecko; compatible; GPTBot/1.2; +https://openai.com/gptbot)"
20.171.207.15 - - [22/Aug/2025:11:28:20 +0200] "GET /pages.php?opinion%2Fa19%3Fpid=4165 HTTP/1.1" 200 467490 "-" "Mozilla/5.0 AppleWebKit/537.36 (KHTML, like Gecko; compatible; GPTBot/1.2; +https://openai.com/gptbot)"
20.171.207.15 - - [22/Aug/2025:11:28:21 +0200] "GET /pages.php?north%2Fb80%3Fpid=17432 HTTP/1.1" 200 464208 "-" "Mozilla/5.0 AppleWebKit/537.36 (KHTML, like Gecko; compatible; GPTBot/1.2; +https://openai.com/gptbot)"
20.171.207.15 - - [22/Aug/2025:11:28:23 +0200] "GET /pages.php?sorry%2Fn32%3Fpid=854 HTTP/1.1" 200 470208 "-" "Mozilla/5.0 AppleWebKit/537.36 (KHTML, like Gecko; compatible; GPTBot/1.2; +https://openai.com/gptbot)"
20.171.207.15 - - [22/Aug/2025:11:28:24 +0200] "GET /pages.php?mayor%2Fv1%3Fpid=9071 HTTP/1.1" 200 465022 "-" "Mozilla/5.0 AppleWebKit/537.36 (KHTML, like Gecko; compatible; GPTBot/1.2; +https://openai.com/gptbot)"
20.171.207.15 - - [22/Aug/2025:11:28:25 +0200] "GET /pages.php?ridiculous%2Fh40%3Fpid=674 HTTP/1.1" 200 482946 "-" "Mozilla/5.0 AppleWebKit/537.36 (KHTML, like Gecko; compatible; GPTBot/1.2; +https://openai.com/gptbot)"
20.171.207.15 - - [22/Aug/2025:11:28:26 +0200] "GET /pages.php?additional%2Fb16%3Fpid=704 HTTP/1.1" 200 465386 "-" "Mozilla/5.0 AppleWebKit/537.36 (KHTML, like Gecko; compatible; GPTBot/1.2; +https://openai.com/gptbot)"
20.171.207.15 - - [22/Aug/2025:11:28:27 +0200] "GET /chat.xhtml?rural%2Fw8%3Fpid=944 HTTP/1.1" 500 0 "-" "Mozilla/5.0 AppleWebKit/537.36 (KHTML, like Gecko; compatible; GPTBot/1.2; +https://openai.com/gptbot)"
20.171.207.15 - - [22/Aug/2025:11:28:29 +0200] "GET /pages.php?visit%2Fy14%3Fpid=26592 HTTP/1.1" 200 476371 "-" "Mozilla/5.0 AppleWebKit/537.36 (KHTML, like Gecko; compatible; GPTBot/1.2; +https://openai.com/gptbot)"
20.171.207.15 - - [22/Aug/2025:11:28:32 +0200] "GET /pages.php?injury%2Fh44%3Fpid=1700 HTTP/1.1" 200 465468 "-" "Mozilla/5.0 AppleWebKit/537.36 (KHTML, like Gecko; compatible; GPTBot/1.2; +https://openai.com/gptbot)"
20.171.207.15 - - [22/Aug/2025:11:28:37 +0200] "GET /pages.php?cart%2Fl1%3Fpid=41695 HTTP/1.1" 200 472100 "-" "Mozilla/5.0 AppleWebKit/537.36 (KHTML, like Gecko; compatible; GPTBot/1.2; +https://openai.com/gptbot)"
20.171.207.15 - - [22/Aug/2025:11:28:38 +0200] "GET /pages.php?rabbit%2Fy58%3Fpid=392 HTTP/1.1" 200 462252 "-" "Mozilla/5.0 AppleWebKit/537.36 (KHTML, like Gecko; compatible; GPTBot/1.2; +https://openai.com/gptbot)"
20.171.207.15 - - [22/Aug/2025:11:28:40 +0200] "GET / HTTP/1.1" 500 0 "-" "Mozilla/5.0 AppleWebKit/537.36 (KHTML, like Gecko; compatible; GPTBot/1.2; +https://openai.com/gptbot)"
20.171.207.15 - - [22/Aug/2025:11:28:42 +0200] "GET /pages.php?lobby%2Fa8%3Fpid=17916 HTTP/1.1" 200 461069 "-" "Mozilla/5.0 AppleWebKit/537.36 (KHTML, like Gecko; compatible; GPTBot/1.2; +https://openai.com/gptbot)"
20.171.207.15 - - [22/Aug/2025:11:28:51 +0200] "GET /pages.php?fatal%2Fo80%3Fpid=18614 HTTP/1.1" 200 468766 "-" "Mozilla/5.0 AppleWebKit/537.36 (KHTML, like Gecko; compatible; GPTBot/1.2; +https://openai.com/gptbot)"
20.171.207.15 - - [22/Aug/2025:11:28:55 +0200] "GET /pages.php?root%2Fx140%3Fpid=3858 HTTP/1.1" 200 468029 "-" "Mozilla/5.0 AppleWebKit/537.36 (KHTML, like Gecko; compatible; GPTBot/1.2; +https://openai.com/gptbot)"
20.171.207.15 - - [22/Aug/2025:11:29:01 +0200] "GET /pages.php?lost%2Fr34%3Fpid=48910 HTTP/1.1" 200 467583 "-" "Mozilla/5.0 AppleWebKit/537.36 (KHTML, like Gecko; compatible; GPTBot/1.2; +https://openai.com/gptbot)"
20.171.207.15 - - [22/Aug/2025:11:29:05 +0200] "GET /chat.xhtml?giant%2Fx51%3Fpid=229 HTTP/1.1" 500 0 "-" "Mozilla/5.0 AppleWebKit/537.36 (KHTML, like Gecko; compatible; GPTBot/1.2; +https://openai.com/gptbot)"
20.171.207.29 - - [22/Aug/2025:11:29:07 +0200] "GET /pages.php?apology%2Fa68%3Fpid=150 HTTP/1.1" 200 468184 "-" "Mozilla/5.0 AppleWebKit/537.36 (KHTML, like Gecko; compatible; GPTBot/1.2; +https://openai.com/gptbot)"
20.171.207.15 - - [22/Aug/2025:11:29:11 +0200] "GET /pages.php?software%2Fj19%3Fpid=435 HTTP/1.1" 200 463478 "-" "Mozilla/5.0 AppleWebKit/537.36 (KHTML, like Gecko; compatible; GPTBot/1.2; +https://openai.com/gptbot)"
20.171.207.15 - - [22/Aug/2025:11:29:24 +0200] "GET /pages.php?calendar%2Fw88%3Fpid=470 HTTP/1.1" 200 467712 "-" "Mozilla/5.0 AppleWebKit/537.36 (KHTML, like Gecko; compatible; GPTBot/1.2; +https://openai.com/gptbot)"
20.171.207.15 - - [22/Aug/2025:11:29:38 +0200] "GET /pages.php?bury%2Fq55%3Fpid=10073 HTTP/1.1" 200 473589 "-" "Mozilla/5.0 AppleWebKit/537.36 (KHTML, like Gecko; compatible; GPTBot/1.2; +https://openai.com/gptbot)"
20.171.207.15 - - [22/Aug/2025:11:29:49 +0200] "GET /pages.php?organ%2Fa175%3Fpid=2675 HTTP/1.1" 200 469113 "-" "Mozilla/5.0 AppleWebKit/537.36 (KHTML, like Gecko; compatible; GPTBot/1.2; +https://openai.com/gptbot)"
66.249.74.73 - - [22/Aug/2025:11:29:52 +0200] "GET /technician188034409.html HTTP/1.1" 200 565806 "-" "Mozilla/5.0 (Linux; Android 6.0.1; Nexus 5X Build/MMB29P) AppleWebKit/537.36 (KHTML, like Gecko) Chrome/138.0.7204.183 Mobile Safari/537.36 (compatible; Googlebot/2.1; +http://www.google.com/bot.html)"
20.171.207.15 - - [22/Aug/2025:11:29:59 +0200] "GET /pages.php?bare%2Fa41%3Fpid=46967 HTTP/1.1" 200 465489 "-" "Mozilla/5.0 AppleWebKit/537.36 (KHTML, like Gecko; compatible; GPTBot/1.2; +https://openai.com/gptbot)"
66.249.74.73 - - [22/Aug/2025:11:29:59 +0200] "GET /magic157010372.html HTTP/1.1" 200 557911 "-" "Mozilla/5.0 (Linux; Android 6.0.1; Nexus 5X Build/MMB29P) AppleWebKit/537.36 (KHTML, like Gecko) Chrome/138.0.7204.183 Mobile Safari/537.36 (compatible; Googlebot/2.1; +http://www.google.com/bot.html)"
20.171.207.15 - - [22/Aug/2025:11:30:05 +0200] "GET /pages.php?indicate%2Ff7%3Fpid=665 HTTP/1.1" 200 464865 "-" "Mozilla/5.0 AppleWebKit/537.36 (KHTML, like Gecko; compatible; GPTBot/1.2; +https://openai.com/gptbot)"
20.171.207.29 - - [22/Aug/2025:11:30:14 +0200] "GET /pages.php?round%2Fz66%3Fpid=476 HTTP/1.1" 200 471411 "-" "Mozilla/5.0 AppleWebKit/537.36 (KHTML, like Gecko; compatible; GPTBot/1.2; +https://openai.com/gptbot)"
20.171.207.15 - - [22/Aug/2025:11:30:14 +0200] "GET /pages.php?ceremony%2Fr97%3Fpid=473 HTTP/1.1" 200 462938 "-" "Mozilla/5.0 AppleWebKit/537.36 (KHTML, like Gecko; compatible; GPTBot/1.2; +https://openai.com/gptbot)"
20.171.207.15 - - [22/Aug/2025:11:30:21 +0200] "GET /pages.php?arrow%2Fz14%3Fpid=354 HTTP/1.1" 200 470416 "-" "Mozilla/5.0 AppleWebKit/537.36 (KHTML, like Gecko; compatible; GPTBot/1.2; +https://openai.com/gptbot)"
20.171.207.15 - - [22/Aug/2025:11:30:28 +0200] "GET /pages.php?carry%2Fd19%3Fpid=4445 HTTP/1.1" 200 466455 "-" "Mozilla/5.0 AppleWebKit/537.36 (KHTML, like Gecko; compatible; GPTBot/1.2; +https://openai.com/gptbot)"
20.171.207.15 - - [22/Aug/2025:11:30:35 +0200] "GET /pages.php?creative%2Fj55%3Fpid=97 HTTP/1.1" 200 465198 "-" "Mozilla/5.0 AppleWebKit/537.36 (KHTML, like Gecko; compatible; GPTBot/1.2; +https://openai.com/gptbot)"
20.171.207.15 - - [22/Aug/2025:11:30:39 +0200] "GET /pages.php?truly%2Fa29%3Fpid=16367 HTTP/1.1" 200 471310 "-" "Mozilla/5.0 AppleWebKit/537.36 (KHTML, like Gecko; compatible; GPTBot/1.2; +https://openai.com/gptbot)"
20.171.207.15 - - [22/Aug/2025:11:30:45 +0200] "GET /pages.php?remove%2Ft97%3Fpid=1701 HTTP/1.1" 200 462129 "-" "Mozilla/5.0 AppleWebKit/537.36 (KHTML, like Gecko; compatible; GPTBot/1.2; +https://openai.com/gptbot)"
20.171.207.15 - - [22/Aug/2025:11:30:48 +0200] "GET /pages.php?poverty%2Fp55%3Fpid=89 HTTP/1.1" 200 465099 "-" "Mozilla/5.0 AppleWebKit/537.36 (KHTML, like Gecko; compatible; GPTBot/1.2; +https://openai.com/gptbot)"
20.171.207.15 - - [22/Aug/2025:11:30:51 +0200] "GET / HTTP/1.1" 500 0 "-" "Mozilla/5.0 AppleWebKit/537.36 (KHTML, like Gecko; compatible; GPTBot/1.2; +https://openai.com/gptbot)"
20.171.207.15 - - [22/Aug/2025:11:30:56 +0200] "GET /pages.php?nothing%2Fa14%3Fpid=318 HTTP/1.1" 200 470203 "-" "Mozilla/5.0 AppleWebKit/537.36 (KHTML, like Gecko; compatible; GPTBot/1.2; +https://openai.com/gptbot)"
20.171.207.15 - - [22/Aug/2025:11:31:05 +0200] "GET /pages.php?low%2Fz51%3Fpid=22487 HTTP/1.1" 200 464143 "-" "Mozilla/5.0 AppleWebKit/537.36 (KHTML, like Gecko; compatible; GPTBot/1.2; +https://openai.com/gptbot)"
20.171.207.29 - - [22/Aug/2025:11:31:11 +0200] "GET /pages.php?dining%2Fw86%3Fpid=2574 HTTP/1.1" 200 466614 "-" "Mozilla/5.0 AppleWebKit/537.36 (KHTML, like Gecko; compatible; GPTBot/1.2; +https://openai.com/gptbot)"
20.171.207.15 - - [22/Aug/2025:11:31:14 +0200] "GET /pages.php?component%2Fs99%3Fpid=101 HTTP/1.1" 200 458191 "-" "Mozilla/5.0 AppleWebKit/537.36 (KHTML, like Gecko; compatible; GPTBot/1.2; +https://openai.com/gptbot)"
20.171.207.15 - - [22/Aug/2025:11:31:23 +0200] "GET /pages.php?news%2Fe233%3Fpid=31427 HTTP/1.1" 200 466052 "-" "Mozilla/5.0 AppleWebKit/537.36 (KHTML, like Gecko; compatible; GPTBot/1.2; +https://openai.com/gptbot)"
66.249.74.72 - - [22/Aug/2025:11:31:29 +0200] "GET /items/035000465.html?srsltid=AfmBOoesqeaXpXIdtLJXJSsGNRpPihUMzRAkH0kf8HXZ5vYppFGg HTTP/1.1" 200 555980 "-" "Mozilla/5.0 (Linux; Android 6.0.1; Nexus 5X Build/MMB29P) AppleWebKit/537.36 (KHTML, like Gecko) Chrome/138.0.7204.183 Mobile Safari/537.36 (compatible; Googlebot/2.1; +http://www.google.com/bot.html)"
20.171.207.15 - - [22/Aug/2025:11:31:32 +0200] "GET /pages.php?unity%2Fs42%3Fpid=590 HTTP/1.1" 200 463020 "-" "Mozilla/5.0 AppleWebKit/537.36 (KHTML, like Gecko; compatible; GPTBot/1.2; +https://openai.com/gptbot)"
66.249.74.72 - - [22/Aug/2025:11:31:36 +0200] "GET /items/059029367.html?srsltid=AfmBOobtvtDpCPKowPHz4WeeRPzqGlzDLgR0cQ94NMHO3GQph3HI HTTP/1.1" 200 556936 "-" "Mozilla/5.0 (Linux; Android 6.0.1; Nexus 5X Build/MMB29P) AppleWebKit/537.36 (KHTML, like Gecko) Chrome/138.0.7204.183 Mobile Safari/537.36 (compatible; Googlebot/2.1; +http://www.google.com/bot.html)"
20.171.207.15 - - [22/Aug/2025:11:31:37 +0200] "GET /pages.php?floor%2Ff6%3Fpid=39494 HTTP/1.1" 200 465193 "-" "Mozilla/5.0 AppleWebKit/537.36 (KHTML, like Gecko; compatible; GPTBot/1.2; +https://openai.com/gptbot)"
20.171.207.15 - - [22/Aug/2025:11:31:43 +0200] "GET /pages.php?number%2Fg39%3Fpid=409 HTTP/1.1" 200 462875 "-" "Mozilla/5.0 AppleWebKit/537.36 (KHTML, like Gecko; compatible; GPTBot/1.2; +https://openai.com/gptbot)"
20.171.207.15 - - [22/Aug/2025:11:31:50 +0200] "GET /pages.php?stair%2Fv57%3Fpid=25021 HTTP/1.1" 200 468977 "-" "Mozilla/5.0 AppleWebKit/537.36 (KHTML, like Gecko; compatible; GPTBot/1.2; +https://openai.com/gptbot)"
20.171.207.15 - - [22/Aug/2025:11:31:53 +0200] "GET /pages.php?drug%2Fs74%3Fpid=31694 HTTP/1.1" 200 479469 "-" "Mozilla/5.0 AppleWebKit/537.36 (KHTML, like Gecko; compatible; GPTBot/1.2; +https://openai.com/gptbot)"
20.171.207.15 - - [22/Aug/2025:11:31:58 +0200] "GET /pages.php?want%2Fn68%3Fpid=13296 HTTP/1.1" 200 465795 "-" "Mozilla/5.0 AppleWebKit/537.36 (KHTML, like Gecko; compatible; GPTBot/1.2; +https://openai.com/gptbot)"
66.249.74.74 - - [22/Aug/2025:11:32:01 +0200] "GET /broker173023476.html HTTP/1.1" 200 557813 "-" "Mozilla/5.0 (Linux; Android 6.0.1; Nexus 5X Build/MMB29P) AppleWebKit/537.36 (KHTML, like Gecko) Chrome/138.0.7204.183 Mobile Safari/537.36 (compatible; Googlebot/2.1; +http://www.google.com/bot.html)"
20.171.207.29 - - [22/Aug/2025:11:32:01 +0200] "GET /pages.php?street%2Fw51%3Fpid=1903 HTTP/1.1" 200 465042 "-" "Mozilla/5.0 AppleWebKit/537.36 (KHTML, like Gecko; compatible; GPTBot/1.2; +https://openai.com/gptbot)"
20.171.207.15 - - [22/Aug/2025:11:32:03 +0200] "GET /pages.php?hotel%2Fx24%3Fpid=27810 HTTP/1.1" 200 464662 "-" "Mozilla/5.0 AppleWebKit/537.36 (KHTML, like Gecko; compatible; GPTBot/1.2; +https://openai.com/gptbot)"
20.171.207.15 - - [22/Aug/2025:11:32:05 +0200] "GET / HTTP/1.1" 500 0 "-" "Mozilla/5.0 AppleWebKit/537.36 (KHTML, like Gecko; compatible; GPTBot/1.2; +https://openai.com/gptbot)"
20.171.207.15 - - [22/Aug/2025:11:32:11 +0200] "GET /pages.php?least%2Fm265%3Fpid=3495 HTTP/1.1" 200 463663 "-" "Mozilla/5.0 AppleWebKit/537.36 (KHTML, like Gecko; compatible; GPTBot/1.2; +https://openai.com/gptbot)"
