66.249.74.73 - - [22/Aug/2025:08:21:14 +0200] "GET /will201032778.html HTTP/1.1" 200 555447 "-" "Mozilla/5.0 (Linux; Android 6.0.1; Nexus 5X Build/MMB29P) AppleWebKit/537.36 (KHTML, like Gecko) Chrome/138.0.7204.183 Mobile Safari/537.36 (compatible; Googlebot/2.1; +http://www.google.com/bot.html)"
20.171.207.15 - - [22/Aug/2025:08:21:18 +0200] "GET / HTTP/1.1" 500 0 "-" "Mozilla/5.0 AppleWebKit/537.36 (KHTML, like Gecko; compatible; GPTBot/1.2; +https://openai.com/gptbot)"
20.171.207.29 - - [22/Aug/2025:08:21:21 +0200] "GET /pages.php?criminal%2Fj88%3Fpid=64 HTTP/1.1" 200 460410 "-" "Mozilla/5.0 AppleWebKit/537.36 (KHTML, like Gecko; compatible; GPTBot/1.2; +https://openai.com/gptbot)"
66.249.74.73 - - [22/Aug/2025:08:21:23 +0200] "GET /items/093015687.html?srsltid=AfmBOokkaWXRmFAiaJnTLykfUFkuRljzNGhHb5joV2QEAOur4UP3 HTTP/1.1" 200 564226 "-" "Mozilla/5.0 (Linux; Android 6.0.1; Nexus 5X Build/MMB29P) AppleWebKit/537.36 (KHTML, like Gecko) Chrome/138.0.7204.183 Mobile Safari/537.36 (compatible; Googlebot/2.1; +http://www.google.com/bot.html)"
20.171.207.15 - - [22/Aug/2025:08:21:24 +0200] "GET /pages.php?labor%2Fu17%3Fpid=40979 HTTP/1.1" 200 463088 "-" "Mozilla/5.0 AppleWebKit/537.36 (KHTML, like Gecko; compatible; GPTBot/1.2; +https://openai.com/gptbot)"
20.171.207.29 - - [22/Aug/2025:08:21:30 +0200] "GET /pages.php?shrug%2Fj54%3Fpid=17580 HTTP/1.1" 200 459310 "-" "Mozilla/5.0 AppleWebKit/537.36 (KHTML, like Gecko; compatible; GPTBot/1.2; +https://openai.com/gptbot)"
20.171.207.29 - - [22/Aug/2025:08:21:39 +0200] "GET /pages.php?q-~269vkT7ZXFq5eGtShIU3ynAqHuEn6IZ8Z21500/ HTTP/1.1" 200 463400 "-" "Mozilla/5.0 AppleWebKit/537.36 (KHTML, like Gecko; compatible; GPTBot/1.2; +https://openai.com/gptbot)"
66.249.74.72 - - [22/Aug/2025:08:21:39 +0200] "GET /dip057003584.html HTTP/1.1" 200 579917 "-" "Mozilla/5.0 (Linux; Android 6.0.1; Nexus 5X Build/MMB29P) AppleWebKit/537.36 (KHTML, like Gecko) Chrome/138.0.7204.183 Mobile Safari/537.36 (compatible; Googlebot/2.1; +http://www.google.com/bot.html)"
20.171.207.15 - - [22/Aug/2025:08:21:43 +0200] "GET /pages.php?hint%2Fp91%3Fpid=47865 HTTP/1.1" 200 466670 "-" "Mozilla/5.0 AppleWebKit/537.36 (KHTML, like Gecko; compatible; GPTBot/1.2; +https://openai.com/gptbot)"
20.171.207.29 - - [22/Aug/2025:08:21:46 +0200] "GET /pages.php?between%2Fn37%3Fpid=457 HTTP/1.1" 200 462018 "-" "Mozilla/5.0 AppleWebKit/537.36 (KHTML, like Gecko; compatible; GPTBot/1.2; +https://openai.com/gptbot)"
20.171.207.29 - - [22/Aug/2025:08:21:51 +0200] "GET /?_bd_prev_page=https%3A%2F%2Fkjinvest.net%2Fsite.asp%3Fkind%2Fz230%3Fpid%3D9234&_bdsid=v5njat.n%7EAVSGA.1747508339875.1798364627 HTTP/1.1" 500 0 "-" "Mozilla/5.0 AppleWebKit/537.36 (KHTML, like Gecko; compatible; GPTBot/1.2; +https://openai.com/gptbot)"
20.171.207.29 - - [22/Aug/2025:08:21:57 +0200] "GET /?_bd_prev_page=https%3A%2F%2Fkjinvest.net%2Fsite.asp%3Fq-%7E37ocKBGnavpVsOtUEmllhKSGlNbQeq0c158%2F&_bdsid=v5njat.n%7EAVSGA.1747508339875.1798364627 HTTP/1.1" 500 0 "-" "Mozilla/5.0 AppleWebKit/537.36 (KHTML, like Gecko; compatible; GPTBot/1.2; +https://openai.com/gptbot)"
20.171.207.15 - - [22/Aug/2025:08:22:00 +0200] "GET /pages.php?locate%2Fv35%3Fpid=539 HTTP/1.1" 200 455425 "-" "Mozilla/5.0 AppleWebKit/537.36 (KHTML, like Gecko; compatible; GPTBot/1.2; +https://openai.com/gptbot)"
20.171.207.29 - - [22/Aug/2025:08:22:15 +0200] "GET /?_bd_prev_page=https%3A%2F%2Fkjinvest.net%2Fsite.asp%3Fq-%7E26MtnyAHApyhkhTJ0c1kuTejyzCiyciJ5%2F&_bdsid=v5njat.n%7EAVSGA.1747508339875.1798364627 HTTP/1.1" 500 0 "-" "Mozilla/5.0 AppleWebKit/537.36 (KHTML, like Gecko; compatible; GPTBot/1.2; +https://openai.com/gptbot)"
20.171.207.15 - - [22/Aug/2025:08:22:15 +0200] "GET /pages.php?rating%2Fy14%3Fpid=156 HTTP/1.1" 200 468704 "-" "Mozilla/5.0 AppleWebKit/537.36 (KHTML, like Gecko; compatible; GPTBot/1.2; +https://openai.com/gptbot)"
20.171.207.15 - - [22/Aug/2025:08:22:29 +0200] "GET /pages.php?least%2Fj44%3Fpid=8918 HTTP/1.1" 200 473595 "-" "Mozilla/5.0 AppleWebKit/537.36 (KHTML, like Gecko; compatible; GPTBot/1.2; +https://openai.com/gptbot)"
66.249.74.72 - - [22/Aug/2025:08:22:38 +0200] "GET /items/247016365.html?srsltid=AfmBOonsqQZnvCecvsAbhRySPieYAiNPLQqrWUMER5CJt5GVKiL5 HTTP/1.1" 200 554769 "-" "Mozilla/5.0 (Linux; Android 6.0.1; Nexus 5X Build/MMB29P) AppleWebKit/537.36 (KHTML, like Gecko) Chrome/138.0.7204.183 Mobile Safari/537.36 (compatible; Googlebot/2.1; +http://www.google.com/bot.html)"
20.171.207.15 - - [22/Aug/2025:08:22:41 +0200] "GET /pages.php?vital%2Ff91%3Fpid=47867 HTTP/1.1" 200 479620 "-" "Mozilla/5.0 AppleWebKit/537.36 (KHTML, like Gecko; compatible; GPTBot/1.2; +https://openai.com/gptbot)"
20.171.207.15 - - [22/Aug/2025:08:22:51 +0200] "GET /pages.php?lots%2Fg91%3Fpid=47869 HTTP/1.1" 200 454375 "-" "Mozilla/5.0 AppleWebKit/537.36 (KHTML, like Gecko; compatible; GPTBot/1.2; +https://openai.com/gptbot)"
20.171.207.15 - - [22/Aug/2025:08:23:03 +0200] "GET /pages.php?donor%2Fr102%3Fpid=12408 HTTP/1.1" 200 460346 "-" "Mozilla/5.0 AppleWebKit/537.36 (KHTML, like Gecko; compatible; GPTBot/1.2; +https://openai.com/gptbot)"
20.171.207.29 - - [22/Aug/2025:08:23:08 +0200] "GET /pages.php?chronic%2Fg91%3Fpid=407 HTTP/1.1" 200 457578 "-" "Mozilla/5.0 AppleWebKit/537.36 (KHTML, like Gecko; compatible; GPTBot/1.2; +https://openai.com/gptbot)"
20.171.207.15 - - [22/Aug/2025:08:23:10 +0200] "GET /pages.php?afford%2Fi91%3Fpid=967 HTTP/1.1" 200 470523 "-" "Mozilla/5.0 AppleWebKit/537.36 (KHTML, like Gecko; compatible; GPTBot/1.2; +https://openai.com/gptbot)"
20.171.207.15 - - [22/Aug/2025:08:23:17 +0200] "GET /pages.php?thumb%2Fz49%3Fpid=27105 HTTP/1.1" 200 456168 "-" "Mozilla/5.0 AppleWebKit/537.36 (KHTML, like Gecko; compatible; GPTBot/1.2; +https://openai.com/gptbot)"
20.171.207.15 - - [22/Aug/2025:08:23:24 +0200] "GET /pages.php?devil%2Fc56%3Fpid=874 HTTP/1.1" 200 464167 "-" "Mozilla/5.0 AppleWebKit/537.36 (KHTML, like Gecko; compatible; GPTBot/1.2; +https://openai.com/gptbot)"
66.249.74.73 - - [22/Aug/2025:08:23:28 +0200] "GET /habit280044071.html HTTP/1.1" 200 559636 "-" "Mozilla/5.0 (Linux; Android 6.0.1; Nexus 5X Build/MMB29P) AppleWebKit/537.36 (KHTML, like Gecko) Chrome/138.0.7204.183 Mobile Safari/537.36 (compatible; Googlebot/2.1; +http://www.google.com/bot.html)"
20.171.207.15 - - [22/Aug/2025:08:23:31 +0200] "GET /pages.php?above%2Fl38%3Fpid=174 HTTP/1.1" 200 462274 "-" "Mozilla/5.0 AppleWebKit/537.36 (KHTML, like Gecko; compatible; GPTBot/1.2; +https://openai.com/gptbot)"
20.171.207.15 - - [22/Aug/2025:08:23:36 +0200] "GET / HTTP/1.1" 500 0 "-" "Mozilla/5.0 AppleWebKit/537.36 (KHTML, like Gecko; compatible; GPTBot/1.2; +https://openai.com/gptbot)"
20.171.207.15 - - [22/Aug/2025:08:23:42 +0200] "GET /?_bd_prev_page=https%3A%2F%2Fwww.kjinvest.net%2Fchat.xhtml%3Fviolation%2Fe180%3Fpid%3D48840&_bdsid=sh0qr2.n%7ECANTS.172979176.172372949&_gz=2.199304954.190978852.175149336-863852640.162371011 HTTP/1.1" 500 0 "-" "Mozilla/5.0 AppleWebKit/537.36 (KHTML, like Gecko; compatible; GPTBot/1.2; +https://openai.com/gptbot)"
20.171.207.15 - - [22/Aug/2025:08:23:59 +0200] "GET /pages.php?promotion%2Fp90%3Fpid=6 HTTP/1.1" 200 475860 "-" "Mozilla/5.0 AppleWebKit/537.36 (KHTML, like Gecko; compatible; GPTBot/1.2; +https://openai.com/gptbot)"
20.171.207.29 - - [22/Aug/2025:08:24:13 +0200] "GET /?_bd_prev_page=https%3A%2F%2Fkjinvest.net%2Fsite.asp%3Fbetter%2Fx65%3Fpid%3D21&_bdsid=v5njat.n%7EAVSGA.1747508339875.1798364627 HTTP/1.1" 500 0 "-" "Mozilla/5.0 AppleWebKit/537.36 (KHTML, like Gecko; compatible; GPTBot/1.2; +https://openai.com/gptbot)"
66.249.74.73 - - [22/Aug/2025:08:24:35 +0200] "GET /pcmypage?callback=/product%2Fdetail%2shopdeclinic-64-8891-84 HTTP/1.1" 200 560723 "-" "Mozilla/5.0 (Linux; Android 6.0.1; Nexus 5X Build/MMB29P) AppleWebKit/537.36 (KHTML, like Gecko) Chrome/138.0.7204.183 Mobile Safari/537.36 (compatible; Googlebot/2.1; +http://www.google.com/bot.html)"
20.171.207.15 - - [22/Aug/2025:08:24:44 +0200] "GET /pages.php?brick%2Fm64%3Fpid=27912 HTTP/1.1" 200 476225 "-" "Mozilla/5.0 AppleWebKit/537.36 (KHTML, like Gecko; compatible; GPTBot/1.2; +https://openai.com/gptbot)"
20.171.207.29 - - [22/Aug/2025:08:25:11 +0200] "GET /?_bd_prev_page=https%3A%2F%2Fkjinvest.net%2Fsite.asp%3Finstantly%2Fa88%3Fpid%3D29958&_bdsid=v5njat.n%7EAVSGA.1747508339875.1798364627 HTTP/1.1" 500 0 "-" "Mozilla/5.0 AppleWebKit/537.36 (KHTML, like Gecko; compatible; GPTBot/1.2; +https://openai.com/gptbot)"
20.171.207.15 - - [22/Aug/2025:08:25:26 +0200] "GET /pages.php?q-~54HDuBiknFRIkMaepYzthkUSDNeNtaLA12011/ HTTP/1.1" 200 463103 "-" "Mozilla/5.0 AppleWebKit/537.36 (KHTML, like Gecko; compatible; GPTBot/1.2; +https://openai.com/gptbot)"
110.40.186.63 - - [22/Aug/2025:08:26:01 +0200] "GET / HTTP/1.1" 200 147298 "http://kjinvest.net" "Mozilla/5.0 (iPhone; CPU iPhone OS 13_2_3 like Mac OS X) AppleWebKit/605.1.15 (KHTML, like Gecko) Version/13.0.3 Mobile/15E148 Safari/604.1"
20.171.207.15 - - [22/Aug/2025:08:26:04 +0200] "GET /pages.php?blank%2Fz51%3Fpid=19095 HTTP/1.1" 200 469582 "-" "Mozilla/5.0 AppleWebKit/537.36 (KHTML, like Gecko; compatible; GPTBot/1.2; +https://openai.com/gptbot)"
20.171.207.29 - - [22/Aug/2025:08:26:15 +0200] "GET /pages.php?credit%2Fo38%3Fpid=730 HTTP/1.1" 200 461278 "-" "Mozilla/5.0 AppleWebKit/537.36 (KHTML, like Gecko; compatible; GPTBot/1.2; +https://openai.com/gptbot)"
20.171.207.15 - - [22/Aug/2025:08:26:39 +0200] "GET /pages.php?helmet%2Fq95%3Fpid=1947 HTTP/1.1" 200 467295 "-" "Mozilla/5.0 AppleWebKit/537.36 (KHTML, like Gecko; compatible; GPTBot/1.2; +https://openai.com/gptbot)"
66.249.74.74 - - [22/Aug/2025:08:27:08 +0200] "GET /fate091046372.html HTTP/1.1" 200 567463 "-" "Mozilla/5.0 (Linux; Android 6.0.1; Nexus 5X Build/MMB29P) AppleWebKit/537.36 (KHTML, like Gecko) Chrome/138.0.7204.183 Mobile Safari/537.36 (compatible; Googlebot/2.1; +http://www.google.com/bot.html)"
20.171.207.15 - - [22/Aug/2025:08:27:10 +0200] "GET /pages.php?excuse%2Fh13%3Fpid=945 HTTP/1.1" 200 461085 "-" "Mozilla/5.0 AppleWebKit/537.36 (KHTML, like Gecko; compatible; GPTBot/1.2; +https://openai.com/gptbot)"
20.171.207.29 - - [22/Aug/2025:08:27:19 +0200] "GET /?_bd_prev_page=https%3A%2F%2Fkjinvest.net%2Fsite.asp%3Fmatch%2Ff179%3Fpid%3D15665&_bdsid=v5njat.n%7EAVSGA.1747508339875.1798364627 HTTP/1.1" 500 0 "-" "Mozilla/5.0 AppleWebKit/537.36 (KHTML, like Gecko; compatible; GPTBot/1.2; +https://openai.com/gptbot)"
20.171.207.15 - - [22/Aug/2025:08:27:35 +0200] "GET /pages.php?awake%2Ft68%3Fpid=41574 HTTP/1.1" 200 466914 "-" "Mozilla/5.0 AppleWebKit/537.36 (KHTML, like Gecko; compatible; GPTBot/1.2; +https://openai.com/gptbot)"
20.171.207.15 - - [22/Aug/2025:08:28:00 +0200] "GET /pages.php?highway%2Fs51%3Fpid=407 HTTP/1.1" 200 465246 "-" "Mozilla/5.0 AppleWebKit/537.36 (KHTML, like Gecko; compatible; GPTBot/1.2; +https://openai.com/gptbot)"
20.171.207.29 - - [22/Aug/2025:08:28:15 +0200] "GET /?_bd_prev_page=https%3A%2F%2Fkjinvest.net%2Fsite.asp%3Fkilling%2Fc34%3Fpid%3D728&_bdsid=v5njat.n%7EAVSGA.1747508339875.1798364627 HTTP/1.1" 500 0 "-" "Mozilla/5.0 AppleWebKit/537.36 (KHTML, like Gecko; compatible; GPTBot/1.2; +https://openai.com/gptbot)"
20.171.207.15 - - [22/Aug/2025:08:28:21 +0200] "GET /pages.php?fork%2Fm13%3Fpid=37973 HTTP/1.1" 200 468003 "-" "Mozilla/5.0 AppleWebKit/537.36 (KHTML, like Gecko; compatible; GPTBot/1.2; +https://openai.com/gptbot)"
66.249.74.73 - - [22/Aug/2025:08:28:29 +0200] "GET /die139033022.html HTTP/1.1" 200 556361 "-" "Mozilla/5.0 (Linux; Android 6.0.1; Nexus 5X Build/MMB29P) AppleWebKit/537.36 (KHTML, like Gecko) Chrome/138.0.7204.183 Mobile Safari/537.36 (compatible; Googlebot/2.1; +http://www.google.com/bot.html)"
20.171.207.15 - - [22/Aug/2025:08:28:41 +0200] "GET /pages.php?tragic%2Fe51%3Fpid=481 HTTP/1.1" 200 467202 "-" "Mozilla/5.0 AppleWebKit/537.36 (KHTML, like Gecko; compatible; GPTBot/1.2; +https://openai.com/gptbot)"
20.171.207.15 - - [22/Aug/2025:08:28:59 +0200] "GET /pages.php?track%2Fj86%3Fpid=11242 HTTP/1.1" 200 464694 "-" "Mozilla/5.0 AppleWebKit/537.36 (KHTML, like Gecko; compatible; GPTBot/1.2; +https://openai.com/gptbot)"
20.171.207.15 - - [22/Aug/2025:08:29:18 +0200] "GET /pages.php?show%2Fu47%3Fpid=369 HTTP/1.1" 200 478782 "-" "Mozilla/5.0 AppleWebKit/537.36 (KHTML, like Gecko; compatible; GPTBot/1.2; +https://openai.com/gptbot)"
20.171.207.29 - - [22/Aug/2025:08:29:21 +0200] "GET /?_bd_prev_page=https%3A%2F%2Fkjinvest.net%2Fsite.asp%3Fworried%2Fc31%3Fpid%3D16185&_bdsid=v5njat.n%7EAVSGA.1747508339875.1798364627 HTTP/1.1" 500 0 "-" "Mozilla/5.0 AppleWebKit/537.36 (KHTML, like Gecko; compatible; GPTBot/1.2; +https://openai.com/gptbot)"
20.171.207.15 - - [22/Aug/2025:08:29:32 +0200] "GET /pages.php?nurse%2Fp75%3Fpid=36809 HTTP/1.1" 200 467003 "-" "Mozilla/5.0 AppleWebKit/537.36 (KHTML, like Gecko; compatible; GPTBot/1.2; +https://openai.com/gptbot)"
20.171.207.15 - - [22/Aug/2025:08:29:43 +0200] "GET /pages.php?close%2Fh54%3Fpid=12516 HTTP/1.1" 200 465159 "-" "Mozilla/5.0 AppleWebKit/537.36 (KHTML, like Gecko; compatible; GPTBot/1.2; +https://openai.com/gptbot)"
20.171.207.15 - - [22/Aug/2025:08:29:55 +0200] "GET /pages.php?board%2Fd35%3Fpid=43169 HTTP/1.1" 200 476232 "-" "Mozilla/5.0 AppleWebKit/537.36 (KHTML, like Gecko; compatible; GPTBot/1.2; +https://openai.com/gptbot)"
20.171.207.15 - - [22/Aug/2025:08:30:06 +0200] "GET /pages.php?reply%2Fj86%3Fpid=21076 HTTP/1.1" 200 463127 "-" "Mozilla/5.0 AppleWebKit/537.36 (KHTML, like Gecko; compatible; GPTBot/1.2; +https://openai.com/gptbot)"
20.171.207.15 - - [22/Aug/2025:08:30:16 +0200] "GET /pages.php?tour%2Fq199%3Fpid=6367 HTTP/1.1" 200 469667 "-" "Mozilla/5.0 AppleWebKit/537.36 (KHTML, like Gecko; compatible; GPTBot/1.2; +https://openai.com/gptbot)"
20.171.207.15 - - [22/Aug/2025:08:30:25 +0200] "GET /pages.php?public%2Fw10%3Fpid=24074 HTTP/1.1" 200 464071 "-" "Mozilla/5.0 AppleWebKit/537.36 (KHTML, like Gecko; compatible; GPTBot/1.2; +https://openai.com/gptbot)"
66.249.74.73 - - [22/Aug/2025:08:30:26 +0200] "GET /prosecutor249018344.html HTTP/1.1" 200 555874 "-" "Mozilla/5.0 (Linux; Android 6.0.1; Nexus 5X Build/MMB29P) AppleWebKit/537.36 (KHTML, like Gecko) Chrome/138.0.7204.183 Mobile Safari/537.36 (compatible; Googlebot/2.1; +http://www.google.com/bot.html)"
20.171.207.29 - - [22/Aug/2025:08:30:26 +0200] "GET /pages.php?march%2Fv17%3Fpid=46531 HTTP/1.1" 200 463285 "-" "Mozilla/5.0 AppleWebKit/537.36 (KHTML, like Gecko; compatible; GPTBot/1.2; +https://openai.com/gptbot)"
20.171.207.15 - - [22/Aug/2025:08:30:33 +0200] "GET /pages.php?brick%2Fa35%3Fpid=43163 HTTP/1.1" 200 468550 "-" "Mozilla/5.0 AppleWebKit/537.36 (KHTML, like Gecko; compatible; GPTBot/1.2; +https://openai.com/gptbot)"
20.171.207.15 - - [22/Aug/2025:08:30:39 +0200] "GET /pages.php?billion%2Fq65%3Fpid=23 HTTP/1.1" 200 466865 "-" "Mozilla/5.0 AppleWebKit/537.36 (KHTML, like Gecko; compatible; GPTBot/1.2; +https://openai.com/gptbot)"
20.171.207.15 - - [22/Aug/2025:08:30:46 +0200] "GET /pages.php?event%2Fp29%3Fpid=981 HTTP/1.1" 200 470047 "-" "Mozilla/5.0 AppleWebKit/537.36 (KHTML, like Gecko; compatible; GPTBot/1.2; +https://openai.com/gptbot)"
20.171.207.15 - - [22/Aug/2025:08:30:51 +0200] "GET /pages.php?bonus%2Ff35%3Fpid=20069 HTTP/1.1" 200 468774 "-" "Mozilla/5.0 AppleWebKit/537.36 (KHTML, like Gecko; compatible; GPTBot/1.2; +https://openai.com/gptbot)"
20.171.207.15 - - [22/Aug/2025:08:30:56 +0200] "GET /pages.php?q-~11jHM3bpcPh5JKz7piybg2uuHAE2azGZ15468/ HTTP/1.1" 200 467301 "-" "Mozilla/5.0 AppleWebKit/537.36 (KHTML, like Gecko; compatible; GPTBot/1.2; +https://openai.com/gptbot)"
20.171.207.15 - - [22/Aug/2025:08:31:00 +0200] "GET /pages.php?stroke%2Fe61%3Fpid=677 HTTP/1.1" 200 477064 "-" "Mozilla/5.0 AppleWebKit/537.36 (KHTML, like Gecko; compatible; GPTBot/1.2; +https://openai.com/gptbot)"
20.171.207.15 - - [22/Aug/2025:08:31:06 +0200] "GET /pages.php?colony%2Fa56%3Fpid=952 HTTP/1.1" 200 472235 "-" "Mozilla/5.0 AppleWebKit/537.36 (KHTML, like Gecko; compatible; GPTBot/1.2; +https://openai.com/gptbot)"
20.171.207.15 - - [22/Aug/2025:08:31:08 +0200] "GET /pages.php?q-~264xUJQrFo1ZjHflYrgl0lNRrefU2o1eA41003/ HTTP/1.1" 200 462660 "-" "Mozilla/5.0 AppleWebKit/537.36 (KHTML, like Gecko; compatible; GPTBot/1.2; +https://openai.com/gptbot)"
20.171.207.15 - - [22/Aug/2025:08:31:12 +0200] "GET /pages.php?mentor%2Fp29%3Fpid=977 HTTP/1.1" 200 471537 "-" "Mozilla/5.0 AppleWebKit/537.36 (KHTML, like Gecko; compatible; GPTBot/1.2; +https://openai.com/gptbot)"
20.171.207.15 - - [22/Aug/2025:08:31:15 +0200] "GET /pages.php?active%2Fi19%3Fpid=755 HTTP/1.1" 200 471829 "-" "Mozilla/5.0 AppleWebKit/537.36 (KHTML, like Gecko; compatible; GPTBot/1.2; +https://openai.com/gptbot)"
66.249.74.74 - - [22/Aug/2025:08:31:17 +0200] "GET /strategy079014298.html HTTP/1.1" 200 565551 "-" "Mozilla/5.0 (Linux; Android 6.0.1; Nexus 5X Build/MMB29P) AppleWebKit/537.36 (KHTML, like Gecko) Chrome/138.0.7204.183 Mobile Safari/537.36 (compatible; Googlebot/2.1; +http://www.google.com/bot.html)"
20.171.207.15 - - [22/Aug/2025:08:31:18 +0200] "GET /pages.php?method%2Fk25%3Fpid=975 HTTP/1.1" 200 463662 "-" "Mozilla/5.0 AppleWebKit/537.36 (KHTML, like Gecko; compatible; GPTBot/1.2; +https://openai.com/gptbot)"
20.171.207.15 - - [22/Aug/2025:08:31:20 +0200] "GET /pages.php?bottle%2Fw1%3Fpid=10517 HTTP/1.1" 200 466277 "-" "Mozilla/5.0 AppleWebKit/537.36 (KHTML, like Gecko; compatible; GPTBot/1.2; +https://openai.com/gptbot)"
20.171.207.15 - - [22/Aug/2025:08:31:22 +0200] "GET /pages.php?vote%2Fl11%3Fpid=15471 HTTP/1.1" 200 459990 "-" "Mozilla/5.0 AppleWebKit/537.36 (KHTML, like Gecko; compatible; GPTBot/1.2; +https://openai.com/gptbot)"
20.171.207.29 - - [22/Aug/2025:08:31:24 +0200] "GET /?_bd_prev_page=https%3A%2F%2Fkjinvest.net%2Fsite.asp%3Finfluence%2Fu165%3Fpid%3D33843&_bdsid=v5njat.n%7EAVSGA.1747508339875.1798364627 HTTP/1.1" 500 0 "-" "Mozilla/5.0 AppleWebKit/537.36 (KHTML, like Gecko; compatible; GPTBot/1.2; +https://openai.com/gptbot)"
20.171.207.15 - - [22/Aug/2025:08:31:24 +0200] "GET /pages.php?troop%2Ff25%3Fpid=45869 HTTP/1.1" 200 461066 "-" "Mozilla/5.0 AppleWebKit/537.36 (KHTML, like Gecko; compatible; GPTBot/1.2; +https://openai.com/gptbot)"
20.171.207.15 - - [22/Aug/2025:08:31:26 +0200] "GET /pages.php?rifle%2Fl92%3Fpid=39614 HTTP/1.1" 200 472994 "-" "Mozilla/5.0 AppleWebKit/537.36 (KHTML, like Gecko; compatible; GPTBot/1.2; +https://openai.com/gptbot)"
20.171.207.15 - - [22/Aug/2025:08:31:27 +0200] "GET /pages.php?ought%2Ff39%3Fpid=11085 HTTP/1.1" 200 462856 "-" "Mozilla/5.0 AppleWebKit/537.36 (KHTML, like Gecko; compatible; GPTBot/1.2; +https://openai.com/gptbot)"
20.171.207.15 - - [22/Aug/2025:08:31:29 +0200] "GET /pages.php?United%2Fr74%3Fpid=496 HTTP/1.1" 200 464349 "-" "Mozilla/5.0 AppleWebKit/537.36 (KHTML, like Gecko; compatible; GPTBot/1.2; +https://openai.com/gptbot)"
20.171.207.15 - - [22/Aug/2025:08:31:30 +0200] "GET /pages.php?bubble%2Fj1%3Fpid=34875 HTTP/1.1" 200 467433 "-" "Mozilla/5.0 AppleWebKit/537.36 (KHTML, like Gecko; compatible; GPTBot/1.2; +https://openai.com/gptbot)"
20.171.207.15 - - [22/Aug/2025:08:31:31 +0200] "GET /pages.php?jury%2Fk56%3Fpid=948 HTTP/1.1" 200 461173 "-" "Mozilla/5.0 AppleWebKit/537.36 (KHTML, like Gecko; compatible; GPTBot/1.2; +https://openai.com/gptbot)"
66.249.74.72 - - [22/Aug/2025:08:31:32 +0200] "GET /zhHant/product/surugaya/2doriem-hkb07mc9syn2?campaign_uid=f64d716db5e979ed2f947dbaf4296895b951ae7f HTTP/1.1" 200 560542 "-" "Mozilla/5.0 (Linux; Android 6.0.1; Nexus 5X Build/MMB29P) AppleWebKit/537.36 (KHTML, like Gecko) Chrome/138.0.7204.183 Mobile Safari/537.36 (compatible; Googlebot/2.1; +http://www.google.com/bot.html)"
20.171.207.15 - - [22/Aug/2025:08:31:32 +0200] "GET /pages.php?mother%2Fk34%3Fpid=958 HTTP/1.1" 200 465638 "-" "Mozilla/5.0 AppleWebKit/537.36 (KHTML, like Gecko; compatible; GPTBot/1.2; +https://openai.com/gptbot)"
20.171.207.15 - - [22/Aug/2025:08:31:36 +0200] "GET /pages.php?clear%2Ft84%3Fpid=862 HTTP/1.1" 200 460430 "-" "Mozilla/5.0 AppleWebKit/537.36 (KHTML, like Gecko; compatible; GPTBot/1.2; +https://openai.com/gptbot)"
20.171.207.15 - - [22/Aug/2025:08:31:37 +0200] "GET /pages.php?enough%2Fb32%3Fpid=458 HTTP/1.1" 200 464412 "-" "Mozilla/5.0 AppleWebKit/537.36 (KHTML, like Gecko; compatible; GPTBot/1.2; +https://openai.com/gptbot)"
20.171.207.15 - - [22/Aug/2025:08:31:38 +0200] "GET /pages.php?boast%2Ff25%3Fpid=45867 HTTP/1.1" 200 466292 "-" "Mozilla/5.0 AppleWebKit/537.36 (KHTML, like Gecko; compatible; GPTBot/1.2; +https://openai.com/gptbot)"
20.171.207.15 - - [22/Aug/2025:08:31:39 +0200] "GET /pages.php?vaccine%2Fm84%3Fpid=452 HTTP/1.1" 200 468554 "-" "Mozilla/5.0 AppleWebKit/537.36 (KHTML, like Gecko; compatible; GPTBot/1.2; +https://openai.com/gptbot)"
20.171.207.15 - - [22/Aug/2025:08:31:40 +0200] "GET /pages.php?realm%2Fv92%3Fpid=41726 HTTP/1.1" 200 468121 "-" "Mozilla/5.0 AppleWebKit/537.36 (KHTML, like Gecko; compatible; GPTBot/1.2; +https://openai.com/gptbot)"
20.171.207.15 - - [22/Aug/2025:08:31:41 +0200] "GET /pages.php?hormone%2Fi29%3Fpid=973 HTTP/1.1" 200 479497 "-" "Mozilla/5.0 AppleWebKit/537.36 (KHTML, like Gecko; compatible; GPTBot/1.2; +https://openai.com/gptbot)"
20.171.207.15 - - [22/Aug/2025:08:31:42 +0200] "GET /pages.php?welcome%2Fz50%3Fpid=318 HTTP/1.1" 200 464376 "-" "Mozilla/5.0 AppleWebKit/537.36 (KHTML, like Gecko; compatible; GPTBot/1.2; +https://openai.com/gptbot)"
20.171.207.15 - - [22/Aug/2025:08:31:43 +0200] "GET / HTTP/1.1" 500 0 "-" "Mozilla/5.0 AppleWebKit/537.36 (KHTML, like Gecko; compatible; GPTBot/1.2; +https://openai.com/gptbot)"
20.171.207.15 - - [22/Aug/2025:08:31:45 +0200] "GET /pages.php?nasty%2Fq6%3Fpid=26208 HTTP/1.1" 200 466472 "-" "Mozilla/5.0 AppleWebKit/537.36 (KHTML, like Gecko; compatible; GPTBot/1.2; +https://openai.com/gptbot)"
20.171.207.15 - - [22/Aug/2025:08:31:48 +0200] "GET /pages.php?urban%2Fh66%3Fpid=3218 HTTP/1.1" 200 471829 "-" "Mozilla/5.0 AppleWebKit/537.36 (KHTML, like Gecko; compatible; GPTBot/1.2; +https://openai.com/gptbot)"
20.171.207.15 - - [22/Aug/2025:08:31:52 +0200] "GET /pages.php?wall%2Fv127%3Fpid=3561 HTTP/1.1" 200 463683 "-" "Mozilla/5.0 AppleWebKit/537.36 (KHTML, like Gecko; compatible; GPTBot/1.2; +https://openai.com/gptbot)"
66.249.74.72 - - [22/Aug/2025:08:31:53 +0200] "GET /organic253027236.html HTTP/1.1" 200 556985 "-" "Mozilla/5.0 (Linux; Android 6.0.1; Nexus 5X Build/MMB29P) AppleWebKit/537.36 (KHTML, like Gecko) Chrome/138.0.7204.183 Mobile Safari/537.36 (compatible; Googlebot/2.1; +http://www.google.com/bot.html)"
20.171.207.15 - - [22/Aug/2025:08:31:54 +0200] "GET /pages.php?given%2Ft5%3Fpid=8927 HTTP/1.1" 200 463786 "-" "Mozilla/5.0 AppleWebKit/537.36 (KHTML, like Gecko; compatible; GPTBot/1.2; +https://openai.com/gptbot)"
20.171.207.15 - - [22/Aug/2025:08:31:57 +0200] "GET /pages.php?foot%2Ft59%3Fpid=44327 HTTP/1.1" 200 468138 "-" "Mozilla/5.0 AppleWebKit/537.36 (KHTML, like Gecko; compatible; GPTBot/1.2; +https://openai.com/gptbot)"
20.171.207.15 - - [22/Aug/2025:08:31:59 +0200] "GET /pages.php?absolute%2Fi9%3Fpid=543 HTTP/1.1" 200 475790 "-" "Mozilla/5.0 AppleWebKit/537.36 (KHTML, like Gecko; compatible; GPTBot/1.2; +https://openai.com/gptbot)"
20.171.207.15 - - [22/Aug/2025:08:32:01 +0200] "GET /pages.php?faster%2Fi46%3Fpid=5000 HTTP/1.1" 200 467853 "-" "Mozilla/5.0 AppleWebKit/537.36 (KHTML, like Gecko; compatible; GPTBot/1.2; +https://openai.com/gptbot)"
20.171.207.15 - - [22/Aug/2025:08:32:03 +0200] "GET /pages.php?motivate%2Ff65%3Fpid=25 HTTP/1.1" 200 468931 "-" "Mozilla/5.0 AppleWebKit/537.36 (KHTML, like Gecko; compatible; GPTBot/1.2; +https://openai.com/gptbot)"
20.171.207.15 - - [22/Aug/2025:08:32:04 +0200] "GET /pages.php?fix%2Fq78%3Fpid=46130 HTTP/1.1" 200 467509 "-" "Mozilla/5.0 AppleWebKit/537.36 (KHTML, like Gecko; compatible; GPTBot/1.2; +https://openai.com/gptbot)"
20.171.207.15 - - [22/Aug/2025:08:32:06 +0200] "GET /pages.php?patron%2Fk10%3Fpid=974 HTTP/1.1" 200 466186 "-" "Mozilla/5.0 AppleWebKit/537.36 (KHTML, like Gecko; compatible; GPTBot/1.2; +https://openai.com/gptbot)"
20.171.207.15 - - [22/Aug/2025:08:32:08 +0200] "GET /pages.php?fabric%2Fe16%3Fpid=456 HTTP/1.1" 200 468508 "-" "Mozilla/5.0 AppleWebKit/537.36 (KHTML, like Gecko; compatible; GPTBot/1.2; +https://openai.com/gptbot)"
20.171.207.15 - - [22/Aug/2025:08:32:09 +0200] "GET /pages.php?adjustment%2Fd80%3Fpid=198 HTTP/1.1" 200 464427 "-" "Mozilla/5.0 AppleWebKit/537.36 (KHTML, like Gecko; compatible; GPTBot/1.2; +https://openai.com/gptbot)"
20.171.207.15 - - [22/Aug/2025:08:32:10 +0200] "GET /pages.php?next%2Fx38%3Fpid=24104 HTTP/1.1" 200 461731 "-" "Mozilla/5.0 AppleWebKit/537.36 (KHTML, like Gecko; compatible; GPTBot/1.2; +https://openai.com/gptbot)"
20.171.207.15 - - [22/Aug/2025:08:32:11 +0200] "GET /pages.php?stage%2Fy17%3Fpid=25909 HTTP/1.1" 200 480552 "-" "Mozilla/5.0 AppleWebKit/537.36 (KHTML, like Gecko; compatible; GPTBot/1.2; +https://openai.com/gptbot)"
66.249.74.72 - - [22/Aug/2025:08:32:11 +0200] "GET /pcmypage?callback=/product%2Fdetail%2Akibaoo-r-hm001388454 HTTP/1.1" 200 556528 "-" "Mozilla/5.0 (Linux; Android 6.0.1; Nexus 5X Build/MMB29P) AppleWebKit/537.36 (KHTML, like Gecko) Chrome/138.0.7204.183 Mobile Safari/537.36 (compatible; Googlebot/2.1; +http://www.google.com/bot.html)"
20.171.207.15 - - [22/Aug/2025:08:32:13 +0200] "GET /pages.php?United%2Fp270%3Fpid=46080 HTTP/1.1" 200 465911 "-" "Mozilla/5.0 AppleWebKit/537.36 (KHTML, like Gecko; compatible; GPTBot/1.2; +https://openai.com/gptbot)"
20.171.207.15 - - [22/Aug/2025:08:32:14 +0200] "GET /pages.php?suitable%2Fk58%3Fpid=946 HTTP/1.1" 200 463966 "-" "Mozilla/5.0 AppleWebKit/537.36 (KHTML, like Gecko; compatible; GPTBot/1.2; +https://openai.com/gptbot)"
20.171.207.15 - - [22/Aug/2025:08:32:15 +0200] "GET /pages.php?nearly%2Fo64%3Fpid=6616 HTTP/1.1" 200 465154 "-" "Mozilla/5.0 AppleWebKit/537.36 (KHTML, like Gecko; compatible; GPTBot/1.2; +https://openai.com/gptbot)"
20.171.207.15 - - [22/Aug/2025:08:32:16 +0200] "GET /pages.php?foreign%2Fe16%3Fpid=456 HTTP/1.1" 200 468400 "-" "Mozilla/5.0 AppleWebKit/537.36 (KHTML, like Gecko; compatible; GPTBot/1.2; +https://openai.com/gptbot)"
20.171.207.15 - - [22/Aug/2025:08:32:17 +0200] "GET / HTTP/1.1" 500 0 "-" "Mozilla/5.0 AppleWebKit/537.36 (KHTML, like Gecko; compatible; GPTBot/1.2; +https://openai.com/gptbot)"
20.171.207.15 - - [22/Aug/2025:08:32:19 +0200] "GET /pages.php?yourself%2Fk1%3Fpid=2855 HTTP/1.1" 200 470331 "-" "Mozilla/5.0 AppleWebKit/537.36 (KHTML, like Gecko; compatible; GPTBot/1.2; +https://openai.com/gptbot)"
20.171.207.29 - - [22/Aug/2025:08:32:19 +0200] "GET /pages.php?consent%2Fm286%3Fpid=17974 HTTP/1.1" 200 470859 "-" "Mozilla/5.0 AppleWebKit/537.36 (KHTML, like Gecko; compatible; GPTBot/1.2; +https://openai.com/gptbot)"
20.171.207.15 - - [22/Aug/2025:08:32:22 +0200] "GET /pages.php?forum%2Fv84%3Fpid=1600 HTTP/1.1" 200 481420 "-" "Mozilla/5.0 AppleWebKit/537.36 (KHTML, like Gecko; compatible; GPTBot/1.2; +https://openai.com/gptbot)"
20.171.207.15 - - [22/Aug/2025:08:32:25 +0200] "GET /chat.xhtml?onto%2Fx69%3Fpid=415 HTTP/1.1" 500 0 "-" "Mozilla/5.0 AppleWebKit/537.36 (KHTML, like Gecko; compatible; GPTBot/1.2; +https://openai.com/gptbot)"
20.171.207.15 - - [22/Aug/2025:08:32:28 +0200] "GET /pages.php?aim%2Ft80%3Fpid=16754 HTTP/1.1" 200 463431 "-" "Mozilla/5.0 AppleWebKit/537.36 (KHTML, like Gecko; compatible; GPTBot/1.2; +https://openai.com/gptbot)"
66.249.74.73 - - [22/Aug/2025:08:32:33 +0200] "GET /supposed248030545.html HTTP/1.1" 200 565716 "-" "Mozilla/5.0 (Linux; Android 6.0.1; Nexus 5X Build/MMB29P) AppleWebKit/537.36 (KHTML, like Gecko) Chrome/138.0.7204.183 Mobile Safari/537.36 (compatible; Googlebot/2.1; +http://www.google.com/bot.html)"
20.171.207.15 - - [22/Aug/2025:08:32:36 +0200] "GET /pages.php?style%2Fy16%3Fpid=454 HTTP/1.1" 200 471713 "-" "Mozilla/5.0 AppleWebKit/537.36 (KHTML, like Gecko; compatible; GPTBot/1.2; +https://openai.com/gptbot)"
20.171.207.15 - - [22/Aug/2025:08:32:44 +0200] "GET /pages.php?cheek%2Fz6%3Fpid=46520 HTTP/1.1" 200 465835 "-" "Mozilla/5.0 AppleWebKit/537.36 (KHTML, like Gecko; compatible; GPTBot/1.2; +https://openai.com/gptbot)"
20.171.207.15 - - [22/Aug/2025:08:32:54 +0200] "GET /pages.php?tactic%2Fo1%3Fpid=32597 HTTP/1.1" 200 462162 "-" "Mozilla/5.0 AppleWebKit/537.36 (KHTML, like Gecko; compatible; GPTBot/1.2; +https://openai.com/gptbot)"
20.171.207.15 - - [22/Aug/2025:08:33:00 +0200] "GET /pages.php?order%2Ft62%3Fpid=37856 HTTP/1.1" 200 465159 "-" "Mozilla/5.0 AppleWebKit/537.36 (KHTML, like Gecko; compatible; GPTBot/1.2; +https://openai.com/gptbot)"
20.171.207.15 - - [22/Aug/2025:08:33:06 +0200] "GET /pages.php?focus%2Fb6%3Fpid=46514 HTTP/1.1" 200 462515 "-" "Mozilla/5.0 AppleWebKit/537.36 (KHTML, like Gecko; compatible; GPTBot/1.2; +https://openai.com/gptbot)"
20.171.207.15 - - [22/Aug/2025:08:33:09 +0200] "GET /pages.php?retire%2Ft27%3Fpid=19271 HTTP/1.1" 200 461314 "-" "Mozilla/5.0 AppleWebKit/537.36 (KHTML, like Gecko; compatible; GPTBot/1.2; +https://openai.com/gptbot)"
20.171.207.15 - - [22/Aug/2025:08:33:12 +0200] "GET /pages.php?tourism%2Fl12%3Fpid=954 HTTP/1.1" 200 471244 "-" "Mozilla/5.0 AppleWebKit/537.36 (KHTML, like Gecko; compatible; GPTBot/1.2; +https://openai.com/gptbot)"
20.171.207.15 - - [22/Aug/2025:08:33:17 +0200] "GET /pages.php?guest%2Fs6%3Fpid=46518 HTTP/1.1" 200 478701 "-" "Mozilla/5.0 AppleWebKit/537.36 (KHTML, like Gecko; compatible; GPTBot/1.2; +https://openai.com/gptbot)"
20.171.207.15 - - [22/Aug/2025:08:33:19 +0200] "GET /pages.php?remote%2Fu8%3Fpid=16158 HTTP/1.1" 200 468730 "-" "Mozilla/5.0 AppleWebKit/537.36 (KHTML, like Gecko; compatible; GPTBot/1.2; +https://openai.com/gptbot)"
20.171.207.29 - - [22/Aug/2025:08:33:21 +0200] "GET /pages.php?flame%2Fk87%3Fpid=31943 HTTP/1.1" 200 461512 "-" "Mozilla/5.0 AppleWebKit/537.36 (KHTML, like Gecko; compatible; GPTBot/1.2; +https://openai.com/gptbot)"
20.171.207.15 - - [22/Aug/2025:08:33:23 +0200] "GET /pages.php?side%2Fm9%3Fpid=24711 HTTP/1.1" 200 463945 "-" "Mozilla/5.0 AppleWebKit/537.36 (KHTML, like Gecko; compatible; GPTBot/1.2; +https://openai.com/gptbot)"
20.171.207.15 - - [22/Aug/2025:08:33:25 +0200] "GET /pages.php?clock%2Fo12%3Fpid=950 HTTP/1.1" 200 478280 "-" "Mozilla/5.0 AppleWebKit/537.36 (KHTML, like Gecko; compatible; GPTBot/1.2; +https://openai.com/gptbot)"
20.171.207.15 - - [22/Aug/2025:08:33:27 +0200] "GET /pages.php?boost%2Fz74%3Fpid=38896 HTTP/1.1" 200 461823 "-" "Mozilla/5.0 AppleWebKit/537.36 (KHTML, like Gecko; compatible; GPTBot/1.2; +https://openai.com/gptbot)"
66.249.74.74 - - [22/Aug/2025:08:33:30 +0200] "GET /zhHant/product/surugaya/bazar-progre-8128884?campaign_uid=f64d716db5e979ed2f947dbaf4296895b951ae7f HTTP/1.1" 200 555922 "-" "Mozilla/5.0 (Linux; Android 6.0.1; Nexus 5X Build/MMB29P) AppleWebKit/537.36 (KHTML, like Gecko) Chrome/138.0.7204.183 Mobile Safari/537.36 (compatible; Googlebot/2.1; +http://www.google.com/bot.html)"
20.171.207.15 - - [22/Aug/2025:08:33:30 +0200] "GET /pages.php?world%2Fz73%3Fpid=41825 HTTP/1.1" 200 463178 "-" "Mozilla/5.0 AppleWebKit/537.36 (KHTML, like Gecko; compatible; GPTBot/1.2; +https://openai.com/gptbot)"
20.171.207.15 - - [22/Aug/2025:08:33:32 +0200] "GET /pages.php?Bible%2Ff10%3Fpid=500 HTTP/1.1" 200 468107 "-" "Mozilla/5.0 AppleWebKit/537.36 (KHTML, like Gecko; compatible; GPTBot/1.2; +https://openai.com/gptbot)"
20.171.207.15 - - [22/Aug/2025:08:33:34 +0200] "GET /pages.php?fiber%2Fc64%3Fpid=49716 HTTP/1.1" 200 470096 "-" "Mozilla/5.0 AppleWebKit/537.36 (KHTML, like Gecko; compatible; GPTBot/1.2; +https://openai.com/gptbot)"
20.171.207.15 - - [22/Aug/2025:08:33:36 +0200] "GET /pages.php?shake%2Fn89%3Fpid=107 HTTP/1.1" 200 466338 "-" "Mozilla/5.0 AppleWebKit/537.36 (KHTML, like Gecko; compatible; GPTBot/1.2; +https://openai.com/gptbot)"
20.171.207.15 - - [22/Aug/2025:08:33:38 +0200] "GET /pages.php?truck%2Fk1%3Fpid=46497 HTTP/1.1" 200 469910 "-" "Mozilla/5.0 AppleWebKit/537.36 (KHTML, like Gecko; compatible; GPTBot/1.2; +https://openai.com/gptbot)"
20.171.207.15 - - [22/Aug/2025:08:33:39 +0200] "GET /pages.php?bench%2Fe85%3Fpid=497 HTTP/1.1" 200 467059 "-" "Mozilla/5.0 AppleWebKit/537.36 (KHTML, like Gecko; compatible; GPTBot/1.2; +https://openai.com/gptbot)"
20.171.207.15 - - [22/Aug/2025:08:33:40 +0200] "GET /pages.php?list%2Fp90%3Fpid=920 HTTP/1.1" 200 462365 "-" "Mozilla/5.0 AppleWebKit/537.36 (KHTML, like Gecko; compatible; GPTBot/1.2; +https://openai.com/gptbot)"
20.171.207.15 - - [22/Aug/2025:08:33:43 +0200] "GET /pages.php?helmet%2Fo90%3Fpid=7816 HTTP/1.1" 200 460552 "-" "Mozilla/5.0 AppleWebKit/537.36 (KHTML, like Gecko; compatible; GPTBot/1.2; +https://openai.com/gptbot)"
20.171.207.15 - - [22/Aug/2025:08:33:44 +0200] "GET /pages.php?opinion%2Fe8%3Fpid=36578 HTTP/1.1" 200 462952 "-" "Mozilla/5.0 AppleWebKit/537.36 (KHTML, like Gecko; compatible; GPTBot/1.2; +https://openai.com/gptbot)"
20.171.207.15 - - [22/Aug/2025:08:33:45 +0200] "GET /pages.php?beard%2Ff8%3Fpid=36580 HTTP/1.1" 200 469223 "-" "Mozilla/5.0 AppleWebKit/537.36 (KHTML, like Gecko; compatible; GPTBot/1.2; +https://openai.com/gptbot)"
20.171.207.15 - - [22/Aug/2025:08:33:46 +0200] "GET /pages.php?strike%2Fq8%3Fpid=37792 HTTP/1.1" 200 473142 "-" "Mozilla/5.0 AppleWebKit/537.36 (KHTML, like Gecko; compatible; GPTBot/1.2; +https://openai.com/gptbot)"
20.171.207.15 - - [22/Aug/2025:08:33:47 +0200] "GET /pages.php?society%2Fh85%3Fpid=505 HTTP/1.1" 200 468284 "-" "Mozilla/5.0 AppleWebKit/537.36 (KHTML, like Gecko; compatible; GPTBot/1.2; +https://openai.com/gptbot)"
20.171.207.15 - - [22/Aug/2025:08:33:48 +0200] "GET /pages.php?meter%2Fy58%3Fpid=770 HTTP/1.1" 200 470249 "-" "Mozilla/5.0 AppleWebKit/537.36 (KHTML, like Gecko; compatible; GPTBot/1.2; +https://openai.com/gptbot)"
20.171.207.15 - - [22/Aug/2025:08:33:51 +0200] "GET /pages.php?ancient%2Fz12%3Fpid=356 HTTP/1.1" 200 460278 "-" "Mozilla/5.0 AppleWebKit/537.36 (KHTML, like Gecko; compatible; GPTBot/1.2; +https://openai.com/gptbot)"
20.171.207.15 - - [22/Aug/2025:08:33:52 +0200] "GET /pages.php?anyone%2Fw67%3Fpid=7713 HTTP/1.1" 200 460765 "-" "Mozilla/5.0 AppleWebKit/537.36 (KHTML, like Gecko; compatible; GPTBot/1.2; +https://openai.com/gptbot)"
20.171.207.15 - - [22/Aug/2025:08:33:53 +0200] "GET /pages.php?equivalent%2Fa111%3Fpid=35287 HTTP/1.1" 200 461298 "-" "Mozilla/5.0 AppleWebKit/537.36 (KHTML, like Gecko; compatible; GPTBot/1.2; +https://openai.com/gptbot)"
20.171.207.15 - - [22/Aug/2025:08:33:54 +0200] "GET /pages.php?diet%2Fk64%3Fpid=49720 HTTP/1.1" 200 461100 "-" "Mozilla/5.0 AppleWebKit/537.36 (KHTML, like Gecko; compatible; GPTBot/1.2; +https://openai.com/gptbot)"
20.171.207.15 - - [22/Aug/2025:08:33:56 +0200] "GET /pages.php?wagon%2Fz97%3Fpid=521 HTTP/1.1" 200 466728 "-" "Mozilla/5.0 AppleWebKit/537.36 (KHTML, like Gecko; compatible; GPTBot/1.2; +https://openai.com/gptbot)"
20.171.207.15 - - [22/Aug/2025:08:33:57 +0200] "GET /pages.php?abuse%2Fj19%3Fpid=447 HTTP/1.1" 200 465447 "-" "Mozilla/5.0 AppleWebKit/537.36 (KHTML, like Gecko; compatible; GPTBot/1.2; +https://openai.com/gptbot)"
20.171.207.15 - - [22/Aug/2025:08:33:58 +0200] "GET /pages.php?small%2Fa90%3Fpid=1474 HTTP/1.1" 200 463433 "-" "Mozilla/5.0 AppleWebKit/537.36 (KHTML, like Gecko; compatible; GPTBot/1.2; +https://openai.com/gptbot)"
20.171.207.15 - - [22/Aug/2025:08:33:59 +0200] "GET / HTTP/1.1" 500 0 "-" "Mozilla/5.0 AppleWebKit/537.36 (KHTML, like Gecko; compatible; GPTBot/1.2; +https://openai.com/gptbot)"
20.171.207.15 - - [22/Aug/2025:08:34:00 +0200] "GET /pages.php?own%2Fm58%3Fpid=7196 HTTP/1.1" 200 475150 "-" "Mozilla/5.0 AppleWebKit/537.36 (KHTML, like Gecko; compatible; GPTBot/1.2; +https://openai.com/gptbot)"
20.171.207.15 - - [22/Aug/2025:08:34:03 +0200] "GET /?_bd_prev_page=https%3A%2F%2Fwww.kjinvest.net%2Fchat.xhtml%3Fq-%7E94b1UxC7LTpsx52wokukcmZ7HIrMq9XZ23149%2F&_bdsid=sh0qr2.n%7ECANTS.172979176.172372949&_gz=2.199304954.190978852.175149336-863852640.162371011 HTTP/1.1" 500 0 "-" "Mozilla/5.0 AppleWebKit/537.36 (KHTML, like Gecko; compatible; GPTBot/1.2; +https://openai.com/gptbot)"
20.171.207.15 - - [22/Aug/2025:08:34:07 +0200] "GET /pages.php?founder%2Ff65%3Fpid=879 HTTP/1.1" 200 465407 "-" "Mozilla/5.0 AppleWebKit/537.36 (KHTML, like Gecko; compatible; GPTBot/1.2; +https://openai.com/gptbot)"
20.171.207.29 - - [22/Aug/2025:08:34:16 +0200] "GET /pages.php?glory%2Fq83%3Fpid=43789 HTTP/1.1" 200 478446 "-" "Mozilla/5.0 AppleWebKit/537.36 (KHTML, like Gecko; compatible; GPTBot/1.2; +https://openai.com/gptbot)"
20.171.207.15 - - [22/Aug/2025:08:34:16 +0200] "GET /pages.php?bunch%2Fv63%3Fpid=10703 HTTP/1.1" 200 469553 "-" "Mozilla/5.0 AppleWebKit/537.36 (KHTML, like Gecko; compatible; GPTBot/1.2; +https://openai.com/gptbot)"
66.249.74.72 - - [22/Aug/2025:08:34:22 +0200] "GET /items/127033339.html?srsltid=AfmBOohmnpgsqykvrAtM12q8UJDtRgUvyeXMRHmZMPs7wEskJi4L HTTP/1.1" 200 555181 "-" "Mozilla/5.0 (Linux; Android 6.0.1; Nexus 5X Build/MMB29P) AppleWebKit/537.36 (KHTML, like Gecko) Chrome/138.0.7204.183 Mobile Safari/537.36 (compatible; Googlebot/2.1; +http://www.google.com/bot.html)"
20.171.207.15 - - [22/Aug/2025:08:34:25 +0200] "GET /pages.php?attack%2Fs58%3Fpid=6276 HTTP/1.1" 200 474318 "-" "Mozilla/5.0 AppleWebKit/537.36 (KHTML, like Gecko; compatible; GPTBot/1.2; +https://openai.com/gptbot)"
20.171.207.15 - - [22/Aug/2025:08:34:33 +0200] "GET /pages.php?figure%2Fg1%3Fpid=21049 HTTP/1.1" 200 462397 "-" "Mozilla/5.0 AppleWebKit/537.36 (KHTML, like Gecko; compatible; GPTBot/1.2; +https://openai.com/gptbot)"
20.171.207.15 - - [22/Aug/2025:08:34:39 +0200] "GET /pages.php?flame%2Fr31%3Fpid=4349 HTTP/1.1" 200 463028 "-" "Mozilla/5.0 AppleWebKit/537.36 (KHTML, like Gecko; compatible; GPTBot/1.2; +https://openai.com/gptbot)"
66.249.74.73 - - [22/Aug/2025:08:34:41 +0200] "GET /score183010774.html HTTP/1.1" 200 567450 "-" "Mozilla/5.0 (Linux; Android 6.0.1; Nexus 5X Build/MMB29P) AppleWebKit/537.36 (KHTML, like Gecko) Chrome/138.0.7204.183 Mobile Safari/537.36 (compatible; Googlebot/2.1; +http://www.google.com/bot.html)"
20.171.207.15 - - [22/Aug/2025:08:34:46 +0200] "GET /pages.php?fraud%2Fg46%3Fpid=6576 HTTP/1.1" 200 462477 "-" "Mozilla/5.0 AppleWebKit/537.36 (KHTML, like Gecko; compatible; GPTBot/1.2; +https://openai.com/gptbot)"
20.171.207.15 - - [22/Aug/2025:08:34:51 +0200] "GET /pages.php?alley%2Fi94%3Fpid=23150 HTTP/1.1" 200 461651 "-" "Mozilla/5.0 AppleWebKit/537.36 (KHTML, like Gecko; compatible; GPTBot/1.2; +https://openai.com/gptbot)"
66.249.74.72 - - [22/Aug/2025:08:34:54 +0200] "GET /items/216026628.html?srsltid=AfmBOoxrpZRwKMExUPzlYi9CTlySfOcoWOgx9xI3zu0qxDjXclE9 HTTP/1.1" 200 565669 "-" "Mozilla/5.0 (Linux; Android 6.0.1; Nexus 5X Build/MMB29P) AppleWebKit/537.36 (KHTML, like Gecko) Chrome/138.0.7204.183 Mobile Safari/537.36 (compatible; Googlebot/2.1; +http://www.google.com/bot.html)"
20.171.207.15 - - [22/Aug/2025:08:34:56 +0200] "GET /pages.php?dynamics%2Fw58%3Fpid=360 HTTP/1.1" 200 464293 "-" "Mozilla/5.0 AppleWebKit/537.36 (KHTML, like Gecko; compatible; GPTBot/1.2; +https://openai.com/gptbot)"
20.171.207.15 - - [22/Aug/2025:08:35:00 +0200] "GET /pages.php?ethnic%2Fh14%3Fpid=360 HTTP/1.1" 200 466899 "-" "Mozilla/5.0 AppleWebKit/537.36 (KHTML, like Gecko; compatible; GPTBot/1.2; +https://openai.com/gptbot)"
20.171.207.15 - - [22/Aug/2025:08:35:06 +0200] "GET /pages.php?shove%2Fc30%3Fpid=948 HTTP/1.1" 200 467018 "-" "Mozilla/5.0 AppleWebKit/537.36 (KHTML, like Gecko; compatible; GPTBot/1.2; +https://openai.com/gptbot)"
20.171.207.29 - - [22/Aug/2025:08:35:08 +0200] "GET /pages.php?track%2Fj97%3Fpid=953 HTTP/1.1" 200 469869 "-" "Mozilla/5.0 AppleWebKit/537.36 (KHTML, like Gecko; compatible; GPTBot/1.2; +https://openai.com/gptbot)"
20.171.207.15 - - [22/Aug/2025:08:35:08 +0200] "GET /pages.php?early%2Fk59%3Fpid=43785 HTTP/1.1" 200 469610 "-" "Mozilla/5.0 AppleWebKit/537.36 (KHTML, like Gecko; compatible; GPTBot/1.2; +https://openai.com/gptbot)"
20.171.207.15 - - [22/Aug/2025:08:35:12 +0200] "GET /pages.php?frequency%2Fc188%3Fpid=18040 HTTP/1.1" 200 464969 "-" "Mozilla/5.0 AppleWebKit/537.36 (KHTML, like Gecko; compatible; GPTBot/1.2; +https://openai.com/gptbot)"
20.171.207.15 - - [22/Aug/2025:08:35:14 +0200] "GET /pages.php?Asian%2Fu205%3Fpid=1647 HTTP/1.1" 200 464117 "-" "Mozilla/5.0 AppleWebKit/537.36 (KHTML, like Gecko; compatible; GPTBot/1.2; +https://openai.com/gptbot)"
20.171.207.15 - - [22/Aug/2025:08:35:17 +0200] "GET /pages.php?powerful%2Fy58%3Fpid=768 HTTP/1.1" 200 463643 "-" "Mozilla/5.0 AppleWebKit/537.36 (KHTML, like Gecko; compatible; GPTBot/1.2; +https://openai.com/gptbot)"
20.171.207.15 - - [22/Aug/2025:08:35:19 +0200] "GET /pages.php?option%2Fk44%3Fpid=858 HTTP/1.1" 200 463510 "-" "Mozilla/5.0 AppleWebKit/537.36 (KHTML, like Gecko; compatible; GPTBot/1.2; +https://openai.com/gptbot)"
20.171.207.15 - - [22/Aug/2025:08:35:21 +0200] "GET /pages.php?chair%2Fv79%3Fpid=28713 HTTP/1.1" 200 473750 "-" "Mozilla/5.0 AppleWebKit/537.36 (KHTML, like Gecko; compatible; GPTBot/1.2; +https://openai.com/gptbot)"
20.171.207.15 - - [22/Aug/2025:08:35:25 +0200] "GET /pages.php?cold%2Fz49%3Fpid=16887 HTTP/1.1" 200 475911 "-" "Mozilla/5.0 AppleWebKit/537.36 (KHTML, like Gecko; compatible; GPTBot/1.2; +https://openai.com/gptbot)"
20.171.207.15 - - [22/Aug/2025:08:35:26 +0200] "GET /pages.php?Catholic%2Fv78%3Fpid=24 HTTP/1.1" 200 464243 "-" "Mozilla/5.0 AppleWebKit/537.36 (KHTML, like Gecko; compatible; GPTBot/1.2; +https://openai.com/gptbot)"
20.171.207.15 - - [22/Aug/2025:08:35:27 +0200] "GET /pages.php?faint%2Fn28%3Fpid=45080 HTTP/1.1" 200 463749 "-" "Mozilla/5.0 AppleWebKit/537.36 (KHTML, like Gecko; compatible; GPTBot/1.2; +https://openai.com/gptbot)"
20.171.207.15 - - [22/Aug/2025:08:35:29 +0200] "GET /pages.php?donor%2Fh80%3Fpid=736 HTTP/1.1" 200 463667 "-" "Mozilla/5.0 AppleWebKit/537.36 (KHTML, like Gecko; compatible; GPTBot/1.2; +https://openai.com/gptbot)"
20.171.207.15 - - [22/Aug/2025:08:35:30 +0200] "GET /pages.php?q-~184QrDTEPdA7fVERp0ELyDvwOPdriTrgS33987/ HTTP/1.1" 200 463408 "-" "Mozilla/5.0 AppleWebKit/537.36 (KHTML, like Gecko; compatible; GPTBot/1.2; +https://openai.com/gptbot)"
20.171.207.15 - - [22/Aug/2025:08:35:32 +0200] "GET /pages.php?secure%2Fy88%3Fpid=740 HTTP/1.1" 200 466920 "-" "Mozilla/5.0 AppleWebKit/537.36 (KHTML, like Gecko; compatible; GPTBot/1.2; +https://openai.com/gptbot)"
20.171.207.15 - - [22/Aug/2025:08:35:32 +0200] "GET /pages.php?corner%2Fj45%3Fpid=7217 HTTP/1.1" 200 469621 "-" "Mozilla/5.0 AppleWebKit/537.36 (KHTML, like Gecko; compatible; GPTBot/1.2; +https://openai.com/gptbot)"
20.171.207.15 - - [22/Aug/2025:08:35:34 +0200] "GET /pages.php?cargo%2Fp56%3Fpid=46802 HTTP/1.1" 200 476288 "-" "Mozilla/5.0 AppleWebKit/537.36 (KHTML, like Gecko; compatible; GPTBot/1.2; +https://openai.com/gptbot)"
20.171.207.15 - - [22/Aug/2025:08:35:35 +0200] "GET /pages.php?wise%2Fn50%3Fpid=15884 HTTP/1.1" 200 477148 "-" "Mozilla/5.0 AppleWebKit/537.36 (KHTML, like Gecko; compatible; GPTBot/1.2; +https://openai.com/gptbot)"
20.171.207.15 - - [22/Aug/2025:08:35:37 +0200] "GET /pages.php?faculty%2Fm84%3Fpid=36 HTTP/1.1" 200 475822 "-" "Mozilla/5.0 AppleWebKit/537.36 (KHTML, like Gecko; compatible; GPTBot/1.2; +https://openai.com/gptbot)"
20.171.207.15 - - [22/Aug/2025:08:35:37 +0200] "GET / HTTP/1.1" 500 0 "-" "Mozilla/5.0 AppleWebKit/537.36 (KHTML, like Gecko; compatible; GPTBot/1.2; +https://openai.com/gptbot)"
20.171.207.15 - - [22/Aug/2025:08:35:39 +0200] "GET /pages.php?bake%2Fi57%3Fpid=14781 HTTP/1.1" 200 481604 "-" "Mozilla/5.0 AppleWebKit/537.36 (KHTML, like Gecko; compatible; GPTBot/1.2; +https://openai.com/gptbot)"
20.171.207.15 - - [22/Aug/2025:08:35:42 +0200] "GET /pages.php?crazy%2Fa57%3Fpid=43003 HTTP/1.1" 200 467044 "-" "Mozilla/5.0 AppleWebKit/537.36 (KHTML, like Gecko; compatible; GPTBot/1.2; +https://openai.com/gptbot)"
20.171.207.15 - - [22/Aug/2025:08:35:46 +0200] "GET /pages.php?briefly%2Fi28%3Fpid=136 HTTP/1.1" 200 462663 "-" "Mozilla/5.0 AppleWebKit/537.36 (KHTML, like Gecko; compatible; GPTBot/1.2; +https://openai.com/gptbot)"
20.171.207.15 - - [22/Aug/2025:08:35:48 +0200] "GET /pages.php?off%2Fb216%3Fpid=21368 HTTP/1.1" 200 463664 "-" "Mozilla/5.0 AppleWebKit/537.36 (KHTML, like Gecko; compatible; GPTBot/1.2; +https://openai.com/gptbot)"
20.171.207.29 - - [22/Aug/2025:08:35:50 +0200] "GET /?_bd_prev_page=https%3A%2F%2Fkjinvest.net%2Fsite.asp%3Fnevertheless%2Fg240%3Fpid%3D31616&_bdsid=v5njat.n%7EAVSGA.1747508339875.1798364627 HTTP/1.1" 500 0 "-" "Mozilla/5.0 AppleWebKit/537.36 (KHTML, like Gecko; compatible; GPTBot/1.2; +https://openai.com/gptbot)"
20.171.207.15 - - [22/Aug/2025:08:35:52 +0200] "GET /pages.php?night%2Fg84%3Fpid=16394 HTTP/1.1" 200 473868 "-" "Mozilla/5.0 AppleWebKit/537.36 (KHTML, like Gecko; compatible; GPTBot/1.2; +https://openai.com/gptbot)"
20.171.207.15 - - [22/Aug/2025:08:35:53 +0200] "GET /pages.php?agency%2Fj46%3Fpid=734 HTTP/1.1" 200 473821 "-" "Mozilla/5.0 AppleWebKit/537.36 (KHTML, like Gecko; compatible; GPTBot/1.2; +https://openai.com/gptbot)"
20.171.207.15 - - [22/Aug/2025:08:35:55 +0200] "GET /pages.php?loan%2Fc73%3Fpid=43245 HTTP/1.1" 200 466567 "-" "Mozilla/5.0 AppleWebKit/537.36 (KHTML, like Gecko; compatible; GPTBot/1.2; +https://openai.com/gptbot)"
20.171.207.15 - - [22/Aug/2025:08:35:57 +0200] "GET /pages.php?q-~283kYAoclGsMHie7uITdHte2H8GApdTwZ24268/ HTTP/1.1" 200 464329 "-" "Mozilla/5.0 AppleWebKit/537.36 (KHTML, like Gecko; compatible; GPTBot/1.2; +https://openai.com/gptbot)"
20.171.207.15 - - [22/Aug/2025:08:35:58 +0200] "GET /pages.php?hour%2Fi39%3Fpid=23015 HTTP/1.1" 200 468801 "-" "Mozilla/5.0 AppleWebKit/537.36 (KHTML, like Gecko; compatible; GPTBot/1.2; +https://openai.com/gptbot)"
20.171.207.15 - - [22/Aug/2025:08:36:00 +0200] "GET /pages.php?cargo%2Fh70%3Fpid=27786 HTTP/1.1" 200 461872 "-" "Mozilla/5.0 AppleWebKit/537.36 (KHTML, like Gecko; compatible; GPTBot/1.2; +https://openai.com/gptbot)"
20.171.207.15 - - [22/Aug/2025:08:36:01 +0200] "GET /pages.php?should%2Fl81%3Fpid=7725 HTTP/1.1" 200 465671 "-" "Mozilla/5.0 AppleWebKit/537.36 (KHTML, like Gecko; compatible; GPTBot/1.2; +https://openai.com/gptbot)"
20.171.207.15 - - [22/Aug/2025:08:36:03 +0200] "GET /pages.php?radio%2Fc95%3Fpid=819 HTTP/1.1" 200 462644 "-" "Mozilla/5.0 AppleWebKit/537.36 (KHTML, like Gecko; compatible; GPTBot/1.2; +https://openai.com/gptbot)"
20.171.207.15 - - [22/Aug/2025:08:36:04 +0200] "GET /pages.php?brake%2Fs78%3Fpid=3486 HTTP/1.1" 200 468031 "-" "Mozilla/5.0 AppleWebKit/537.36 (KHTML, like Gecko; compatible; GPTBot/1.2; +https://openai.com/gptbot)"
20.171.207.15 - - [22/Aug/2025:08:36:05 +0200] "GET /pages.php?dust%2Fs35%3Fpid=24761 HTTP/1.1" 200 470350 "-" "Mozilla/5.0 AppleWebKit/537.36 (KHTML, like Gecko; compatible; GPTBot/1.2; +https://openai.com/gptbot)"
20.171.207.15 - - [22/Aug/2025:08:36:06 +0200] "GET /pages.php?being%2Fv10%3Fpid=42336 HTTP/1.1" 200 464089 "-" "Mozilla/5.0 AppleWebKit/537.36 (KHTML, like Gecko; compatible; GPTBot/1.2; +https://openai.com/gptbot)"
20.171.207.15 - - [22/Aug/2025:08:36:07 +0200] "GET /pages.php?openly%2Fr34%3Fpid=530 HTTP/1.1" 200 461071 "-" "Mozilla/5.0 AppleWebKit/537.36 (KHTML, like Gecko; compatible; GPTBot/1.2; +https://openai.com/gptbot)"
20.171.207.15 - - [22/Aug/2025:08:36:09 +0200] "GET /pages.php?trade%2Fo39%3Fpid=11083 HTTP/1.1" 200 475435 "-" "Mozilla/5.0 AppleWebKit/537.36 (KHTML, like Gecko; compatible; GPTBot/1.2; +https://openai.com/gptbot)"
20.171.207.15 - - [22/Aug/2025:08:36:09 +0200] "GET /pages.php?attack%2Fi38%3Fpid=1780 HTTP/1.1" 200 464864 "-" "Mozilla/5.0 AppleWebKit/537.36 (KHTML, like Gecko; compatible; GPTBot/1.2; +https://openai.com/gptbot)"
20.171.207.15 - - [22/Aug/2025:08:36:11 +0200] "GET /pages.php?border%2Fa74%3Fpid=1906 HTTP/1.1" 200 470982 "-" "Mozilla/5.0 AppleWebKit/537.36 (KHTML, like Gecko; compatible; GPTBot/1.2; +https://openai.com/gptbot)"
20.171.207.15 - - [22/Aug/2025:08:36:13 +0200] "GET /pages.php?fifteen%2Fr35%3Fpid=209 HTTP/1.1" 200 463974 "-" "Mozilla/5.0 AppleWebKit/537.36 (KHTML, like Gecko; compatible; GPTBot/1.2; +https://openai.com/gptbot)"
20.171.207.15 - - [22/Aug/2025:08:36:14 +0200] "GET /pages.php?menu%2Fz25%3Fpid=46083 HTTP/1.1" 200 475411 "-" "Mozilla/5.0 AppleWebKit/537.36 (KHTML, like Gecko; compatible; GPTBot/1.2; +https://openai.com/gptbot)"
20.171.207.15 - - [22/Aug/2025:08:36:16 +0200] "GET /pages.php?company%2Fz56%3Fpid=964 HTTP/1.1" 200 462270 "-" "Mozilla/5.0 AppleWebKit/537.36 (KHTML, like Gecko; compatible; GPTBot/1.2; +https://openai.com/gptbot)"
20.171.207.15 - - [22/Aug/2025:08:36:17 +0200] "GET /pages.php?draft%2Fj56%3Fpid=994 HTTP/1.1" 200 462393 "-" "Mozilla/5.0 AppleWebKit/537.36 (KHTML, like Gecko; compatible; GPTBot/1.2; +https://openai.com/gptbot)"
20.171.207.15 - - [22/Aug/2025:08:36:18 +0200] "GET /pages.php?away%2Fw84%3Fpid=31680 HTTP/1.1" 200 464545 "-" "Mozilla/5.0 AppleWebKit/537.36 (KHTML, like Gecko; compatible; GPTBot/1.2; +https://openai.com/gptbot)"
20.171.207.15 - - [22/Aug/2025:08:36:19 +0200] "GET /pages.php?slope%2Fr81%3Fpid=647 HTTP/1.1" 200 465897 "-" "Mozilla/5.0 AppleWebKit/537.36 (KHTML, like Gecko; compatible; GPTBot/1.2; +https://openai.com/gptbot)"
66.249.74.73 - - [22/Aug/2025:08:36:20 +0200] "GET /items/300035442.html?srsltid=AfmBOoznyaIearEKVTgpBXTGClYAukMNEP9uCmkD59K6iySoi4Bi HTTP/1.1" 200 574564 "-" "Mozilla/5.0 (Linux; Android 6.0.1; Nexus 5X Build/MMB29P) AppleWebKit/537.36 (KHTML, like Gecko) Chrome/138.0.7204.183 Mobile Safari/537.36 (compatible; Googlebot/2.1; +http://www.google.com/bot.html)"
20.171.207.15 - - [22/Aug/2025:08:36:21 +0200] "GET /pages.php?cloth%2Fh76%3Fpid=13114 HTTP/1.1" 200 460186 "-" "Mozilla/5.0 AppleWebKit/537.36 (KHTML, like Gecko; compatible; GPTBot/1.2; +https://openai.com/gptbot)"
20.171.207.15 - - [22/Aug/2025:08:36:21 +0200] "GET /pages.php?trim%2Fy32%3Fpid=25590 HTTP/1.1" 200 466335 "-" "Mozilla/5.0 AppleWebKit/537.36 (KHTML, like Gecko; compatible; GPTBot/1.2; +https://openai.com/gptbot)"
20.171.207.15 - - [22/Aug/2025:08:36:23 +0200] "GET /pages.php?document%2Fv76%3Fpid=588 HTTP/1.1" 200 464642 "-" "Mozilla/5.0 AppleWebKit/537.36 (KHTML, like Gecko; compatible; GPTBot/1.2; +https://openai.com/gptbot)"
