66.249.74.74 - - [22/Aug/2025:03:49:24 +0200] "GET /pcmypage?callback=product%2Fdetail%2Fautoparts-agency-508019100 HTTP/1.1" 200 557867 "-" "Mozilla/5.0 (Linux; Android 6.0.1; Nexus 5X Build/MMB29P) AppleWebKit/537.36 (KHTML, like Gecko) Chrome/138.0.7204.183 Mobile Safari/537.36 (compatible; Googlebot/2.1; +http://www.google.com/bot.html)"
20.171.207.15 - - [22/Aug/2025:03:49:24 +0200] "GET /pages.php?scene%2Fi7%3Fpid=24801 HTTP/1.1" 200 468643 "-" "Mozilla/5.0 AppleWebKit/537.36 (KHTML, like Gecko; compatible; GPTBot/1.2; +https://openai.com/gptbot)"
66.249.74.76 - - [22/Aug/2025:03:49:25 +0200] "GET /pages.php?q-~193CAdfcl9TwZzetYP5Cf7ZQtrGBAkCcj34134/ HTTP/1.1" 200 462604 "-" "Mozilla/5.0 (Linux; Android 6.0.1; Nexus 5X Build/MMB29P) AppleWebKit/537.36 (KHTML, like Gecko) Chrome/138.0.7204.183 Mobile Safari/537.36 (compatible; Googlebot/2.1; +http://www.google.com/bot.html)"
66.249.74.76 - - [22/Aug/2025:03:49:26 +0200] "GET /Muslim073015170.html HTTP/1.1" 200 554830 "-" "Mozilla/5.0 (Linux; Android 6.0.1; Nexus 5X Build/MMB29P) AppleWebKit/537.36 (KHTML, like Gecko) Chrome/138.0.7204.183 Mobile Safari/537.36 (compatible; Googlebot/2.1; +http://www.google.com/bot.html)"
20.171.207.15 - - [22/Aug/2025:03:49:26 +0200] "GET /pages.php?analyst%2Fm50%3Fpid=296 HTTP/1.1" 200 470954 "-" "Mozilla/5.0 AppleWebKit/537.36 (KHTML, like Gecko; compatible; GPTBot/1.2; +https://openai.com/gptbot)"
66.249.74.73 - - [22/Aug/2025:03:49:28 +0200] "GET /pages.php?win/h152?pid=33342 HTTP/1.1" 200 462978 "-" "Mozilla/5.0 (Linux; Android 6.0.1; Nexus 5X Build/MMB29P) AppleWebKit/537.36 (KHTML, like Gecko) Chrome/138.0.7204.183 Mobile Safari/537.36 (compatible; Googlebot/2.1; +http://www.google.com/bot.html)"
20.171.207.15 - - [22/Aug/2025:03:49:28 +0200] "GET /pages.php?bedroom%2Ft2%3Fpid=6180 HTTP/1.1" 200 463648 "-" "Mozilla/5.0 AppleWebKit/537.36 (KHTML, like Gecko; compatible; GPTBot/1.2; +https://openai.com/gptbot)"
66.249.74.75 - - [22/Aug/2025:03:49:29 +0200] "GET /interaction114015911.html HTTP/1.1" 200 560856 "-" "Mozilla/5.0 (Linux; Android 6.0.1; Nexus 5X Build/MMB29P) AppleWebKit/537.36 (KHTML, like Gecko) Chrome/138.0.7204.183 Mobile Safari/537.36 (compatible; Googlebot/2.1; +http://www.google.com/bot.html)"
66.249.74.73 - - [22/Aug/2025:03:49:31 +0200] "GET /pcmypage?callback=/product%2Fdetail%2Auc-screate-ws6217655040z-1 HTTP/1.1" 200 580698 "-" "Mozilla/5.0 (Linux; Android 6.0.1; Nexus 5X Build/MMB29P) AppleWebKit/537.36 (KHTML, like Gecko) Chrome/138.0.7204.183 Mobile Safari/537.36 (compatible; Googlebot/2.1; +http://www.google.com/bot.html)"
66.249.74.77 - - [22/Aug/2025:03:49:31 +0200] "GET /pages.php?q-~77boqkfULTpj9yvkvPDyavLjKOf77syT2400/ HTTP/1.1" 200 462073 "-" "Mozilla/5.0 (Linux; Android 6.0.1; Nexus 5X Build/MMB29P) AppleWebKit/537.36 (KHTML, like Gecko) Chrome/138.0.7204.183 Mobile Safari/537.36 (compatible; Googlebot/2.1; +http://www.google.com/bot.html)"
20.171.207.15 - - [22/Aug/2025:03:49:32 +0200] "GET /pages.php?advance%2Fr95%3Fpid=469 HTTP/1.1" 200 464006 "-" "Mozilla/5.0 AppleWebKit/537.36 (KHTML, like Gecko; compatible; GPTBot/1.2; +https://openai.com/gptbot)"
66.249.74.73 - - [22/Aug/2025:03:49:32 +0200] "GET /pcmypage?callback=product%2Fdetail%2Fauc-screate-ws6217655040z-1 HTTP/1.1" 200 560083 "-" "Mozilla/5.0 (Linux; Android 6.0.1; Nexus 5X Build/MMB29P) AppleWebKit/537.36 (KHTML, like Gecko) Chrome/138.0.7204.183 Mobile Safari/537.36 (compatible; Googlebot/2.1; +http://www.google.com/bot.html)"
20.171.207.15 - - [22/Aug/2025:03:49:33 +0200] "GET /pages.php?society%2Ft95%3Fpid=473 HTTP/1.1" 200 465291 "-" "Mozilla/5.0 AppleWebKit/537.36 (KHTML, like Gecko; compatible; GPTBot/1.2; +https://openai.com/gptbot)"
66.249.74.64 - - [22/Aug/2025:03:49:34 +0200] "GET /pages.php?pile/i209?pid=24209 HTTP/1.1" 200 462549 "-" "Mozilla/5.0 (Linux; Android 6.0.1; Nexus 5X Build/MMB29P) AppleWebKit/537.36 (KHTML, like Gecko) Chrome/138.0.7204.183 Mobile Safari/537.36 (compatible; Googlebot/2.1; +http://www.google.com/bot.html)"
66.249.74.73 - - [22/Aug/2025:03:49:34 +0200] "GET /pcmypage?callback=product/review/setubiprookoku-993-380185 HTTP/1.1" 200 560618 "-" "Mozilla/5.0 (Linux; Android 6.0.1; Nexus 5X Build/MMB29P) AppleWebKit/537.36 (KHTML, like Gecko) Chrome/138.0.7204.183 Mobile Safari/537.36 (compatible; Googlebot/2.1; +http://www.google.com/bot.html)"
20.171.207.15 - - [22/Aug/2025:03:49:35 +0200] "GET /pages.php?operate%2Fn16%3Fpid=370 HTTP/1.1" 200 468239 "-" "Mozilla/5.0 AppleWebKit/537.36 (KHTML, like Gecko; compatible; GPTBot/1.2; +https://openai.com/gptbot)"
20.171.207.15 - - [22/Aug/2025:03:49:37 +0200] "GET /pages.php?great%2Fu61%3Fpid=32649 HTTP/1.1" 200 466606 "-" "Mozilla/5.0 AppleWebKit/537.36 (KHTML, like Gecko; compatible; GPTBot/1.2; +https://openai.com/gptbot)"
66.249.74.75 - - [22/Aug/2025:03:49:38 +0200] "GET /evolution148004967.html HTTP/1.1" 200 556009 "-" "Mozilla/5.0 (Linux; Android 6.0.1; Nexus 5X Build/MMB29P) AppleWebKit/537.36 (KHTML, like Gecko) Chrome/138.0.7204.183 Mobile Safari/537.36 (compatible; Googlebot/2.1; +http://www.google.com/bot.html)"
20.171.207.15 - - [22/Aug/2025:03:49:39 +0200] "GET /pages.php?rifle%2Fh99%3Fpid=10703 HTTP/1.1" 200 465480 "-" "Mozilla/5.0 AppleWebKit/537.36 (KHTML, like Gecko; compatible; GPTBot/1.2; +https://openai.com/gptbot)"
66.249.74.74 - - [22/Aug/2025:03:49:40 +0200] "GET /pages.php?paint/y273?pid=22189 HTTP/1.1" 200 464385 "-" "Mozilla/5.0 (Linux; Android 6.0.1; Nexus 5X Build/MMB29P) AppleWebKit/537.36 (KHTML, like Gecko) Chrome/138.0.7204.183 Mobile Safari/537.36 (compatible; Googlebot/2.1; +http://www.google.com/bot.html)"
66.249.74.73 - - [22/Aug/2025:03:49:41 +0200] "GET /pages.php?text/x233?pid=46535 HTTP/1.1" 200 460663 "-" "Mozilla/5.0 (Linux; Android 6.0.1; Nexus 5X Build/MMB29P) AppleWebKit/537.36 (KHTML, like Gecko) Chrome/138.0.7204.183 Mobile Safari/537.36 (compatible; Googlebot/2.1; +http://www.google.com/bot.html)"
66.249.74.76 - - [22/Aug/2025:03:49:41 +0200] "GET /initiative275043908.html HTTP/1.1" 200 555767 "-" "Mozilla/5.0 (Linux; Android 6.0.1; Nexus 5X Build/MMB29P) AppleWebKit/537.36 (KHTML, like Gecko) Chrome/138.0.7204.183 Mobile Safari/537.36 (compatible; Googlebot/2.1; +http://www.google.com/bot.html)"
20.171.207.15 - - [22/Aug/2025:03:49:42 +0200] "GET /pages.php?youth%2Fp92%3Fpid=16816 HTTP/1.1" 200 463259 "-" "Mozilla/5.0 AppleWebKit/537.36 (KHTML, like Gecko; compatible; GPTBot/1.2; +https://openai.com/gptbot)"
20.171.207.15 - - [22/Aug/2025:03:49:44 +0200] "GET /pages.php?pocket%2Fw41%3Fpid=7925 HTTP/1.1" 200 464541 "-" "Mozilla/5.0 AppleWebKit/537.36 (KHTML, like Gecko; compatible; GPTBot/1.2; +https://openai.com/gptbot)"
66.249.74.66 - - [22/Aug/2025:03:49:44 +0200] "GET /pages.php?q-~25IugIk85tlwTZk1xBTcuYak8gHJj1vf20118/ HTTP/1.1" 200 474405 "-" "Mozilla/5.0 (Linux; Android 6.0.1; Nexus 5X Build/MMB29P) AppleWebKit/537.36 (KHTML, like Gecko) Chrome/138.0.7204.183 Mobile Safari/537.36 (compatible; Googlebot/2.1; +http://www.google.com/bot.html)"
20.171.207.15 - - [22/Aug/2025:03:49:46 +0200] "GET /pages.php?mental%2Fi79%3Fpid=15819 HTTP/1.1" 200 462381 "-" "Mozilla/5.0 AppleWebKit/537.36 (KHTML, like Gecko; compatible; GPTBot/1.2; +https://openai.com/gptbot)"
66.249.74.67 - - [22/Aug/2025:03:49:47 +0200] "GET /pages.php?q-~38BC2sJILfeOeIqfNMmK2CBFLU9f4SSK28963/ HTTP/1.1" 200 472812 "-" "Mozilla/5.0 (Linux; Android 6.0.1; Nexus 5X Build/MMB29P) AppleWebKit/537.36 (KHTML, like Gecko) Chrome/138.0.7204.183 Mobile Safari/537.36 (compatible; Googlebot/2.1; +http://www.google.com/bot.html)"
20.171.207.15 - - [22/Aug/2025:03:49:47 +0200] "GET /pages.php?rural%2Fo230%3Fpid=4666 HTTP/1.1" 200 471858 "-" "Mozilla/5.0 AppleWebKit/537.36 (KHTML, like Gecko; compatible; GPTBot/1.2; +https://openai.com/gptbot)"
66.249.74.72 - - [22/Aug/2025:03:49:49 +0200] "GET /pcmypage?callback=product/review/ajimura4861-b077f18mb6 HTTP/1.1" 200 560752 "-" "Mozilla/5.0 (Linux; Android 6.0.1; Nexus 5X Build/MMB29P) AppleWebKit/537.36 (KHTML, like Gecko) Chrome/138.0.7204.183 Mobile Safari/537.36 (compatible; Googlebot/2.1; +http://www.google.com/bot.html)"
66.249.74.72 - - [22/Aug/2025:03:49:49 +0200] "GET /lost241000590.html HTTP/1.1" 200 555309 "-" "Mozilla/5.0 (Linux; Android 6.0.1; Nexus 5X Build/MMB29P) AppleWebKit/537.36 (KHTML, like Gecko) Chrome/138.0.7204.183 Mobile Safari/537.36 (compatible; Googlebot/2.1; +http://www.google.com/bot.html)"
20.171.207.15 - - [22/Aug/2025:03:49:50 +0200] "GET /pages.php?jacket%2Fx75%3Fpid=635 HTTP/1.1" 200 472910 "-" "Mozilla/5.0 AppleWebKit/537.36 (KHTML, like Gecko; compatible; GPTBot/1.2; +https://openai.com/gptbot)"
66.249.74.74 - - [22/Aug/2025:03:49:50 +0200] "GET /pcmypage?callback=product%2Fdetail%2Fajimura4861-b077f18mb6 HTTP/1.1" 200 558976 "-" "Mozilla/5.0 (Linux; Android 6.0.1; Nexus 5X Build/MMB29P) AppleWebKit/537.36 (KHTML, like Gecko) Chrome/138.0.7204.183 Mobile Safari/537.36 (compatible; Googlebot/2.1; +http://www.google.com/bot.html)"
20.171.207.15 - - [22/Aug/2025:03:49:52 +0200] "GET /pages.php?noise%2Fx41%3Fpid=879 HTTP/1.1" 200 465813 "-" "Mozilla/5.0 AppleWebKit/537.36 (KHTML, like Gecko; compatible; GPTBot/1.2; +https://openai.com/gptbot)"
20.171.207.15 - - [22/Aug/2025:03:49:54 +0200] "GET /?_bd_prev_page=https%3A%2F%2Fwww.kjinvest.net%2Fchat.xhtml%3Fq-%7E131zTSsD0WHKEdu4EZ9PNdQhK8uKR6Eei35494%2F&_bdsid=sh0qr2.n%7ECANTS.172979176.172372949&_gz=2.199304954.190978852.175149336-863852640.162371011 HTTP/1.1" 500 0 "-" "Mozilla/5.0 AppleWebKit/537.36 (KHTML, like Gecko; compatible; GPTBot/1.2; +https://openai.com/gptbot)"
20.171.207.15 - - [22/Aug/2025:03:49:56 +0200] "GET /pages.php?forum%2Fx8%3Fpid=10122 HTTP/1.1" 200 476288 "-" "Mozilla/5.0 AppleWebKit/537.36 (KHTML, like Gecko; compatible; GPTBot/1.2; +https://openai.com/gptbot)"
66.249.74.66 - - [22/Aug/2025:03:49:56 +0200] "GET /pages.php?downtown/x71?pid=4917 HTTP/1.1" 200 470036 "-" "Mozilla/5.0 (Linux; Android 6.0.1; Nexus 5X Build/MMB29P) AppleWebKit/537.36 (KHTML, like Gecko) Chrome/138.0.7204.183 Mobile Safari/537.36 (compatible; Googlebot/2.1; +http://www.google.com/bot.html)"
66.249.74.65 - - [22/Aug/2025:03:49:56 +0200] "GET /pages.php?say/s276?pid=13186 HTTP/1.1" 200 469621 "-" "Mozilla/5.0 (Linux; Android 6.0.1; Nexus 5X Build/MMB29P) AppleWebKit/537.36 (KHTML, like Gecko) Chrome/138.0.7204.183 Mobile Safari/537.36 (compatible; Googlebot/2.1; +http://www.google.com/bot.html)"
66.249.74.64 - - [22/Aug/2025:03:49:56 +0200] "GET /pcmypage?callback=product/review/first34-trusco-8536508 HTTP/1.1" 200 550197 "-" "Mozilla/5.0 (Linux; Android 6.0.1; Nexus 5X Build/MMB29P) AppleWebKit/537.36 (KHTML, like Gecko) Chrome/138.0.7204.183 Mobile Safari/537.36 (compatible; Googlebot/2.1; +http://www.google.com/bot.html)"
66.249.74.67 - - [22/Aug/2025:03:49:57 +0200] "GET /poet194022927.html HTTP/1.1" 200 558259 "-" "Mozilla/5.0 (Linux; Android 6.0.1; Nexus 5X Build/MMB29P) AppleWebKit/537.36 (KHTML, like Gecko) Chrome/138.0.7204.183 Mobile Safari/537.36 (compatible; Googlebot/2.1; +http://www.google.com/bot.html)"
66.249.74.67 - - [22/Aug/2025:03:50:00 +0200] "GET /pages.php?q-~85xal77OJsxfJ7AZ4nyXFOq5cVrylFPr27226/ HTTP/1.1" 200 459739 "-" "Mozilla/5.0 (Linux; Android 6.0.1; Nexus 5X Build/MMB29P) AppleWebKit/537.36 (KHTML, like Gecko) Chrome/138.0.7204.183 Mobile Safari/537.36 (compatible; Googlebot/2.1; +http://www.google.com/bot.html)"
66.249.74.69 - - [22/Aug/2025:03:50:04 +0200] "GET /pages.php?q-~238JMDsmeRtSTXtnVDxQ2bRYFuOnLPoKU41105/ HTTP/1.1" 200 463937 "-" "Mozilla/5.0 (Linux; Android 6.0.1; Nexus 5X Build/MMB29P) AppleWebKit/537.36 (KHTML, like Gecko) Chrome/138.0.7204.183 Mobile Safari/537.36 (compatible; Googlebot/2.1; +http://www.google.com/bot.html)"
20.171.207.15 - - [22/Aug/2025:03:50:05 +0200] "GET /pages.php?grandchild%2Fs88%3Fpid=28928 HTTP/1.1" 200 467109 "-" "Mozilla/5.0 AppleWebKit/537.36 (KHTML, like Gecko; compatible; GPTBot/1.2; +https://openai.com/gptbot)"
66.249.74.66 - - [22/Aug/2025:03:50:06 +0200] "GET /drive056000569.html HTTP/1.1" 200 562874 "-" "Mozilla/5.0 (Linux; Android 6.0.1; Nexus 5X Build/MMB29P) AppleWebKit/537.36 (KHTML, like Gecko) Chrome/138.0.7204.183 Mobile Safari/537.36 (compatible; Googlebot/2.1; +http://www.google.com/bot.html)"
66.249.74.67 - - [22/Aug/2025:03:50:06 +0200] "GET /pages.php?q-~53epoJz8OTDpLqqrOSKL1vMEJmSL7uUc19278/ HTTP/1.1" 200 463451 "-" "Mozilla/5.0 (Linux; Android 6.0.1; Nexus 5X Build/MMB29P) AppleWebKit/537.36 (KHTML, like Gecko) Chrome/138.0.7204.183 Mobile Safari/537.36 (compatible; Googlebot/2.1; +http://www.google.com/bot.html)"
20.171.207.15 - - [22/Aug/2025:03:50:07 +0200] "GET /pages.php?closely%2Fz70%3Fpid=542 HTTP/1.1" 200 461642 "-" "Mozilla/5.0 AppleWebKit/537.36 (KHTML, like Gecko; compatible; GPTBot/1.2; +https://openai.com/gptbot)"
57.141.4.9 - - [22/Aug/2025:03:50:08 +0200] "GET /?sitemap461.xml HTTP/1.1" 200 23 "-" "meta-externalagent/1.1 (+https://developers.facebook.com/docs/sharing/webmasters/crawler)"
66.249.74.65 - - [22/Aug/2025:03:50:09 +0200] "GET /pcmypage?callback=product/review/daishinshop-742-00123899 HTTP/1.1" 200 555662 "-" "Mozilla/5.0 (Linux; Android 6.0.1; Nexus 5X Build/MMB29P) AppleWebKit/537.36 (KHTML, like Gecko) Chrome/138.0.7204.183 Mobile Safari/537.36 (compatible; Googlebot/2.1; +http://www.google.com/bot.html)"
66.249.74.73 - - [22/Aug/2025:03:50:10 +0200] "GET /pages.php?cabin/e48?pid=31786 HTTP/1.1" 200 459101 "-" "Mozilla/5.0 (Linux; Android 6.0.1; Nexus 5X Build/MMB29P) AppleWebKit/537.36 (KHTML, like Gecko) Chrome/138.0.7204.183 Mobile Safari/537.36 (compatible; Googlebot/2.1; +http://www.google.com/bot.html)"
20.171.207.15 - - [22/Aug/2025:03:50:10 +0200] "GET /pages.php?breath%2Fj81%3Fpid=943 HTTP/1.1" 200 469411 "-" "Mozilla/5.0 AppleWebKit/537.36 (KHTML, like Gecko; compatible; GPTBot/1.2; +https://openai.com/gptbot)"
20.171.207.29 - - [22/Aug/2025:03:50:12 +0200] "GET /?_bd_prev_page=https%3A%2F%2Fkjinvest.net%2Fsite.asp%3Frevolution%2Fq89%3Fpid%3D22385&_bdsid=v5njat.n%7EAVSGA.1747508339875.1798364627 HTTP/1.1" 500 0 "-" "Mozilla/5.0 AppleWebKit/537.36 (KHTML, like Gecko; compatible; GPTBot/1.2; +https://openai.com/gptbot)"
20.171.207.15 - - [22/Aug/2025:03:50:12 +0200] "GET /pages.php?sock%2Fd1%3Fpid=291 HTTP/1.1" 200 458265 "-" "Mozilla/5.0 AppleWebKit/537.36 (KHTML, like Gecko; compatible; GPTBot/1.2; +https://openai.com/gptbot)"
66.249.74.64 - - [22/Aug/2025:03:50:12 +0200] "GET /pcmypage?callback=product/review/orange-benri-orb3653804 HTTP/1.1" 200 571551 "-" "Mozilla/5.0 (Linux; Android 6.0.1; Nexus 5X Build/MMB29P) AppleWebKit/537.36 (KHTML, like Gecko) Chrome/138.0.7204.183 Mobile Safari/537.36 (compatible; Googlebot/2.1; +http://www.google.com/bot.html)"
66.249.74.72 - - [22/Aug/2025:03:50:14 +0200] "GET /pages.php?shrink/k50?pid=25928 HTTP/1.1" 200 462971 "-" "Mozilla/5.0 (Linux; Android 6.0.1; Nexus 5X Build/MMB29P) AppleWebKit/537.36 (KHTML, like Gecko) Chrome/138.0.7204.183 Mobile Safari/537.36 (compatible; Googlebot/2.1; +http://www.google.com/bot.html)"
20.171.207.15 - - [22/Aug/2025:03:50:14 +0200] "GET /pages.php?sixth%2Fz197%3Fpid=421 HTTP/1.1" 200 455736 "-" "Mozilla/5.0 AppleWebKit/537.36 (KHTML, like Gecko; compatible; GPTBot/1.2; +https://openai.com/gptbot)"
66.249.74.66 - - [22/Aug/2025:03:50:16 +0200] "GET /pcmypage?callback=/product%2Fdetail%2orange-benri-orb3653804 HTTP/1.1" 200 564197 "-" "Mozilla/5.0 (Linux; Android 6.0.1; Nexus 5X Build/MMB29P) AppleWebKit/537.36 (KHTML, like Gecko) Chrome/138.0.7204.183 Mobile Safari/537.36 (compatible; Googlebot/2.1; +http://www.google.com/bot.html)"
66.249.74.67 - - [22/Aug/2025:03:50:16 +0200] "GET /pages.php?pie/j164?pid=19870 HTTP/1.1" 200 460959 "-" "Mozilla/5.0 (Linux; Android 6.0.1; Nexus 5X Build/MMB29P) AppleWebKit/537.36 (KHTML, like Gecko) Chrome/138.0.7204.183 Mobile Safari/537.36 (compatible; Googlebot/2.1; +http://www.google.com/bot.html)"
20.171.207.15 - - [22/Aug/2025:03:50:17 +0200] "GET /pages.php?openly%2Fc11%3Fpid=5365 HTTP/1.1" 200 464922 "-" "Mozilla/5.0 AppleWebKit/537.36 (KHTML, like Gecko; compatible; GPTBot/1.2; +https://openai.com/gptbot)"
20.171.207.15 - - [22/Aug/2025:03:50:19 +0200] "GET /pages.php?opinion%2Fy179%3Fpid=6901 HTTP/1.1" 200 475142 "-" "Mozilla/5.0 AppleWebKit/537.36 (KHTML, like Gecko; compatible; GPTBot/1.2; +https://openai.com/gptbot)"
66.249.74.72 - - [22/Aug/2025:03:50:19 +0200] "GET /pages.php?q-~182srzAIiGURn5B71rRgYQ5Ae65ECLyFe46779/ HTTP/1.1" 200 472592 "-" "Mozilla/5.0 (Linux; Android 6.0.1; Nexus 5X Build/MMB29P) AppleWebKit/537.36 (KHTML, like Gecko) Chrome/138.0.7204.183 Mobile Safari/537.36 (compatible; Googlebot/2.1; +http://www.google.com/bot.html)"
20.171.207.15 - - [22/Aug/2025:03:50:21 +0200] "GET /pages.php?prior%2Ff76%3Fpid=11998 HTTP/1.1" 200 473170 "-" "Mozilla/5.0 AppleWebKit/537.36 (KHTML, like Gecko; compatible; GPTBot/1.2; +https://openai.com/gptbot)"
20.171.207.15 - - [22/Aug/2025:03:50:22 +0200] "GET /pages.php?sue%2Fy49%3Fpid=501 HTTP/1.1" 200 467192 "-" "Mozilla/5.0 AppleWebKit/537.36 (KHTML, like Gecko; compatible; GPTBot/1.2; +https://openai.com/gptbot)"
66.249.74.65 - - [22/Aug/2025:03:50:22 +0200] "GET /French082044933.html HTTP/1.1" 200 557899 "-" "Mozilla/5.0 (Linux; Android 6.0.1; Nexus 5X Build/MMB29P) AppleWebKit/537.36 (KHTML, like Gecko) Chrome/138.0.7204.183 Mobile Safari/537.36 (compatible; Googlebot/2.1; +http://www.google.com/bot.html)"
66.249.74.65 - - [22/Aug/2025:03:50:22 +0200] "GET /pages.php?much/n238?pid=5068 HTTP/1.1" 200 467864 "-" "Mozilla/5.0 (Linux; Android 6.0.1; Nexus 5X Build/MMB29P) AppleWebKit/537.36 (KHTML, like Gecko) Chrome/138.0.7204.183 Mobile Safari/537.36 (compatible; Googlebot/2.1; +http://www.google.com/bot.html)"
20.171.207.15 - - [22/Aug/2025:03:50:23 +0200] "GET /pages.php?connect%2Ff1%3Fpid=295 HTTP/1.1" 200 465618 "-" "Mozilla/5.0 AppleWebKit/537.36 (KHTML, like Gecko; compatible; GPTBot/1.2; +https://openai.com/gptbot)"
66.249.74.64 - - [22/Aug/2025:03:50:25 +0200] "GET /remaining164036211.html HTTP/1.1" 200 556222 "-" "Mozilla/5.0 (Linux; Android 6.0.1; Nexus 5X Build/MMB29P) AppleWebKit/537.36 (KHTML, like Gecko) Chrome/138.0.7204.183 Mobile Safari/537.36 (compatible; Googlebot/2.1; +http://www.google.com/bot.html)"
66.249.74.72 - - [22/Aug/2025:03:50:26 +0200] "GET /pages.php?ongoing/n277?pid=30293 HTTP/1.1" 200 462759 "-" "Mozilla/5.0 (Linux; Android 6.0.1; Nexus 5X Build/MMB29P) AppleWebKit/537.36 (KHTML, like Gecko) Chrome/138.0.7204.183 Mobile Safari/537.36 (compatible; Googlebot/2.1; +http://www.google.com/bot.html)"
20.171.207.15 - - [22/Aug/2025:03:50:26 +0200] "GET /pages.php?sick%2Fo26%3Fpid=44990 HTTP/1.1" 200 471137 "-" "Mozilla/5.0 AppleWebKit/537.36 (KHTML, like Gecko; compatible; GPTBot/1.2; +https://openai.com/gptbot)"
66.249.74.75 - - [22/Aug/2025:03:50:27 +0200] "GET /index.php?product/labbotsenk416247?id=175 HTTP/1.1" 200 561218 "-" "Mozilla/5.0 (Linux; Android 6.0.1; Nexus 5X Build/MMB29P) AppleWebKit/537.36 (KHTML, like Gecko) Chrome/138.0.7204.183 Mobile Safari/537.36 (compatible; GoogleOther)"
20.171.207.15 - - [22/Aug/2025:03:50:28 +0200] "GET /pages.php?q-~114vQz4JqkxtLbCZERiurSKB3U9Q69HNv32909/ HTTP/1.1" 200 475816 "-" "Mozilla/5.0 AppleWebKit/537.36 (KHTML, like Gecko; compatible; GPTBot/1.2; +https://openai.com/gptbot)"
66.249.74.73 - - [22/Aug/2025:03:50:29 +0200] "GET /pages.php?myth/x224?pid=39936 HTTP/1.1" 200 464183 "-" "Mozilla/5.0 (Linux; Android 6.0.1; Nexus 5X Build/MMB29P) AppleWebKit/537.36 (KHTML, like Gecko) Chrome/138.0.7204.183 Mobile Safari/537.36 (compatible; Googlebot/2.1; +http://www.google.com/bot.html)"
66.249.74.74 - - [22/Aug/2025:03:50:29 +0200] "GET /speculate284022311.html HTTP/1.1" 200 560472 "-" "Mozilla/5.0 (Linux; Android 6.0.1; Nexus 5X Build/MMB29P) AppleWebKit/537.36 (KHTML, like Gecko) Chrome/138.0.7204.183 Mobile Safari/537.36 (compatible; Googlebot/2.1; +http://www.google.com/bot.html)"
20.171.207.15 - - [22/Aug/2025:03:50:29 +0200] "GET /pages.php?chest%2Fr90%3Fpid=49450 HTTP/1.1" 200 464524 "-" "Mozilla/5.0 AppleWebKit/537.36 (KHTML, like Gecko; compatible; GPTBot/1.2; +https://openai.com/gptbot)"
66.249.74.64 - - [22/Aug/2025:03:50:30 +0200] "GET /pcmypage?callback=/product%2Fdetail%2pcexpress-mobile-4943609693388 HTTP/1.1" 200 558462 "-" "Mozilla/5.0 (Linux; Android 6.0.1; Nexus 5X Build/MMB29P) AppleWebKit/537.36 (KHTML, like Gecko) Chrome/138.0.7204.183 Mobile Safari/537.36 (compatible; Googlebot/2.1; +http://www.google.com/bot.html)"
20.171.207.15 - - [22/Aug/2025:03:50:31 +0200] "GET /pages.php?fellow%2Fn46%3Fpid=360 HTTP/1.1" 200 470689 "-" "Mozilla/5.0 AppleWebKit/537.36 (KHTML, like Gecko; compatible; GPTBot/1.2; +https://openai.com/gptbot)"
66.249.74.72 - - [22/Aug/2025:03:50:32 +0200] "GET /pcmypage?callback=product%2Fdetail%2Fbikeseat-kobe-bsk-sch3050-c10 HTTP/1.1" 200 559283 "-" "Mozilla/5.0 (Linux; Android 6.0.1; Nexus 5X Build/MMB29P) AppleWebKit/537.36 (KHTML, like Gecko) Chrome/138.0.7204.183 Mobile Safari/537.36 (compatible; Googlebot/2.1; +http://www.google.com/bot.html)"
20.171.207.15 - - [22/Aug/2025:03:50:33 +0200] "GET /pages.php?mineral%2Fc87%3Fpid=143 HTTP/1.1" 200 468289 "-" "Mozilla/5.0 AppleWebKit/537.36 (KHTML, like Gecko; compatible; GPTBot/1.2; +https://openai.com/gptbot)"
66.249.74.76 - - [22/Aug/2025:03:50:35 +0200] "GET /terribly052033761.html HTTP/1.1" 200 558666 "-" "Mozilla/5.0 (Linux; Android 6.0.1; Nexus 5X Build/MMB29P) AppleWebKit/537.36 (KHTML, like Gecko) Chrome/138.0.7204.183 Mobile Safari/537.36 (compatible; Googlebot/2.1; +http://www.google.com/bot.html)"
20.171.207.15 - - [22/Aug/2025:03:50:35 +0200] "GET /pages.php?fear%2Fg62%3Fpid=48978 HTTP/1.1" 200 469739 "-" "Mozilla/5.0 AppleWebKit/537.36 (KHTML, like Gecko; compatible; GPTBot/1.2; +https://openai.com/gptbot)"
66.249.74.76 - - [22/Aug/2025:03:50:35 +0200] "GET /divide043023974.html HTTP/1.1" 200 559933 "-" "Mozilla/5.0 (Linux; Android 6.0.1; Nexus 5X Build/MMB29P) AppleWebKit/537.36 (KHTML, like Gecko) Chrome/138.0.7204.183 Mobile Safari/537.36 (compatible; Googlebot/2.1; +http://www.google.com/bot.html)"
20.171.207.15 - - [22/Aug/2025:03:50:38 +0200] "GET /pages.php?media%2Fb37%3Fpid=49005 HTTP/1.1" 200 464050 "-" "Mozilla/5.0 AppleWebKit/537.36 (KHTML, like Gecko; compatible; GPTBot/1.2; +https://openai.com/gptbot)"
66.249.74.72 - - [22/Aug/2025:03:50:39 +0200] "GET /earth120046509.html HTTP/1.1" 200 568768 "-" "Mozilla/5.0 (Linux; Android 6.0.1; Nexus 5X Build/MMB29P) AppleWebKit/537.36 (KHTML, like Gecko) Chrome/138.0.7204.183 Mobile Safari/537.36 (compatible; Googlebot/2.1; +http://www.google.com/bot.html)"
66.249.74.64 - - [22/Aug/2025:03:50:39 +0200] "GET /pcmypage?callback=product/review/pcexpress-mobile-4943609693388 HTTP/1.1" 200 556815 "-" "Mozilla/5.0 (Linux; Android 6.0.1; Nexus 5X Build/MMB29P) AppleWebKit/537.36 (KHTML, like Gecko) Chrome/138.0.7204.183 Mobile Safari/537.36 (compatible; Googlebot/2.1; +http://www.google.com/bot.html)"
20.171.207.15 - - [22/Aug/2025:03:50:39 +0200] "GET /pages.php?ability%2Fl47%3Fpid=165 HTTP/1.1" 200 463795 "-" "Mozilla/5.0 AppleWebKit/537.36 (KHTML, like Gecko; compatible; GPTBot/1.2; +https://openai.com/gptbot)"
20.171.207.15 - - [22/Aug/2025:03:50:41 +0200] "GET /pages.php?noise%2Fc46%3Fpid=932 HTTP/1.1" 200 469088 "-" "Mozilla/5.0 AppleWebKit/537.36 (KHTML, like Gecko; compatible; GPTBot/1.2; +https://openai.com/gptbot)"
66.249.74.75 - - [22/Aug/2025:03:50:42 +0200] "GET /items/102032574.html?srsltid=AfmBOojrndBSPZRLtUegcTXHKIqzdPLETyDX9jOLYv8ATqi2bCeA HTTP/1.1" 200 558824 "-" "Mozilla/5.0 (Linux; Android 6.0.1; Nexus 5X Build/MMB29P) AppleWebKit/537.36 (KHTML, like Gecko) Chrome/138.0.7204.183 Mobile Safari/537.36 (compatible; Googlebot/2.1; +http://www.google.com/bot.html)"
20.171.207.15 - - [22/Aug/2025:03:50:43 +0200] "GET /pages.php?equally%2Ft46%3Fpid=928 HTTP/1.1" 200 471219 "-" "Mozilla/5.0 AppleWebKit/537.36 (KHTML, like Gecko; compatible; GPTBot/1.2; +https://openai.com/gptbot)"
20.171.207.15 - - [22/Aug/2025:03:50:45 +0200] "GET /pages.php?quick%2Fz81%3Fpid=31507 HTTP/1.1" 200 477448 "-" "Mozilla/5.0 AppleWebKit/537.36 (KHTML, like Gecko; compatible; GPTBot/1.2; +https://openai.com/gptbot)"
66.249.74.65 - - [22/Aug/2025:03:50:46 +0200] "GET /items/183037905.html?srsltid=AfmBOodmkypxiNzeUKpmunZ7FHIoujxNdbFbj7zExYwaB7jxEkjJ HTTP/1.1" 200 555471 "-" "Mozilla/5.0 (Linux; Android 6.0.1; Nexus 5X Build/MMB29P) AppleWebKit/537.36 (KHTML, like Gecko) Chrome/138.0.7204.183 Mobile Safari/537.36 (compatible; Googlebot/2.1; +http://www.google.com/bot.html)"
66.249.74.72 - - [22/Aug/2025:03:50:46 +0200] "GET /pcmypage?callback=product%2Fdetail%2Fshopfukufuku-3lujehbihopgpom6kfhbuozta4 HTTP/1.1" 200 577617 "-" "Mozilla/5.0 (Linux; Android 6.0.1; Nexus 5X Build/MMB29P) AppleWebKit/537.36 (KHTML, like Gecko) Chrome/138.0.7204.183 Mobile Safari/537.36 (compatible; Googlebot/2.1; +http://www.google.com/bot.html)"
20.171.207.15 - - [22/Aug/2025:03:50:47 +0200] "GET /pages.php?dancer%2Ft81%3Fpid=207 HTTP/1.1" 200 470133 "-" "Mozilla/5.0 AppleWebKit/537.36 (KHTML, like Gecko; compatible; GPTBot/1.2; +https://openai.com/gptbot)"
66.249.74.65 - - [22/Aug/2025:03:50:49 +0200] "GET /items/095017881.html?srsltid=AfmBOonvtUxWGvPWccNxCv6NSHaDevvrXnjZsCRNWlooOT6VcDWD HTTP/1.1" 200 568129 "-" "Mozilla/5.0 (Linux; Android 6.0.1; Nexus 5X Build/MMB29P) AppleWebKit/537.36 (KHTML, like Gecko) Chrome/138.0.7204.183 Mobile Safari/537.36 (compatible; Googlebot/2.1; +http://www.google.com/bot.html)"
20.171.207.15 - - [22/Aug/2025:03:50:49 +0200] "GET /pages.php?queen%2Fo11%3Fpid=22647 HTTP/1.1" 200 463879 "-" "Mozilla/5.0 AppleWebKit/537.36 (KHTML, like Gecko; compatible; GPTBot/1.2; +https://openai.com/gptbot)"
66.249.74.77 - - [22/Aug/2025:03:50:49 +0200] "GET /tank143016326.html HTTP/1.1" 200 557925 "-" "Mozilla/5.0 (Linux; Android 6.0.1; Nexus 5X Build/MMB29P) AppleWebKit/537.36 (KHTML, like Gecko) Chrome/138.0.7204.183 Mobile Safari/537.36 (compatible; Googlebot/2.1; +http://www.google.com/bot.html)"
20.171.207.15 - - [22/Aug/2025:03:50:51 +0200] "GET /pages.php?badly%2Fr70%3Fpid=36128 HTTP/1.1" 200 469456 "-" "Mozilla/5.0 AppleWebKit/537.36 (KHTML, like Gecko; compatible; GPTBot/1.2; +https://openai.com/gptbot)"
206.189.247.132 - - [22/Aug/2025:03:50:51 +0200] "GET /item.php HTTP/1.1" 200 393 "-" "Mozilla/5.0 (iPhone; CPU iPhone OS 17_6_1 like Mac OS X) AppleWebKit/605.1.15 (KHTML, like Gecko) Version/17.6 Mobile/15E148 Safari/604.1"
86.8.204.43 - - [22/Aug/2025:03:50:51 +0200] "GET /item.php HTTP/1.1" 200 393 "-" "Mozilla/5.0 (iPhone; CPU iPhone OS 17_6_1 like Mac OS X) AppleWebKit/605.1.15 (KHTML, like Gecko) Version/17.6 Mobile/15E148 Safari/604.1"
164.90.241.135 - - [22/Aug/2025:03:50:51 +0200] "GET /item.php HTTP/1.1" 200 393 "-" "Mozilla/5.0 (iPhone; CPU iPhone OS 17_6_1 like Mac OS X) AppleWebKit/605.1.15 (KHTML, like Gecko) Version/17.6 Mobile/15E148 Safari/604.1"
172.83.7.26 - - [22/Aug/2025:03:50:51 +0200] "GET /item.php HTTP/1.1" 200 393 "-" "Mozilla/5.0 (iPhone; CPU iPhone OS 17_6_1 like Mac OS X) AppleWebKit/605.1.15 (KHTML, like Gecko) Version/17.6 Mobile/15E148 Safari/604.1"
66.249.74.66 - - [22/Aug/2025:03:50:52 +0200] "GET /items/209028419.html?srsltid=AfmBOoqohgHFFWYEQHoBQS5tSmwszEJgcJigoVqFcotiWDqzHk6p HTTP/1.1" 200 560268 "-" "Mozilla/5.0 (Linux; Android 6.0.1; Nexus 5X Build/MMB29P) AppleWebKit/537.36 (KHTML, like Gecko) Chrome/138.0.7204.183 Mobile Safari/537.36 (compatible; Googlebot/2.1; +http://www.google.com/bot.html)"
20.171.207.15 - - [22/Aug/2025:03:50:53 +0200] "GET /pages.php?tide%2Fz84%3Fpid=31678 HTTP/1.1" 200 462754 "-" "Mozilla/5.0 AppleWebKit/537.36 (KHTML, like Gecko; compatible; GPTBot/1.2; +https://openai.com/gptbot)"
66.249.74.76 - - [22/Aug/2025:03:50:54 +0200] "GET /acquire161045864.html HTTP/1.1" 200 559173 "-" "Mozilla/5.0 (Linux; Android 6.0.1; Nexus 5X Build/MMB29P) AppleWebKit/537.36 (KHTML, like Gecko) Chrome/138.0.7204.183 Mobile Safari/537.36 (compatible; Googlebot/2.1; +http://www.google.com/bot.html)"
20.171.207.15 - - [22/Aug/2025:03:50:54 +0200] "GET /pages.php?album%2Fz74%3Fpid=5376 HTTP/1.1" 200 468150 "-" "Mozilla/5.0 AppleWebKit/537.36 (KHTML, like Gecko; compatible; GPTBot/1.2; +https://openai.com/gptbot)"
66.249.74.76 - - [22/Aug/2025:03:50:55 +0200] "GET /items/136046316.html?srsltid=AfmBOoxgiEjSRTTwkIjRk3PPUEBBKPxgiqrbPjvX5fzaStXWV92j HTTP/1.1" 200 563393 "-" "Mozilla/5.0 (Linux; Android 6.0.1; Nexus 5X Build/MMB29P) AppleWebKit/537.36 (KHTML, like Gecko) Chrome/138.0.7204.183 Mobile Safari/537.36 (compatible; Googlebot/2.1; +http://www.google.com/bot.html)"
20.171.207.15 - - [22/Aug/2025:03:50:56 +0200] "GET /pages.php?corn%2Ff178%3Fpid=1252 HTTP/1.1" 200 461392 "-" "Mozilla/5.0 AppleWebKit/537.36 (KHTML, like Gecko; compatible; GPTBot/1.2; +https://openai.com/gptbot)"
66.249.74.69 - - [22/Aug/2025:03:50:58 +0200] "GET /pcmypage?callback=/product%2Fdetail%2shopfukufuku-3lujehbihopgpom6kfhbuozta4 HTTP/1.1" 200 558718 "-" "Mozilla/5.0 (Linux; Android 6.0.1; Nexus 5X Build/MMB29P) AppleWebKit/537.36 (KHTML, like Gecko) Chrome/138.0.7204.183 Mobile Safari/537.36 (compatible; Googlebot/2.1; +http://www.google.com/bot.html)"
20.171.207.15 - - [22/Aug/2025:03:50:58 +0200] "GET /pages.php?chicken%2Fm35%3Fpid=561 HTTP/1.1" 200 470178 "-" "Mozilla/5.0 AppleWebKit/537.36 (KHTML, like Gecko; compatible; GPTBot/1.2; +https://openai.com/gptbot)"
66.249.74.68 - - [22/Aug/2025:03:50:58 +0200] "GET /items/278028980.html?srsltid=AfmBOoyudTiEWanWZXDjRSGmZzXDzmipwOcs4pmOJZds4B6BW9P0 HTTP/1.1" 200 561367 "-" "Mozilla/5.0 (Linux; Android 6.0.1; Nexus 5X Build/MMB29P) AppleWebKit/537.36 (KHTML, like Gecko) Chrome/138.0.7204.183 Mobile Safari/537.36 (compatible; Googlebot/2.1; +http://www.google.com/bot.html)"
20.171.207.15 - - [22/Aug/2025:03:51:00 +0200] "GET /pages.php?knife%2Fq74%3Fpid=5374 HTTP/1.1" 200 467625 "-" "Mozilla/5.0 AppleWebKit/537.36 (KHTML, like Gecko; compatible; GPTBot/1.2; +https://openai.com/gptbot)"
66.249.74.66 - - [22/Aug/2025:03:51:01 +0200] "GET /Dutch140034671.html HTTP/1.1" 200 565235 "-" "Mozilla/5.0 (Linux; Android 6.0.1; Nexus 5X Build/MMB29P) AppleWebKit/537.36 (KHTML, like Gecko) Chrome/138.0.7204.183 Mobile Safari/537.36 (compatible; Googlebot/2.1; +http://www.google.com/bot.html)"
66.249.74.76 - - [22/Aug/2025:03:51:01 +0200] "GET /items/253025387.html?srsltid=AfmBOokhhYMcIXSidrlDbkNbQXMYBQFxYIHmnRKmv2HGzFuYS04M HTTP/1.1" 200 559691 "-" "Mozilla/5.0 (Linux; Android 6.0.1; Nexus 5X Build/MMB29P) AppleWebKit/537.36 (KHTML, like Gecko) Chrome/138.0.7204.183 Mobile Safari/537.36 (compatible; Googlebot/2.1; +http://www.google.com/bot.html)"
20.171.207.15 - - [22/Aug/2025:03:51:02 +0200] "GET /pages.php?topic%2Fr3%3Fpid=9405 HTTP/1.1" 200 465461 "-" "Mozilla/5.0 AppleWebKit/537.36 (KHTML, like Gecko; compatible; GPTBot/1.2; +https://openai.com/gptbot)"
20.171.207.15 - - [22/Aug/2025:03:51:03 +0200] "GET /pages.php?word%2Fz74%3Fpid=5268 HTTP/1.1" 200 477706 "-" "Mozilla/5.0 AppleWebKit/537.36 (KHTML, like Gecko; compatible; GPTBot/1.2; +https://openai.com/gptbot)"
20.171.207.15 - - [22/Aug/2025:03:51:05 +0200] "GET /pages.php?inmate%2Fo28%3Fpid=1940 HTTP/1.1" 200 472371 "-" "Mozilla/5.0 AppleWebKit/537.36 (KHTML, like Gecko; compatible; GPTBot/1.2; +https://openai.com/gptbot)"
20.171.207.15 - - [22/Aug/2025:03:51:07 +0200] "GET /pages.php?soften%2Fe73%3Fpid=509 HTTP/1.1" 200 476572 "-" "Mozilla/5.0 AppleWebKit/537.36 (KHTML, like Gecko; compatible; GPTBot/1.2; +https://openai.com/gptbot)"
66.249.74.65 - - [22/Aug/2025:03:51:08 +0200] "GET /items/245001199.html?srsltid=AfmBOoztzbyeOUYnfhcS2MUDTMTUvJHPkd8xOUdfuK3nVpplrBK2 HTTP/1.1" 200 559735 "-" "Mozilla/5.0 (Linux; Android 6.0.1; Nexus 5X Build/MMB29P) AppleWebKit/537.36 (KHTML, like Gecko) Chrome/138.0.7204.183 Mobile Safari/537.36 (compatible; Googlebot/2.1; +http://www.google.com/bot.html)"
66.249.74.77 - - [22/Aug/2025:03:51:08 +0200] "GET /acceptance055049260.html HTTP/1.1" 200 560171 "-" "Mozilla/5.0 (Linux; Android 6.0.1; Nexus 5X Build/MMB29P) AppleWebKit/537.36 (KHTML, like Gecko) Chrome/138.0.7204.183 Mobile Safari/537.36 (compatible; Googlebot/2.1; +http://www.google.com/bot.html)"
20.171.207.15 - - [22/Aug/2025:03:51:09 +0200] "GET /pages.php?bridge%2Fv6%3Fpid=25160 HTTP/1.1" 200 459835 "-" "Mozilla/5.0 AppleWebKit/537.36 (KHTML, like Gecko; compatible; GPTBot/1.2; +https://openai.com/gptbot)"
20.171.207.15 - - [22/Aug/2025:03:51:11 +0200] "GET /pages.php?mutual%2Fz84%3Fpid=634 HTTP/1.1" 200 465452 "-" "Mozilla/5.0 AppleWebKit/537.36 (KHTML, like Gecko; compatible; GPTBot/1.2; +https://openai.com/gptbot)"
66.249.74.73 - - [22/Aug/2025:03:51:11 +0200] "GET /pcmypage?callback=product/review/bikeseat-kobe-bsk-sch3050-c10 HTTP/1.1" 200 557440 "-" "Mozilla/5.0 (Linux; Android 6.0.1; Nexus 5X Build/MMB29P) AppleWebKit/537.36 (KHTML, like Gecko) Chrome/138.0.7204.183 Mobile Safari/537.36 (compatible; Googlebot/2.1; +http://www.google.com/bot.html)"
66.249.74.72 - - [22/Aug/2025:03:51:11 +0200] "GET /items/168033728.html?srsltid=AfmBOovziewXsVubvBCpjhlPLMlOvhxiOZWoi5rVBiPZBrmmgniO HTTP/1.1" 200 566245 "-" "Mozilla/5.0 (Linux; Android 6.0.1; Nexus 5X Build/MMB29P) AppleWebKit/537.36 (KHTML, like Gecko) Chrome/138.0.7204.183 Mobile Safari/537.36 (compatible; Googlebot/2.1; +http://www.google.com/bot.html)"
66.249.74.73 - - [22/Aug/2025:03:51:12 +0200] "GET /pages.php?q-~9Zk9PiOshdy7nhuUU3xJn0jkz4KVweI28588/ HTTP/1.1" 200 466757 "-" "Mozilla/5.0 (Linux; Android 6.0.1; Nexus 5X Build/MMB29P) AppleWebKit/537.36 (KHTML, like Gecko) Chrome/138.0.7204.183 Mobile Safari/537.36 (compatible; Googlebot/2.1; +http://www.google.com/bot.html)"
20.171.207.15 - - [22/Aug/2025:03:51:12 +0200] "GET /pages.php?nearly%2Fs6%3Fpid=25156 HTTP/1.1" 200 471213 "-" "Mozilla/5.0 AppleWebKit/537.36 (KHTML, like Gecko; compatible; GPTBot/1.2; +https://openai.com/gptbot)"
20.171.207.15 - - [22/Aug/2025:03:51:14 +0200] "GET /pages.php?opinion%2Fv99%3Fpid=37241 HTTP/1.1" 200 461011 "-" "Mozilla/5.0 AppleWebKit/537.36 (KHTML, like Gecko; compatible; GPTBot/1.2; +https://openai.com/gptbot)"
66.249.74.74 - - [22/Aug/2025:03:51:15 +0200] "GET /items/010026590.html?srsltid=AfmBOofsqVkjhHePBodCapqgCofINlGLHxaYVuNnYtw4Mee773Na HTTP/1.1" 200 556272 "-" "Mozilla/5.0 (Linux; Android 6.0.1; Nexus 5X Build/MMB29P) AppleWebKit/537.36 (KHTML, like Gecko) Chrome/138.0.7204.183 Mobile Safari/537.36 (compatible; Googlebot/2.1; +http://www.google.com/bot.html)"
20.171.207.15 - - [22/Aug/2025:03:51:16 +0200] "GET /pages.php?criminal%2Fh75%3Fpid=639 HTTP/1.1" 200 465374 "-" "Mozilla/5.0 AppleWebKit/537.36 (KHTML, like Gecko; compatible; GPTBot/1.2; +https://openai.com/gptbot)"
20.171.207.29 - - [22/Aug/2025:03:51:16 +0200] "GET /pages.php?climb%2Fr16%3Fpid=132 HTTP/1.1" 200 462411 "-" "Mozilla/5.0 AppleWebKit/537.36 (KHTML, like Gecko; compatible; GPTBot/1.2; +https://openai.com/gptbot)"
66.249.74.73 - - [22/Aug/2025:03:51:17 +0200] "GET /fishing140034675.html HTTP/1.1" 200 558009 "-" "Mozilla/5.0 (Linux; Android 6.0.1; Nexus 5X Build/MMB29P) AppleWebKit/537.36 (KHTML, like Gecko) Chrome/138.0.7204.183 Mobile Safari/537.36 (compatible; Googlebot/2.1; +http://www.google.com/bot.html)"
20.171.207.15 - - [22/Aug/2025:03:51:17 +0200] "GET /pages.php?football%2Fx38%3Fpid=184 HTTP/1.1" 200 460772 "-" "Mozilla/5.0 AppleWebKit/537.36 (KHTML, like Gecko; compatible; GPTBot/1.2; +https://openai.com/gptbot)"
20.171.207.15 - - [22/Aug/2025:03:51:19 +0200] "GET /pages.php?abortion%2Fi8%3Fpid=994 HTTP/1.1" 200 475165 "-" "Mozilla/5.0 AppleWebKit/537.36 (KHTML, like Gecko; compatible; GPTBot/1.2; +https://openai.com/gptbot)"
66.249.74.72 - - [22/Aug/2025:03:51:19 +0200] "GET /items/231033127.html?srsltid=AfmBOostskhGQLCuAXSni4WtBthbQMuKom443He0g32WRgD48HoR HTTP/1.1" 200 557003 "-" "Mozilla/5.0 (Linux; Android 6.0.1; Nexus 5X Build/MMB29P) AppleWebKit/537.36 (KHTML, like Gecko) Chrome/138.0.7204.183 Mobile Safari/537.36 (compatible; Googlebot/2.1; +http://www.google.com/bot.html)"
66.249.74.75 - - [22/Aug/2025:03:51:21 +0200] "GET /pcmypage?callback=product/review/cocodecow-rw5367 HTTP/1.1" 200 562118 "-" "Mozilla/5.0 (Linux; Android 6.0.1; Nexus 5X Build/MMB29P) AppleWebKit/537.36 (KHTML, like Gecko) Chrome/138.0.7204.183 Mobile Safari/537.36 (compatible; Googlebot/2.1; +http://www.google.com/bot.html)"
20.171.207.15 - - [22/Aug/2025:03:51:21 +0200] "GET /pages.php?row%2Fv91%3Fpid=47513 HTTP/1.1" 200 469866 "-" "Mozilla/5.0 AppleWebKit/537.36 (KHTML, like Gecko; compatible; GPTBot/1.2; +https://openai.com/gptbot)"
66.249.74.74 - - [22/Aug/2025:03:51:22 +0200] "GET /items/269016367.html?srsltid=AfmBOogwlLKKUkJYPaKXTjPmWeasEpSyIMTE7gLHc0C5zfgOdwk1 HTTP/1.1" 200 556887 "-" "Mozilla/5.0 (Linux; Android 6.0.1; Nexus 5X Build/MMB29P) AppleWebKit/537.36 (KHTML, like Gecko) Chrome/138.0.7204.183 Mobile Safari/537.36 (compatible; Googlebot/2.1; +http://www.google.com/bot.html)"
20.171.207.15 - - [22/Aug/2025:03:51:23 +0200] "GET /pages.php?quiet%2Fk3%3Fpid=6117 HTTP/1.1" 200 474456 "-" "Mozilla/5.0 AppleWebKit/537.36 (KHTML, like Gecko; compatible; GPTBot/1.2; +https://openai.com/gptbot)"
66.249.74.74 - - [22/Aug/2025:03:51:24 +0200] "GET /mouth073000138.html HTTP/1.1" 200 558152 "-" "Mozilla/5.0 (Linux; Android 6.0.1; Nexus 5X Build/MMB29P) AppleWebKit/537.36 (KHTML, like Gecko) Chrome/138.0.7204.183 Mobile Safari/537.36 (compatible; Googlebot/2.1; +http://www.google.com/bot.html)"
20.171.207.15 - - [22/Aug/2025:03:51:25 +0200] "GET /pages.php?overlook%2Fu76%3Fpid=50 HTTP/1.1" 200 470276 "-" "Mozilla/5.0 AppleWebKit/537.36 (KHTML, like Gecko; compatible; GPTBot/1.2; +https://openai.com/gptbot)"
66.249.74.72 - - [22/Aug/2025:03:51:26 +0200] "GET /items/193024047.html?srsltid=AfmBOoaevtdSbOlnStWs0CXhTwzWZiDddRC4J4HuJ2nqBvszwPxA HTTP/1.1" 200 555968 "-" "Mozilla/5.0 (Linux; Android 6.0.1; Nexus 5X Build/MMB29P) AppleWebKit/537.36 (KHTML, like Gecko) Chrome/138.0.7204.183 Mobile Safari/537.36 (compatible; Googlebot/2.1; +http://www.google.com/bot.html)"
20.171.207.15 - - [22/Aug/2025:03:51:27 +0200] "GET /pages.php?charm%2Fk31%3Fpid=953 HTTP/1.1" 200 464738 "-" "Mozilla/5.0 AppleWebKit/537.36 (KHTML, like Gecko; compatible; GPTBot/1.2; +https://openai.com/gptbot)"
66.249.74.76 - - [22/Aug/2025:03:51:29 +0200] "GET /anyone262030097.html HTTP/1.1" 200 556268 "-" "Mozilla/5.0 (Linux; Android 6.0.1; Nexus 5X Build/MMB29P) AppleWebKit/537.36 (KHTML, like Gecko) Chrome/138.0.7204.183 Mobile Safari/537.36 (compatible; Googlebot/2.1; +http://www.google.com/bot.html)"
66.249.74.72 - - [22/Aug/2025:03:51:29 +0200] "GET /items/197026075.html?srsltid=AfmBOofkrxLgESRyRZhR2MqgRtxHhHegdXMf2uNqsysTHjsakJiW HTTP/1.1" 200 556404 "-" "Mozilla/5.0 (Linux; Android 6.0.1; Nexus 5X Build/MMB29P) AppleWebKit/537.36 (KHTML, like Gecko) Chrome/138.0.7204.183 Mobile Safari/537.36 (compatible; Googlebot/2.1; +http://www.google.com/bot.html)"
20.171.207.15 - - [22/Aug/2025:03:51:29 +0200] "GET /pages.php?platform%2Fn66%3Fpid=240 HTTP/1.1" 200 476235 "-" "Mozilla/5.0 AppleWebKit/537.36 (KHTML, like Gecko; compatible; GPTBot/1.2; +https://openai.com/gptbot)"
66.249.74.75 - - [22/Aug/2025:03:51:30 +0200] "GET /pcmypage?callback=/product%2Fdetail%2murauchi-denki-4560138440506 HTTP/1.1" 200 554403 "-" "Mozilla/5.0 (Linux; Android 6.0.1; Nexus 5X Build/MMB29P) AppleWebKit/537.36 (KHTML, like Gecko) Chrome/138.0.7204.183 Mobile Safari/537.36 (compatible; Googlebot/2.1; +http://www.google.com/bot.html)"
20.171.207.15 - - [22/Aug/2025:03:51:31 +0200] "GET /pages.php?dawn%2Fs93%3Fpid=22905 HTTP/1.1" 200 469907 "-" "Mozilla/5.0 AppleWebKit/537.36 (KHTML, like Gecko; compatible; GPTBot/1.2; +https://openai.com/gptbot)"
20.171.207.15 - - [22/Aug/2025:03:51:32 +0200] "GET /?_bd_prev_page=https%3A%2F%2Fwww.kjinvest.net%2Fchat.xhtml%3Fremember%2Fz48%3Fpid%3D3658&_bdsid=sh0qr2.n%7ECANTS.172979176.172372949&_gz=2.199304954.190978852.175149336-863852640.162371011 HTTP/1.1" 500 0 "-" "Mozilla/5.0 AppleWebKit/537.36 (KHTML, like Gecko; compatible; GPTBot/1.2; +https://openai.com/gptbot)"
66.249.74.74 - - [22/Aug/2025:03:51:33 +0200] "GET /items/278036654.html?srsltid=AfmBOorqcIPfMjThBUQJffJSEeJXUnmwq2zbD1HTuRZKMjX1EX0n HTTP/1.1" 200 559319 "-" "Mozilla/5.0 (Linux; Android 6.0.1; Nexus 5X Build/MMB29P) AppleWebKit/537.36 (KHTML, like Gecko) Chrome/138.0.7204.183 Mobile Safari/537.36 (compatible; Googlebot/2.1; +http://www.google.com/bot.html)"
66.249.74.72 - - [22/Aug/2025:03:51:33 +0200] "GET / HTTP/1.1" 200 560780 "-" "Mozilla/5.0 (Linux; Android 6.0.1; Nexus 5X Build/MMB29P) AppleWebKit/537.36 (KHTML, like Gecko) Chrome/138.0.7204.183 Mobile Safari/537.36 (compatible; Googlebot/2.1; +http://www.google.com/bot.html)"
66.249.74.74 - - [22/Aug/2025:03:51:34 +0200] "GET /palace045049454.html HTTP/1.1" 200 560952 "-" "Mozilla/5.0 (Linux; Android 6.0.1; Nexus 5X Build/MMB29P) AppleWebKit/537.36 (KHTML, like Gecko) Chrome/138.0.7204.183 Mobile Safari/537.36 (compatible; Googlebot/2.1; +http://www.google.com/bot.html)"
20.171.207.15 - - [22/Aug/2025:03:51:34 +0200] "GET /pages.php?survivor%2Fc48%3Fpid=3656 HTTP/1.1" 200 464382 "-" "Mozilla/5.0 AppleWebKit/537.36 (KHTML, like Gecko; compatible; GPTBot/1.2; +https://openai.com/gptbot)"
66.249.74.77 - - [22/Aug/2025:03:51:35 +0200] "GET /pcmypage?callback=product/review/car-parts-diy-f031td-qq-e-14084d HTTP/1.1" 200 560630 "-" "Mozilla/5.0 (Linux; Android 6.0.1; Nexus 5X Build/MMB29P) AppleWebKit/537.36 (KHTML, like Gecko) Chrome/138.0.7204.183 Mobile Safari/537.36 (compatible; Googlebot/2.1; +http://www.google.com/bot.html)"
66.249.74.75 - - [22/Aug/2025:03:51:36 +0200] "GET /items/239012161.html?srsltid=AfmBOotyilSoJkmXTdUnhXjhIBhdZipJY78Mf7NkKBx9mwr5LV0w HTTP/1.1" 200 560831 "-" "Mozilla/5.0 (Linux; Android 6.0.1; Nexus 5X Build/MMB29P) AppleWebKit/537.36 (KHTML, like Gecko) Chrome/138.0.7204.183 Mobile Safari/537.36 (compatible; Googlebot/2.1; +http://www.google.com/bot.html)"
66.249.74.64 - - [22/Aug/2025:03:51:37 +0200] "GET /items/237013959.html?srsltid=AfmBOogfeuBTjOhYSvuFaka3YNSpBawMk9evVWKgCIxWh3wa8qa4 HTTP/1.1" 200 570066 "-" "Mozilla/5.0 (Linux; Android 6.0.1; Nexus 5X Build/MMB29P) AppleWebKit/537.36 (KHTML, like Gecko) Chrome/138.0.7204.183 Mobile Safari/537.36 (compatible; Googlebot/2.1; +http://www.google.com/bot.html)"
66.249.74.78 - - [22/Aug/2025:03:51:38 +0200] "GET /pages.php?pour/z249?pid=29149 HTTP/1.1" 200 463024 "-" "Mozilla/5.0 (Linux; Android 6.0.1; Nexus 5X Build/MMB29P) AppleWebKit/537.36 (KHTML, like Gecko) Chrome/138.0.7204.183 Mobile Safari/537.36 (compatible; Googlebot/2.1; +http://www.google.com/bot.html)"
66.249.74.72 - - [22/Aug/2025:03:51:38 +0200] "GET /items/119039335.html?srsltid=AfmBOosbwnsVdifaUcSRpiSCEkobnzKMxsR9zfufBt07IPfIncxq HTTP/1.1" 200 557597 "-" "Mozilla/5.0 (Linux; Android 6.0.1; Nexus 5X Build/MMB29P) AppleWebKit/537.36 (KHTML, like Gecko) Chrome/138.0.7204.183 Mobile Safari/537.36 (compatible; Googlebot/2.1; +http://www.google.com/bot.html)"
20.171.207.15 - - [22/Aug/2025:03:51:39 +0200] "GET /pages.php?explain%2Fk32%3Fpid=804 HTTP/1.1" 200 470241 "-" "Mozilla/5.0 AppleWebKit/537.36 (KHTML, like Gecko; compatible; GPTBot/1.2; +https://openai.com/gptbot)"
66.249.74.65 - - [22/Aug/2025:03:51:39 +0200] "GET /pcmypage?callback=product%2Fdetail%2Fcar-parts-diy-f031td-qq-e-14084d HTTP/1.1" 200 557433 "-" "Mozilla/5.0 (Linux; Android 6.0.1; Nexus 5X Build/MMB29P) AppleWebKit/537.36 (KHTML, like Gecko) Chrome/138.0.7204.183 Mobile Safari/537.36 (compatible; Googlebot/2.1; +http://www.google.com/bot.html)"
20.171.207.15 - - [22/Aug/2025:03:51:41 +0200] "GET /pages.php?nose%2Fd224%3Fpid=28556 HTTP/1.1" 200 472287 "-" "Mozilla/5.0 AppleWebKit/537.36 (KHTML, like Gecko; compatible; GPTBot/1.2; +https://openai.com/gptbot)"
66.249.74.66 - - [22/Aug/2025:03:51:41 +0200] "GET /items/114010836.html?srsltid=AfmBOoajtyvGNHZQPcoXwzbcJhHZBvrX98g1qXoiaw73EKsRs0Yt HTTP/1.1" 200 561835 "-" "Mozilla/5.0 (Linux; Android 6.0.1; Nexus 5X Build/MMB29P) AppleWebKit/537.36 (KHTML, like Gecko) Chrome/138.0.7204.183 Mobile Safari/537.36 (compatible; Googlebot/2.1; +http://www.google.com/bot.html)"
66.249.74.74 - - [22/Aug/2025:03:51:43 +0200] "GET /drop221020004.html HTTP/1.1" 200 560053 "-" "Mozilla/5.0 (Linux; Android 6.0.1; Nexus 5X Build/MMB29P) AppleWebKit/537.36 (KHTML, like Gecko) Chrome/138.0.7204.183 Mobile Safari/537.36 (compatible; Googlebot/2.1; +http://www.google.com/bot.html)"
66.249.74.65 - - [22/Aug/2025:03:51:43 +0200] "GET /chin218009283.html HTTP/1.1" 200 557124 "-" "Mozilla/5.0 (Linux; Android 6.0.1; Nexus 5X Build/MMB29P) AppleWebKit/537.36 (KHTML, like Gecko) Chrome/138.0.7204.183 Mobile Safari/537.36 (compatible; Googlebot/2.1; +http://www.google.com/bot.html)"
20.171.207.15 - - [22/Aug/2025:03:51:44 +0200] "GET /pages.php?icon%2Fe68%3Fpid=41980 HTTP/1.1" 200 464876 "-" "Mozilla/5.0 AppleWebKit/537.36 (KHTML, like Gecko; compatible; GPTBot/1.2; +https://openai.com/gptbot)"
66.249.74.77 - - [22/Aug/2025:03:51:45 +0200] "GET /movie253039394.html HTTP/1.1" 200 557182 "-" "Mozilla/5.0 (Linux; Android 6.0.1; Nexus 5X Build/MMB29P) AppleWebKit/537.36 (KHTML, like Gecko) Chrome/138.0.7204.183 Mobile Safari/537.36 (compatible; Googlebot/2.1; +http://www.google.com/bot.html)"
20.171.207.15 - - [22/Aug/2025:03:51:45 +0200] "GET /chat.xhtml?blond%2Fu75%3Fpid=759 HTTP/1.1" 500 0 "-" "Mozilla/5.0 AppleWebKit/537.36 (KHTML, like Gecko; compatible; GPTBot/1.2; +https://openai.com/gptbot)"
20.171.207.15 - - [22/Aug/2025:03:51:48 +0200] "GET /?_bd_prev_page=https%3A%2F%2Fwww.kjinvest.net%2Fchat.xhtml%3Fmissile%2Fo92%3Fpid%3D162&_bdsid=sh0qr2.n%7ECANTS.172979176.172372949&_gz=2.199304954.190978852.175149336-863852640.162371011 HTTP/1.1" 500 0 "-" "Mozilla/5.0 AppleWebKit/537.36 (KHTML, like Gecko; compatible; GPTBot/1.2; +https://openai.com/gptbot)"
66.249.74.72 - - [22/Aug/2025:03:51:48 +0200] "GET /nomination087006224.html HTTP/1.1" 200 559005 "-" "Mozilla/5.0 (Linux; Android 6.0.1; Nexus 5X Build/MMB29P) AppleWebKit/537.36 (KHTML, like Gecko) Chrome/138.0.7204.183 Mobile Safari/537.36 (compatible; Googlebot/2.1; +http://www.google.com/bot.html)"
66.249.74.73 - - [22/Aug/2025:03:51:50 +0200] "GET /welfare045049452.html HTTP/1.1" 200 556919 "-" "Mozilla/5.0 (Linux; Android 6.0.1; Nexus 5X Build/MMB29P) AppleWebKit/537.36 (KHTML, like Gecko) Chrome/138.0.7204.183 Mobile Safari/537.36 (compatible; Googlebot/2.1; +http://www.google.com/bot.html)"
66.249.74.73 - - [22/Aug/2025:03:51:53 +0200] "GET /pcmypage?callback=/product%2Fdetail%2Car-parts-diy-f031td-qq-e-14084d HTTP/1.1" 200 556081 "-" "Mozilla/5.0 (Linux; Android 6.0.1; Nexus 5X Build/MMB29P) AppleWebKit/537.36 (KHTML, like Gecko) Chrome/138.0.7204.183 Mobile Safari/537.36 (compatible; Googlebot/2.1; +http://www.google.com/bot.html)"
66.249.74.71 - - [22/Aug/2025:03:51:54 +0200] "GET /pcmypage?callback=product/review/tsuruyaism-4000372903-b-1 HTTP/1.1" 200 555514 "-" "Mozilla/5.0 (Linux; Android 6.0.1; Nexus 5X Build/MMB29P) AppleWebKit/537.36 (KHTML, like Gecko) Chrome/138.0.7204.183 Mobile Safari/537.36 (compatible; Googlebot/2.1; +http://www.google.com/bot.html)"
20.171.207.15 - - [22/Aug/2025:03:51:55 +0200] "GET /pages.php?youth%2Fz60%3Fpid=37696 HTTP/1.1" 200 468113 "-" "Mozilla/5.0 AppleWebKit/537.36 (KHTML, like Gecko; compatible; GPTBot/1.2; +https://openai.com/gptbot)"
66.249.74.70 - - [22/Aug/2025:03:51:57 +0200] "GET /banker125026682.html HTTP/1.1" 200 558729 "-" "Mozilla/5.0 (Linux; Android 6.0.1; Nexus 5X Build/MMB29P) AppleWebKit/537.36 (KHTML, like Gecko) Chrome/138.0.7204.183 Mobile Safari/537.36 (compatible; Googlebot/2.1; +http://www.google.com/bot.html)"
66.249.74.76 - - [22/Aug/2025:03:52:00 +0200] "GET /lean277006506.html HTTP/1.1" 200 556274 "-" "Mozilla/5.0 (Linux; Android 6.0.1; Nexus 5X Build/MMB29P) AppleWebKit/537.36 (KHTML, like Gecko) Chrome/138.0.7204.183 Mobile Safari/537.36 (compatible; Googlebot/2.1; +http://www.google.com/bot.html)"
66.249.74.65 - - [22/Aug/2025:03:52:01 +0200] "GET /awareness213038100.html HTTP/1.1" 200 557370 "-" "Mozilla/5.0 (Linux; Android 6.0.1; Nexus 5X Build/MMB29P) AppleWebKit/537.36 (KHTML, like Gecko) Chrome/138.0.7204.183 Mobile Safari/537.36 (compatible; Googlebot/2.1; +http://www.google.com/bot.html)"
66.249.74.65 - - [22/Aug/2025:03:52:05 +0200] "GET /adequate225028318.html HTTP/1.1" 200 555063 "-" "Mozilla/5.0 (Linux; Android 6.0.1; Nexus 5X Build/MMB29P) AppleWebKit/537.36 (KHTML, like Gecko) Chrome/138.0.7204.183 Mobile Safari/537.36 (compatible; Googlebot/2.1; +http://www.google.com/bot.html)"
66.249.74.65 - - [22/Aug/2025:03:52:05 +0200] "GET /items/221001673.html?srsltid=AfmBOoqbdiIpeDQAcUxQoof5CdFkxHPubZQWidj64Y99kQNjLPmq HTTP/1.1" 200 576836 "-" "Mozilla/5.0 (Linux; Android 6.0.1; Nexus 5X Build/MMB29P) AppleWebKit/537.36 (KHTML, like Gecko) Chrome/138.0.7204.183 Mobile Safari/537.36 (compatible; Googlebot/2.1; +http://www.google.com/bot.html)"
66.249.74.78 - - [22/Aug/2025:03:52:08 +0200] "GET /capable129010770.html HTTP/1.1" 200 560811 "-" "Mozilla/5.0 (Linux; Android 6.0.1; Nexus 5X Build/MMB29P) AppleWebKit/537.36 (KHTML, like Gecko) Chrome/138.0.7204.183 Mobile Safari/537.36 (compatible; Googlebot/2.1; +http://www.google.com/bot.html)"
66.249.74.76 - - [22/Aug/2025:03:52:10 +0200] "GET /pages.php?q-~148pzv3MZYusqUCW5k4L0dznZDVDlNZOB28883/ HTTP/1.1" 200 460996 "-" "Mozilla/5.0 (Linux; Android 6.0.1; Nexus 5X Build/MMB29P) AppleWebKit/537.36 (KHTML, like Gecko) Chrome/138.0.7204.183 Mobile Safari/537.36 (compatible; Googlebot/2.1; +http://www.google.com/bot.html)"
66.249.74.77 - - [22/Aug/2025:03:52:12 +0200] "GET /pcmypage?callback=product%2Fdetail%2Fatorieerina-hb014vtv1ai HTTP/1.1" 200 560347 "-" "Mozilla/5.0 (Linux; Android 6.0.1; Nexus 5X Build/MMB29P) AppleWebKit/537.36 (KHTML, like Gecko) Chrome/138.0.7204.183 Mobile Safari/537.36 (compatible; Googlebot/2.1; +http://www.google.com/bot.html)"
