20.171.207.15 - - [22/Aug/2025:10:30:16 +0200] "GET /pages.php?throw%2Fc87%3Fpid=48021 HTTP/1.1" 200 464802 "-" "Mozilla/5.0 AppleWebKit/537.36 (KHTML, like Gecko; compatible; GPTBot/1.2; +https://openai.com/gptbot)"
66.249.74.73 - - [22/Aug/2025:10:30:22 +0200] "GET /pages.php?buck/w75?pid=4163 HTTP/1.1" 200 461044 "-" "Mozilla/5.0 (Linux; Android 6.0.1; Nexus 5X Build/MMB29P) AppleWebKit/537.36 (KHTML, like Gecko) Chrome/138.0.7204.183 Mobile Safari/537.36 (compatible; Googlebot/2.1; +http://www.google.com/bot.html)"
66.249.74.73 - - [22/Aug/2025:10:30:29 +0200] "GET /pages.php?category/10_548/1 HTTP/1.1" 200 90667 "-" "Mozilla/5.0 (Linux; Android 6.0.1; Nexus 5X Build/MMB29P) AppleWebKit/537.36 (KHTML, like Gecko) Chrome/138.0.7204.183 Mobile Safari/537.36 (compatible; Googlebot/2.1; +http://www.google.com/bot.html)"
66.249.74.72 - - [22/Aug/2025:10:30:35 +0200] "GET /horrible265035408.html HTTP/1.1" 200 553908 "-" "Mozilla/5.0 (Linux; Android 6.0.1; Nexus 5X Build/MMB29P) AppleWebKit/537.36 (KHTML, like Gecko) Chrome/138.0.7204.183 Mobile Safari/537.36 (compatible; Googlebot/2.1; +http://www.google.com/bot.html)"
66.249.74.72 - - [22/Aug/2025:10:30:42 +0200] "GET /pages.php?camp/t6?pid=19626 HTTP/1.1" 200 467501 "-" "Mozilla/5.0 (Linux; Android 6.0.1; Nexus 5X Build/MMB29P) AppleWebKit/537.36 (KHTML, like Gecko) Chrome/138.0.7204.183 Mobile Safari/537.36 (compatible; Googlebot/2.1; +http://www.google.com/bot.html)"
66.249.74.74 - - [22/Aug/2025:10:30:48 +0200] "GET /accusation028043417.html HTTP/1.1" 200 556523 "-" "Mozilla/5.0 (Linux; Android 6.0.1; Nexus 5X Build/MMB29P) AppleWebKit/537.36 (KHTML, like Gecko) Chrome/138.0.7204.183 Mobile Safari/537.36 (compatible; Googlebot/2.1; +http://www.google.com/bot.html)"
66.249.74.73 - - [22/Aug/2025:10:30:54 +0200] "GET /platform124014837.html HTTP/1.1" 200 554802 "-" "Mozilla/5.0 (Linux; Android 6.0.1; Nexus 5X Build/MMB29P) AppleWebKit/537.36 (KHTML, like Gecko) Chrome/138.0.7204.183 Mobile Safari/537.36 (compatible; Googlebot/2.1; +http://www.google.com/bot.html)"
66.249.74.73 - - [22/Aug/2025:10:31:06 +0200] "GET /pcmypage?callback=product/review/edenki-ed1975933 HTTP/1.1" 200 565458 "-" "Mozilla/5.0 (Linux; Android 6.0.1; Nexus 5X Build/MMB29P) AppleWebKit/537.36 (KHTML, like Gecko) Chrome/138.0.7204.183 Mobile Safari/537.36 (compatible; Googlebot/2.1; +http://www.google.com/bot.html)"
20.171.207.15 - - [22/Aug/2025:10:31:09 +0200] "GET /pages.php?accent%2Fh26%3Fpid=908 HTTP/1.1" 200 469335 "-" "Mozilla/5.0 AppleWebKit/537.36 (KHTML, like Gecko; compatible; GPTBot/1.2; +https://openai.com/gptbot)"
66.249.74.72 - - [22/Aug/2025:10:31:10 +0200] "GET /pcmypage?callback=product%2Fdetail%2Fedenki-ed1975933 HTTP/1.1" 200 568734 "-" "Mozilla/5.0 (Linux; Android 6.0.1; Nexus 5X Build/MMB29P) AppleWebKit/537.36 (KHTML, like Gecko) Chrome/138.0.7204.183 Mobile Safari/537.36 (compatible; Googlebot/2.1; +http://www.google.com/bot.html)"
20.171.207.29 - - [22/Aug/2025:10:31:14 +0200] "GET /pages.php?touch%2Fo46%3Fpid=852 HTTP/1.1" 200 464396 "-" "Mozilla/5.0 AppleWebKit/537.36 (KHTML, like Gecko; compatible; GPTBot/1.2; +https://openai.com/gptbot)"
66.249.74.72 - - [22/Aug/2025:10:31:24 +0200] "GET /highlight190021057.html HTTP/1.1" 200 557012 "-" "Mozilla/5.0 (Linux; Android 6.0.1; Nexus 5X Build/MMB29P) AppleWebKit/537.36 (KHTML, like Gecko) Chrome/138.0.7204.183 Mobile Safari/537.36 (compatible; Googlebot/2.1; +http://www.google.com/bot.html)"
66.249.74.73 - - [22/Aug/2025:10:31:30 +0200] "GET /pcmypage?callback=product/review/secure-depo-guw2ejrkgwzk3dku5gfgxajsam HTTP/1.1" 200 582283 "-" "Mozilla/5.0 (Linux; Android 6.0.1; Nexus 5X Build/MMB29P) AppleWebKit/537.36 (KHTML, like Gecko) Chrome/138.0.7204.183 Mobile Safari/537.36 (compatible; Googlebot/2.1; +http://www.google.com/bot.html)"
66.249.74.73 - - [22/Aug/2025:10:31:36 +0200] "GET /pcmypage?callback=/product%2Fdetail%2secure-depo-guw2ejrkgwzk3dku5gfgxajsam HTTP/1.1" 200 559243 "-" "Mozilla/5.0 (Linux; Android 6.0.1; Nexus 5X Build/MMB29P) AppleWebKit/537.36 (KHTML, like Gecko) Chrome/138.0.7204.183 Mobile Safari/537.36 (compatible; Googlebot/2.1; +http://www.google.com/bot.html)"
66.249.74.73 - - [22/Aug/2025:10:31:47 +0200] "GET /privilege189019824.html HTTP/1.1" 200 557112 "-" "Mozilla/5.0 (Linux; Android 6.0.1; Nexus 5X Build/MMB29P) AppleWebKit/537.36 (KHTML, like Gecko) Chrome/138.0.7204.183 Mobile Safari/537.36 (compatible; Googlebot/2.1; +http://www.google.com/bot.html)"
20.171.207.15 - - [22/Aug/2025:10:31:55 +0200] "GET /pages.php?youth%2Fm25%3Fpid=30491 HTTP/1.1" 200 461801 "-" "Mozilla/5.0 AppleWebKit/537.36 (KHTML, like Gecko; compatible; GPTBot/1.2; +https://openai.com/gptbot)"
66.249.74.74 - - [22/Aug/2025:10:31:55 +0200] "GET /pcmypage?callback=product/review/tuzukiya-a20-0582 HTTP/1.1" 200 571512 "-" "Mozilla/5.0 (Linux; Android 6.0.1; Nexus 5X Build/MMB29P) AppleWebKit/537.36 (KHTML, like Gecko) Chrome/138.0.7204.183 Mobile Safari/537.36 (compatible; Googlebot/2.1; +http://www.google.com/bot.html)"
66.249.74.73 - - [22/Aug/2025:10:32:05 +0200] "GET /surgeon064034967.html HTTP/1.1" 200 556493 "-" "Mozilla/5.0 (Linux; Android 6.0.1; Nexus 5X Build/MMB29P) AppleWebKit/537.36 (KHTML, like Gecko) Chrome/138.0.7204.183 Mobile Safari/537.36 (compatible; Googlebot/2.1; +http://www.google.com/bot.html)"
20.171.207.29 - - [22/Aug/2025:10:32:14 +0200] "GET /pages.php?ratio%2Fe86%3Fpid=40382 HTTP/1.1" 200 470005 "-" "Mozilla/5.0 AppleWebKit/537.36 (KHTML, like Gecko; compatible; GPTBot/1.2; +https://openai.com/gptbot)"
66.249.74.72 - - [22/Aug/2025:10:32:17 +0200] "GET /pages.php?outcome/j212?pid=13742 HTTP/1.1" 200 464613 "-" "Mozilla/5.0 (Linux; Android 6.0.1; Nexus 5X Build/MMB29P) AppleWebKit/537.36 (KHTML, like Gecko) Chrome/138.0.7204.183 Mobile Safari/537.36 (compatible; Googlebot/2.1; +http://www.google.com/bot.html)"
66.249.74.72 - - [22/Aug/2025:10:32:21 +0200] "GET /pages.php?q-~150AFayzLgy5olehnIzbpdbbcrAjbG22H26491/ HTTP/1.1" 200 462628 "-" "Mozilla/5.0 (Linux; Android 6.0.1; Nexus 5X Build/MMB29P) AppleWebKit/537.36 (KHTML, like Gecko) Chrome/138.0.7204.183 Mobile Safari/537.36 (compatible; Googlebot/2.1; +http://www.google.com/bot.html)"
66.249.74.72 - - [22/Aug/2025:10:32:27 +0200] "GET /items/248045662.html?srsltid=AfmBOokboNVzXySBqjNJEMCZTKpMgyPzHn2JWxSkfqO9hxGXxZWZ HTTP/1.1" 200 555384 "-" "Mozilla/5.0 (Linux; Android 6.0.1; Nexus 5X Build/MMB29P) AppleWebKit/537.36 (KHTML, like Gecko) Chrome/138.0.7204.183 Mobile Safari/537.36 (compatible; Googlebot/2.1; +http://www.google.com/bot.html)"
66.249.74.72 - - [22/Aug/2025:10:32:32 +0200] "GET /including043001710.html HTTP/1.1" 200 587478 "-" "Mozilla/5.0 (Linux; Android 6.0.1; Nexus 5X Build/MMB29P) AppleWebKit/537.36 (KHTML, like Gecko) Chrome/138.0.7204.183 Mobile Safari/537.36 (compatible; Googlebot/2.1; +http://www.google.com/bot.html)"
20.171.207.15 - - [22/Aug/2025:10:32:38 +0200] "GET /pages.php?wall%2Ff83%3Fpid=40519 HTTP/1.1" 200 465751 "-" "Mozilla/5.0 AppleWebKit/537.36 (KHTML, like Gecko; compatible; GPTBot/1.2; +https://openai.com/gptbot)"
66.249.74.73 - - [22/Aug/2025:10:32:39 +0200] "GET /examination084017905.html HTTP/1.1" 200 562620 "-" "Mozilla/5.0 (Linux; Android 6.0.1; Nexus 5X Build/MMB29P) AppleWebKit/537.36 (KHTML, like Gecko) Chrome/138.0.7204.183 Mobile Safari/537.36 (compatible; Googlebot/2.1; +http://www.google.com/bot.html)"
66.249.74.74 - - [22/Aug/2025:10:32:48 +0200] "GET /pages.php?q-~65K99Mk78AYOp88AmWmd66ApufKHL7al608/ HTTP/1.1" 200 458957 "-" "Mozilla/5.0 (Linux; Android 6.0.1; Nexus 5X Build/MMB29P) AppleWebKit/537.36 (KHTML, like Gecko) Chrome/138.0.7204.183 Mobile Safari/537.36 (compatible; Googlebot/2.1; +http://www.google.com/bot.html)"
66.249.74.74 - - [22/Aug/2025:10:32:52 +0200] "GET /pcmypage?callback=product%2Fdetail%2Fsetagaya-kagu-ds-2304341 HTTP/1.1" 200 559260 "-" "Mozilla/5.0 (Linux; Android 6.0.1; Nexus 5X Build/MMB29P) AppleWebKit/537.36 (KHTML, like Gecko) Chrome/138.0.7204.183 Mobile Safari/537.36 (compatible; Googlebot/2.1; +http://www.google.com/bot.html)"
66.249.74.73 - - [22/Aug/2025:10:33:02 +0200] "GET /aggression013007026.html HTTP/1.1" 200 557123 "-" "Mozilla/5.0 (Linux; Android 6.0.1; Nexus 5X Build/MMB29P) AppleWebKit/537.36 (KHTML, like Gecko) Chrome/138.0.7204.183 Mobile Safari/537.36 (compatible; Googlebot/2.1; +http://www.google.com/bot.html)"
20.171.207.29 - - [22/Aug/2025:10:33:03 +0200] "GET /pages.php?failure%2Fj8%3Fpid=114 HTTP/1.1" 200 467224 "-" "Mozilla/5.0 AppleWebKit/537.36 (KHTML, like Gecko; compatible; GPTBot/1.2; +https://openai.com/gptbot)"
66.249.74.72 - - [22/Aug/2025:10:33:08 +0200] "GET /complexity154021713.html HTTP/1.1" 200 556476 "-" "Mozilla/5.0 (Linux; Android 6.0.1; Nexus 5X Build/MMB29P) AppleWebKit/537.36 (KHTML, like Gecko) Chrome/138.0.7204.183 Mobile Safari/537.36 (compatible; Googlebot/2.1; +http://www.google.com/bot.html)"
20.171.207.15 - - [22/Aug/2025:10:33:15 +0200] "GET /pages.php?cloth%2Fr74%3Fpid=768 HTTP/1.1" 200 461752 "-" "Mozilla/5.0 AppleWebKit/537.36 (KHTML, like Gecko; compatible; GPTBot/1.2; +https://openai.com/gptbot)"
66.249.74.72 - - [22/Aug/2025:10:33:21 +0200] "GET /pcmypage?callback=product/review/lightwell-ah55835 HTTP/1.1" 200 590793 "-" "Mozilla/5.0 (Linux; Android 6.0.1; Nexus 5X Build/MMB29P) AppleWebKit/537.36 (KHTML, like Gecko) Chrome/138.0.7204.183 Mobile Safari/537.36 (compatible; Googlebot/2.1; +http://www.google.com/bot.html)"
66.249.74.72 - - [22/Aug/2025:10:33:25 +0200] "GET /people154021703.html HTTP/1.1" 200 556871 "-" "Mozilla/5.0 (Linux; Android 6.0.1; Nexus 5X Build/MMB29P) AppleWebKit/537.36 (KHTML, like Gecko) Chrome/138.0.7204.183 Mobile Safari/537.36 (compatible; Googlebot/2.1; +http://www.google.com/bot.html)"
66.249.74.73 - - [22/Aug/2025:10:33:35 +0200] "GET /pcmypage?callback=product%2Fdetail%2Fmro-tonton-to0626961918 HTTP/1.1" 200 557893 "-" "Mozilla/5.0 (Linux; Android 6.0.1; Nexus 5X Build/MMB29P) AppleWebKit/537.36 (KHTML, like Gecko) Chrome/138.0.7204.183 Mobile Safari/537.36 (compatible; Googlebot/2.1; +http://www.google.com/bot.html)"
66.249.74.72 - - [22/Aug/2025:10:33:45 +0200] "GET /answer231012802.html HTTP/1.1" 200 571788 "-" "Mozilla/5.0 (Linux; Android 6.0.1; Nexus 5X Build/MMB29P) AppleWebKit/537.36 (KHTML, like Gecko) Chrome/138.0.7204.183 Mobile Safari/537.36 (compatible; Googlebot/2.1; +http://www.google.com/bot.html)"
20.171.207.29 - - [22/Aug/2025:10:33:50 +0200] "GET /?_bd_prev_page=https%3A%2F%2Fkjinvest.net%2Fsite.asp%3Fq-%7E88BPPHZHARWm7KArSrKXdjQrDKIdF3nb493%2F&_bdsid=v5njat.n%7EAVSGA.1747508339875.1798364627 HTTP/1.1" 500 0 "-" "Mozilla/5.0 AppleWebKit/537.36 (KHTML, like Gecko; compatible; GPTBot/1.2; +https://openai.com/gptbot)"
66.249.74.72 - - [22/Aug/2025:10:33:51 +0200] "GET /visitor185031382.html HTTP/1.1" 200 561934 "-" "Mozilla/5.0 (Linux; Android 6.0.1; Nexus 5X Build/MMB29P) AppleWebKit/537.36 (KHTML, like Gecko) Chrome/138.0.7204.183 Mobile Safari/537.36 (compatible; Googlebot/2.1; +http://www.google.com/bot.html)"
20.171.207.15 - - [22/Aug/2025:10:33:51 +0200] "GET /pages.php?parish%2Fm65%3Fpid=907 HTTP/1.1" 200 466982 "-" "Mozilla/5.0 AppleWebKit/537.36 (KHTML, like Gecko; compatible; GPTBot/1.2; +https://openai.com/gptbot)"
66.249.74.72 - - [22/Aug/2025:10:34:01 +0200] "GET /pcmypage?callback=product%2Fdetail%2Fselect-furugi-lepton-33883391 HTTP/1.1" 200 558791 "-" "Mozilla/5.0 (Linux; Android 6.0.1; Nexus 5X Build/MMB29P) AppleWebKit/537.36 (KHTML, like Gecko) Chrome/138.0.7204.183 Mobile Safari/537.36 (compatible; Googlebot/2.1; +http://www.google.com/bot.html)"
66.249.74.73 - - [22/Aug/2025:10:34:08 +0200] "GET /pcmypage?callback=product/review/select-furugi-lepton-33883391 HTTP/1.1" 200 571633 "-" "Mozilla/5.0 (Linux; Android 6.0.1; Nexus 5X Build/MMB29P) AppleWebKit/537.36 (KHTML, like Gecko) Chrome/138.0.7204.183 Mobile Safari/537.36 (compatible; Googlebot/2.1; +http://www.google.com/bot.html)"
66.249.74.72 - - [22/Aug/2025:10:34:11 +0200] "GET /appreciation011000070.html HTTP/1.1" 200 560208 "-" "Mozilla/5.0 (Linux; Android 6.0.1; Nexus 5X Build/MMB29P) AppleWebKit/537.36 (KHTML, like Gecko) Chrome/138.0.7204.183 Mobile Safari/537.36 (compatible; Googlebot/2.1; +http://www.google.com/bot.html)"
66.249.74.72 - - [22/Aug/2025:10:34:17 +0200] "GET /customer234025813.html HTTP/1.1" 200 556256 "-" "Mozilla/5.0 (Linux; Android 6.0.1; Nexus 5X Build/MMB29P) AppleWebKit/537.36 (KHTML, like Gecko) Chrome/138.0.7204.183 Mobile Safari/537.36 (compatible; Googlebot/2.1; +http://www.google.com/bot.html)"
20.171.207.15 - - [22/Aug/2025:10:34:25 +0200] "GET /pages.php?brown%2Fm74%3Fpid=766 HTTP/1.1" 200 463472 "-" "Mozilla/5.0 AppleWebKit/537.36 (KHTML, like Gecko; compatible; GPTBot/1.2; +https://openai.com/gptbot)"
66.249.74.73 - - [22/Aug/2025:10:34:29 +0200] "GET /addition254006493.html HTTP/1.1" 200 555710 "-" "Mozilla/5.0 (Linux; Android 6.0.1; Nexus 5X Build/MMB29P) AppleWebKit/537.36 (KHTML, like Gecko) Chrome/138.0.7204.183 Mobile Safari/537.36 (compatible; Googlebot/2.1; +http://www.google.com/bot.html)"
66.249.74.72 - - [22/Aug/2025:10:34:31 +0200] "GET /dessert056032059.html HTTP/1.1" 200 553850 "-" "Mozilla/5.0 (Linux; Android 6.0.1; Nexus 5X Build/MMB29P) AppleWebKit/537.36 (KHTML, like Gecko) Chrome/138.0.7204.183 Mobile Safari/537.36 (compatible; Googlebot/2.1; +http://www.google.com/bot.html)"
20.171.207.29 - - [22/Aug/2025:10:34:33 +0200] "GET /pages.php?cost%2Fw41%3Fpid=2075 HTTP/1.1" 200 465250 "-" "Mozilla/5.0 AppleWebKit/537.36 (KHTML, like Gecko; compatible; GPTBot/1.2; +https://openai.com/gptbot)"
66.249.74.73 - - [22/Aug/2025:10:34:36 +0200] "GET /frame149024922.html HTTP/1.1" 200 555739 "-" "Mozilla/5.0 (Linux; Android 6.0.1; Nexus 5X Build/MMB29P) AppleWebKit/537.36 (KHTML, like Gecko) Chrome/138.0.7204.183 Mobile Safari/537.36 (compatible; Googlebot/2.1; +http://www.google.com/bot.html)"
66.249.74.75 - - [22/Aug/2025:10:34:46 +0200] "GET /pcmypage?callback=product%2Fdetail%2Ftkonline-mvs1300x03s130_7033 HTTP/1.1" 200 555878 "-" "Mozilla/5.0 (Linux; Android 6.0.1; Nexus 5X Build/MMB29P) AppleWebKit/537.36 (KHTML, like Gecko) Chrome/138.0.7204.183 Mobile Safari/537.36 (compatible; Googlebot/2.1; +http://www.google.com/bot.html)"
66.249.74.75 - - [22/Aug/2025:10:34:52 +0200] "GET /pcmypage?callback=product%2Fdetail%2F1bankanwebshop-zzds-2062707 HTTP/1.1" 200 555226 "-" "Mozilla/5.0 (Linux; Android 6.0.1; Nexus 5X Build/MMB29P) AppleWebKit/537.36 (KHTML, like Gecko) Chrome/138.0.7204.183 Mobile Safari/537.36 (compatible; Googlebot/2.1; +http://www.google.com/bot.html)"
20.171.207.15 - - [22/Aug/2025:10:34:53 +0200] "GET /pages.php?trading%2Fo92%3Fpid=610 HTTP/1.1" 200 465123 "-" "Mozilla/5.0 AppleWebKit/537.36 (KHTML, like Gecko; compatible; GPTBot/1.2; +https://openai.com/gptbot)"
66.249.74.74 - - [22/Aug/2025:10:35:03 +0200] "GET /pages.php?q-~162ffum0W3OaAo0EeJYlpouVQlPWN8NQd30091/ HTTP/1.1" 200 460400 "-" "Mozilla/5.0 (Linux; Android 6.0.1; Nexus 5X Build/MMB29P) AppleWebKit/537.36 (KHTML, like Gecko) Chrome/138.0.7204.183 Mobile Safari/537.36 (compatible; Googlebot/2.1; +http://www.google.com/bot.html)"
66.249.74.73 - - [22/Aug/2025:10:35:07 +0200] "GET /grateful204021451.html HTTP/1.1" 200 555399 "-" "Mozilla/5.0 (Linux; Android 6.0.1; Nexus 5X Build/MMB29P) AppleWebKit/537.36 (KHTML, like Gecko) Chrome/138.0.7204.183 Mobile Safari/537.36 (compatible; Googlebot/2.1; +http://www.google.com/bot.html)"
66.249.74.73 - - [22/Aug/2025:10:35:09 +0200] "GET /catch098000387.html HTTP/1.1" 200 555989 "-" "Mozilla/5.0 (Linux; Android 6.0.1; Nexus 5X Build/MMB29P) AppleWebKit/537.36 (KHTML, like Gecko) Chrome/138.0.7204.183 Mobile Safari/537.36 (compatible; Googlebot/2.1; +http://www.google.com/bot.html)"
69.197.135.226 - - [22/Aug/2025:10:35:16 +0200] "GET /wp-content/edit.php HTTP/1.1" 500 0 "https://www.kjinvest.net/wp-content/edit.php" "Mozilla/4.0 (compatible; MSIE 7.0; Windows NT 5.1; SV1; .NET CLR 1.1.4322; .NET CLR 2.0.50727; InfoPath.1)"
69.197.135.226 - - [22/Aug/2025:10:35:17 +0200] "GET /wp-content/edit.php HTTP/1.1" 500 0 "https://www.kjinvest.net/wp-content/edit.php" "Mozilla/5.0 (Windows NT 5.1) AppleWebKit/534.30 (KHTML, like Gecko) Chrome/12.0.742.122 Safari/534.30 ChromePlus/1.6.3.1"
20.171.207.15 - - [22/Aug/2025:10:35:17 +0200] "GET /pages.php?unable%2Fj97%3Fpid=427 HTTP/1.1" 200 465029 "-" "Mozilla/5.0 AppleWebKit/537.36 (KHTML, like Gecko; compatible; GPTBot/1.2; +https://openai.com/gptbot)"
69.197.135.226 - - [22/Aug/2025:10:35:18 +0200] "GET /wp-content/edit.php HTTP/1.1" 500 0 "https://www.kjinvest.net/wp-content/edit.php" "Mozilla/5.0 (Macintosh; Intel Mac OS X 10.6; rv:6.0.2) Gecko/20100101 Firefox/6.0.2"
66.249.74.73 - - [22/Aug/2025:10:35:19 +0200] "GET /pcmypage?callback=product%2Fdetail%2Ftuzukiya-t30-5138 HTTP/1.1" 200 555310 "-" "Mozilla/5.0 (Linux; Android 6.0.1; Nexus 5X Build/MMB29P) AppleWebKit/537.36 (KHTML, like Gecko) Chrome/138.0.7204.183 Mobile Safari/537.36 (compatible; Googlebot/2.1; +http://www.google.com/bot.html)"
66.249.74.73 - - [22/Aug/2025:10:35:26 +0200] "GET /warmth061000494.html HTTP/1.1" 200 573548 "-" "Mozilla/5.0 (Linux; Android 6.0.1; Nexus 5X Build/MMB29P) AppleWebKit/537.36 (KHTML, like Gecko) Chrome/138.0.7204.183 Mobile Safari/537.36 (compatible; Googlebot/2.1; +http://www.google.com/bot.html)"
20.171.207.29 - - [22/Aug/2025:10:35:35 +0200] "GET /pages.php?avoid%2Fs15%3Fpid=39085 HTTP/1.1" 200 470915 "-" "Mozilla/5.0 AppleWebKit/537.36 (KHTML, like Gecko; compatible; GPTBot/1.2; +https://openai.com/gptbot)"
66.249.74.72 - - [22/Aug/2025:10:35:35 +0200] "GET /pcmypage?callback=product/review/hcvalor-eshop-trusco-8157170 HTTP/1.1" 200 570285 "-" "Mozilla/5.0 (Linux; Android 6.0.1; Nexus 5X Build/MMB29P) AppleWebKit/537.36 (KHTML, like Gecko) Chrome/138.0.7204.183 Mobile Safari/537.36 (compatible; Googlebot/2.1; +http://www.google.com/bot.html)"
66.249.74.72 - - [22/Aug/2025:10:35:42 +0200] "GET /pages.php?valley/k294?pid=5838 HTTP/1.1" 200 464129 "-" "Mozilla/5.0 (Linux; Android 6.0.1; Nexus 5X Build/MMB29P) AppleWebKit/537.36 (KHTML, like Gecko) Chrome/138.0.7204.183 Mobile Safari/537.36 (compatible; Googlebot/2.1; +http://www.google.com/bot.html)"
20.171.207.15 - - [22/Aug/2025:10:35:42 +0200] "GET /pages.php?carbon%2Fb8%3Fpid=13078 HTTP/1.1" 200 461188 "-" "Mozilla/5.0 AppleWebKit/537.36 (KHTML, like Gecko; compatible; GPTBot/1.2; +https://openai.com/gptbot)"
66.249.74.73 - - [22/Aug/2025:10:35:46 +0200] "GET /newspaper281007490.html HTTP/1.1" 200 558913 "-" "Mozilla/5.0 (Linux; Android 6.0.1; Nexus 5X Build/MMB29P) AppleWebKit/537.36 (KHTML, like Gecko) Chrome/138.0.7204.183 Mobile Safari/537.36 (compatible; Googlebot/2.1; +http://www.google.com/bot.html)"
66.249.74.75 - - [22/Aug/2025:10:35:50 +0200] "GET /items/129027447.html?srsltid=AfmBOogaivzGYSaMYWMfNPVeCZSheZIeI3u7ELlxvAj3bw51IEkg HTTP/1.1" 200 554761 "-" "Mozilla/5.0 (Linux; Android 6.0.1; Nexus 5X Build/MMB29P) AppleWebKit/537.36 (KHTML, like Gecko) Chrome/138.0.7204.183 Mobile Safari/537.36 (compatible; Googlebot/2.1; +http://www.google.com/bot.html)"
66.249.74.74 - - [22/Aug/2025:10:35:53 +0200] "GET /capability198026931.html HTTP/1.1" 200 570580 "-" "Mozilla/5.0 (Linux; Android 6.0.1; Nexus 5X Build/MMB29P) AppleWebKit/537.36 (KHTML, like Gecko) Chrome/138.0.7204.183 Mobile Safari/537.36 (compatible; Googlebot/2.1; +http://www.google.com/bot.html)"
66.249.74.75 - - [22/Aug/2025:10:35:59 +0200] "GET /items/236043990.html?srsltid=AfmBOoutmQKRMaqxCnAuT8biMOoWgIsFeyq0T5vHUbRLvCxX5JxS HTTP/1.1" 200 556335 "-" "Mozilla/5.0 (Linux; Android 6.0.1; Nexus 5X Build/MMB29P) AppleWebKit/537.36 (KHTML, like Gecko) Chrome/138.0.7204.183 Mobile Safari/537.36 (compatible; Googlebot/2.1; +http://www.google.com/bot.html)"
20.171.207.15 - - [22/Aug/2025:10:36:01 +0200] "GET /pages.php?glory%2Ft74%3Fpid=770 HTTP/1.1" 200 478339 "-" "Mozilla/5.0 AppleWebKit/537.36 (KHTML, like Gecko; compatible; GPTBot/1.2; +https://openai.com/gptbot)"
66.249.74.73 - - [22/Aug/2025:10:36:02 +0200] "GET /pcmypage?callback=product/review/locondo-dr1233ew034063-1 HTTP/1.1" 200 571347 "-" "Mozilla/5.0 (Linux; Android 6.0.1; Nexus 5X Build/MMB29P) AppleWebKit/537.36 (KHTML, like Gecko) Chrome/138.0.7204.183 Mobile Safari/537.36 (compatible; Googlebot/2.1; +http://www.google.com/bot.html)"
66.249.74.74 - - [22/Aug/2025:10:36:10 +0200] "GET /pcmypage?callback=product%2Fdetail%2Fzwilling-shop-30920-000 HTTP/1.1" 200 587800 "-" "Mozilla/5.0 (Linux; Android 6.0.1; Nexus 5X Build/MMB29P) AppleWebKit/537.36 (KHTML, like Gecko) Chrome/138.0.7204.183 Mobile Safari/537.36 (compatible; Googlebot/2.1; +http://www.google.com/bot.html)"
66.249.74.72 - - [22/Aug/2025:10:36:17 +0200] "GET /pages.php?strong/w88?pid=9916 HTTP/1.1" 200 468717 "-" "Mozilla/5.0 (Linux; Android 6.0.1; Nexus 5X Build/MMB29P) AppleWebKit/537.36 (KHTML, like Gecko) Chrome/138.0.7204.183 Mobile Safari/537.36 (compatible; Googlebot/2.1; +http://www.google.com/bot.html)"
20.171.207.15 - - [22/Aug/2025:10:36:20 +0200] "GET /pages.php?ad%2Fn229%3Fpid=11181 HTTP/1.1" 200 466148 "-" "Mozilla/5.0 AppleWebKit/537.36 (KHTML, like Gecko; compatible; GPTBot/1.2; +https://openai.com/gptbot)"
66.249.74.72 - - [22/Aug/2025:10:36:29 +0200] "GET /pages.php?roll/x96?pid=38804 HTTP/1.1" 200 465784 "-" "Mozilla/5.0 (Linux; Android 6.0.1; Nexus 5X Build/MMB29P) AppleWebKit/537.36 (KHTML, like Gecko) Chrome/138.0.7204.183 Mobile Safari/537.36 (compatible; Googlebot/2.1; +http://www.google.com/bot.html)"
20.171.207.29 - - [22/Aug/2025:10:36:33 +0200] "GET /?_bd_prev_page=https%3A%2F%2Fkjinvest.net%2Fsite.asp%3Fwork%2Fn47%3Fpid%3D34951&_bdsid=v5njat.n%7EAVSGA.1747508339875.1798364627 HTTP/1.1" 500 0 "-" "Mozilla/5.0 AppleWebKit/537.36 (KHTML, like Gecko; compatible; GPTBot/1.2; +https://openai.com/gptbot)"
66.249.74.73 - - [22/Aug/2025:10:36:34 +0200] "GET /pages.php?I/k172?pid=26964 HTTP/1.1" 200 467347 "-" "Mozilla/5.0 (Linux; Android 6.0.1; Nexus 5X Build/MMB29P) AppleWebKit/537.36 (KHTML, like Gecko) Chrome/138.0.7204.183 Mobile Safari/537.36 (compatible; Googlebot/2.1; +http://www.google.com/bot.html)"
20.171.207.15 - - [22/Aug/2025:10:36:37 +0200] "GET /pages.php?report%2Fk39%3Fpid=14567 HTTP/1.1" 200 461257 "-" "Mozilla/5.0 AppleWebKit/537.36 (KHTML, like Gecko; compatible; GPTBot/1.2; +https://openai.com/gptbot)"
66.249.74.74 - - [22/Aug/2025:10:36:47 +0200] "GET /pages.php?q-~232sNnkReC16sRqX6ItIiecQIa6mvnn2r37731/ HTTP/1.1" 200 462537 "-" "Mozilla/5.0 (Linux; Android 6.0.1; Nexus 5X Build/MMB29P) AppleWebKit/537.36 (KHTML, like Gecko) Chrome/138.0.7204.183 Mobile Safari/537.36 (compatible; Googlebot/2.1; +http://www.google.com/bot.html)"
20.171.207.15 - - [22/Aug/2025:10:36:51 +0200] "GET /pages.php?orbit%2Ft97%3Fpid=421 HTTP/1.1" 200 467696 "-" "Mozilla/5.0 AppleWebKit/537.36 (KHTML, like Gecko; compatible; GPTBot/1.2; +https://openai.com/gptbot)"
66.249.74.72 - - [22/Aug/2025:10:36:57 +0200] "GET /pcmypage?callback=/product%2Fdetail%2ouchikenko-m5meyiuwhud4o4ezy5lalladda HTTP/1.1" 200 560463 "-" "Mozilla/5.0 (Linux; Android 6.0.1; Nexus 5X Build/MMB29P) AppleWebKit/537.36 (KHTML, like Gecko) Chrome/138.0.7204.183 Mobile Safari/537.36 (compatible; Googlebot/2.1; +http://www.google.com/bot.html)"
66.249.74.73 - - [22/Aug/2025:10:37:01 +0200] "GET /import274011293.html HTTP/1.1" 200 558811 "-" "Mozilla/5.0 (Linux; Android 6.0.1; Nexus 5X Build/MMB29P) AppleWebKit/537.36 (KHTML, like Gecko) Chrome/138.0.7204.183 Mobile Safari/537.36 (compatible; Googlebot/2.1; +http://www.google.com/bot.html)"
20.171.207.15 - - [22/Aug/2025:10:37:04 +0200] "GET /pages.php?dying%2Fy1%3Fpid=71 HTTP/1.1" 200 465093 "-" "Mozilla/5.0 AppleWebKit/537.36 (KHTML, like Gecko; compatible; GPTBot/1.2; +https://openai.com/gptbot)"
66.249.74.72 - - [22/Aug/2025:10:37:09 +0200] "GET /loud011000928.html HTTP/1.1" 200 561698 "-" "Mozilla/5.0 (Linux; Android 6.0.1; Nexus 5X Build/MMB29P) AppleWebKit/537.36 (KHTML, like Gecko) Chrome/138.0.7204.183 Mobile Safari/537.36 (compatible; Googlebot/2.1; +http://www.google.com/bot.html)"
206.189.247.132 - - [22/Aug/2025:10:37:11 +0200] "GET /defaults.php HTTP/1.1" 200 393 "-" "Mozilla/5.0 (Linux; Android 10; K) AppleWebKit/537.36 (KHTML, like Gecko) Chrome/131.0.0.0 Mobile Safari/537.36"
146.190.190.67 - - [22/Aug/2025:10:37:11 +0200] "GET /defaults.php HTTP/1.1" 200 393 "-" "Mozilla/5.0 (Linux; Android 10; K) AppleWebKit/537.36 (KHTML, like Gecko) Chrome/131.0.0.0 Mobile Safari/537.36"
86.8.204.43 - - [22/Aug/2025:10:37:12 +0200] "GET /defaults.php HTTP/1.1" 200 393 "-" "Mozilla/5.0 (Linux; Android 10; K) AppleWebKit/537.36 (KHTML, like Gecko) Chrome/131.0.0.0 Mobile Safari/537.36"
170.64.252.169 - - [22/Aug/2025:10:37:12 +0200] "GET /defaults.php HTTP/1.1" 200 393 "-" "Mozilla/5.0 (Linux; Android 10; K) AppleWebKit/537.36 (KHTML, like Gecko) Chrome/131.0.0.0 Mobile Safari/537.36"
20.171.207.15 - - [22/Aug/2025:10:37:16 +0200] "GET /pages.php?whoever%2Fv35%3Fpid=651 HTTP/1.1" 200 459688 "-" "Mozilla/5.0 AppleWebKit/537.36 (KHTML, like Gecko; compatible; GPTBot/1.2; +https://openai.com/gptbot)"
66.249.74.72 - - [22/Aug/2025:10:37:20 +0200] "GET /pages.php?public/q117?pid=12361 HTTP/1.1" 200 464055 "-" "Mozilla/5.0 (Linux; Android 6.0.1; Nexus 5X Build/MMB29P) AppleWebKit/537.36 (KHTML, like Gecko) Chrome/138.0.7204.183 Mobile Safari/537.36 (compatible; Googlebot/2.1; +http://www.google.com/bot.html)"
20.171.207.29 - - [22/Aug/2025:10:37:26 +0200] "GET /pages.php?whom%2Fa17%3Fpid=37681 HTTP/1.1" 200 467421 "-" "Mozilla/5.0 AppleWebKit/537.36 (KHTML, like Gecko; compatible; GPTBot/1.2; +https://openai.com/gptbot)"
20.171.207.15 - - [22/Aug/2025:10:37:27 +0200] "GET /pages.php?cure%2Fq39%3Fpid=14565 HTTP/1.1" 200 470048 "-" "Mozilla/5.0 AppleWebKit/537.36 (KHTML, like Gecko; compatible; GPTBot/1.2; +https://openai.com/gptbot)"
66.249.74.72 - - [22/Aug/2025:10:37:28 +0200] "GET /pages.php?behind/j12?pid=9046 HTTP/1.1" 200 466015 "-" "Mozilla/5.0 (Linux; Android 6.0.1; Nexus 5X Build/MMB29P) AppleWebKit/537.36 (KHTML, like Gecko) Chrome/138.0.7204.183 Mobile Safari/537.36 (compatible; Googlebot/2.1; +http://www.google.com/bot.html)"
66.249.74.73 - - [22/Aug/2025:10:37:29 +0200] "GET /five141019314.html HTTP/1.1" 200 558774 "-" "Mozilla/5.0 (Linux; Android 6.0.1; Nexus 5X Build/MMB29P) AppleWebKit/537.36 (KHTML, like Gecko) Chrome/138.0.7204.183 Mobile Safari/537.36 (compatible; Googlebot/2.1; +http://www.google.com/bot.html)"
66.249.74.73 - - [22/Aug/2025:10:37:36 +0200] "GET /pages.php?jaw/c185?pid=48639 HTTP/1.1" 200 468296 "-" "Mozilla/5.0 (Linux; Android 6.0.1; Nexus 5X Build/MMB29P) AppleWebKit/537.36 (KHTML, like Gecko) Chrome/138.0.7204.183 Mobile Safari/537.36 (compatible; Googlebot/2.1; +http://www.google.com/bot.html)"
208.110.64.178 - - [22/Aug/2025:10:37:38 +0200] "GET /wp-content/edit.php HTTP/1.1" 500 0 "https://www.kjinvest.net/wp-content/edit.php" "Mozilla/5.0 (Windows NT 10.0; Win64; x64) AppleWebKit/537.36 (KHTML, like Gecko) Chrome/58.0.3029.110 Safari/537.3"
208.110.64.178 - - [22/Aug/2025:10:37:38 +0200] "GET /wp-content/edit.php HTTP/1.1" 500 0 "https://www.kjinvest.net/wp-content/edit.php" "Mozilla/5.0 (Windows NT 10.0; Win64; x64) AppleWebKit/537.36 (KHTML, like Gecko) Chrome/58.0.3029.110 Safari/537.3"
20.171.207.15 - - [22/Aug/2025:10:37:39 +0200] "GET /pages.php?testify%2Fl5%3Fpid=2719 HTTP/1.1" 200 472791 "-" "Mozilla/5.0 AppleWebKit/537.36 (KHTML, like Gecko; compatible; GPTBot/1.2; +https://openai.com/gptbot)"
66.249.74.72 - - [22/Aug/2025:10:37:43 +0200] "GET /pages.php?appreciation/o89?pid=43329 HTTP/1.1" 200 465331 "-" "Mozilla/5.0 (Linux; Android 6.0.1; Nexus 5X Build/MMB29P) AppleWebKit/537.36 (KHTML, like Gecko) Chrome/138.0.7204.183 Mobile Safari/537.36 (compatible; Googlebot/2.1; +http://www.google.com/bot.html)"
20.171.207.15 - - [22/Aug/2025:10:37:47 +0200] "GET /pages.php?hallway%2Fz83%3Fpid=493 HTTP/1.1" 200 469157 "-" "Mozilla/5.0 AppleWebKit/537.36 (KHTML, like Gecko; compatible; GPTBot/1.2; +https://openai.com/gptbot)"
66.249.74.74 - - [22/Aug/2025:10:37:50 +0200] "GET /all226018661.html HTTP/1.1" 200 555679 "-" "Mozilla/5.0 (Linux; Android 6.0.1; Nexus 5X Build/MMB29P) AppleWebKit/537.36 (KHTML, like Gecko) Chrome/138.0.7204.183 Mobile Safari/537.36 (compatible; Googlebot/2.1; +http://www.google.com/bot.html)"
20.171.207.15 - - [22/Aug/2025:10:37:56 +0200] "GET /pages.php?firmly%2Fb51%3Fpid=7671 HTTP/1.1" 200 466723 "-" "Mozilla/5.0 AppleWebKit/537.36 (KHTML, like Gecko; compatible; GPTBot/1.2; +https://openai.com/gptbot)"
66.249.74.73 - - [22/Aug/2025:10:38:00 +0200] "GET /pcmypage?callback=product%2Fdetail%2Ftkonline-2686208 HTTP/1.1" 200 558636 "-" "Mozilla/5.0 (Linux; Android 6.0.1; Nexus 5X Build/MMB29P) AppleWebKit/537.36 (KHTML, like Gecko) Chrome/138.0.7204.183 Mobile Safari/537.36 (compatible; Googlebot/2.1; +http://www.google.com/bot.html)"
20.171.207.15 - - [22/Aug/2025:10:38:01 +0200] "GET /chat.xhtml?smile%2Fb7%3Fpid=845 HTTP/1.1" 500 0 "-" "Mozilla/5.0 AppleWebKit/537.36 (KHTML, like Gecko; compatible; GPTBot/1.2; +https://openai.com/gptbot)"
20.171.207.15 - - [22/Aug/2025:10:38:08 +0200] "GET / HTTP/1.1" 500 0 "-" "Mozilla/5.0 AppleWebKit/537.36 (KHTML, like Gecko; compatible; GPTBot/1.2; +https://openai.com/gptbot)"
66.249.74.72 - - [22/Aug/2025:10:38:09 +0200] "GET /pcmypage?callback=/product%2Fdetail%2re-vida-51-17055711-14kst HTTP/1.1" 200 568571 "-" "Mozilla/5.0 (Linux; Android 6.0.1; Nexus 5X Build/MMB29P) AppleWebKit/537.36 (KHTML, like Gecko) Chrome/138.0.7204.183 Mobile Safari/537.36 (compatible; Googlebot/2.1; +http://www.google.com/bot.html)"
66.249.74.72 - - [22/Aug/2025:10:38:11 +0200] "GET /pcmypage?callback=/product%2Fdetail%2rcmdva-tm-2367310 HTTP/1.1" 200 558228 "-" "Mozilla/5.0 (Linux; Android 6.0.1; Nexus 5X Build/MMB29P) AppleWebKit/537.36 (KHTML, like Gecko) Chrome/138.0.7204.183 Mobile Safari/537.36 (compatible; Googlebot/2.1; +http://www.google.com/bot.html)"
66.249.74.72 - - [22/Aug/2025:10:38:17 +0200] "GET /obstacle076003511.html HTTP/1.1" 200 564686 "-" "Mozilla/5.0 (Linux; Android 6.0.1; Nexus 5X Build/MMB29P) AppleWebKit/537.36 (KHTML, like Gecko) Chrome/138.0.7204.183 Mobile Safari/537.36 (compatible; Googlebot/2.1; +http://www.google.com/bot.html)"
66.249.74.72 - - [22/Aug/2025:10:38:25 +0200] "GET /beam096001353.html HTTP/1.1" 200 558391 "-" "Mozilla/5.0 (Linux; Android 6.0.1; Nexus 5X Build/MMB29P) AppleWebKit/537.36 (KHTML, like Gecko) Chrome/138.0.7204.183 Mobile Safari/537.36 (compatible; Googlebot/2.1; +http://www.google.com/bot.html)"
20.171.207.15 - - [22/Aug/2025:10:38:27 +0200] "GET /pages.php?burn%2Fx263%3Fpid=8757 HTTP/1.1" 200 467950 "-" "Mozilla/5.0 AppleWebKit/537.36 (KHTML, like Gecko; compatible; GPTBot/1.2; +https://openai.com/gptbot)"
20.171.207.29 - - [22/Aug/2025:10:38:28 +0200] "GET /pages.php?full%2Fe83%3Fpid=41921 HTTP/1.1" 200 465839 "-" "Mozilla/5.0 AppleWebKit/537.36 (KHTML, like Gecko; compatible; GPTBot/1.2; +https://openai.com/gptbot)"
66.249.74.74 - - [22/Aug/2025:10:38:33 +0200] "GET /legal096001359.html HTTP/1.1" 200 559009 "-" "Mozilla/5.0 (Linux; Android 6.0.1; Nexus 5X Build/MMB29P) AppleWebKit/537.36 (KHTML, like Gecko) Chrome/138.0.7204.183 Mobile Safari/537.36 (compatible; Googlebot/2.1; +http://www.google.com/bot.html)"
66.249.74.73 - - [22/Aug/2025:10:38:42 +0200] "GET /pages.php?overnight/r43?pid=4947 HTTP/1.1" 200 476488 "-" "Mozilla/5.0 (Linux; Android 6.0.1; Nexus 5X Build/MMB29P) AppleWebKit/537.36 (KHTML, like Gecko) Chrome/138.0.7204.183 Mobile Safari/537.36 (compatible; Googlebot/2.1; +http://www.google.com/bot.html)"
66.249.74.73 - - [22/Aug/2025:10:38:50 +0200] "GET /pages.php?q-~194nMDl1GCl36tr9cMoBGBtDDDVHLF9Ew5499/ HTTP/1.1" 200 473516 "-" "Mozilla/5.0 (Linux; Android 6.0.1; Nexus 5X Build/MMB29P) AppleWebKit/537.36 (KHTML, like Gecko) Chrome/138.0.7204.183 Mobile Safari/537.36 (compatible; Googlebot/2.1; +http://www.google.com/bot.html)"
66.249.74.72 - - [22/Aug/2025:10:38:56 +0200] "GET /flower096001351.html HTTP/1.1" 200 560819 "-" "Mozilla/5.0 (Linux; Android 6.0.1; Nexus 5X Build/MMB29P) AppleWebKit/537.36 (KHTML, like Gecko) Chrome/138.0.7204.183 Mobile Safari/537.36 (compatible; Googlebot/2.1; +http://www.google.com/bot.html)"
66.249.74.73 - - [22/Aug/2025:10:39:08 +0200] "GET /cloud075045082.html HTTP/1.1" 200 553611 "-" "Mozilla/5.0 (Linux; Android 6.0.1; Nexus 5X Build/MMB29P) AppleWebKit/537.36 (KHTML, like Gecko) Chrome/138.0.7204.183 Mobile Safari/537.36 (compatible; Googlebot/2.1; +http://www.google.com/bot.html)"
66.249.74.72 - - [22/Aug/2025:10:39:17 +0200] "GET /pages.php?ethics/i117?pid=43365 HTTP/1.1" 200 472679 "-" "Mozilla/5.0 (Linux; Android 6.0.1; Nexus 5X Build/MMB29P) AppleWebKit/537.36 (KHTML, like Gecko) Chrome/138.0.7204.183 Mobile Safari/537.36 (compatible; Googlebot/2.1; +http://www.google.com/bot.html)"
20.171.207.29 - - [22/Aug/2025:10:39:24 +0200] "GET /?_bd_prev_page=https%3A%2F%2Fkjinvest.net%2Fsite.asp%3Ftemple%2Fp22%3Fpid%3D36004&_bdsid=v5njat.n%7EAVSGA.1747508339875.1798364627 HTTP/1.1" 500 0 "-" "Mozilla/5.0 AppleWebKit/537.36 (KHTML, like Gecko; compatible; GPTBot/1.2; +https://openai.com/gptbot)"
66.249.74.72 - - [22/Aug/2025:10:39:26 +0200] "GET /pages.php?q-~194uerNiD8IBMh3sLvU8P6EG0eWf3JBon18285/ HTTP/1.1" 200 467438 "-" "Mozilla/5.0 (Linux; Android 6.0.1; Nexus 5X Build/MMB29P) AppleWebKit/537.36 (KHTML, like Gecko) Chrome/138.0.7204.183 Mobile Safari/537.36 (compatible; Googlebot/2.1; +http://www.google.com/bot.html)"
20.171.207.15 - - [22/Aug/2025:10:39:30 +0200] "GET /pages.php?salad%2Fr41%3Fpid=841 HTTP/1.1" 200 462860 "-" "Mozilla/5.0 AppleWebKit/537.36 (KHTML, like Gecko; compatible; GPTBot/1.2; +https://openai.com/gptbot)"
66.249.74.73 - - [22/Aug/2025:10:39:36 +0200] "GET /pages.php?q-~170qgRgfLBG5oa3FTAbJwJmPqiuhDsPVM11469/ HTTP/1.1" 200 463949 "-" "Mozilla/5.0 (Linux; Android 6.0.1; Nexus 5X Build/MMB29P) AppleWebKit/537.36 (KHTML, like Gecko) Chrome/138.0.7204.183 Mobile Safari/537.36 (compatible; Googlebot/2.1; +http://www.google.com/bot.html)"
66.249.74.73 - - [22/Aug/2025:10:39:41 +0200] "GET /pages.php?bridge/e144?pid=5470 HTTP/1.1" 200 462167 "-" "Mozilla/5.0 (Linux; Android 6.0.1; Nexus 5X Build/MMB29P) AppleWebKit/537.36 (KHTML, like Gecko) Chrome/138.0.7204.183 Mobile Safari/537.36 (compatible; Googlebot/2.1; +http://www.google.com/bot.html)"
66.249.74.74 - - [22/Aug/2025:10:39:45 +0200] "GET /pages.php?q-~47fqqkiursQFy6O2hWE5jwt8UTmyvVju10794/ HTTP/1.1" 200 459847 "-" "Mozilla/5.0 (Linux; Android 6.0.1; Nexus 5X Build/MMB29P) AppleWebKit/537.36 (KHTML, like Gecko) Chrome/138.0.7204.183 Mobile Safari/537.36 (compatible; Googlebot/2.1; +http://www.google.com/bot.html)"
66.249.74.72 - - [22/Aug/2025:10:39:48 +0200] "GET /items/270011540.html?srsltid=AfmBOotgdYCThBoWJPMEmDwmJJEPSAfbzhtubTMf5ObnfqSzwjZc HTTP/1.1" 200 557748 "-" "Mozilla/5.0 (Linux; Android 6.0.1; Nexus 5X Build/MMB29P) AppleWebKit/537.36 (KHTML, like Gecko) Chrome/138.0.7204.183 Mobile Safari/537.36 (compatible; Googlebot/2.1; +http://www.google.com/bot.html)"
66.249.74.72 - - [22/Aug/2025:10:39:53 +0200] "GET /pages.php?q-~154udAgAq3WdOOQJuJ3A4pSRj12mzSyIx7839/ HTTP/1.1" 200 461686 "-" "Mozilla/5.0 (Linux; Android 6.0.1; Nexus 5X Build/MMB29P) AppleWebKit/537.36 (KHTML, like Gecko) Chrome/138.0.7204.183 Mobile Safari/537.36 (compatible; Googlebot/2.1; +http://www.google.com/bot.html)"
66.249.74.73 - - [22/Aug/2025:10:40:02 +0200] "GET /pages.php?east/q132?pid=17106 HTTP/1.1" 200 466602 "-" "Mozilla/5.0 (Linux; Android 6.0.1; Nexus 5X Build/MMB29P) AppleWebKit/537.36 (KHTML, like Gecko) Chrome/138.0.7204.183 Mobile Safari/537.36 (compatible; Googlebot/2.1; +http://www.google.com/bot.html)"
66.249.74.73 - - [22/Aug/2025:10:40:11 +0200] "GET /charter049048248.html HTTP/1.1" 200 555818 "-" "Mozilla/5.0 (Linux; Android 6.0.1; Nexus 5X Build/MMB29P) AppleWebKit/537.36 (KHTML, like Gecko) Chrome/138.0.7204.183 Mobile Safari/537.36 (compatible; Googlebot/2.1; +http://www.google.com/bot.html)"
20.171.207.29 - - [22/Aug/2025:10:40:16 +0200] "GET /pages.php?child%2Fq84%3Fpid=14796 HTTP/1.1" 200 472464 "-" "Mozilla/5.0 AppleWebKit/537.36 (KHTML, like Gecko; compatible; GPTBot/1.2; +https://openai.com/gptbot)"
66.249.74.72 - - [22/Aug/2025:10:40:17 +0200] "GET /pages.php?q-~76LFLl4DQgUKdMNfsURQYwxiVAGJ91Cc18183/ HTTP/1.1" 200 459478 "-" "Mozilla/5.0 (Linux; Android 6.0.1; Nexus 5X Build/MMB29P) AppleWebKit/537.36 (KHTML, like Gecko) Chrome/138.0.7204.183 Mobile Safari/537.36 (compatible; Googlebot/2.1; +http://www.google.com/bot.html)"
20.171.207.15 - - [22/Aug/2025:10:40:23 +0200] "GET /pages.php?shove%2Fz48%3Fpid=564 HTTP/1.1" 200 462875 "-" "Mozilla/5.0 AppleWebKit/537.36 (KHTML, like Gecko; compatible; GPTBot/1.2; +https://openai.com/gptbot)"
66.249.74.72 - - [22/Aug/2025:10:40:28 +0200] "GET /pages.php?know/h289?pid=27045 HTTP/1.1" 200 462201 "-" "Mozilla/5.0 (Linux; Android 6.0.1; Nexus 5X Build/MMB29P) AppleWebKit/537.36 (KHTML, like Gecko) Chrome/138.0.7204.183 Mobile Safari/537.36 (compatible; Googlebot/2.1; +http://www.google.com/bot.html)"
66.249.74.73 - - [22/Aug/2025:10:40:34 +0200] "GET /pages.php?q-~153nSO8ijNMKlSJRFhppzLmqkv4xnFEGe40060/ HTTP/1.1" 200 469914 "-" "Mozilla/5.0 (Linux; Android 6.0.1; Nexus 5X Build/MMB29P) AppleWebKit/537.36 (KHTML, like Gecko) Chrome/138.0.7204.183 Mobile Safari/537.36 (compatible; Googlebot/2.1; +http://www.google.com/bot.html)"
66.249.74.73 - - [22/Aug/2025:10:40:45 +0200] "GET /pages.php?q-~286hPdYYpMKG095EujoUriIAfHEWhpich12633/ HTTP/1.1" 200 466087 "-" "Mozilla/5.0 (Linux; Android 6.0.1; Nexus 5X Build/MMB29P) AppleWebKit/537.36 (KHTML, like Gecko) Chrome/138.0.7204.183 Mobile Safari/537.36 (compatible; Googlebot/2.1; +http://www.google.com/bot.html)"
66.249.74.73 - - [22/Aug/2025:10:40:45 +0200] "GET /govern013000466.html HTTP/1.1" 200 566297 "-" "Mozilla/5.0 (Linux; Android 6.0.1; Nexus 5X Build/MMB29P) AppleWebKit/537.36 (KHTML, like Gecko) Chrome/138.0.7204.183 Mobile Safari/537.36 (compatible; Googlebot/2.1; +http://www.google.com/bot.html)"
66.249.74.74 - - [22/Aug/2025:10:40:56 +0200] "GET /pages.php?staff/d58?pid=7600 HTTP/1.1" 200 459039 "-" "Mozilla/5.0 (Linux; Android 6.0.1; Nexus 5X Build/MMB29P) AppleWebKit/537.36 (KHTML, like Gecko) Chrome/138.0.7204.183 Mobile Safari/537.36 (compatible; Googlebot/2.1; +http://www.google.com/bot.html)"
66.249.74.72 - - [22/Aug/2025:10:41:05 +0200] "GET /pages.php?q-~279xNsJgMIRWcglumkVRa6Vt4dBxmJCes6588/ HTTP/1.1" 200 465281 "-" "Mozilla/5.0 (Linux; Android 6.0.1; Nexus 5X Build/MMB29P) AppleWebKit/537.36 (KHTML, like Gecko) Chrome/138.0.7204.183 Mobile Safari/537.36 (compatible; Googlebot/2.1; +http://www.google.com/bot.html)"
20.171.207.15 - - [22/Aug/2025:10:41:08 +0200] "GET /pages.php?body%2Ft201%3Fpid=4269 HTTP/1.1" 200 465022 "-" "Mozilla/5.0 AppleWebKit/537.36 (KHTML, like Gecko; compatible; GPTBot/1.2; +https://openai.com/gptbot)"
66.249.74.73 - - [22/Aug/2025:10:41:09 +0200] "GET /pages.php?q-~165vx0TR4FV0RbnwmWrfgRjMJ1Bg2R0hS5978/ HTTP/1.1" 200 464439 "-" "Mozilla/5.0 (Linux; Android 6.0.1; Nexus 5X Build/MMB29P) AppleWebKit/537.36 (KHTML, like Gecko) Chrome/138.0.7204.183 Mobile Safari/537.36 (compatible; Googlebot/2.1; +http://www.google.com/bot.html)"
20.171.207.29 - - [22/Aug/2025:10:41:15 +0200] "GET /?_bd_prev_page=https%3A%2F%2Fkjinvest.net%2Fsite.asp%3Ftender%2Fb1%3Fpid%3D17003&_bdsid=v5njat.n%7EAVSGA.1747508339875.1798364627 HTTP/1.1" 500 0 "-" "Mozilla/5.0 AppleWebKit/537.36 (KHTML, like Gecko; compatible; GPTBot/1.2; +https://openai.com/gptbot)"
66.249.74.72 - - [22/Aug/2025:10:41:18 +0200] "GET /truth019028332.html HTTP/1.1" 200 554608 "-" "Mozilla/5.0 (Linux; Android 6.0.1; Nexus 5X Build/MMB29P) AppleWebKit/537.36 (KHTML, like Gecko) Chrome/138.0.7204.183 Mobile Safari/537.36 (compatible; Googlebot/2.1; +http://www.google.com/bot.html)"
66.249.74.72 - - [22/Aug/2025:10:41:26 +0200] "GET /pages.php?q-~246PJJK6Q9VBwwVv7uapKu56hqyivxpIw17495/ HTTP/1.1" 200 475132 "-" "Mozilla/5.0 (Linux; Android 6.0.1; Nexus 5X Build/MMB29P) AppleWebKit/537.36 (KHTML, like Gecko) Chrome/138.0.7204.183 Mobile Safari/537.36 (compatible; Googlebot/2.1; +http://www.google.com/bot.html)"
66.249.74.72 - - [22/Aug/2025:10:41:36 +0200] "GET /without266008691.html HTTP/1.1" 200 556013 "-" "Mozilla/5.0 (Linux; Android 6.0.1; Nexus 5X Build/MMB29P) AppleWebKit/537.36 (KHTML, like Gecko) Chrome/138.0.7204.183 Mobile Safari/537.36 (compatible; Googlebot/2.1; +http://www.google.com/bot.html)"
66.249.74.73 - - [22/Aug/2025:10:41:39 +0200] "GET /pages.php?modern/n246?pid=17494 HTTP/1.1" 200 470687 "-" "Mozilla/5.0 (Linux; Android 6.0.1; Nexus 5X Build/MMB29P) AppleWebKit/537.36 (KHTML, like Gecko) Chrome/138.0.7204.183 Mobile Safari/537.36 (compatible; Googlebot/2.1; +http://www.google.com/bot.html)"
20.171.207.15 - - [22/Aug/2025:10:41:53 +0200] "GET /pages.php?melt%2Fw262%3Fpid=8172 HTTP/1.1" 200 472250 "-" "Mozilla/5.0 AppleWebKit/537.36 (KHTML, like Gecko; compatible; GPTBot/1.2; +https://openai.com/gptbot)"
20.171.207.29 - - [22/Aug/2025:10:42:11 +0200] "GET /?_bd_prev_page=https%3A%2F%2Fkjinvest.net%2Fsite.asp%3Ftrash%2Fv47%3Fpid%3D34955&_bdsid=v5njat.n%7EAVSGA.1747508339875.1798364627 HTTP/1.1" 500 0 "-" "Mozilla/5.0 AppleWebKit/537.36 (KHTML, like Gecko; compatible; GPTBot/1.2; +https://openai.com/gptbot)"
20.171.207.15 - - [22/Aug/2025:10:42:31 +0200] "GET /pages.php?floor%2Fr286%3Fpid=556 HTTP/1.1" 200 468163 "-" "Mozilla/5.0 AppleWebKit/537.36 (KHTML, like Gecko; compatible; GPTBot/1.2; +https://openai.com/gptbot)"
20.171.207.15 - - [22/Aug/2025:10:43:05 +0200] "GET /pages.php?q-~209DDzFuMsuBleIJNxAa5QmjFLqvfez3E10070/ HTTP/1.1" 200 462301 "-" "Mozilla/5.0 AppleWebKit/537.36 (KHTML, like Gecko; compatible; GPTBot/1.2; +https://openai.com/gptbot)"
20.171.207.29 - - [22/Aug/2025:10:43:14 +0200] "GET /?_bd_prev_page=https%3A%2F%2Fkjinvest.net%2Fsite.asp%3Fdawn%2Fm48%3Fpid%3D23780&_bdsid=v5njat.n%7EAVSGA.1747508339875.1798364627 HTTP/1.1" 500 0 "-" "Mozilla/5.0 AppleWebKit/537.36 (KHTML, like Gecko; compatible; GPTBot/1.2; +https://openai.com/gptbot)"
66.249.74.72 - - [22/Aug/2025:10:43:15 +0200] "GET /category/2215_2425/1 HTTP/1.1" 200 557144 "-" "Mozilla/5.0 (Linux; Android 6.0.1; Nexus 5X Build/MMB29P) AppleWebKit/537.36 (KHTML, like Gecko) Chrome/138.0.7204.183 Mobile Safari/537.36 (compatible; Googlebot/2.1; +http://www.google.com/bot.html)"
20.171.207.15 - - [22/Aug/2025:10:43:36 +0200] "GET /pages.php?salary%2Fz55%3Fpid=487 HTTP/1.1" 200 459535 "-" "Mozilla/5.0 AppleWebKit/537.36 (KHTML, like Gecko; compatible; GPTBot/1.2; +https://openai.com/gptbot)"
20.171.207.15 - - [22/Aug/2025:10:44:04 +0200] "GET /pages.php?boast%2Fa1%3Fpid=44071 HTTP/1.1" 200 472131 "-" "Mozilla/5.0 AppleWebKit/537.36 (KHTML, like Gecko; compatible; GPTBot/1.2; +https://openai.com/gptbot)"
20.171.207.29 - - [22/Aug/2025:10:44:18 +0200] "GET /?_bd_prev_page=https%3A%2F%2Fkjinvest.net%2Fsite.asp%3Fstir%2Fl50%3Fpid%3D47068&_bdsid=v5njat.n%7EAVSGA.1747508339875.1798364627 HTTP/1.1" 500 0 "-" "Mozilla/5.0 AppleWebKit/537.36 (KHTML, like Gecko; compatible; GPTBot/1.2; +https://openai.com/gptbot)"
20.171.207.15 - - [22/Aug/2025:10:44:30 +0200] "GET /pages.php?north%2Fj25%3Fpid=6083 HTTP/1.1" 200 476523 "-" "Mozilla/5.0 AppleWebKit/537.36 (KHTML, like Gecko; compatible; GPTBot/1.2; +https://openai.com/gptbot)"
135.220.176.131 - - [22/Aug/2025:10:44:32 +0200] "GET /.alf.php HTTP/1.1" 403 228 "-" "-"
135.220.176.131 - - [22/Aug/2025:10:44:32 +0200] "GET /.bod/.ll/ss.php HTTP/1.1" 500 0 "-" "-"
135.220.176.131 - - [22/Aug/2025:10:44:33 +0200] "GET /.well-known/about/function.php HTTP/1.1" 500 0 "-" "-"
135.220.176.131 - - [22/Aug/2025:10:44:33 +0200] "GET /.well-known/classwithtostring.php HTTP/1.1" 403 228 "-" "-"
135.220.176.131 - - [22/Aug/2025:10:44:33 +0200] "GET /.well-known/index.php HTTP/1.1" 500 0 "-" "-"
135.220.176.131 - - [22/Aug/2025:10:44:34 +0200] "GET /.well-known/radio.php HTTP/1.1" 403 228 "-" "-"
135.220.176.131 - - [22/Aug/2025:10:44:34 +0200] "GET /10.php HTTP/1.1" 403 228 "-" "-"
135.220.176.131 - - [22/Aug/2025:10:44:34 +0200] "GET /12.php HTTP/1.1" 403 228 "-" "-"
135.220.176.131 - - [22/Aug/2025:10:44:35 +0200] "GET /13k.php HTTP/1.1" 403 228 "-" "-"
135.220.176.131 - - [22/Aug/2025:10:44:35 +0200] "GET /87.php HTTP/1.1" 403 228 "-" "-"
135.220.176.131 - - [22/Aug/2025:10:44:35 +0200] "GET /about.php HTTP/1.1" 500 0 "-" "-"
135.220.176.131 - - [22/Aug/2025:10:44:36 +0200] "GET /about/function.php HTTP/1.1" 500 0 "-" "-"
135.220.176.131 - - [22/Aug/2025:10:44:36 +0200] "GET /admin.php HTTP/1.1" 200 6747 "-" "-"
135.220.176.131 - - [22/Aug/2025:10:44:36 +0200] "GET /admin/admin.php HTTP/1.1" 500 0 "-" "-"
135.220.176.131 - - [22/Aug/2025:10:44:37 +0200] "GET /admin/function.php HTTP/1.1" 500 0 "-" "-"
135.220.176.131 - - [22/Aug/2025:10:44:37 +0200] "GET /admin/index.php HTTP/1.1" 500 0 "-" "-"
135.220.176.131 - - [22/Aug/2025:10:44:37 +0200] "GET /adminfuns.php HTTP/1.1" 403 228 "-" "-"
135.220.176.131 - - [22/Aug/2025:10:44:38 +0200] "GET /akc.php HTTP/1.1" 403 228 "-" "-"
135.220.176.131 - - [22/Aug/2025:10:44:38 +0200] "GET /xleet HTTP/1.1" 500 0 "-" "-"
135.220.176.131 - - [22/Aug/2025:10:44:38 +0200] "GET /al.php HTTP/1.1" 403 228 "-" "-"
135.220.176.131 - - [22/Aug/2025:10:44:39 +0200] "GET /alfa.php HTTP/1.1" 403 228 "-" "-"
135.220.176.131 - - [22/Aug/2025:10:44:39 +0200] "GET /as.php HTTP/1.1" 403 228 "-" "-"
135.220.176.131 - - [22/Aug/2025:10:44:39 +0200] "GET /asasx.php HTTP/1.1" 403 228 "-" "-"
135.220.176.131 - - [22/Aug/2025:10:44:39 +0200] "GET /assets/images/doc.php HTTP/1.1" 500 0 "-" "-"
135.220.176.131 - - [22/Aug/2025:10:44:40 +0200] "GET /atomlib.php HTTP/1.1" 403 228 "-" "-"
135.220.176.131 - - [22/Aug/2025:10:44:40 +0200] "GET /auth.php HTTP/1.1" 403 228 "-" "-"
135.220.176.131 - - [22/Aug/2025:10:44:40 +0200] "GET /autoload_classmap.php HTTP/1.1" 403 228 "-" "-"
135.220.176.131 - - [22/Aug/2025:10:44:41 +0200] "GET /autoload_classmap/function.php HTTP/1.1" 500 0 "-" "-"
135.220.176.131 - - [22/Aug/2025:10:44:41 +0200] "GET /b.php HTTP/1.1" 403 228 "-" "-"
135.220.176.131 - - [22/Aug/2025:10:44:41 +0200] "GET /blog/fw.php HTTP/1.1" 500 0 "-" "-"
135.220.176.131 - - [22/Aug/2025:10:44:42 +0200] "GET /bugz.php HTTP/1.1" 403 228 "-" "-"
135.220.176.131 - - [22/Aug/2025:10:44:42 +0200] "GET /byp.php HTTP/1.1" 403 228 "-" "-"
135.220.176.131 - - [22/Aug/2025:10:44:42 +0200] "GET /cc.php HTTP/1.1" 403 228 "-" "-"
135.220.176.131 - - [22/Aug/2025:10:44:43 +0200] "GET /chosen.php HTTP/1.1" 403 228 "-" "-"
135.220.176.131 - - [22/Aug/2025:10:44:43 +0200] "GET /class.php HTTP/1.1" 403 228 "-" "-"
135.220.176.131 - - [22/Aug/2025:10:44:43 +0200] "GET /classwithtostring.php HTTP/1.1" 403 228 "-" "-"
135.220.176.131 - - [22/Aug/2025:10:44:44 +0200] "GET /composer.php HTTP/1.1" 403 228 "-" "-"
135.220.176.131 - - [22/Aug/2025:10:44:44 +0200] "GET /css.php HTTP/1.1" 403 228 "-" "-"
135.220.176.131 - - [22/Aug/2025:10:44:44 +0200] "GET /dropdown.php HTTP/1.1" 403 228 "-" "-"
135.220.176.131 - - [22/Aug/2025:10:44:44 +0200] "GET /edit.php HTTP/1.1" 500 0 "-" "-"
135.220.176.131 - - [22/Aug/2025:10:44:45 +0200] "GET /f35.php HTTP/1.1" 403 228 "-" "-"
135.220.176.131 - - [22/Aug/2025:10:44:45 +0200] "GET /file.php HTTP/1.1" 403 228 "-" "-"
135.220.176.131 - - [22/Aug/2025:10:44:45 +0200] "GET /file2.php HTTP/1.1" 403 228 "-" "-"
135.220.176.131 - - [22/Aug/2025:10:44:46 +0200] "GET /filemanager.php HTTP/1.1" 403 228 "-" "-"
135.220.176.131 - - [22/Aug/2025:10:44:46 +0200] "GET /files/index.php HTTP/1.1" 500 0 "-" "-"
135.220.176.131 - - [22/Aug/2025:10:44:46 +0200] "GET /fix.php HTTP/1.1" 403 228 "-" "-"
135.220.176.131 - - [22/Aug/2025:10:44:47 +0200] "GET /flower.php HTTP/1.1" 403 228 "-" "-"
135.220.176.131 - - [22/Aug/2025:10:44:47 +0200] "GET /fox.php HTTP/1.1" 403 228 "-" "-"
135.220.176.131 - - [22/Aug/2025:10:44:47 +0200] "GET /function/function.php HTTP/1.1" 500 0 "-" "-"
135.220.176.131 - - [22/Aug/2025:10:44:48 +0200] "GET /g.php HTTP/1.1" 403 228 "-" "-"
135.220.176.131 - - [22/Aug/2025:10:44:48 +0200] "GET /gecko.php HTTP/1.1" 403 228 "-" "-"
135.220.176.131 - - [22/Aug/2025:10:44:48 +0200] "GET /gel4y.php HTTP/1.1" 403 228 "-" "-"
135.220.176.131 - - [22/Aug/2025:10:44:49 +0200] "GET /gelay.php HTTP/1.1" 403 228 "-" "-"
135.220.176.131 - - [22/Aug/2025:10:44:49 +0200] "GET /gg.php HTTP/1.1" 403 228 "-" "-"
135.220.176.131 - - [22/Aug/2025:10:44:49 +0200] "GET /goat.php HTTP/1.1" 403 228 "-" "-"
135.220.176.131 - - [22/Aug/2025:10:44:50 +0200] "GET /goods.php HTTP/1.1" 500 0 "-" "-"
135.220.176.131 - - [22/Aug/2025:10:44:50 +0200] "GET /h.php HTTP/1.1" 403 228 "-" "-"
135.220.176.131 - - [22/Aug/2025:10:44:50 +0200] "GET /images/admin.php HTTP/1.1" 500 0 "-" "-"
135.220.176.131 - - [22/Aug/2025:10:44:50 +0200] "GET /images/class-config.php HTTP/1.1" 500 0 "-" "-"
135.220.176.131 - - [22/Aug/2025:10:44:51 +0200] "GET /inc.php HTTP/1.1" 403 228 "-" "-"
135.220.176.131 - - [22/Aug/2025:10:44:51 +0200] "GET /index.bak.php HTTP/1.1" 403 228 "-" "-"
20.171.207.15 - - [22/Aug/2025:10:44:51 +0200] "GET /pages.php?q-~104hLiWRxbfYmNU1THVrAEN8phBHTP5yd18429/ HTTP/1.1" 200 462187 "-" "Mozilla/5.0 AppleWebKit/537.36 (KHTML, like Gecko; compatible; GPTBot/1.2; +https://openai.com/gptbot)"
135.220.176.131 - - [22/Aug/2025:10:44:51 +0200] "GET /index/function.php HTTP/1.1" 500 0 "-" "-"
135.220.176.131 - - [22/Aug/2025:10:44:52 +0200] "GET /info.php HTTP/1.1" 403 228 "-" "-"
135.220.176.131 - - [22/Aug/2025:10:44:52 +0200] "GET /infos.php HTTP/1.1" 403 228 "-" "-"
135.220.176.131 - - [22/Aug/2025:10:44:52 +0200] "GET /ioxi-o.php HTTP/1.1" 403 228 "-" "-"
135.220.176.131 - - [22/Aug/2025:10:44:53 +0200] "GET /k.php HTTP/1.1" 403 228 "-" "-"
135.220.176.131 - - [22/Aug/2025:10:44:53 +0200] "GET /m.php HTTP/1.1" 403 228 "-" "-"
135.220.176.131 - - [22/Aug/2025:10:44:53 +0200] "GET /mar.php HTTP/1.1" 403 228 "-" "-"
135.220.176.131 - - [22/Aug/2025:10:44:54 +0200] "GET /mini HTTP/1.1" 500 0 "-" "-"
135.220.176.131 - - [22/Aug/2025:10:44:54 +0200] "GET /mini.php HTTP/1.1" 403 228 "-" "-"
135.220.176.131 - - [22/Aug/2025:10:44:54 +0200] "GET /mm.php HTTP/1.1" 403 228 "-" "-"
