66.249.74.76 - - [22/Aug/2025:04:27:42 +0200] "GET /African189014936.html HTTP/1.1" 200 555661 "-" "Mozilla/5.0 (Linux; Android 6.0.1; Nexus 5X Build/MMB29P) AppleWebKit/537.36 (KHTML, like Gecko) Chrome/138.0.7204.183 Mobile Safari/537.36 (compatible; Googlebot/2.1; +http://www.google.com/bot.html)"
20.171.207.15 - - [22/Aug/2025:04:27:43 +0200] "GET /pages.php?married%2Fu64%3Fpid=138 HTTP/1.1" 200 461038 "-" "Mozilla/5.0 AppleWebKit/537.36 (KHTML, like Gecko; compatible; GPTBot/1.2; +https://openai.com/gptbot)"
66.249.74.78 - - [22/Aug/2025:04:27:45 +0200] "GET /world116031865.html HTTP/1.1" 200 561192 "-" "Mozilla/5.0 (Linux; Android 6.0.1; Nexus 5X Build/MMB29P) AppleWebKit/537.36 (KHTML, like Gecko) Chrome/138.0.7204.183 Mobile Safari/537.36 (compatible; Googlebot/2.1; +http://www.google.com/bot.html)"
20.171.207.15 - - [22/Aug/2025:04:27:48 +0200] "GET /pages.php?monster%2Fq14%3Fpid=902 HTTP/1.1" 200 478231 "-" "Mozilla/5.0 AppleWebKit/537.36 (KHTML, like Gecko; compatible; GPTBot/1.2; +https://openai.com/gptbot)"
66.249.74.72 - - [22/Aug/2025:04:27:49 +0200] "GET /deficit011001368.html HTTP/1.1" 200 556307 "-" "Mozilla/5.0 (Linux; Android 6.0.1; Nexus 5X Build/MMB29P) AppleWebKit/537.36 (KHTML, like Gecko) Chrome/138.0.7204.183 Mobile Safari/537.36 (compatible; Googlebot/2.1; +http://www.google.com/bot.html)"
20.171.207.15 - - [22/Aug/2025:04:27:52 +0200] "GET /pages.php?nowhere%2Ff81%3Fpid=813 HTTP/1.1" 200 468191 "-" "Mozilla/5.0 AppleWebKit/537.36 (KHTML, like Gecko; compatible; GPTBot/1.2; +https://openai.com/gptbot)"
66.249.74.78 - - [22/Aug/2025:04:27:52 +0200] "GET /compound077040726.html HTTP/1.1" 200 568260 "-" "Mozilla/5.0 (Linux; Android 6.0.1; Nexus 5X Build/MMB29P) AppleWebKit/537.36 (KHTML, like Gecko) Chrome/138.0.7204.183 Mobile Safari/537.36 (compatible; Googlebot/2.1; +http://www.google.com/bot.html)"
20.171.207.15 - - [22/Aug/2025:04:27:55 +0200] "GET /pages.php?punch%2Fp54%3Fpid=18072 HTTP/1.1" 200 461214 "-" "Mozilla/5.0 AppleWebKit/537.36 (KHTML, like Gecko; compatible; GPTBot/1.2; +https://openai.com/gptbot)"
66.249.74.77 - - [22/Aug/2025:04:27:55 +0200] "GET /catch147017426.html HTTP/1.1" 200 555268 "-" "Mozilla/5.0 (Linux; Android 6.0.1; Nexus 5X Build/MMB29P) AppleWebKit/537.36 (KHTML, like Gecko) Chrome/138.0.7204.183 Mobile Safari/537.36 (compatible; Googlebot/2.1; +http://www.google.com/bot.html)"
20.171.207.15 - - [22/Aug/2025:04:27:59 +0200] "GET /pages.php?duty%2Fw260%3Fpid=4722 HTTP/1.1" 200 473686 "-" "Mozilla/5.0 AppleWebKit/537.36 (KHTML, like Gecko; compatible; GPTBot/1.2; +https://openai.com/gptbot)"
66.249.74.75 - - [22/Aug/2025:04:28:02 +0200] "GET /hormone025033762.html HTTP/1.1" 200 573114 "-" "Mozilla/5.0 (Linux; Android 6.0.1; Nexus 5X Build/MMB29P) AppleWebKit/537.36 (KHTML, like Gecko) Chrome/138.0.7204.183 Mobile Safari/537.36 (compatible; Googlebot/2.1; +http://www.google.com/bot.html)"
20.171.207.15 - - [22/Aug/2025:04:28:02 +0200] "GET /pages.php?hook%2Fr27%3Fpid=14043 HTTP/1.1" 200 470235 "-" "Mozilla/5.0 AppleWebKit/537.36 (KHTML, like Gecko; compatible; GPTBot/1.2; +https://openai.com/gptbot)"
20.171.207.15 - - [22/Aug/2025:04:28:05 +0200] "GET /pages.php?q-~96NMBGWBEQSKsKdvTV5sP0gYyYt9z50H32357/ HTTP/1.1" 200 462427 "-" "Mozilla/5.0 AppleWebKit/537.36 (KHTML, like Gecko; compatible; GPTBot/1.2; +https://openai.com/gptbot)"
66.249.74.72 - - [22/Aug/2025:04:28:05 +0200] "GET /edge223048094.html HTTP/1.1" 200 570348 "-" "Mozilla/5.0 (Linux; Android 6.0.1; Nexus 5X Build/MMB29P) AppleWebKit/537.36 (KHTML, like Gecko) Chrome/138.0.7204.183 Mobile Safari/537.36 (compatible; Googlebot/2.1; +http://www.google.com/bot.html)"
20.171.207.15 - - [22/Aug/2025:04:28:07 +0200] "GET /?_bd_prev_page=https%3A%2F%2Fwww.kjinvest.net%2Fchat.xhtml%3Fq-%7E291VSBpVAsYtlo7I3p8CP2ZcrFMe8vYGM6420%2F&_bdsid=sh0qr2.n%7ECANTS.172979176.172372949&_gz=2.199304954.190978852.175149336-863852640.162371011 HTTP/1.1" 500 0 "-" "Mozilla/5.0 AppleWebKit/537.36 (KHTML, like Gecko; compatible; GPTBot/1.2; +https://openai.com/gptbot)"
66.249.74.76 - - [22/Aug/2025:04:28:09 +0200] "GET /solely142045643.html HTTP/1.1" 200 560056 "-" "Mozilla/5.0 (Linux; Android 6.0.1; Nexus 5X Build/MMB29P) AppleWebKit/537.36 (KHTML, like Gecko) Chrome/138.0.7204.183 Mobile Safari/537.36 (compatible; Googlebot/2.1; +http://www.google.com/bot.html)"
20.171.207.15 - - [22/Aug/2025:04:28:09 +0200] "GET /pages.php?post%2Fk43%3Fpid=36705 HTTP/1.1" 200 465754 "-" "Mozilla/5.0 AppleWebKit/537.36 (KHTML, like Gecko; compatible; GPTBot/1.2; +https://openai.com/gptbot)"
66.249.74.72 - - [22/Aug/2025:04:28:12 +0200] "GET /reporter286000851.html HTTP/1.1" 200 565137 "-" "Mozilla/5.0 (Linux; Android 6.0.1; Nexus 5X Build/MMB29P) AppleWebKit/537.36 (KHTML, like Gecko) Chrome/138.0.7204.183 Mobile Safari/537.36 (compatible; Googlebot/2.1; +http://www.google.com/bot.html)"
66.249.74.75 - - [22/Aug/2025:04:28:15 +0200] "GET /clock068001013.html HTTP/1.1" 200 556806 "-" "Mozilla/5.0 (Linux; Android 6.0.1; Nexus 5X Build/MMB29P) AppleWebKit/537.36 (KHTML, like Gecko) Chrome/138.0.7204.183 Mobile Safari/537.36 (compatible; Googlebot/2.1; +http://www.google.com/bot.html)"
20.171.207.15 - - [22/Aug/2025:04:28:18 +0200] "GET /pages.php?bunch%2Fh54%3Fpid=626 HTTP/1.1" 200 466200 "-" "Mozilla/5.0 AppleWebKit/537.36 (KHTML, like Gecko; compatible; GPTBot/1.2; +https://openai.com/gptbot)"
66.249.74.72 - - [22/Aug/2025:04:28:21 +0200] "GET /legend033045598.html HTTP/1.1" 200 561634 "-" "Mozilla/5.0 (Linux; Android 6.0.1; Nexus 5X Build/MMB29P) AppleWebKit/537.36 (KHTML, like Gecko) Chrome/138.0.7204.183 Mobile Safari/537.36 (compatible; Googlebot/2.1; +http://www.google.com/bot.html)"
20.171.207.15 - - [22/Aug/2025:04:28:24 +0200] "GET /pages.php?brick%2Fg25%3Fpid=33645 HTTP/1.1" 200 463074 "-" "Mozilla/5.0 AppleWebKit/537.36 (KHTML, like Gecko; compatible; GPTBot/1.2; +https://openai.com/gptbot)"
66.249.74.72 - - [22/Aug/2025:04:28:25 +0200] "GET /empire027000558.html HTTP/1.1" 200 561160 "-" "Mozilla/5.0 (Linux; Android 6.0.1; Nexus 5X Build/MMB29P) AppleWebKit/537.36 (KHTML, like Gecko) Chrome/138.0.7204.183 Mobile Safari/537.36 (compatible; Googlebot/2.1; +http://www.google.com/bot.html)"
20.171.207.15 - - [22/Aug/2025:04:28:28 +0200] "GET /pages.php?risky%2Fs14%3Fpid=896 HTTP/1.1" 200 464662 "-" "Mozilla/5.0 AppleWebKit/537.36 (KHTML, like Gecko; compatible; GPTBot/1.2; +https://openai.com/gptbot)"
66.249.74.75 - - [22/Aug/2025:04:28:28 +0200] "GET /items/269042359.html?srsltid=AfmBOogqqxxcYmesbAEW9FPuZBRGsnHX2luZ52qqqjf1CmyWCVyi HTTP/1.1" 200 565470 "-" "Mozilla/5.0 (Linux; Android 6.0.1; Nexus 5X Build/MMB29P) AppleWebKit/537.36 (KHTML, like Gecko) Chrome/138.0.7204.183 Mobile Safari/537.36 (compatible; Googlebot/2.1; +http://www.google.com/bot.html)"
66.249.74.72 - - [22/Aug/2025:04:28:30 +0200] "GET /cave077000662.html HTTP/1.1" 200 563790 "-" "Mozilla/5.0 (Linux; Android 6.0.1; Nexus 5X Build/MMB29P) AppleWebKit/537.36 (KHTML, like Gecko) Chrome/138.0.7204.183 Mobile Safari/537.36 (compatible; Googlebot/2.1; +http://www.google.com/bot.html)"
20.171.207.29 - - [22/Aug/2025:04:28:31 +0200] "GET /pages.php?black%2Fa15%3Fpid=36443 HTTP/1.1" 200 468611 "-" "Mozilla/5.0 AppleWebKit/537.36 (KHTML, like Gecko; compatible; GPTBot/1.2; +https://openai.com/gptbot)"
66.249.74.73 - - [22/Aug/2025:04:28:33 +0200] "GET /north060000881.html HTTP/1.1" 200 563538 "-" "Mozilla/5.0 (Linux; Android 6.0.1; Nexus 5X Build/MMB29P) AppleWebKit/537.36 (KHTML, like Gecko) Chrome/138.0.7204.183 Mobile Safari/537.36 (compatible; Googlebot/2.1; +http://www.google.com/bot.html)"
20.171.207.15 - - [22/Aug/2025:04:28:33 +0200] "GET /pages.php?q-~270SvNuqNEfNbBsTfu9kr6oIxfmQ87OqN38153/ HTTP/1.1" 200 467641 "-" "Mozilla/5.0 AppleWebKit/537.36 (KHTML, like Gecko; compatible; GPTBot/1.2; +https://openai.com/gptbot)"
66.249.74.72 - - [22/Aug/2025:04:28:36 +0200] "GET /cousin144005717.html HTTP/1.1" 200 556638 "-" "Mozilla/5.0 (Linux; Android 6.0.1; Nexus 5X Build/MMB29P) AppleWebKit/537.36 (KHTML, like Gecko) Chrome/138.0.7204.183 Mobile Safari/537.36 (compatible; Googlebot/2.1; +http://www.google.com/bot.html)"
20.171.207.15 - - [22/Aug/2025:04:28:37 +0200] "GET /pages.php?between%2Fn36%3Fpid=850 HTTP/1.1" 200 461483 "-" "Mozilla/5.0 AppleWebKit/537.36 (KHTML, like Gecko; compatible; GPTBot/1.2; +https://openai.com/gptbot)"
66.249.74.72 - - [22/Aug/2025:04:28:40 +0200] "GET /mineral005044520.html HTTP/1.1" 200 574325 "-" "Mozilla/5.0 (Linux; Android 6.0.1; Nexus 5X Build/MMB29P) AppleWebKit/537.36 (KHTML, like Gecko) Chrome/138.0.7204.183 Mobile Safari/537.36 (compatible; Googlebot/2.1; +http://www.google.com/bot.html)"
20.171.207.15 - - [22/Aug/2025:04:28:41 +0200] "GET /pages.php?q-~27sCkRJyvuFt9CvWOfRPXGO8R8QtmI0o13926/ HTTP/1.1" 200 462420 "-" "Mozilla/5.0 AppleWebKit/537.36 (KHTML, like Gecko; compatible; GPTBot/1.2; +https://openai.com/gptbot)"
66.249.74.73 - - [22/Aug/2025:04:28:43 +0200] "GET /items/097005265.html?srsltid=AfmBOonzzssgfWIDZFWvtESRFwWnXlbWQoNlV172ptBqSmKFjaWJ HTTP/1.1" 200 555952 "-" "Mozilla/5.0 (Linux; Android 6.0.1; Nexus 5X Build/MMB29P) AppleWebKit/537.36 (KHTML, like Gecko) Chrome/138.0.7204.183 Mobile Safari/537.36 (compatible; Googlebot/2.1; +http://www.google.com/bot.html)"
20.171.207.15 - - [22/Aug/2025:04:28:45 +0200] "GET /pages.php?event%2Fq69%3Fpid=19665 HTTP/1.1" 200 467163 "-" "Mozilla/5.0 AppleWebKit/537.36 (KHTML, like Gecko; compatible; GPTBot/1.2; +https://openai.com/gptbot)"
20.171.207.15 - - [22/Aug/2025:04:28:48 +0200] "GET /pages.php?holy%2Fu120%3Fpid=6048 HTTP/1.1" 200 464146 "-" "Mozilla/5.0 AppleWebKit/537.36 (KHTML, like Gecko; compatible; GPTBot/1.2; +https://openai.com/gptbot)"
66.249.74.76 - - [22/Aug/2025:04:28:50 +0200] "GET /pcmypage?callback=/product%2Fdetail%2peace-ks-1991-1 HTTP/1.1" 200 556393 "-" "Mozilla/5.0 (Linux; Android 6.0.1; Nexus 5X Build/MMB29P) AppleWebKit/537.36 (KHTML, like Gecko) Chrome/138.0.7204.183 Mobile Safari/537.36 (compatible; Googlebot/2.1; +http://www.google.com/bot.html)"
20.171.207.15 - - [22/Aug/2025:04:28:50 +0200] "GET /chat.xhtml?along%2Fs8%3Fpid=456 HTTP/1.1" 500 0 "-" "Mozilla/5.0 AppleWebKit/537.36 (KHTML, like Gecko; compatible; GPTBot/1.2; +https://openai.com/gptbot)"
66.249.74.77 - - [22/Aug/2025:04:28:53 +0200] "GET /dam089002630.html HTTP/1.1" 200 563976 "-" "Mozilla/5.0 (Linux; Android 6.0.1; Nexus 5X Build/MMB29P) AppleWebKit/537.36 (KHTML, like Gecko) Chrome/138.0.7204.183 Mobile Safari/537.36 (compatible; Googlebot/2.1; +http://www.google.com/bot.html)"
20.171.207.15 - - [22/Aug/2025:04:28:54 +0200] "GET /pages.php?magic%2Fn69%3Fpid=751 HTTP/1.1" 200 476392 "-" "Mozilla/5.0 AppleWebKit/537.36 (KHTML, like Gecko; compatible; GPTBot/1.2; +https://openai.com/gptbot)"
66.249.74.72 - - [22/Aug/2025:04:28:56 +0200] "GET /pcmypage?callback=/product%2Fdetail%2rcmdse-te-4902668085909 HTTP/1.1" 200 559053 "-" "Mozilla/5.0 (Linux; Android 6.0.1; Nexus 5X Build/MMB29P) AppleWebKit/537.36 (KHTML, like Gecko) Chrome/138.0.7204.183 Mobile Safari/537.36 (compatible; Googlebot/2.1; +http://www.google.com/bot.html)"
20.171.207.15 - - [22/Aug/2025:04:29:02 +0200] "GET /pages.php?movie%2Fs45%3Fpid=13735 HTTP/1.1" 200 471110 "-" "Mozilla/5.0 AppleWebKit/537.36 (KHTML, like Gecko; compatible; GPTBot/1.2; +https://openai.com/gptbot)"
66.249.74.77 - - [22/Aug/2025:04:29:02 +0200] "GET /joy256041039.html HTTP/1.1" 200 566599 "-" "Mozilla/5.0 (Linux; Android 6.0.1; Nexus 5X Build/MMB29P) AppleWebKit/537.36 (KHTML, like Gecko) Chrome/138.0.7204.183 Mobile Safari/537.36 (compatible; Googlebot/2.1; +http://www.google.com/bot.html)"
66.249.74.73 - - [22/Aug/2025:04:29:06 +0200] "GET /wire052000425.html HTTP/1.1" 200 553735 "-" "Mozilla/5.0 (Linux; Android 6.0.1; Nexus 5X Build/MMB29P) AppleWebKit/537.36 (KHTML, like Gecko) Chrome/138.0.7204.183 Mobile Safari/537.36 (compatible; Googlebot/2.1; +http://www.google.com/bot.html)"
20.171.207.15 - - [22/Aug/2025:04:29:09 +0200] "GET /pages.php?grief%2Fb27%3Fpid=13925 HTTP/1.1" 200 461769 "-" "Mozilla/5.0 AppleWebKit/537.36 (KHTML, like Gecko; compatible; GPTBot/1.2; +https://openai.com/gptbot)"
66.249.74.75 - - [22/Aug/2025:04:29:12 +0200] "GET /pocket017027706.html HTTP/1.1" 200 576496 "-" "Mozilla/5.0 (Linux; Android 6.0.1; Nexus 5X Build/MMB29P) AppleWebKit/537.36 (KHTML, like Gecko) Chrome/138.0.7204.183 Mobile Safari/537.36 (compatible; Googlebot/2.1; +http://www.google.com/bot.html)"
20.171.207.15 - - [22/Aug/2025:04:29:15 +0200] "GET /pages.php?major%2Fx145%3Fpid=4565 HTTP/1.1" 200 463848 "-" "Mozilla/5.0 AppleWebKit/537.36 (KHTML, like Gecko; compatible; GPTBot/1.2; +https://openai.com/gptbot)"
66.249.74.73 - - [22/Aug/2025:04:29:16 +0200] "GET /pcmypage?callback=product%2Fdetail%2Fhatoya-2-cr4538792920559 HTTP/1.1" 200 554740 "-" "Mozilla/5.0 (Linux; Android 6.0.1; Nexus 5X Build/MMB29P) AppleWebKit/537.36 (KHTML, like Gecko) Chrome/138.0.7204.183 Mobile Safari/537.36 (compatible; Googlebot/2.1; +http://www.google.com/bot.html)"
20.171.207.29 - - [22/Aug/2025:04:29:18 +0200] "GET /?_bd_prev_page=https%3A%2F%2Fkjinvest.net%2Fsite.asp%3Fcapture%2Fk26%3Fpid%3D26304&_bdsid=v5njat.n%7EAVSGA.1747508339875.1798364627 HTTP/1.1" 500 0 "-" "Mozilla/5.0 AppleWebKit/537.36 (KHTML, like Gecko; compatible; GPTBot/1.2; +https://openai.com/gptbot)"
66.249.74.75 - - [22/Aug/2025:04:29:19 +0200] "GET /near164018793.html HTTP/1.1" 200 561873 "-" "Mozilla/5.0 (Linux; Android 6.0.1; Nexus 5X Build/MMB29P) AppleWebKit/537.36 (KHTML, like Gecko) Chrome/138.0.7204.183 Mobile Safari/537.36 (compatible; Googlebot/2.1; +http://www.google.com/bot.html)"
66.249.74.74 - - [22/Aug/2025:04:29:20 +0200] "GET /earthquake232021513.html HTTP/1.1" 200 562974 "-" "Mozilla/5.0 (Linux; Android 6.0.1; Nexus 5X Build/MMB29P) AppleWebKit/537.36 (KHTML, like Gecko) Chrome/138.0.7204.183 Mobile Safari/537.36 (compatible; Googlebot/2.1; +http://www.google.com/bot.html)"
66.249.74.75 - - [22/Aug/2025:04:29:20 +0200] "GET /pages.php?q-~213D4kWPOFmVG9GcI5Ed5v0uCJwjf9jVP9490/ HTTP/1.1" 200 460567 "-" "Mozilla/5.0 (Linux; Android 6.0.1; Nexus 5X Build/MMB29P) AppleWebKit/537.36 (KHTML, like Gecko) Chrome/138.0.7204.183 Mobile Safari/537.36 (compatible; Googlebot/2.1; +http://www.google.com/bot.html)"
20.171.207.15 - - [22/Aug/2025:04:29:23 +0200] "GET /pages.php?q-~118LqDFQ6JWFu6xGwnNcksorUdajrWIMM19447/ HTTP/1.1" 200 464013 "-" "Mozilla/5.0 AppleWebKit/537.36 (KHTML, like Gecko; compatible; GPTBot/1.2; +https://openai.com/gptbot)"
66.249.74.74 - - [22/Aug/2025:04:29:23 +0200] "GET /pcmypage?callback=/product%2Fdetail%2Douguyasan-p10-mizk-2030262 HTTP/1.1" 200 566999 "-" "Mozilla/5.0 (Linux; Android 6.0.1; Nexus 5X Build/MMB29P) AppleWebKit/537.36 (KHTML, like Gecko) Chrome/138.0.7204.183 Mobile Safari/537.36 (compatible; Googlebot/2.1; +http://www.google.com/bot.html)"
66.249.74.73 - - [22/Aug/2025:04:29:26 +0200] "GET /violence166018665.html HTTP/1.1" 200 590276 "-" "Mozilla/5.0 (Linux; Android 6.0.1; Nexus 5X Build/MMB29P) AppleWebKit/537.36 (KHTML, like Gecko) Chrome/138.0.7204.183 Mobile Safari/537.36 (compatible; Googlebot/2.1; +http://www.google.com/bot.html)"
20.171.207.15 - - [22/Aug/2025:04:29:27 +0200] "GET /pages.php?fight%2Fj59%3Fpid=33645 HTTP/1.1" 200 466104 "-" "Mozilla/5.0 AppleWebKit/537.36 (KHTML, like Gecko; compatible; GPTBot/1.2; +https://openai.com/gptbot)"
20.171.207.15 - - [22/Aug/2025:04:29:31 +0200] "GET /pages.php?scream%2Fh24%3Fpid=970 HTTP/1.1" 200 458882 "-" "Mozilla/5.0 AppleWebKit/537.36 (KHTML, like Gecko; compatible; GPTBot/1.2; +https://openai.com/gptbot)"
66.249.74.73 - - [22/Aug/2025:04:29:32 +0200] "GET /retreat089008414.html HTTP/1.1" 200 555085 "-" "Mozilla/5.0 (Linux; Android 6.0.1; Nexus 5X Build/MMB29P) AppleWebKit/537.36 (KHTML, like Gecko) Chrome/138.0.7204.183 Mobile Safari/537.36 (compatible; Googlebot/2.1; +http://www.google.com/bot.html)"
66.249.74.76 - - [22/Aug/2025:04:29:33 +0200] "GET /pcmypage?callback=product%2Fdetail%2Fhaikanshop-yz-4109154 HTTP/1.1" 200 554807 "-" "Mozilla/5.0 (Linux; Android 6.0.1; Nexus 5X Build/MMB29P) AppleWebKit/537.36 (KHTML, like Gecko) Chrome/138.0.7204.183 Mobile Safari/537.36 (compatible; Googlebot/2.1; +http://www.google.com/bot.html)"
20.171.207.15 - - [22/Aug/2025:04:29:34 +0200] "GET /pages.php?q-~207COcHJESrOc1PynO93CnA0Lt7AhAFGT11908/ HTTP/1.1" 200 463284 "-" "Mozilla/5.0 AppleWebKit/537.36 (KHTML, like Gecko; compatible; GPTBot/1.2; +https://openai.com/gptbot)"
66.249.74.76 - - [22/Aug/2025:04:29:36 +0200] "GET /pcmypage?callback=product%2Fdetail%2Fus-kidswear-ps240502113-1 HTTP/1.1" 200 564214 "-" "Mozilla/5.0 (Linux; Android 6.0.1; Nexus 5X Build/MMB29P) AppleWebKit/537.36 (KHTML, like Gecko) Chrome/138.0.7204.183 Mobile Safari/537.36 (compatible; Googlebot/2.1; +http://www.google.com/bot.html)"
20.171.207.15 - - [22/Aug/2025:04:29:38 +0200] "GET /pages.php?hormone%2Fv65%3Fpid=221 HTTP/1.1" 200 466437 "-" "Mozilla/5.0 AppleWebKit/537.36 (KHTML, like Gecko; compatible; GPTBot/1.2; +https://openai.com/gptbot)"
66.249.74.74 - - [22/Aug/2025:04:29:39 +0200] "GET /pcmypage?callback=product%2Fdetail%2Fe-cle-3310420000-000002155922500 HTTP/1.1" 200 556528 "-" "Mozilla/5.0 (Linux; Android 6.0.1; Nexus 5X Build/MMB29P) AppleWebKit/537.36 (KHTML, like Gecko) Chrome/138.0.7204.183 Mobile Safari/537.36 (compatible; Googlebot/2.1; +http://www.google.com/bot.html)"
20.171.207.15 - - [22/Aug/2025:04:29:42 +0200] "GET /pages.php?many%2Fk69%3Fpid=20975 HTTP/1.1" 200 475441 "-" "Mozilla/5.0 AppleWebKit/537.36 (KHTML, like Gecko; compatible; GPTBot/1.2; +https://openai.com/gptbot)"
66.249.74.75 - - [22/Aug/2025:04:29:43 +0200] "GET /policeman016047293.html HTTP/1.1" 200 557021 "-" "Mozilla/5.0 (Linux; Android 6.0.1; Nexus 5X Build/MMB29P) AppleWebKit/537.36 (KHTML, like Gecko) Chrome/138.0.7204.183 Mobile Safari/537.36 (compatible; Googlebot/2.1; +http://www.google.com/bot.html)"
20.171.207.15 - - [22/Aug/2025:04:29:45 +0200] "GET /pages.php?total%2Fw39%3Fpid=41671 HTTP/1.1" 200 461987 "-" "Mozilla/5.0 AppleWebKit/537.36 (KHTML, like Gecko; compatible; GPTBot/1.2; +https://openai.com/gptbot)"
66.249.74.77 - - [22/Aug/2025:04:29:46 +0200] "GET /intensity185006420.html HTTP/1.1" 200 559451 "-" "Mozilla/5.0 (Linux; Android 6.0.1; Nexus 5X Build/MMB29P) AppleWebKit/537.36 (KHTML, like Gecko) Chrome/138.0.7204.183 Mobile Safari/537.36 (compatible; Googlebot/2.1; +http://www.google.com/bot.html)"
20.171.207.15 - - [22/Aug/2025:04:29:47 +0200] "GET /pages.php?service%2Fj18%3Fpid=26 HTTP/1.1" 200 467984 "-" "Mozilla/5.0 AppleWebKit/537.36 (KHTML, like Gecko; compatible; GPTBot/1.2; +https://openai.com/gptbot)"
20.171.207.15 - - [22/Aug/2025:04:29:50 +0200] "GET /pages.php?claim%2Fd69%3Fpid=20973 HTTP/1.1" 200 457060 "-" "Mozilla/5.0 AppleWebKit/537.36 (KHTML, like Gecko; compatible; GPTBot/1.2; +https://openai.com/gptbot)"
66.249.74.77 - - [22/Aug/2025:04:29:50 +0200] "GET /yard130033249.html HTTP/1.1" 200 571083 "-" "Mozilla/5.0 (Linux; Android 6.0.1; Nexus 5X Build/MMB29P) AppleWebKit/537.36 (KHTML, like Gecko) Chrome/138.0.7204.183 Mobile Safari/537.36 (compatible; Googlebot/2.1; +http://www.google.com/bot.html)"
20.171.207.15 - - [22/Aug/2025:04:29:52 +0200] "GET /pages.php?threshold%2Fi207%3Fpid=11247 HTTP/1.1" 200 465883 "-" "Mozilla/5.0 AppleWebKit/537.36 (KHTML, like Gecko; compatible; GPTBot/1.2; +https://openai.com/gptbot)"
66.249.74.64 - - [22/Aug/2025:04:29:54 +0200] "GET /pcmypage?callback=/product%2Fdetail%2Asty-shop-68-1fhyc080f7-1528 HTTP/1.1" 200 554562 "-" "Mozilla/5.0 (Linux; Android 6.0.1; Nexus 5X Build/MMB29P) AppleWebKit/537.36 (KHTML, like Gecko) Chrome/138.0.7204.183 Mobile Safari/537.36 (compatible; Googlebot/2.1; +http://www.google.com/bot.html)"
20.171.207.15 - - [22/Aug/2025:04:29:54 +0200] "GET /pages.php?hold%2Fc24%3Fpid=38450 HTTP/1.1" 200 469116 "-" "Mozilla/5.0 AppleWebKit/537.36 (KHTML, like Gecko; compatible; GPTBot/1.2; +https://openai.com/gptbot)"
66.249.74.72 - - [22/Aug/2025:04:29:55 +0200] "GET /dance206013943.html HTTP/1.1" 200 555112 "-" "Mozilla/5.0 (Linux; Android 6.0.1; Nexus 5X Build/MMB29P) AppleWebKit/537.36 (KHTML, like Gecko) Chrome/138.0.7204.183 Mobile Safari/537.36 (compatible; Googlebot/2.1; +http://www.google.com/bot.html)"
20.171.207.15 - - [22/Aug/2025:04:29:56 +0200] "GET /pages.php?drunk%2Fq69%3Fpid=20971 HTTP/1.1" 200 467263 "-" "Mozilla/5.0 AppleWebKit/537.36 (KHTML, like Gecko; compatible; GPTBot/1.2; +https://openai.com/gptbot)"
20.171.207.15 - - [22/Aug/2025:04:29:57 +0200] "GET /pages.php?steak%2Fn219%3Fpid=9453 HTTP/1.1" 200 468347 "-" "Mozilla/5.0 AppleWebKit/537.36 (KHTML, like Gecko; compatible; GPTBot/1.2; +https://openai.com/gptbot)"
20.171.207.15 - - [22/Aug/2025:04:29:59 +0200] "GET /pages.php?q-~94qPxEBF9hfcvg47Ko3fKhc40lnZBXGe19039/ HTTP/1.1" 200 462774 "-" "Mozilla/5.0 AppleWebKit/537.36 (KHTML, like Gecko; compatible; GPTBot/1.2; +https://openai.com/gptbot)"
66.249.74.74 - - [22/Aug/2025:04:29:59 +0200] "GET /mean029004958.html HTTP/1.1" 200 553909 "-" "Mozilla/5.0 (Linux; Android 6.0.1; Nexus 5X Build/MMB29P) AppleWebKit/537.36 (KHTML, like Gecko) Chrome/138.0.7204.183 Mobile Safari/537.36 (compatible; Googlebot/2.1; +http://www.google.com/bot.html)"
66.249.74.74 - - [22/Aug/2025:04:30:00 +0200] "GET /fatal233024468.html HTTP/1.1" 200 555650 "-" "Mozilla/5.0 (Linux; Android 6.0.1; Nexus 5X Build/MMB29P) AppleWebKit/537.36 (KHTML, like Gecko) Chrome/138.0.7204.183 Mobile Safari/537.36 (compatible; Googlebot/2.1; +http://www.google.com/bot.html)"
20.171.207.15 - - [22/Aug/2025:04:30:00 +0200] "GET /pages.php?shock%2Fx21%3Fpid=24685 HTTP/1.1" 200 462701 "-" "Mozilla/5.0 AppleWebKit/537.36 (KHTML, like Gecko; compatible; GPTBot/1.2; +https://openai.com/gptbot)"
66.249.74.77 - - [22/Aug/2025:04:30:01 +0200] "GET /the240027855.html HTTP/1.1" 200 567998 "-" "Mozilla/5.0 (Linux; Android 6.0.1; Nexus 5X Build/MMB29P) AppleWebKit/537.36 (KHTML, like Gecko) Chrome/138.0.7204.183 Mobile Safari/537.36 (compatible; Googlebot/2.1; +http://www.google.com/bot.html)"
20.171.207.15 - - [22/Aug/2025:04:30:02 +0200] "GET /pages.php?burning%2Fy21%3Fpid=653 HTTP/1.1" 200 463753 "-" "Mozilla/5.0 AppleWebKit/537.36 (KHTML, like Gecko; compatible; GPTBot/1.2; +https://openai.com/gptbot)"
20.171.207.15 - - [22/Aug/2025:04:30:04 +0200] "GET /pages.php?thumb%2Ff20%3Fpid=874 HTTP/1.1" 200 462465 "-" "Mozilla/5.0 AppleWebKit/537.36 (KHTML, like Gecko; compatible; GPTBot/1.2; +https://openai.com/gptbot)"
66.249.74.78 - - [22/Aug/2025:04:30:04 +0200] "GET /heavily216018277.html HTTP/1.1" 200 557412 "-" "Mozilla/5.0 (Linux; Android 6.0.1; Nexus 5X Build/MMB29P) AppleWebKit/537.36 (KHTML, like Gecko) Chrome/138.0.7204.183 Mobile Safari/537.36 (compatible; Googlebot/2.1; +http://www.google.com/bot.html)"
20.171.207.29 - - [22/Aug/2025:04:30:05 +0200] "GET /?_bd_prev_page=https%3A%2F%2Fkjinvest.net%2Fsite.asp%3Fmomentum%2Fo179%3Fpid%3D32305&_bdsid=v5njat.n%7EAVSGA.1747508339875.1798364627 HTTP/1.1" 500 0 "-" "Mozilla/5.0 AppleWebKit/537.36 (KHTML, like Gecko; compatible; GPTBot/1.2; +https://openai.com/gptbot)"
20.171.207.15 - - [22/Aug/2025:04:30:05 +0200] "GET /pages.php?temporary%2Fg185%3Fpid=47589 HTTP/1.1" 200 462266 "-" "Mozilla/5.0 AppleWebKit/537.36 (KHTML, like Gecko; compatible; GPTBot/1.2; +https://openai.com/gptbot)"
20.171.207.15 - - [22/Aug/2025:04:30:07 +0200] "GET /pages.php?often%2Fn92%3Fpid=606 HTTP/1.1" 200 465936 "-" "Mozilla/5.0 AppleWebKit/537.36 (KHTML, like Gecko; compatible; GPTBot/1.2; +https://openai.com/gptbot)"
20.171.207.15 - - [22/Aug/2025:04:30:08 +0200] "GET /?_bd_prev_page=https%3A%2F%2Fwww.kjinvest.net%2Fchat.xhtml%3Fq-%7E61fl0MlCMnu9IN09KyM4PIDSf9XhkQ5O464%2F&_bdsid=sh0qr2.n%7ECANTS.172979176.172372949&_gz=2.199304954.190978852.175149336-863852640.162371011 HTTP/1.1" 500 0 "-" "Mozilla/5.0 AppleWebKit/537.36 (KHTML, like Gecko; compatible; GPTBot/1.2; +https://openai.com/gptbot)"
66.249.74.78 - - [22/Aug/2025:04:30:08 +0200] "GET /transportation159035036.html HTTP/1.1" 200 554918 "-" "Mozilla/5.0 (Linux; Android 6.0.1; Nexus 5X Build/MMB29P) AppleWebKit/537.36 (KHTML, like Gecko) Chrome/138.0.7204.183 Mobile Safari/537.36 (compatible; Googlebot/2.1; +http://www.google.com/bot.html)"
20.171.207.15 - - [22/Aug/2025:04:30:09 +0200] "GET /pages.php?Asian%2Fk24%3Fpid=968 HTTP/1.1" 200 475031 "-" "Mozilla/5.0 AppleWebKit/537.36 (KHTML, like Gecko; compatible; GPTBot/1.2; +https://openai.com/gptbot)"
66.249.74.74 - - [22/Aug/2025:04:30:11 +0200] "GET /pcmypage?callback=product/review/tuzukiya-m556-3878 HTTP/1.1" 200 559280 "-" "Mozilla/5.0 (Linux; Android 6.0.1; Nexus 5X Build/MMB29P) AppleWebKit/537.36 (KHTML, like Gecko) Chrome/138.0.7204.183 Mobile Safari/537.36 (compatible; Googlebot/2.1; +http://www.google.com/bot.html)"
20.171.207.15 - - [22/Aug/2025:04:30:13 +0200] "GET /pages.php?genre%2Fr58%3Fpid=670 HTTP/1.1" 200 477172 "-" "Mozilla/5.0 AppleWebKit/537.36 (KHTML, like Gecko; compatible; GPTBot/1.2; +https://openai.com/gptbot)"
66.249.74.76 - - [22/Aug/2025:04:30:15 +0200] "GET /pcmypage?callback=product%2Fdetail%2Farne-0003a02528 HTTP/1.1" 200 556731 "-" "Mozilla/5.0 (Linux; Android 6.0.1; Nexus 5X Build/MMB29P) AppleWebKit/537.36 (KHTML, like Gecko) Chrome/138.0.7204.183 Mobile Safari/537.36 (compatible; Googlebot/2.1; +http://www.google.com/bot.html)"
20.171.207.15 - - [22/Aug/2025:04:30:16 +0200] "GET /pages.php?music%2Fx46%3Fpid=438 HTTP/1.1" 200 464398 "-" "Mozilla/5.0 AppleWebKit/537.36 (KHTML, like Gecko; compatible; GPTBot/1.2; +https://openai.com/gptbot)"
20.171.207.15 - - [22/Aug/2025:04:30:19 +0200] "GET /pages.php?major%2Fm90%3Fpid=11734 HTTP/1.1" 200 460798 "-" "Mozilla/5.0 AppleWebKit/537.36 (KHTML, like Gecko; compatible; GPTBot/1.2; +https://openai.com/gptbot)"
20.171.207.15 - - [22/Aug/2025:04:30:21 +0200] "GET / HTTP/1.1" 500 0 "-" "Mozilla/5.0 AppleWebKit/537.36 (KHTML, like Gecko; compatible; GPTBot/1.2; +https://openai.com/gptbot)"
66.249.74.72 - - [22/Aug/2025:04:30:21 +0200] "GET /items/149042191.html?srsltid=AfmBOozpqhWyjQdoTTSpsf6IIVbPdFFm2ziYWq2QIFE8mASig5Je HTTP/1.1" 200 558223 "-" "Mozilla/5.0 (Linux; Android 6.0.1; Nexus 5X Build/MMB29P) AppleWebKit/537.36 (KHTML, like Gecko) Chrome/138.0.7204.183 Mobile Safari/537.36 (compatible; Googlebot/2.1; +http://www.google.com/bot.html)"
66.249.74.73 - - [22/Aug/2025:04:30:21 +0200] "GET /pcmypage?callback=product/review/asty-shop-c2-1p06gf6uby-1791 HTTP/1.1" 200 556876 "-" "Mozilla/5.0 (Linux; Android 6.0.1; Nexus 5X Build/MMB29P) AppleWebKit/537.36 (KHTML, like Gecko) Chrome/138.0.7204.183 Mobile Safari/537.36 (compatible; Googlebot/2.1; +http://www.google.com/bot.html)"
20.171.207.15 - - [22/Aug/2025:04:30:23 +0200] "GET /pages.php?oxygen%2Fn19%3Fpid=27021 HTTP/1.1" 200 477504 "-" "Mozilla/5.0 AppleWebKit/537.36 (KHTML, like Gecko; compatible; GPTBot/1.2; +https://openai.com/gptbot)"
66.249.74.75 - - [22/Aug/2025:04:30:25 +0200] "GET /items/051016879.html?srsltid=AfmBOoeruzREAnEBAwnR1ao8ZaRkpaKRTseF6qoOfdIkmOGWvaBV HTTP/1.1" 200 555897 "-" "Mozilla/5.0 (Linux; Android 6.0.1; Nexus 5X Build/MMB29P) AppleWebKit/537.36 (KHTML, like Gecko) Chrome/138.0.7204.183 Mobile Safari/537.36 (compatible; Googlebot/2.1; +http://www.google.com/bot.html)"
66.249.74.75 - - [22/Aug/2025:04:30:31 +0200] "GET /engagement218045287.html HTTP/1.1" 200 557081 "-" "Mozilla/5.0 (Linux; Android 6.0.1; Nexus 5X Build/MMB29P) AppleWebKit/537.36 (KHTML, like Gecko) Chrome/138.0.7204.183 Mobile Safari/537.36 (compatible; Googlebot/2.1; +http://www.google.com/bot.html)"
20.171.207.15 - - [22/Aug/2025:04:30:31 +0200] "GET /pages.php?writer%2Fm9%3Fpid=5365 HTTP/1.1" 200 469514 "-" "Mozilla/5.0 AppleWebKit/537.36 (KHTML, like Gecko; compatible; GPTBot/1.2; +https://openai.com/gptbot)"
66.249.74.74 - - [22/Aug/2025:04:30:34 +0200] "GET /items/036026390.html?srsltid=AfmBOoqeohDFCsYAzNixHcLTTpDufUOdIiP2GKPfHUb6Ja24TYV6 HTTP/1.1" 200 551266 "-" "Mozilla/5.0 (Linux; Android 6.0.1; Nexus 5X Build/MMB29P) AppleWebKit/537.36 (KHTML, like Gecko) Chrome/138.0.7204.183 Mobile Safari/537.36 (compatible; Googlebot/2.1; +http://www.google.com/bot.html)"
66.249.74.76 - - [22/Aug/2025:04:30:37 +0200] "GET /visual127010962.html HTTP/1.1" 200 555404 "-" "Mozilla/5.0 (Linux; Android 6.0.1; Nexus 5X Build/MMB29P) AppleWebKit/537.36 (KHTML, like Gecko) Chrome/138.0.7204.183 Mobile Safari/537.36 (compatible; Googlebot/2.1; +http://www.google.com/bot.html)"
66.249.74.72 - - [22/Aug/2025:04:30:38 +0200] "GET /items/291037335.html?srsltid=AfmBOocfoXZLuDIPVZTktD6bZjWtdkMZauhREFYNjFT4qiFbPF5S HTTP/1.1" 200 556842 "-" "Mozilla/5.0 (Linux; Android 6.0.1; Nexus 5X Build/MMB29P) AppleWebKit/537.36 (KHTML, like Gecko) Chrome/138.0.7204.183 Mobile Safari/537.36 (compatible; Googlebot/2.1; +http://www.google.com/bot.html)"
206.189.247.132 - - [22/Aug/2025:04:30:38 +0200] "GET /wp-includes/install.php HTTP/1.1" 200 16 "-" "Mozilla/5.0 (iPhone; CPU iPhone OS 18_3_1 like Mac OS X) AppleWebKit/605.1.15 (KHTML, like Gecko) Mobile/15E148 THDConsumer/7.45.0.1 (iPhone;iOS 18.3.1)DID:"
146.190.190.67 - - [22/Aug/2025:04:30:38 +0200] "GET /wp-includes/install.php HTTP/1.1" 200 16 "-" "Mozilla/5.0 (iPhone; CPU iPhone OS 18_3_1 like Mac OS X) AppleWebKit/605.1.15 (KHTML, like Gecko) Mobile/15E148 THDConsumer/7.45.0.1 (iPhone;iOS 18.3.1)DID:"
86.8.204.43 - - [22/Aug/2025:04:30:38 +0200] "GET /wp-includes/install.php HTTP/1.1" 200 16 "-" "Mozilla/5.0 (iPhone; CPU iPhone OS 18_3_1 like Mac OS X) AppleWebKit/605.1.15 (KHTML, like Gecko) Mobile/15E148 THDConsumer/7.45.0.1 (iPhone;iOS 18.3.1)DID:"
66.249.74.75 - - [22/Aug/2025:04:30:38 +0200] "GET /crawl084000309.html HTTP/1.1" 200 554293 "-" "Mozilla/5.0 (Linux; Android 6.0.1; Nexus 5X Build/MMB29P) AppleWebKit/537.36 (KHTML, like Gecko) Chrome/138.0.7204.183 Mobile Safari/537.36 (compatible; Googlebot/2.1; +http://www.google.com/bot.html)"
20.171.207.15 - - [22/Aug/2025:04:30:39 +0200] "GET /pages.php?surface%2Fu15%3Fpid=399 HTTP/1.1" 200 466637 "-" "Mozilla/5.0 AppleWebKit/537.36 (KHTML, like Gecko; compatible; GPTBot/1.2; +https://openai.com/gptbot)"
66.249.74.73 - - [22/Aug/2025:04:30:41 +0200] "GET /pcmypage?callback=product/review/golfdo-official-22190330501125932001 HTTP/1.1" 200 566728 "-" "Mozilla/5.0 (Linux; Android 6.0.1; Nexus 5X Build/MMB29P) AppleWebKit/537.36 (KHTML, like Gecko) Chrome/138.0.7204.183 Mobile Safari/537.36 (compatible; Googlebot/2.1; +http://www.google.com/bot.html)"
20.171.207.15 - - [22/Aug/2025:04:30:42 +0200] "GET /pages.php?q-~38h7SnQ6pFJvSu9qcFVODzBGnzJowilR37061/ HTTP/1.1" 200 473851 "-" "Mozilla/5.0 AppleWebKit/537.36 (KHTML, like Gecko; compatible; GPTBot/1.2; +https://openai.com/gptbot)"
66.249.74.77 - - [22/Aug/2025:04:30:45 +0200] "GET /pcmypage?callback=/product%2Fdetail%2Bedding-ht-rme-1890 HTTP/1.1" 200 559787 "-" "Mozilla/5.0 (Linux; Android 6.0.1; Nexus 5X Build/MMB29P) AppleWebKit/537.36 (KHTML, like Gecko) Chrome/138.0.7204.183 Mobile Safari/537.36 (compatible; Googlebot/2.1; +http://www.google.com/bot.html)"
20.171.207.15 - - [22/Aug/2025:04:30:47 +0200] "GET /pages.php?trunk%2Fc293%3Fpid=5899 HTTP/1.1" 200 463827 "-" "Mozilla/5.0 AppleWebKit/537.36 (KHTML, like Gecko; compatible; GPTBot/1.2; +https://openai.com/gptbot)"
66.249.74.77 - - [22/Aug/2025:04:30:48 +0200] "GET /warehouse297035156.html HTTP/1.1" 200 563708 "-" "Mozilla/5.0 (Linux; Android 6.0.1; Nexus 5X Build/MMB29P) AppleWebKit/537.36 (KHTML, like Gecko) Chrome/138.0.7204.183 Mobile Safari/537.36 (compatible; Googlebot/2.1; +http://www.google.com/bot.html)"
66.249.74.74 - - [22/Aug/2025:04:30:49 +0200] "GET /pages.php?q-~269ZiaOORmHjp2PTTJ0EdoBOEw07L5etK35662/ HTTP/1.1" 200 466331 "-" "Mozilla/5.0 (Linux; Android 6.0.1; Nexus 5X Build/MMB29P) AppleWebKit/537.36 (KHTML, like Gecko) Chrome/138.0.7204.183 Mobile Safari/537.36 (compatible; Googlebot/2.1; +http://www.google.com/bot.html)"
66.249.74.75 - - [22/Aug/2025:04:30:50 +0200] "GET /egg126040421.html HTTP/1.1" 200 559307 "-" "Mozilla/5.0 (Linux; Android 6.0.1; Nexus 5X Build/MMB29P) AppleWebKit/537.36 (KHTML, like Gecko) Chrome/138.0.7204.183 Mobile Safari/537.36 (compatible; Googlebot/2.1; +http://www.google.com/bot.html)"
20.171.207.15 - - [22/Aug/2025:04:30:51 +0200] "GET /pages.php?ring%2Fe80%3Fpid=12670 HTTP/1.1" 200 460775 "-" "Mozilla/5.0 AppleWebKit/537.36 (KHTML, like Gecko; compatible; GPTBot/1.2; +https://openai.com/gptbot)"
20.171.207.15 - - [22/Aug/2025:04:30:56 +0200] "GET /pages.php?mainly%2Fz63%3Fpid=1259 HTTP/1.1" 200 463235 "-" "Mozilla/5.0 AppleWebKit/537.36 (KHTML, like Gecko; compatible; GPTBot/1.2; +https://openai.com/gptbot)"
66.249.74.76 - - [22/Aug/2025:04:30:56 +0200] "GET /pcmypage?callback=/product%2Fdetail%2okashashop-cstfxubd5zfeemnjw4ke4ggvby HTTP/1.1" 200 558773 "-" "Mozilla/5.0 (Linux; Android 6.0.1; Nexus 5X Build/MMB29P) AppleWebKit/537.36 (KHTML, like Gecko) Chrome/138.0.7204.183 Mobile Safari/537.36 (compatible; Googlebot/2.1; +http://www.google.com/bot.html)"
206.217.139.203 - - [22/Aug/2025:04:30:58 +0200] "GET /wp-includes/install.php HTTP/1.1" 200 16 "-" "Mozilla/5.0 (iPhone; CPU iPhone OS 18_3_1 like Mac OS X) AppleWebKit/605.1.15 (KHTML, like Gecko) Mobile/15E148 THDConsumer/7.45.0.1 (iPhone;iOS 18.3.1)DID:"
20.171.207.15 - - [22/Aug/2025:04:30:59 +0200] "GET /pages.php?tablespoon%2Ff58%3Fpid=29476 HTTP/1.1" 200 466998 "-" "Mozilla/5.0 AppleWebKit/537.36 (KHTML, like Gecko; compatible; GPTBot/1.2; +https://openai.com/gptbot)"
66.249.74.74 - - [22/Aug/2025:04:31:00 +0200] "GET /items/139010629.html?srsltid=AfmBOonkkHHLdDUbibKAy0TNKwgSIfIkY1TAOL8TSg2eBmgAM3GR HTTP/1.1" 200 560909 "-" "Mozilla/5.0 (Linux; Android 6.0.1; Nexus 5X Build/MMB29P) AppleWebKit/537.36 (KHTML, like Gecko) Chrome/138.0.7204.183 Mobile Safari/537.36 (compatible; Googlebot/2.1; +http://www.google.com/bot.html)"
20.171.207.15 - - [22/Aug/2025:04:31:01 +0200] "GET / HTTP/1.1" 500 0 "-" "Mozilla/5.0 AppleWebKit/537.36 (KHTML, like Gecko; compatible; GPTBot/1.2; +https://openai.com/gptbot)"
66.249.74.78 - - [22/Aug/2025:04:31:03 +0200] "GET /items/261048835.html?srsltid=AfmBOoabzxMtpyTIMmouUoOTOeHzBonfnez97sbl3vfc8ZOWfk9E HTTP/1.1" 200 557920 "-" "Mozilla/5.0 (Linux; Android 6.0.1; Nexus 5X Build/MMB29P) AppleWebKit/537.36 (KHTML, like Gecko) Chrome/138.0.7204.183 Mobile Safari/537.36 (compatible; Googlebot/2.1; +http://www.google.com/bot.html)"
66.249.74.77 - - [22/Aug/2025:04:31:04 +0200] "GET /items/012025466.html?srsltid=AfmBOodaotlSVaTWnfhU39SSWftlBybISTPGRwq4qmDxnWc6TDPl HTTP/1.1" 200 559639 "-" "Mozilla/5.0 (Linux; Android 6.0.1; Nexus 5X Build/MMB29P) AppleWebKit/537.36 (KHTML, like Gecko) Chrome/138.0.7204.183 Mobile Safari/537.36 (compatible; Googlebot/2.1; +http://www.google.com/bot.html)"
66.249.74.73 - - [22/Aug/2025:04:31:05 +0200] "GET /initially291009014.html HTTP/1.1" 200 555896 "-" "Mozilla/5.0 (Linux; Android 6.0.1; Nexus 5X Build/MMB29P) AppleWebKit/537.36 (KHTML, like Gecko) Chrome/138.0.7204.183 Mobile Safari/537.36 (compatible; Googlebot/2.1; +http://www.google.com/bot.html)"
20.171.207.15 - - [22/Aug/2025:04:31:06 +0200] "GET /pages.php?chamber%2Fg91%3Fpid=123 HTTP/1.1" 200 467344 "-" "Mozilla/5.0 AppleWebKit/537.36 (KHTML, like Gecko; compatible; GPTBot/1.2; +https://openai.com/gptbot)"
20.171.207.29 - - [22/Aug/2025:04:31:07 +0200] "GET /pages.php?storage%2Fa67%3Fpid=151 HTTP/1.1" 200 475787 "-" "Mozilla/5.0 AppleWebKit/537.36 (KHTML, like Gecko; compatible; GPTBot/1.2; +https://openai.com/gptbot)"
66.249.74.72 - - [22/Aug/2025:04:31:08 +0200] "GET /east032000025.html HTTP/1.1" 200 555704 "-" "Mozilla/5.0 (Linux; Android 6.0.1; Nexus 5X Build/MMB29P) AppleWebKit/537.36 (KHTML, like Gecko) Chrome/138.0.7204.183 Mobile Safari/537.36 (compatible; Googlebot/2.1; +http://www.google.com/bot.html)"
66.249.74.76 - - [22/Aug/2025:04:31:12 +0200] "GET /seat111005714.html HTTP/1.1" 200 556386 "-" "Mozilla/5.0 (Linux; Android 6.0.1; Nexus 5X Build/MMB29P) AppleWebKit/537.36 (KHTML, like Gecko) Chrome/138.0.7204.183 Mobile Safari/537.36 (compatible; Googlebot/2.1; +http://www.google.com/bot.html)"
20.171.207.15 - - [22/Aug/2025:04:31:13 +0200] "GET /pages.php?wife%2Fz27%3Fpid=10381 HTTP/1.1" 200 461603 "-" "Mozilla/5.0 AppleWebKit/537.36 (KHTML, like Gecko; compatible; GPTBot/1.2; +https://openai.com/gptbot)"
66.249.74.73 - - [22/Aug/2025:04:31:15 +0200] "GET /items/014024692.html?srsltid=AfmBOoxcnSLHyoBKYsNemdVWDGKxSHLue7QHDjZfRNTApbRQsLi8 HTTP/1.1" 200 559404 "-" "Mozilla/5.0 (Linux; Android 6.0.1; Nexus 5X Build/MMB29P) AppleWebKit/537.36 (KHTML, like Gecko) Chrome/138.0.7204.183 Mobile Safari/537.36 (compatible; Googlebot/2.1; +http://www.google.com/bot.html)"
66.249.74.76 - - [22/Aug/2025:04:31:15 +0200] "GET /calculation052023221.html HTTP/1.1" 200 554828 "-" "Mozilla/5.0 (Linux; Android 6.0.1; Nexus 5X Build/MMB29P) AppleWebKit/537.36 (KHTML, like Gecko) Chrome/138.0.7204.183 Mobile Safari/537.36 (compatible; Googlebot/2.1; +http://www.google.com/bot.html)"
66.249.74.73 - - [22/Aug/2025:04:31:19 +0200] "GET /items/190034642.html?srsltid=AfmBOogcmagqsWRBwVHaElifZRTSbGWIrTSV543zn3bOGkNo2oS8 HTTP/1.1" 200 555189 "-" "Mozilla/5.0 (Linux; Android 6.0.1; Nexus 5X Build/MMB29P) AppleWebKit/537.36 (KHTML, like Gecko) Chrome/138.0.7204.183 Mobile Safari/537.36 (compatible; Googlebot/2.1; +http://www.google.com/bot.html)"
20.171.207.15 - - [22/Aug/2025:04:31:22 +0200] "GET /pages.php?tray%2Fd15%3Fpid=21943 HTTP/1.1" 200 462935 "-" "Mozilla/5.0 AppleWebKit/537.36 (KHTML, like Gecko; compatible; GPTBot/1.2; +https://openai.com/gptbot)"
66.249.74.76 - - [22/Aug/2025:04:31:23 +0200] "GET /church007000594.html HTTP/1.1" 200 555561 "-" "Mozilla/5.0 (Linux; Android 6.0.1; Nexus 5X Build/MMB29P) AppleWebKit/537.36 (KHTML, like Gecko) Chrome/138.0.7204.183 Mobile Safari/537.36 (compatible; Googlebot/2.1; +http://www.google.com/bot.html)"
66.249.74.73 - - [22/Aug/2025:04:31:26 +0200] "GET /pcmypage?callback=product%2Fdetail%2Fhirochishop-btw6g-tn HTTP/1.1" 200 567667 "-" "Mozilla/5.0 (Linux; Android 6.0.1; Nexus 5X Build/MMB29P) AppleWebKit/537.36 (KHTML, like Gecko) Chrome/138.0.7204.183 Mobile Safari/537.36 (compatible; Googlebot/2.1; +http://www.google.com/bot.html)"
20.171.207.15 - - [22/Aug/2025:04:31:29 +0200] "GET /pages.php?pure%2Ft66%3Fpid=41872 HTTP/1.1" 200 460438 "-" "Mozilla/5.0 AppleWebKit/537.36 (KHTML, like Gecko; compatible; GPTBot/1.2; +https://openai.com/gptbot)"
66.249.74.74 - - [22/Aug/2025:04:31:32 +0200] "GET /public087000770.html HTTP/1.1" 200 558570 "-" "Mozilla/5.0 (Linux; Android 6.0.1; Nexus 5X Build/MMB29P) AppleWebKit/537.36 (KHTML, like Gecko) Chrome/138.0.7204.183 Mobile Safari/537.36 (compatible; Googlebot/2.1; +http://www.google.com/bot.html)"
66.249.74.76 - - [22/Aug/2025:04:31:36 +0200] "GET /appeal060017543.html HTTP/1.1" 200 555409 "-" "Mozilla/5.0 (Linux; Android 6.0.1; Nexus 5X Build/MMB29P) AppleWebKit/537.36 (KHTML, like Gecko) Chrome/138.0.7204.183 Mobile Safari/537.36 (compatible; Googlebot/2.1; +http://www.google.com/bot.html)"
20.171.207.15 - - [22/Aug/2025:04:31:36 +0200] "GET /pages.php?refuse%2Fs26%3Fpid=7914 HTTP/1.1" 200 464327 "-" "Mozilla/5.0 AppleWebKit/537.36 (KHTML, like Gecko; compatible; GPTBot/1.2; +https://openai.com/gptbot)"
66.249.74.75 - - [22/Aug/2025:04:31:37 +0200] "GET /cheer290009891.html HTTP/1.1" 200 562899 "-" "Mozilla/5.0 (Linux; Android 6.0.1; Nexus 5X Build/MMB29P) AppleWebKit/537.36 (KHTML, like Gecko) Chrome/138.0.7204.183 Mobile Safari/537.36 (compatible; Googlebot/2.1; +http://www.google.com/bot.html)"
66.249.74.76 - - [22/Aug/2025:04:31:38 +0200] "GET /comparable064033987.html HTTP/1.1" 200 555313 "-" "Mozilla/5.0 (Linux; Android 6.0.1; Nexus 5X Build/MMB29P) AppleWebKit/537.36 (KHTML, like Gecko) Chrome/138.0.7204.183 Mobile Safari/537.36 (compatible; Googlebot/2.1; +http://www.google.com/bot.html)"
20.171.207.15 - - [22/Aug/2025:04:31:40 +0200] "GET / HTTP/1.1" 500 0 "-" "Mozilla/5.0 AppleWebKit/537.36 (KHTML, like Gecko; compatible; GPTBot/1.2; +https://openai.com/gptbot)"
66.249.74.76 - - [22/Aug/2025:04:31:41 +0200] "GET /classical111030458.html HTTP/1.1" 200 560309 "-" "Mozilla/5.0 (Linux; Android 6.0.1; Nexus 5X Build/MMB29P) AppleWebKit/537.36 (KHTML, like Gecko) Chrome/138.0.7204.183 Mobile Safari/537.36 (compatible; Googlebot/2.1; +http://www.google.com/bot.html)"
20.171.207.15 - - [22/Aug/2025:04:31:46 +0200] "GET /pages.php?ours%2Fg12%3Fpid=39154 HTTP/1.1" 200 466441 "-" "Mozilla/5.0 AppleWebKit/537.36 (KHTML, like Gecko; compatible; GPTBot/1.2; +https://openai.com/gptbot)"
66.249.74.78 - - [22/Aug/2025:04:31:48 +0200] "GET /pcmypage?callback=product/review/auc-web-carshop-rays-l01premium-1p-8 HTTP/1.1" 200 557674 "-" "Mozilla/5.0 (Linux; Android 6.0.1; Nexus 5X Build/MMB29P) AppleWebKit/537.36 (KHTML, like Gecko) Chrome/138.0.7204.183 Mobile Safari/537.36 (compatible; Googlebot/2.1; +http://www.google.com/bot.html)"
66.249.74.72 - - [22/Aug/2025:04:31:51 +0200] "GET /problem266015715.html HTTP/1.1" 200 556577 "-" "Mozilla/5.0 (Linux; Android 6.0.1; Nexus 5X Build/MMB29P) AppleWebKit/537.36 (KHTML, like Gecko) Chrome/138.0.7204.183 Mobile Safari/537.36 (compatible; Googlebot/2.1; +http://www.google.com/bot.html)"
66.249.74.74 - - [22/Aug/2025:04:31:54 +0200] "GET /resort297004204.html HTTP/1.1" 200 558810 "-" "Mozilla/5.0 (Linux; Android 6.0.1; Nexus 5X Build/MMB29P) AppleWebKit/537.36 (KHTML, like Gecko) Chrome/138.0.7204.183 Mobile Safari/537.36 (compatible; Googlebot/2.1; +http://www.google.com/bot.html)"
66.249.74.77 - - [22/Aug/2025:04:31:58 +0200] "GET /pcmypage?callback=product/review/revival-store-sdc2vijxzw2bbrovyo5iyxaori HTTP/1.1" 200 555208 "-" "Mozilla/5.0 (Linux; Android 6.0.1; Nexus 5X Build/MMB29P) AppleWebKit/537.36 (KHTML, like Gecko) Chrome/138.0.7204.183 Mobile Safari/537.36 (compatible; Googlebot/2.1; +http://www.google.com/bot.html)"
66.249.74.76 - - [22/Aug/2025:04:32:01 +0200] "GET /shove059001028.html HTTP/1.1" 200 555654 "-" "Mozilla/5.0 (Linux; Android 6.0.1; Nexus 5X Build/MMB29P) AppleWebKit/537.36 (KHTML, like Gecko) Chrome/138.0.7204.183 Mobile Safari/537.36 (compatible; Googlebot/2.1; +http://www.google.com/bot.html)"
20.171.207.15 - - [22/Aug/2025:04:32:02 +0200] "GET /pages.php?certain%2Ft13%3Fpid=977 HTTP/1.1" 200 460831 "-" "Mozilla/5.0 AppleWebKit/537.36 (KHTML, like Gecko; compatible; GPTBot/1.2; +https://openai.com/gptbot)"
206.217.139.203 - - [22/Aug/2025:04:32:05 +0200] "GET /wp-includes/install.php HTTP/1.1" 200 0 "-" "Mozilla/5.0 (iPhone; CPU iPhone OS 18_3_1 like Mac OS X) AppleWebKit/605.1.15 (KHTML, like Gecko) Mobile/15E148 THDConsumer/7.45.0.1 (iPhone;iOS 18.3.1)DID:"
66.249.74.75 - - [22/Aug/2025:04:32:07 +0200] "GET /pcmypage?callback=product%2Fdetail%2Fbuckteeth-jan-trusco6012914 HTTP/1.1" 200 562064 "-" "Mozilla/5.0 (Linux; Android 6.0.1; Nexus 5X Build/MMB29P) AppleWebKit/537.36 (KHTML, like Gecko) Chrome/138.0.7204.183 Mobile Safari/537.36 (compatible; Googlebot/2.1; +http://www.google.com/bot.html)"
66.249.74.76 - - [22/Aug/2025:04:32:10 +0200] "GET /pcmypage?callback=/product%2Fdetail%2Dji-shop-6941565968883 HTTP/1.1" 200 557098 "-" "Mozilla/5.0 (Linux; Android 6.0.1; Nexus 5X Build/MMB29P) AppleWebKit/537.36 (KHTML, like Gecko) Chrome/138.0.7204.183 Mobile Safari/537.36 (compatible; Googlebot/2.1; +http://www.google.com/bot.html)"
20.171.207.29 - - [22/Aug/2025:04:32:12 +0200] "GET /pages.php?filter%2Fm149%3Fpid=2339 HTTP/1.1" 200 468582 "-" "Mozilla/5.0 AppleWebKit/537.36 (KHTML, like Gecko; compatible; GPTBot/1.2; +https://openai.com/gptbot)"
20.171.207.15 - - [22/Aug/2025:04:32:16 +0200] "GET /pages.php?steak%2Fz38%3Fpid=30678 HTTP/1.1" 200 462927 "-" "Mozilla/5.0 AppleWebKit/537.36 (KHTML, like Gecko; compatible; GPTBot/1.2; +https://openai.com/gptbot)"
66.249.74.75 - - [22/Aug/2025:04:32:16 +0200] "GET /cabin207018518.html HTTP/1.1" 200 557395 "-" "Mozilla/5.0 (Linux; Android 6.0.1; Nexus 5X Build/MMB29P) AppleWebKit/537.36 (KHTML, like Gecko) Chrome/138.0.7204.183 Mobile Safari/537.36 (compatible; Googlebot/2.1; +http://www.google.com/bot.html)"
66.249.74.72 - - [22/Aug/2025:04:32:17 +0200] "GET /items/098030338.html?srsltid=AfmBOomhrhpllbLjcgEql7UMUUfyTbeN9wbmrk0xfDSlbwAdgZyH HTTP/1.1" 200 564709 "-" "Mozilla/5.0 (Linux; Android 6.0.1; Nexus 5X Build/MMB29P) AppleWebKit/537.36 (KHTML, like Gecko) Chrome/138.0.7204.183 Mobile Safari/537.36 (compatible; Googlebot/2.1; +http://www.google.com/bot.html)"
66.249.74.74 - - [22/Aug/2025:04:32:20 +0200] "GET /pcmypage?callback=product%2Fdetail%2Ffirst23-trusco-5844528 HTTP/1.1" 200 558851 "-" "Mozilla/5.0 (Linux; Android 6.0.1; Nexus 5X Build/MMB29P) AppleWebKit/537.36 (KHTML, like Gecko) Chrome/138.0.7204.183 Mobile Safari/537.36 (compatible; Googlebot/2.1; +http://www.google.com/bot.html)"
66.249.74.72 - - [22/Aug/2025:04:32:24 +0200] "GET /items/065039721.html?srsltid=AfmBOoecvVHzULPqILaYjT0dTaJoTDJITTQo4esdlmJFwUoRx05z HTTP/1.1" 200 563380 "-" "Mozilla/5.0 (Linux; Android 6.0.1; Nexus 5X Build/MMB29P) AppleWebKit/537.36 (KHTML, like Gecko) Chrome/138.0.7204.183 Mobile Safari/537.36 (compatible; Googlebot/2.1; +http://www.google.com/bot.html)"
66.249.74.73 - - [22/Aug/2025:04:32:27 +0200] "GET /cottage073000504.html HTTP/1.1" 200 570131 "-" "Mozilla/5.0 (Linux; Android 6.0.1; Nexus 5X Build/MMB29P) AppleWebKit/537.36 (KHTML, like Gecko) Chrome/138.0.7204.183 Mobile Safari/537.36 (compatible; Googlebot/2.1; +http://www.google.com/bot.html)"
20.171.207.15 - - [22/Aug/2025:04:32:29 +0200] "GET /pages.php?rack%2Fs151%3Fpid=4651 HTTP/1.1" 200 467028 "-" "Mozilla/5.0 AppleWebKit/537.36 (KHTML, like Gecko; compatible; GPTBot/1.2; +https://openai.com/gptbot)"
66.249.74.72 - - [22/Aug/2025:04:32:30 +0200] "GET /pcmypage?callback=product/review/gurobaringu-cvckvqjoazlcirteasahtrijra HTTP/1.1" 200 555560 "-" "Mozilla/5.0 (Linux; Android 6.0.1; Nexus 5X Build/MMB29P) AppleWebKit/537.36 (KHTML, like Gecko) Chrome/138.0.7204.183 Mobile Safari/537.36 (compatible; Googlebot/2.1; +http://www.google.com/bot.html)"
66.249.74.72 - - [22/Aug/2025:04:32:34 +0200] "GET /snake054024567.html HTTP/1.1" 200 554618 "-" "Mozilla/5.0 (Linux; Android 6.0.1; Nexus 5X Build/MMB29P) AppleWebKit/537.36 (KHTML, like Gecko) Chrome/138.0.7204.183 Mobile Safari/537.36 (compatible; Googlebot/2.1; +http://www.google.com/bot.html)"
66.249.74.72 - - [22/Aug/2025:04:32:40 +0200] "GET /pcmypage?callback=product/review/jordan23-71_0017uz_649fdc4a-1 HTTP/1.1" 200 556354 "-" "Mozilla/5.0 (Linux; Android 6.0.1; Nexus 5X Build/MMB29P) AppleWebKit/537.36 (KHTML, like Gecko) Chrome/138.0.7204.183 Mobile Safari/537.36 (compatible; Googlebot/2.1; +http://www.google.com/bot.html)"
20.171.207.15 - - [22/Aug/2025:04:32:41 +0200] "GET /pages.php?banker%2Fa91%3Fpid=117 HTTP/1.1" 200 469019 "-" "Mozilla/5.0 AppleWebKit/537.36 (KHTML, like Gecko; compatible; GPTBot/1.2; +https://openai.com/gptbot)"
66.249.74.76 - - [22/Aug/2025:04:32:43 +0200] "GET /legal216009815.html HTTP/1.1" 200 554867 "-" "Mozilla/5.0 (Linux; Android 6.0.1; Nexus 5X Build/MMB29P) AppleWebKit/537.36 (KHTML, like Gecko) Chrome/138.0.7204.183 Mobile Safari/537.36 (compatible; Googlebot/2.1; +http://www.google.com/bot.html)"
66.249.74.76 - - [22/Aug/2025:04:32:46 +0200] "GET /prevention105004920.html HTTP/1.1" 200 564078 "-" "Mozilla/5.0 (Linux; Android 6.0.1; Nexus 5X Build/MMB29P) AppleWebKit/537.36 (KHTML, like Gecko) Chrome/138.0.7204.183 Mobile Safari/537.36 (compatible; Googlebot/2.1; +http://www.google.com/bot.html)"
66.249.74.74 - - [22/Aug/2025:04:32:50 +0200] "GET /electrical025000554.html HTTP/1.1" 200 558965 "-" "Mozilla/5.0 (Linux; Android 6.0.1; Nexus 5X Build/MMB29P) AppleWebKit/537.36 (KHTML, like Gecko) Chrome/138.0.7204.183 Mobile Safari/537.36 (compatible; Googlebot/2.1; +http://www.google.com/bot.html)"
20.171.207.15 - - [22/Aug/2025:04:32:50 +0200] "GET /chat.xhtml?wife%2Fn95%3Fpid=385 HTTP/1.1" 500 0 "-" "Mozilla/5.0 AppleWebKit/537.36 (KHTML, like Gecko; compatible; GPTBot/1.2; +https://openai.com/gptbot)"
66.249.74.77 - - [22/Aug/2025:04:32:53 +0200] "GET /arrange109020838.html HTTP/1.1" 200 554831 "-" "Mozilla/5.0 (Linux; Android 6.0.1; Nexus 5X Build/MMB29P) AppleWebKit/537.36 (KHTML, like Gecko) Chrome/138.0.7204.183 Mobile Safari/537.36 (compatible; Googlebot/2.1; +http://www.google.com/bot.html)"
66.249.74.74 - - [22/Aug/2025:04:32:59 +0200] "GET /holy281034538.html HTTP/1.1" 200 563385 "-" "Mozilla/5.0 (Linux; Android 6.0.1; Nexus 5X Build/MMB29P) AppleWebKit/537.36 (KHTML, like Gecko) Chrome/138.0.7204.183 Mobile Safari/537.36 (compatible; Googlebot/2.1; +http://www.google.com/bot.html)"
66.249.74.75 - - [22/Aug/2025:04:33:00 +0200] "GET /across180002537.html HTTP/1.1" 200 564551 "-" "Mozilla/5.0 (Linux; Android 6.0.1; Nexus 5X Build/MMB29P) AppleWebKit/537.36 (KHTML, like Gecko) Chrome/138.0.7204.183 Mobile Safari/537.36 (compatible; Googlebot/2.1; +http://www.google.com/bot.html)"
66.249.74.78 - - [22/Aug/2025:04:33:00 +0200] "GET /concentration286033909.html HTTP/1.1" 200 556552 "-" "Mozilla/5.0 (Linux; Android 6.0.1; Nexus 5X Build/MMB29P) AppleWebKit/537.36 (KHTML, like Gecko) Chrome/138.0.7204.183 Mobile Safari/537.36 (compatible; Googlebot/2.1; +http://www.google.com/bot.html)"
20.171.207.15 - - [22/Aug/2025:04:33:02 +0200] "GET /pages.php?insist%2Fl152%3Fpid=29200 HTTP/1.1" 200 464249 "-" "Mozilla/5.0 AppleWebKit/537.36 (KHTML, like Gecko; compatible; GPTBot/1.2; +https://openai.com/gptbot)"
66.249.74.72 - - [22/Aug/2025:04:33:04 +0200] "GET /earth180008505.html HTTP/1.1" 200 556487 "-" "Mozilla/5.0 (Linux; Android 6.0.1; Nexus 5X Build/MMB29P) AppleWebKit/537.36 (KHTML, like Gecko) Chrome/138.0.7204.183 Mobile Safari/537.36 (compatible; Googlebot/2.1; +http://www.google.com/bot.html)"
66.249.74.72 - - [22/Aug/2025:04:33:07 +0200] "GET /spokesman250038973.html HTTP/1.1" 200 555907 "-" "Mozilla/5.0 (Linux; Android 6.0.1; Nexus 5X Build/MMB29P) AppleWebKit/537.36 (KHTML, like Gecko) Chrome/138.0.7204.183 Mobile Safari/537.36 (compatible; Googlebot/2.1; +http://www.google.com/bot.html)"
20.171.207.29 - - [22/Aug/2025:04:33:10 +0200] "GET /pages.php?size%2Fw26%3Fpid=40716 HTTP/1.1" 200 460461 "-" "Mozilla/5.0 AppleWebKit/537.36 (KHTML, like Gecko; compatible; GPTBot/1.2; +https://openai.com/gptbot)"
