20.171.207.15 - - [22/Aug/2025:11:06:39 +0200] "GET /?_bd_prev_page=https%3A%2F%2Fwww.kjinvest.net%2Fchat.xhtml%3Fscatter%2Fj21%3Fpid%3D445&_bdsid=sh0qr2.n%7ECANTS.172979176.172372949&_gz=2.199304954.190978852.175149336-863852640.162371011 HTTP/1.1" 500 0 "-" "Mozilla/5.0 AppleWebKit/537.36 (KHTML, like Gecko; compatible; GPTBot/1.2; +https://openai.com/gptbot)"
20.171.207.15 - - [22/Aug/2025:11:06:44 +0200] "GET /pages.php?cancer%2Fr34%3Fpid=106 HTTP/1.1" 200 466229 "-" "Mozilla/5.0 AppleWebKit/537.36 (KHTML, like Gecko; compatible; GPTBot/1.2; +https://openai.com/gptbot)"
20.171.207.15 - - [22/Aug/2025:11:06:51 +0200] "GET /pages.php?company%2Fp86%3Fpid=968 HTTP/1.1" 200 463033 "-" "Mozilla/5.0 AppleWebKit/537.36 (KHTML, like Gecko; compatible; GPTBot/1.2; +https://openai.com/gptbot)"
20.171.207.15 - - [22/Aug/2025:11:06:57 +0200] "GET /pages.php?location%2Fu91%3Fpid=711 HTTP/1.1" 200 464277 "-" "Mozilla/5.0 AppleWebKit/537.36 (KHTML, like Gecko; compatible; GPTBot/1.2; +https://openai.com/gptbot)"
20.171.207.15 - - [22/Aug/2025:11:07:02 +0200] "GET /pages.php?comedy%2Fn51%3Fpid=335 HTTP/1.1" 200 463463 "-" "Mozilla/5.0 AppleWebKit/537.36 (KHTML, like Gecko; compatible; GPTBot/1.2; +https://openai.com/gptbot)"
20.171.207.15 - - [22/Aug/2025:11:07:08 +0200] "GET /pages.php?tuck%2Fz56%3Fpid=728 HTTP/1.1" 200 464815 "-" "Mozilla/5.0 AppleWebKit/537.36 (KHTML, like Gecko; compatible; GPTBot/1.2; +https://openai.com/gptbot)"
20.171.207.15 - - [22/Aug/2025:11:07:12 +0200] "GET /pages.php?also%2Fc99%3Fpid=42667 HTTP/1.1" 200 461784 "-" "Mozilla/5.0 AppleWebKit/537.36 (KHTML, like Gecko; compatible; GPTBot/1.2; +https://openai.com/gptbot)"
20.171.207.15 - - [22/Aug/2025:11:07:16 +0200] "GET /pages.php?ought%2Fx95%3Fpid=881 HTTP/1.1" 200 469768 "-" "Mozilla/5.0 AppleWebKit/537.36 (KHTML, like Gecko; compatible; GPTBot/1.2; +https://openai.com/gptbot)"
20.171.207.29 - - [22/Aug/2025:11:07:20 +0200] "GET /?_bd_prev_page=https%3A%2F%2Fkjinvest.net%2Fsite.asp%3Fselect%2Fl256%3Fpid%3D11294&_bdsid=v5njat.n%7EAVSGA.1747508339875.1798364627 HTTP/1.1" 500 0 "-" "Mozilla/5.0 AppleWebKit/537.36 (KHTML, like Gecko; compatible; GPTBot/1.2; +https://openai.com/gptbot)"
20.171.207.15 - - [22/Aug/2025:11:07:20 +0200] "GET /pages.php?anger%2Fn59%3Fpid=40883 HTTP/1.1" 200 467891 "-" "Mozilla/5.0 AppleWebKit/537.36 (KHTML, like Gecko; compatible; GPTBot/1.2; +https://openai.com/gptbot)"
20.171.207.15 - - [22/Aug/2025:11:07:25 +0200] "GET /pages.php?steady%2Fk7%3Fpid=16021 HTTP/1.1" 200 464023 "-" "Mozilla/5.0 AppleWebKit/537.36 (KHTML, like Gecko; compatible; GPTBot/1.2; +https://openai.com/gptbot)"
20.171.207.15 - - [22/Aug/2025:11:07:27 +0200] "GET /pages.php?charm%2Fm47%3Fpid=6213 HTTP/1.1" 200 464442 "-" "Mozilla/5.0 AppleWebKit/537.36 (KHTML, like Gecko; compatible; GPTBot/1.2; +https://openai.com/gptbot)"
66.249.74.72 - - [22/Aug/2025:11:07:30 +0200] "GET /client022000075.html HTTP/1.1" 200 559572 "-" "Mozilla/5.0 (Linux; Android 6.0.1; Nexus 5X Build/MMB29P) AppleWebKit/537.36 (KHTML, like Gecko) Chrome/138.0.7204.183 Mobile Safari/537.36 (compatible; Googlebot/2.1; +http://www.google.com/bot.html)"
20.171.207.15 - - [22/Aug/2025:11:07:31 +0200] "GET /pages.php?counter%2Fz43%3Fpid=863 HTTP/1.1" 200 465636 "-" "Mozilla/5.0 AppleWebKit/537.36 (KHTML, like Gecko; compatible; GPTBot/1.2; +https://openai.com/gptbot)"
20.171.207.15 - - [22/Aug/2025:11:07:34 +0200] "GET /pages.php?case%2Fg213%3Fpid=5977 HTTP/1.1" 200 468180 "-" "Mozilla/5.0 AppleWebKit/537.36 (KHTML, like Gecko; compatible; GPTBot/1.2; +https://openai.com/gptbot)"
20.171.207.15 - - [22/Aug/2025:11:07:35 +0200] "GET /pages.php?Dutch%2Fj166%3Fpid=6910 HTTP/1.1" 200 463872 "-" "Mozilla/5.0 AppleWebKit/537.36 (KHTML, like Gecko; compatible; GPTBot/1.2; +https://openai.com/gptbot)"
20.171.207.15 - - [22/Aug/2025:11:07:36 +0200] "GET / HTTP/1.1" 500 0 "-" "Mozilla/5.0 AppleWebKit/537.36 (KHTML, like Gecko; compatible; GPTBot/1.2; +https://openai.com/gptbot)"
20.171.207.15 - - [22/Aug/2025:11:07:39 +0200] "GET /pages.php?workout%2Fa5%3Fpid=749 HTTP/1.1" 200 468043 "-" "Mozilla/5.0 AppleWebKit/537.36 (KHTML, like Gecko; compatible; GPTBot/1.2; +https://openai.com/gptbot)"
20.171.207.15 - - [22/Aug/2025:11:07:46 +0200] "GET /pages.php?balance%2Fh90%3Fpid=940 HTTP/1.1" 200 462232 "-" "Mozilla/5.0 AppleWebKit/537.36 (KHTML, like Gecko; compatible; GPTBot/1.2; +https://openai.com/gptbot)"
20.171.207.15 - - [22/Aug/2025:11:07:49 +0200] "GET /pages.php?client%2Fv28%3Fpid=270 HTTP/1.1" 200 461181 "-" "Mozilla/5.0 AppleWebKit/537.36 (KHTML, like Gecko; compatible; GPTBot/1.2; +https://openai.com/gptbot)"
20.171.207.15 - - [22/Aug/2025:11:07:54 +0200] "GET /pages.php?he%2Fx51%3Fpid=19291 HTTP/1.1" 200 471640 "-" "Mozilla/5.0 AppleWebKit/537.36 (KHTML, like Gecko; compatible; GPTBot/1.2; +https://openai.com/gptbot)"
20.171.207.15 - - [22/Aug/2025:11:07:58 +0200] "GET /pages.php?q-~296XORu5Ly4BSz8a2jBLmOESpr9j3WcuN3667/ HTTP/1.1" 200 468188 "-" "Mozilla/5.0 AppleWebKit/537.36 (KHTML, like Gecko; compatible; GPTBot/1.2; +https://openai.com/gptbot)"
20.171.207.15 - - [22/Aug/2025:11:08:03 +0200] "GET /pages.php?nothing%2Ff34%3Fpid=638 HTTP/1.1" 200 472975 "-" "Mozilla/5.0 AppleWebKit/537.36 (KHTML, like Gecko; compatible; GPTBot/1.2; +https://openai.com/gptbot)"
20.171.207.15 - - [22/Aug/2025:11:08:05 +0200] "GET /pages.php?table%2Fl192%3Fpid=9676 HTTP/1.1" 200 479867 "-" "Mozilla/5.0 AppleWebKit/537.36 (KHTML, like Gecko; compatible; GPTBot/1.2; +https://openai.com/gptbot)"
20.171.207.15 - - [22/Aug/2025:11:08:10 +0200] "GET /pages.php?arrow%2Fv1%3Fpid=13027 HTTP/1.1" 200 478066 "-" "Mozilla/5.0 AppleWebKit/537.36 (KHTML, like Gecko; compatible; GPTBot/1.2; +https://openai.com/gptbot)"
20.171.207.15 - - [22/Aug/2025:11:08:10 +0200] "GET /pages.php?down%2Fh247%3Fpid=7063 HTTP/1.1" 200 471848 "-" "Mozilla/5.0 AppleWebKit/537.36 (KHTML, like Gecko; compatible; GPTBot/1.2; +https://openai.com/gptbot)"
20.171.207.15 - - [22/Aug/2025:11:08:13 +0200] "GET /pages.php?blue%2Ft56%3Fpid=47214 HTTP/1.1" 200 463076 "-" "Mozilla/5.0 AppleWebKit/537.36 (KHTML, like Gecko; compatible; GPTBot/1.2; +https://openai.com/gptbot)"
20.171.207.15 - - [22/Aug/2025:11:08:15 +0200] "GET /pages.php?soar%2Fk32%3Fpid=14088 HTTP/1.1" 200 463235 "-" "Mozilla/5.0 AppleWebKit/537.36 (KHTML, like Gecko; compatible; GPTBot/1.2; +https://openai.com/gptbot)"
20.171.207.15 - - [22/Aug/2025:11:08:16 +0200] "GET / HTTP/1.1" 500 0 "-" "Mozilla/5.0 AppleWebKit/537.36 (KHTML, like Gecko; compatible; GPTBot/1.2; +https://openai.com/gptbot)"
20.171.207.29 - - [22/Aug/2025:11:08:18 +0200] "GET /?_bd_prev_page=https%3A%2F%2Fkjinvest.net%2Fsite.asp%3Fmachine%2Fo212%3Fpid%3D32674&_bdsid=v5njat.n%7EAVSGA.1747508339875.1798364627 HTTP/1.1" 500 0 "-" "Mozilla/5.0 AppleWebKit/537.36 (KHTML, like Gecko; compatible; GPTBot/1.2; +https://openai.com/gptbot)"
20.171.207.15 - - [22/Aug/2025:11:08:19 +0200] "GET /pages.php?q-~43nQrygO9HwE4BQfAbpA657UEDitKw7L42492/ HTTP/1.1" 200 475651 "-" "Mozilla/5.0 AppleWebKit/537.36 (KHTML, like Gecko; compatible; GPTBot/1.2; +https://openai.com/gptbot)"
20.171.207.15 - - [22/Aug/2025:11:08:24 +0200] "GET /pages.php?fatal%2Fy182%3Fpid=9116 HTTP/1.1" 200 472262 "-" "Mozilla/5.0 AppleWebKit/537.36 (KHTML, like Gecko; compatible; GPTBot/1.2; +https://openai.com/gptbot)"
20.171.207.15 - - [22/Aug/2025:11:08:31 +0200] "GET /pages.php?flour%2Fy31%3Fpid=437 HTTP/1.1" 200 472173 "-" "Mozilla/5.0 AppleWebKit/537.36 (KHTML, like Gecko; compatible; GPTBot/1.2; +https://openai.com/gptbot)"
20.171.207.15 - - [22/Aug/2025:11:08:34 +0200] "GET /pages.php?alter%2Fz36%3Fpid=5638 HTTP/1.1" 200 466686 "-" "Mozilla/5.0 AppleWebKit/537.36 (KHTML, like Gecko; compatible; GPTBot/1.2; +https://openai.com/gptbot)"
20.171.207.15 - - [22/Aug/2025:11:08:38 +0200] "GET /pages.php?q-~1BbfkgkWN9Y1WSgmqFaH3G0rN7luZWt35060/ HTTP/1.1" 200 464806 "-" "Mozilla/5.0 AppleWebKit/537.36 (KHTML, like Gecko; compatible; GPTBot/1.2; +https://openai.com/gptbot)"
20.171.207.15 - - [22/Aug/2025:11:08:42 +0200] "GET /pages.php?careful%2Fd6%3Fpid=506 HTTP/1.1" 200 463226 "-" "Mozilla/5.0 AppleWebKit/537.36 (KHTML, like Gecko; compatible; GPTBot/1.2; +https://openai.com/gptbot)"
20.171.207.15 - - [22/Aug/2025:11:08:45 +0200] "GET /pages.php?mine%2Fv64%3Fpid=35756 HTTP/1.1" 200 462526 "-" "Mozilla/5.0 AppleWebKit/537.36 (KHTML, like Gecko; compatible; GPTBot/1.2; +https://openai.com/gptbot)"
20.171.207.15 - - [22/Aug/2025:11:08:47 +0200] "GET /pages.php?although%2Fz34%3Fpid=108 HTTP/1.1" 200 464243 "-" "Mozilla/5.0 AppleWebKit/537.36 (KHTML, like Gecko; compatible; GPTBot/1.2; +https://openai.com/gptbot)"
20.171.207.15 - - [22/Aug/2025:11:08:49 +0200] "GET /pages.php?q-~132OwNpkC98m3GwN9E0KmBhWYT7epsPPi1417/ HTTP/1.1" 200 463804 "-" "Mozilla/5.0 AppleWebKit/537.36 (KHTML, like Gecko; compatible; GPTBot/1.2; +https://openai.com/gptbot)"
20.171.207.15 - - [22/Aug/2025:11:08:52 +0200] "GET /pages.php?cluster%2Ff32%3Fpid=818 HTTP/1.1" 200 466335 "-" "Mozilla/5.0 AppleWebKit/537.36 (KHTML, like Gecko; compatible; GPTBot/1.2; +https://openai.com/gptbot)"
20.171.207.15 - - [22/Aug/2025:11:08:53 +0200] "GET / HTTP/1.1" 500 0 "-" "Mozilla/5.0 AppleWebKit/537.36 (KHTML, like Gecko; compatible; GPTBot/1.2; +https://openai.com/gptbot)"
20.171.207.15 - - [22/Aug/2025:11:08:55 +0200] "GET /pages.php?turn%2Fy6%3Fpid=1508 HTTP/1.1" 200 459937 "-" "Mozilla/5.0 AppleWebKit/537.36 (KHTML, like Gecko; compatible; GPTBot/1.2; +https://openai.com/gptbot)"
20.171.207.15 - - [22/Aug/2025:11:09:01 +0200] "GET /pages.php?cover%2Fb140%3Fpid=8802 HTTP/1.1" 200 466629 "-" "Mozilla/5.0 AppleWebKit/537.36 (KHTML, like Gecko; compatible; GPTBot/1.2; +https://openai.com/gptbot)"
20.171.207.15 - - [22/Aug/2025:11:09:07 +0200] "GET /pages.php?range%2Fx1%3Fpid=35059 HTTP/1.1" 200 472400 "-" "Mozilla/5.0 AppleWebKit/537.36 (KHTML, like Gecko; compatible; GPTBot/1.2; +https://openai.com/gptbot)"
20.171.207.15 - - [22/Aug/2025:11:09:11 +0200] "GET /pages.php?suggest%2Ff67%3Fpid=22693 HTTP/1.1" 200 467400 "-" "Mozilla/5.0 AppleWebKit/537.36 (KHTML, like Gecko; compatible; GPTBot/1.2; +https://openai.com/gptbot)"
20.171.207.15 - - [22/Aug/2025:11:09:16 +0200] "GET /pages.php?claim%2Fv149%3Fpid=6735 HTTP/1.1" 200 468449 "-" "Mozilla/5.0 AppleWebKit/537.36 (KHTML, like Gecko; compatible; GPTBot/1.2; +https://openai.com/gptbot)"
20.171.207.15 - - [22/Aug/2025:11:09:18 +0200] "GET /pages.php?legal%2Fo3%3Fpid=15353 HTTP/1.1" 200 470351 "-" "Mozilla/5.0 AppleWebKit/537.36 (KHTML, like Gecko; compatible; GPTBot/1.2; +https://openai.com/gptbot)"
20.171.207.15 - - [22/Aug/2025:11:09:21 +0200] "GET /pages.php?below%2Ft37%3Fpid=12501 HTTP/1.1" 200 462575 "-" "Mozilla/5.0 AppleWebKit/537.36 (KHTML, like Gecko; compatible; GPTBot/1.2; +https://openai.com/gptbot)"
20.171.207.29 - - [22/Aug/2025:11:09:25 +0200] "GET /pages.php?bill%2Fo90%3Fpid=34856 HTTP/1.1" 200 480376 "-" "Mozilla/5.0 AppleWebKit/537.36 (KHTML, like Gecko; compatible; GPTBot/1.2; +https://openai.com/gptbot)"
20.171.207.15 - - [22/Aug/2025:11:09:26 +0200] "GET /pages.php?vendor%2Fw40%3Fpid=574 HTTP/1.1" 200 465860 "-" "Mozilla/5.0 AppleWebKit/537.36 (KHTML, like Gecko; compatible; GPTBot/1.2; +https://openai.com/gptbot)"
20.171.207.15 - - [22/Aug/2025:11:09:27 +0200] "GET /pages.php?tray%2Fu15%3Fpid=42787 HTTP/1.1" 200 460365 "-" "Mozilla/5.0 AppleWebKit/537.36 (KHTML, like Gecko; compatible; GPTBot/1.2; +https://openai.com/gptbot)"
20.171.207.15 - - [22/Aug/2025:11:09:29 +0200] "GET /pages.php?q-~37ClGyOeCkW5nu0G2BHPpBIsD4CBe8uQ16574/ HTTP/1.1" 200 462582 "-" "Mozilla/5.0 AppleWebKit/537.36 (KHTML, like Gecko; compatible; GPTBot/1.2; +https://openai.com/gptbot)"
20.171.207.15 - - [22/Aug/2025:11:09:31 +0200] "GET /pages.php?aircraft%2Fd99%3Fpid=15 HTTP/1.1" 200 471462 "-" "Mozilla/5.0 AppleWebKit/537.36 (KHTML, like Gecko; compatible; GPTBot/1.2; +https://openai.com/gptbot)"
20.171.207.15 - - [22/Aug/2025:11:09:33 +0200] "GET /pages.php?symbolic%2Ff36%3Fpid=274 HTTP/1.1" 200 470867 "-" "Mozilla/5.0 AppleWebKit/537.36 (KHTML, like Gecko; compatible; GPTBot/1.2; +https://openai.com/gptbot)"
20.171.207.15 - - [22/Aug/2025:11:09:36 +0200] "GET /pages.php?unless%2Fc73%3Fpid=795 HTTP/1.1" 200 460949 "-" "Mozilla/5.0 AppleWebKit/537.36 (KHTML, like Gecko; compatible; GPTBot/1.2; +https://openai.com/gptbot)"
20.171.207.15 - - [22/Aug/2025:11:09:37 +0200] "GET /pages.php?drop%2Fc83%3Fpid=17635 HTTP/1.1" 200 468593 "-" "Mozilla/5.0 AppleWebKit/537.36 (KHTML, like Gecko; compatible; GPTBot/1.2; +https://openai.com/gptbot)"
20.171.207.15 - - [22/Aug/2025:11:09:40 +0200] "GET /pages.php?banana%2Fk5%3Fpid=36981 HTTP/1.1" 200 466612 "-" "Mozilla/5.0 AppleWebKit/537.36 (KHTML, like Gecko; compatible; GPTBot/1.2; +https://openai.com/gptbot)"
20.171.207.15 - - [22/Aug/2025:11:09:42 +0200] "GET /pages.php?driving%2Ff64%3Fpid=998 HTTP/1.1" 200 469524 "-" "Mozilla/5.0 AppleWebKit/537.36 (KHTML, like Gecko; compatible; GPTBot/1.2; +https://openai.com/gptbot)"
20.171.207.15 - - [22/Aug/2025:11:09:43 +0200] "GET /pages.php?carry%2Fe50%3Fpid=31430 HTTP/1.1" 200 462066 "-" "Mozilla/5.0 AppleWebKit/537.36 (KHTML, like Gecko; compatible; GPTBot/1.2; +https://openai.com/gptbot)"
20.171.207.15 - - [22/Aug/2025:11:09:45 +0200] "GET /pages.php?craft%2Fl44%3Fpid=21026 HTTP/1.1" 200 471235 "-" "Mozilla/5.0 AppleWebKit/537.36 (KHTML, like Gecko; compatible; GPTBot/1.2; +https://openai.com/gptbot)"
20.171.207.15 - - [22/Aug/2025:11:09:46 +0200] "GET /pages.php?bulk%2Ff85%3Fpid=27381 HTTP/1.1" 200 472337 "-" "Mozilla/5.0 AppleWebKit/537.36 (KHTML, like Gecko; compatible; GPTBot/1.2; +https://openai.com/gptbot)"
20.171.207.15 - - [22/Aug/2025:11:09:47 +0200] "GET /pages.php?buyer%2Fl13%3Fpid=16955 HTTP/1.1" 200 463864 "-" "Mozilla/5.0 AppleWebKit/537.36 (KHTML, like Gecko; compatible; GPTBot/1.2; +https://openai.com/gptbot)"
20.171.207.15 - - [22/Aug/2025:11:09:48 +0200] "GET /pages.php?genre%2Fc91%3Fpid=18395 HTTP/1.1" 200 460340 "-" "Mozilla/5.0 AppleWebKit/537.36 (KHTML, like Gecko; compatible; GPTBot/1.2; +https://openai.com/gptbot)"
20.171.207.15 - - [22/Aug/2025:11:09:49 +0200] "GET /pages.php?worry%2Fo11%3Fpid=29439 HTTP/1.1" 200 471967 "-" "Mozilla/5.0 AppleWebKit/537.36 (KHTML, like Gecko; compatible; GPTBot/1.2; +https://openai.com/gptbot)"
20.171.207.15 - - [22/Aug/2025:11:09:50 +0200] "GET /pages.php?mayor%2Fe56%3Fpid=726 HTTP/1.1" 200 472835 "-" "Mozilla/5.0 AppleWebKit/537.36 (KHTML, like Gecko; compatible; GPTBot/1.2; +https://openai.com/gptbot)"
20.171.207.15 - - [22/Aug/2025:11:09:52 +0200] "GET /pages.php?swim%2Fz128%3Fpid=9234 HTTP/1.1" 200 468549 "-" "Mozilla/5.0 AppleWebKit/537.36 (KHTML, like Gecko; compatible; GPTBot/1.2; +https://openai.com/gptbot)"
20.171.207.15 - - [22/Aug/2025:11:09:52 +0200] "GET / HTTP/1.1" 500 0 "-" "Mozilla/5.0 AppleWebKit/537.36 (KHTML, like Gecko; compatible; GPTBot/1.2; +https://openai.com/gptbot)"
20.171.207.15 - - [22/Aug/2025:11:09:54 +0200] "GET /pages.php?royal%2Fv7%3Fpid=34095 HTTP/1.1" 200 467147 "-" "Mozilla/5.0 AppleWebKit/537.36 (KHTML, like Gecko; compatible; GPTBot/1.2; +https://openai.com/gptbot)"
20.171.207.15 - - [22/Aug/2025:11:09:57 +0200] "GET /pages.php?tire%2Fk209%3Fpid=8571 HTTP/1.1" 200 476255 "-" "Mozilla/5.0 AppleWebKit/537.36 (KHTML, like Gecko; compatible; GPTBot/1.2; +https://openai.com/gptbot)"
20.171.207.15 - - [22/Aug/2025:11:10:01 +0200] "GET /pages.php?seal%2Fo261%3Fpid=7395 HTTP/1.1" 200 469126 "-" "Mozilla/5.0 AppleWebKit/537.36 (KHTML, like Gecko; compatible; GPTBot/1.2; +https://openai.com/gptbot)"
20.171.207.15 - - [22/Aug/2025:11:10:03 +0200] "GET /pages.php?stock%2Fy78%3Fpid=27944 HTTP/1.1" 200 471290 "-" "Mozilla/5.0 AppleWebKit/537.36 (KHTML, like Gecko; compatible; GPTBot/1.2; +https://openai.com/gptbot)"
20.171.207.15 - - [22/Aug/2025:11:10:06 +0200] "GET /pages.php?feedback%2Ft49%3Fpid=20947 HTTP/1.1" 200 469116 "-" "Mozilla/5.0 AppleWebKit/537.36 (KHTML, like Gecko; compatible; GPTBot/1.2; +https://openai.com/gptbot)"
20.171.207.15 - - [22/Aug/2025:11:10:10 +0200] "GET /pages.php?confess%2Fb55%3Fpid=511 HTTP/1.1" 200 470612 "-" "Mozilla/5.0 AppleWebKit/537.36 (KHTML, like Gecko; compatible; GPTBot/1.2; +https://openai.com/gptbot)"
20.171.207.15 - - [22/Aug/2025:11:10:12 +0200] "GET /pages.php?unable%2Fe7%3Fpid=34093 HTTP/1.1" 200 466473 "-" "Mozilla/5.0 AppleWebKit/537.36 (KHTML, like Gecko; compatible; GPTBot/1.2; +https://openai.com/gptbot)"
20.171.207.15 - - [22/Aug/2025:11:10:13 +0200] "GET /pages.php?fence%2Fw53%3Fpid=461 HTTP/1.1" 200 459480 "-" "Mozilla/5.0 AppleWebKit/537.36 (KHTML, like Gecko; compatible; GPTBot/1.2; +https://openai.com/gptbot)"
20.171.207.15 - - [22/Aug/2025:11:10:15 +0200] "GET /pages.php?motive%2Fb96%3Fpid=742 HTTP/1.1" 200 465957 "-" "Mozilla/5.0 AppleWebKit/537.36 (KHTML, like Gecko; compatible; GPTBot/1.2; +https://openai.com/gptbot)"
20.171.207.15 - - [22/Aug/2025:11:10:16 +0200] "GET /pages.php?dramatic%2Fx79%3Fpid=631 HTTP/1.1" 200 470403 "-" "Mozilla/5.0 AppleWebKit/537.36 (KHTML, like Gecko; compatible; GPTBot/1.2; +https://openai.com/gptbot)"
20.171.207.15 - - [22/Aug/2025:11:10:18 +0200] "GET /pages.php?carry%2Fh79%3Fpid=635 HTTP/1.1" 200 464167 "-" "Mozilla/5.0 AppleWebKit/537.36 (KHTML, like Gecko; compatible; GPTBot/1.2; +https://openai.com/gptbot)"
20.171.207.15 - - [22/Aug/2025:11:10:20 +0200] "GET /pages.php?mechanical%2Fk85%3Fpid=915 HTTP/1.1" 200 461601 "-" "Mozilla/5.0 AppleWebKit/537.36 (KHTML, like Gecko; compatible; GPTBot/1.2; +https://openai.com/gptbot)"
20.171.207.15 - - [22/Aug/2025:11:10:21 +0200] "GET /pages.php?examine%2Fu26%3Fpid=176 HTTP/1.1" 200 479344 "-" "Mozilla/5.0 AppleWebKit/537.36 (KHTML, like Gecko; compatible; GPTBot/1.2; +https://openai.com/gptbot)"
20.171.207.15 - - [22/Aug/2025:11:10:22 +0200] "GET /pages.php?stove%2Fj79%3Fpid=633 HTTP/1.1" 200 465615 "-" "Mozilla/5.0 AppleWebKit/537.36 (KHTML, like Gecko; compatible; GPTBot/1.2; +https://openai.com/gptbot)"
20.171.207.15 - - [22/Aug/2025:11:10:26 +0200] "GET /pages.php?humor%2Fp43%3Fpid=22879 HTTP/1.1" 200 460666 "-" "Mozilla/5.0 AppleWebKit/537.36 (KHTML, like Gecko; compatible; GPTBot/1.2; +https://openai.com/gptbot)"
20.171.207.15 - - [22/Aug/2025:11:10:27 +0200] "GET /pages.php?towel%2Fp81%3Fpid=47979 HTTP/1.1" 200 467756 "-" "Mozilla/5.0 AppleWebKit/537.36 (KHTML, like Gecko; compatible; GPTBot/1.2; +https://openai.com/gptbot)"
20.171.207.29 - - [22/Aug/2025:11:10:28 +0200] "GET /?_bd_prev_page=https%3A%2F%2Fkjinvest.net%2Fsite.asp%3Fcontrast%2Fu39%3Fpid%3D87&_bdsid=v5njat.n%7EAVSGA.1747508339875.1798364627 HTTP/1.1" 500 0 "-" "Mozilla/5.0 AppleWebKit/537.36 (KHTML, like Gecko; compatible; GPTBot/1.2; +https://openai.com/gptbot)"
20.171.207.15 - - [22/Aug/2025:11:10:28 +0200] "GET /pages.php?enact%2Fz18%3Fpid=39504 HTTP/1.1" 200 466578 "-" "Mozilla/5.0 AppleWebKit/537.36 (KHTML, like Gecko; compatible; GPTBot/1.2; +https://openai.com/gptbot)"
20.171.207.15 - - [22/Aug/2025:11:10:29 +0200] "GET /pages.php?moon%2Fo48%3Fpid=26114 HTTP/1.1" 200 477406 "-" "Mozilla/5.0 AppleWebKit/537.36 (KHTML, like Gecko; compatible; GPTBot/1.2; +https://openai.com/gptbot)"
20.171.207.15 - - [22/Aug/2025:11:10:30 +0200] "GET /pages.php?space%2Fy52%3Fpid=40798 HTTP/1.1" 200 469775 "-" "Mozilla/5.0 AppleWebKit/537.36 (KHTML, like Gecko; compatible; GPTBot/1.2; +https://openai.com/gptbot)"
20.171.207.15 - - [22/Aug/2025:11:10:32 +0200] "GET /pages.php?frown%2Fd57%3Fpid=37913 HTTP/1.1" 200 469686 "-" "Mozilla/5.0 AppleWebKit/537.36 (KHTML, like Gecko; compatible; GPTBot/1.2; +https://openai.com/gptbot)"
20.171.207.15 - - [22/Aug/2025:11:10:33 +0200] "GET /pages.php?port%2Fz70%3Fpid=18282 HTTP/1.1" 200 471024 "-" "Mozilla/5.0 AppleWebKit/537.36 (KHTML, like Gecko; compatible; GPTBot/1.2; +https://openai.com/gptbot)"
20.171.207.15 - - [22/Aug/2025:11:10:36 +0200] "GET /pages.php?error%2Fu295%3Fpid=16169 HTTP/1.1" 200 475132 "-" "Mozilla/5.0 AppleWebKit/537.36 (KHTML, like Gecko; compatible; GPTBot/1.2; +https://openai.com/gptbot)"
20.171.207.15 - - [22/Aug/2025:11:10:38 +0200] "GET /pages.php?q-~192gdFubHwnC91VhgthATrGAVf1qDPssR39199/ HTTP/1.1" 200 466348 "-" "Mozilla/5.0 AppleWebKit/537.36 (KHTML, like Gecko; compatible; GPTBot/1.2; +https://openai.com/gptbot)"
20.171.207.15 - - [22/Aug/2025:11:10:41 +0200] "GET /pages.php?q-~49hvmB6Dn85vO2uzDSaZOfJaNnAsGdub41808/ HTTP/1.1" 200 460345 "-" "Mozilla/5.0 AppleWebKit/537.36 (KHTML, like Gecko; compatible; GPTBot/1.2; +https://openai.com/gptbot)"
20.171.207.15 - - [22/Aug/2025:11:10:41 +0200] "GET / HTTP/1.1" 500 0 "-" "Mozilla/5.0 AppleWebKit/537.36 (KHTML, like Gecko; compatible; GPTBot/1.2; +https://openai.com/gptbot)"
20.171.207.15 - - [22/Aug/2025:11:10:43 +0200] "GET /pages.php?leaf%2Ft18%3Fpid=20352 HTTP/1.1" 200 467227 "-" "Mozilla/5.0 AppleWebKit/537.36 (KHTML, like Gecko; compatible; GPTBot/1.2; +https://openai.com/gptbot)"
20.171.207.15 - - [22/Aug/2025:11:10:46 +0200] "GET /pages.php?league%2Fv19%3Fpid=7845 HTTP/1.1" 200 465127 "-" "Mozilla/5.0 AppleWebKit/537.36 (KHTML, like Gecko; compatible; GPTBot/1.2; +https://openai.com/gptbot)"
20.171.207.15 - - [22/Aug/2025:11:10:49 +0200] "GET /pages.php?cup%2Fa74%3Fpid=5980 HTTP/1.1" 200 472366 "-" "Mozilla/5.0 AppleWebKit/537.36 (KHTML, like Gecko; compatible; GPTBot/1.2; +https://openai.com/gptbot)"
20.171.207.15 - - [22/Aug/2025:11:10:52 +0200] "GET /pages.php?proud%2Fx90%3Fpid=16966 HTTP/1.1" 200 458694 "-" "Mozilla/5.0 AppleWebKit/537.36 (KHTML, like Gecko; compatible; GPTBot/1.2; +https://openai.com/gptbot)"
20.171.207.15 - - [22/Aug/2025:11:10:56 +0200] "GET /pages.php?event%2Fz275%3Fpid=2327 HTTP/1.1" 200 467664 "-" "Mozilla/5.0 AppleWebKit/537.36 (KHTML, like Gecko; compatible; GPTBot/1.2; +https://openai.com/gptbot)"
20.171.207.15 - - [22/Aug/2025:11:10:57 +0200] "GET /pages.php?star%2Fs58%3Fpid=49918 HTTP/1.1" 200 461704 "-" "Mozilla/5.0 AppleWebKit/537.36 (KHTML, like Gecko; compatible; GPTBot/1.2; +https://openai.com/gptbot)"
20.171.207.15 - - [22/Aug/2025:11:11:00 +0200] "GET /pages.php?q-~49UZSVdgsU4hhB37HZlrnoat7prF6iDh23546/ HTTP/1.1" 200 472358 "-" "Mozilla/5.0 AppleWebKit/537.36 (KHTML, like Gecko; compatible; GPTBot/1.2; +https://openai.com/gptbot)"
20.171.207.15 - - [22/Aug/2025:11:11:01 +0200] "GET /pages.php?harm%2Fx26%3Fpid=47824 HTTP/1.1" 200 464584 "-" "Mozilla/5.0 AppleWebKit/537.36 (KHTML, like Gecko; compatible; GPTBot/1.2; +https://openai.com/gptbot)"
20.171.207.15 - - [22/Aug/2025:11:11:03 +0200] "GET /pages.php?belief%2Fw17%3Fpid=969 HTTP/1.1" 200 468562 "-" "Mozilla/5.0 AppleWebKit/537.36 (KHTML, like Gecko; compatible; GPTBot/1.2; +https://openai.com/gptbot)"
20.171.207.15 - - [22/Aug/2025:11:11:04 +0200] "GET /pages.php?civil%2Fx17%3Fpid=959 HTTP/1.1" 200 475403 "-" "Mozilla/5.0 AppleWebKit/537.36 (KHTML, like Gecko; compatible; GPTBot/1.2; +https://openai.com/gptbot)"
20.171.207.15 - - [22/Aug/2025:11:11:05 +0200] "GET /pages.php?lemon%2Fz37%3Fpid=25047 HTTP/1.1" 200 459718 "-" "Mozilla/5.0 AppleWebKit/537.36 (KHTML, like Gecko; compatible; GPTBot/1.2; +https://openai.com/gptbot)"
20.171.207.15 - - [22/Aug/2025:11:11:06 +0200] "GET / HTTP/1.1" 500 0 "-" "Mozilla/5.0 AppleWebKit/537.36 (KHTML, like Gecko; compatible; GPTBot/1.2; +https://openai.com/gptbot)"
20.171.207.15 - - [22/Aug/2025:11:11:08 +0200] "GET /pages.php?corner%2Fl38%3Fpid=134 HTTP/1.1" 200 474725 "-" "Mozilla/5.0 AppleWebKit/537.36 (KHTML, like Gecko; compatible; GPTBot/1.2; +https://openai.com/gptbot)"
20.171.207.15 - - [22/Aug/2025:11:11:13 +0200] "GET /pages.php?beach%2Fb49%3Fpid=567 HTTP/1.1" 200 470286 "-" "Mozilla/5.0 AppleWebKit/537.36 (KHTML, like Gecko; compatible; GPTBot/1.2; +https://openai.com/gptbot)"
20.171.207.15 - - [22/Aug/2025:11:11:16 +0200] "GET /pages.php?across%2Fc5%3Fpid=45387 HTTP/1.1" 200 477115 "-" "Mozilla/5.0 AppleWebKit/537.36 (KHTML, like Gecko; compatible; GPTBot/1.2; +https://openai.com/gptbot)"
20.171.207.15 - - [22/Aug/2025:11:11:17 +0200] "GET /pages.php?lead%2Fq51%3Fpid=47811 HTTP/1.1" 200 470380 "-" "Mozilla/5.0 AppleWebKit/537.36 (KHTML, like Gecko; compatible; GPTBot/1.2; +https://openai.com/gptbot)"
20.171.207.15 - - [22/Aug/2025:11:11:19 +0200] "GET /pages.php?helmet%2Fw65%3Fpid=145 HTTP/1.1" 200 463639 "-" "Mozilla/5.0 AppleWebKit/537.36 (KHTML, like Gecko; compatible; GPTBot/1.2; +https://openai.com/gptbot)"
20.171.207.15 - - [22/Aug/2025:11:11:24 +0200] "GET /pages.php?build%2Fw58%3Fpid=976 HTTP/1.1" 200 470115 "-" "Mozilla/5.0 AppleWebKit/537.36 (KHTML, like Gecko; compatible; GPTBot/1.2; +https://openai.com/gptbot)"
20.171.207.29 - - [22/Aug/2025:11:11:24 +0200] "GET /pages.php?bull%2Fc189%3Fpid=9465 HTTP/1.1" 200 463571 "-" "Mozilla/5.0 AppleWebKit/537.36 (KHTML, like Gecko; compatible; GPTBot/1.2; +https://openai.com/gptbot)"
20.171.207.15 - - [22/Aug/2025:11:11:24 +0200] "GET /pages.php?award%2Fo105%3Fpid=3245 HTTP/1.1" 200 465755 "-" "Mozilla/5.0 AppleWebKit/537.36 (KHTML, like Gecko; compatible; GPTBot/1.2; +https://openai.com/gptbot)"
20.171.207.15 - - [22/Aug/2025:11:11:28 +0200] "GET /pages.php?weekend%2Fw65%3Fpid=145 HTTP/1.1" 200 467722 "-" "Mozilla/5.0 AppleWebKit/537.36 (KHTML, like Gecko; compatible; GPTBot/1.2; +https://openai.com/gptbot)"
20.171.207.15 - - [22/Aug/2025:11:11:30 +0200] "GET /pages.php?frame%2Fk5%3Fpid=45383 HTTP/1.1" 200 461197 "-" "Mozilla/5.0 AppleWebKit/537.36 (KHTML, like Gecko; compatible; GPTBot/1.2; +https://openai.com/gptbot)"
20.171.207.15 - - [22/Aug/2025:11:11:31 +0200] "GET /pages.php?delivery%2Fz31%3Fpid=587 HTTP/1.1" 200 461186 "-" "Mozilla/5.0 AppleWebKit/537.36 (KHTML, like Gecko; compatible; GPTBot/1.2; +https://openai.com/gptbot)"
20.171.207.15 - - [22/Aug/2025:11:11:31 +0200] "GET / HTTP/1.1" 500 0 "-" "Mozilla/5.0 AppleWebKit/537.36 (KHTML, like Gecko; compatible; GPTBot/1.2; +https://openai.com/gptbot)"
20.171.207.15 - - [22/Aug/2025:11:11:33 +0200] "GET /pages.php?ball%2Fe67%3Fpid=31649 HTTP/1.1" 200 462414 "-" "Mozilla/5.0 AppleWebKit/537.36 (KHTML, like Gecko; compatible; GPTBot/1.2; +https://openai.com/gptbot)"
20.171.207.15 - - [22/Aug/2025:11:11:38 +0200] "GET /pages.php?fast%2Fv43%3Fpid=23781 HTTP/1.1" 200 474808 "-" "Mozilla/5.0 AppleWebKit/537.36 (KHTML, like Gecko; compatible; GPTBot/1.2; +https://openai.com/gptbot)"
20.171.207.15 - - [22/Aug/2025:11:11:41 +0200] "GET /pages.php?interior%2Fm89%3Fpid=363 HTTP/1.1" 200 462854 "-" "Mozilla/5.0 AppleWebKit/537.36 (KHTML, like Gecko; compatible; GPTBot/1.2; +https://openai.com/gptbot)"
20.171.207.15 - - [22/Aug/2025:11:11:43 +0200] "GET /pages.php?event%2Fs14%3Fpid=450 HTTP/1.1" 200 464826 "-" "Mozilla/5.0 AppleWebKit/537.36 (KHTML, like Gecko; compatible; GPTBot/1.2; +https://openai.com/gptbot)"
20.171.207.15 - - [22/Aug/2025:11:11:47 +0200] "GET /pages.php?prove%2Fo237%3Fpid=1489 HTTP/1.1" 200 462320 "-" "Mozilla/5.0 AppleWebKit/537.36 (KHTML, like Gecko; compatible; GPTBot/1.2; +https://openai.com/gptbot)"
20.171.207.15 - - [22/Aug/2025:11:11:48 +0200] "GET /pages.php?citizen%2Fz17%3Fpid=291 HTTP/1.1" 200 465516 "-" "Mozilla/5.0 AppleWebKit/537.36 (KHTML, like Gecko; compatible; GPTBot/1.2; +https://openai.com/gptbot)"
20.171.207.15 - - [22/Aug/2025:11:11:50 +0200] "GET /pages.php?every%2Fx6%3Fpid=9784 HTTP/1.1" 200 468314 "-" "Mozilla/5.0 AppleWebKit/537.36 (KHTML, like Gecko; compatible; GPTBot/1.2; +https://openai.com/gptbot)"
20.171.207.15 - - [22/Aug/2025:11:11:52 +0200] "GET /pages.php?several%2Fa89%3Fpid=371 HTTP/1.1" 200 467661 "-" "Mozilla/5.0 AppleWebKit/537.36 (KHTML, like Gecko; compatible; GPTBot/1.2; +https://openai.com/gptbot)"
20.171.207.15 - - [22/Aug/2025:11:11:53 +0200] "GET /chat.xhtml?pickup%2Fe6%3Fpid=526 HTTP/1.1" 500 0 "-" "Mozilla/5.0 AppleWebKit/537.36 (KHTML, like Gecko; compatible; GPTBot/1.2; +https://openai.com/gptbot)"
20.171.207.15 - - [22/Aug/2025:11:11:56 +0200] "GET /pages.php?least%2Fo85%3Fpid=21735 HTTP/1.1" 200 465353 "-" "Mozilla/5.0 AppleWebKit/537.36 (KHTML, like Gecko; compatible; GPTBot/1.2; +https://openai.com/gptbot)"
20.171.207.15 - - [22/Aug/2025:11:12:00 +0200] "GET /pages.php?cage%2Fr18%3Fpid=47038 HTTP/1.1" 200 468220 "-" "Mozilla/5.0 AppleWebKit/537.36 (KHTML, like Gecko; compatible; GPTBot/1.2; +https://openai.com/gptbot)"
20.171.207.15 - - [22/Aug/2025:11:12:05 +0200] "GET /pages.php?usual%2Fn247%3Fpid=7587 HTTP/1.1" 200 464393 "-" "Mozilla/5.0 AppleWebKit/537.36 (KHTML, like Gecko; compatible; GPTBot/1.2; +https://openai.com/gptbot)"
66.249.74.74 - - [22/Aug/2025:11:12:06 +0200] "GET /array013007042.html HTTP/1.1" 200 555290 "-" "Mozilla/5.0 (Linux; Android 6.0.1; Nexus 5X Build/MMB29P) AppleWebKit/537.36 (KHTML, like Gecko) Chrome/138.0.7204.183 Mobile Safari/537.36 (compatible; Googlebot/2.1; +http://www.google.com/bot.html)"
20.171.207.15 - - [22/Aug/2025:11:12:08 +0200] "GET /pages.php?health%2Fz5%3Fpid=1099 HTTP/1.1" 200 461527 "-" "Mozilla/5.0 AppleWebKit/537.36 (KHTML, like Gecko; compatible; GPTBot/1.2; +https://openai.com/gptbot)"
20.171.207.15 - - [22/Aug/2025:11:12:12 +0200] "GET /pages.php?beach%2Fm195%3Fpid=22837 HTTP/1.1" 200 466483 "-" "Mozilla/5.0 AppleWebKit/537.36 (KHTML, like Gecko; compatible; GPTBot/1.2; +https://openai.com/gptbot)"
208.110.64.178 - - [22/Aug/2025:11:12:13 +0200] "GET /wp-content/edit.php HTTP/1.1" 500 0 "https://www.kjinvest.net/wp-content/edit.php" "Mozilla/5.0 (Windows NT 10.0; Win64; x64) AppleWebKit/537.36 (KHTML, like Gecko) Chrome/58.0.3029.110 Safari/537.3"
208.110.64.178 - - [22/Aug/2025:11:12:13 +0200] "GET /wp-content/edit.php HTTP/1.1" 500 0 "https://www.kjinvest.net/wp-content/edit.php" "Mozilla/5.0 (Windows NT 10.0; Win64; x64) AppleWebKit/537.36 (KHTML, like Gecko) Chrome/58.0.3029.110 Safari/537.3"
20.171.207.15 - - [22/Aug/2025:11:12:14 +0200] "GET / HTTP/1.1" 500 0 "-" "Mozilla/5.0 AppleWebKit/537.36 (KHTML, like Gecko; compatible; GPTBot/1.2; +https://openai.com/gptbot)"
66.249.74.72 - - [22/Aug/2025:11:12:14 +0200] "GET /efficient179037252.html HTTP/1.1" 200 554863 "-" "Mozilla/5.0 (Linux; Android 6.0.1; Nexus 5X Build/MMB29P) AppleWebKit/537.36 (KHTML, like Gecko) Chrome/138.0.7204.183 Mobile Safari/537.36 (compatible; Googlebot/2.1; +http://www.google.com/bot.html)"
20.171.207.15 - - [22/Aug/2025:11:12:19 +0200] "GET /pages.php?virus%2Fd89%3Fpid=367 HTTP/1.1" 200 464183 "-" "Mozilla/5.0 AppleWebKit/537.36 (KHTML, like Gecko; compatible; GPTBot/1.2; +https://openai.com/gptbot)"
66.249.74.72 - - [22/Aug/2025:11:12:22 +0200] "GET /game043000552.html HTTP/1.1" 200 554589 "-" "Mozilla/5.0 (Linux; Android 6.0.1; Nexus 5X Build/MMB29P) AppleWebKit/537.36 (KHTML, like Gecko) Chrome/138.0.7204.183 Mobile Safari/537.36 (compatible; Googlebot/2.1; +http://www.google.com/bot.html)"
20.171.207.29 - - [22/Aug/2025:11:12:25 +0200] "GET /pages.php?move%2Fx86%3Fpid=30452 HTTP/1.1" 200 460055 "-" "Mozilla/5.0 AppleWebKit/537.36 (KHTML, like Gecko; compatible; GPTBot/1.2; +https://openai.com/gptbot)"
20.171.207.15 - - [22/Aug/2025:11:12:26 +0200] "GET /pages.php?later%2Fc86%3Fpid=11106 HTTP/1.1" 200 464812 "-" "Mozilla/5.0 AppleWebKit/537.36 (KHTML, like Gecko; compatible; GPTBot/1.2; +https://openai.com/gptbot)"
66.249.74.72 - - [22/Aug/2025:11:12:29 +0200] "GET /reaction034016077.html HTTP/1.1" 200 562975 "-" "Mozilla/5.0 (Linux; Android 6.0.1; Nexus 5X Build/MMB29P) AppleWebKit/537.36 (KHTML, like Gecko) Chrome/138.0.7204.183 Mobile Safari/537.36 (compatible; Googlebot/2.1; +http://www.google.com/bot.html)"
20.171.207.15 - - [22/Aug/2025:11:12:34 +0200] "GET /pages.php?chicken%2Fq94%3Fpid=18094 HTTP/1.1" 200 474863 "-" "Mozilla/5.0 AppleWebKit/537.36 (KHTML, like Gecko; compatible; GPTBot/1.2; +https://openai.com/gptbot)"
20.171.207.15 - - [22/Aug/2025:11:12:40 +0200] "GET /pages.php?myself%2Fo11%3Fpid=647 HTTP/1.1" 200 461954 "-" "Mozilla/5.0 AppleWebKit/537.36 (KHTML, like Gecko; compatible; GPTBot/1.2; +https://openai.com/gptbot)"
20.171.207.15 - - [22/Aug/2025:11:12:46 +0200] "GET /pages.php?latter%2Fe11%3Fpid=645 HTTP/1.1" 200 461066 "-" "Mozilla/5.0 AppleWebKit/537.36 (KHTML, like Gecko; compatible; GPTBot/1.2; +https://openai.com/gptbot)"
20.171.207.15 - - [22/Aug/2025:11:12:52 +0200] "GET /pages.php?humor%2Fy37%3Fpid=513 HTTP/1.1" 200 472826 "-" "Mozilla/5.0 AppleWebKit/537.36 (KHTML, like Gecko; compatible; GPTBot/1.2; +https://openai.com/gptbot)"
20.171.207.15 - - [22/Aug/2025:11:12:56 +0200] "GET /pages.php?vocal%2Fd114%3Fpid=7172 HTTP/1.1" 200 474782 "-" "Mozilla/5.0 AppleWebKit/537.36 (KHTML, like Gecko; compatible; GPTBot/1.2; +https://openai.com/gptbot)"
20.171.207.15 - - [22/Aug/2025:11:13:01 +0200] "GET /pages.php?press%2Fs265%3Fpid=25397 HTTP/1.1" 200 462794 "-" "Mozilla/5.0 AppleWebKit/537.36 (KHTML, like Gecko; compatible; GPTBot/1.2; +https://openai.com/gptbot)"
66.249.74.72 - - [22/Aug/2025:11:13:01 +0200] "GET /items/002000280.html?srsltid=AfmBOokscgpZtgfqnqaX5bg2FRjiMKMqoDTCA5huHdeCmRGMoIPu HTTP/1.1" 200 559872 "-" "Mozilla/5.0 (Linux; Android 6.0.1; Nexus 5X Build/MMB29P) AppleWebKit/537.36 (KHTML, like Gecko) Chrome/138.0.7204.183 Mobile Safari/537.36 (compatible; Googlebot/2.1; +http://www.google.com/bot.html)"
20.171.207.15 - - [22/Aug/2025:11:13:04 +0200] "GET / HTTP/1.1" 500 0 "-" "Mozilla/5.0 AppleWebKit/537.36 (KHTML, like Gecko; compatible; GPTBot/1.2; +https://openai.com/gptbot)"
20.171.207.15 - - [22/Aug/2025:11:13:10 +0200] "GET /pages.php?q-~170arjlPyaMzMXFt9JhbFLla1K0VW14sr28093/ HTTP/1.1" 200 468433 "-" "Mozilla/5.0 AppleWebKit/537.36 (KHTML, like Gecko; compatible; GPTBot/1.2; +https://openai.com/gptbot)"
66.249.74.73 - - [22/Aug/2025:11:13:16 +0200] "GET /than173038172.html HTTP/1.1" 200 567929 "-" "Mozilla/5.0 (Linux; Android 6.0.1; Nexus 5X Build/MMB29P) AppleWebKit/537.36 (KHTML, like Gecko) Chrome/138.0.7204.183 Mobile Safari/537.36 (compatible; Googlebot/2.1; +http://www.google.com/bot.html)"
20.171.207.15 - - [22/Aug/2025:11:13:21 +0200] "GET /pages.php?q-~41BBC5TnTIXOjj477qEGsZN0ExGlKZBZ27468/ HTTP/1.1" 200 470968 "-" "Mozilla/5.0 AppleWebKit/537.36 (KHTML, like Gecko; compatible; GPTBot/1.2; +https://openai.com/gptbot)"
20.171.207.29 - - [22/Aug/2025:11:13:22 +0200] "GET /pages.php?vendor%2Fz37%3Fpid=757 HTTP/1.1" 200 469537 "-" "Mozilla/5.0 AppleWebKit/537.36 (KHTML, like Gecko; compatible; GPTBot/1.2; +https://openai.com/gptbot)"
20.171.207.15 - - [22/Aug/2025:11:13:30 +0200] "GET /pages.php?question%2Fy65%3Fpid=405 HTTP/1.1" 200 468981 "-" "Mozilla/5.0 AppleWebKit/537.36 (KHTML, like Gecko; compatible; GPTBot/1.2; +https://openai.com/gptbot)"
20.171.207.15 - - [22/Aug/2025:11:13:36 +0200] "GET /chat.xhtml?fire%2Fy65%3Fpid=403 HTTP/1.1" 500 0 "-" "Mozilla/5.0 AppleWebKit/537.36 (KHTML, like Gecko; compatible; GPTBot/1.2; +https://openai.com/gptbot)"
66.249.74.72 - - [22/Aug/2025:11:13:38 +0200] "GET /items/037000239.html?srsltid=AfmBOoiviVCKIXksovgs6nLjNiAElMOgBV8nqsWngp1xrHfajpS0 HTTP/1.1" 200 555368 "-" "Mozilla/5.0 (Linux; Android 6.0.1; Nexus 5X Build/MMB29P) AppleWebKit/537.36 (KHTML, like Gecko) Chrome/138.0.7204.183 Mobile Safari/537.36 (compatible; Googlebot/2.1; +http://www.google.com/bot.html)"
20.171.207.15 - - [22/Aug/2025:11:13:45 +0200] "GET /pages.php?mom%2Fz44%3Fpid=13508 HTTP/1.1" 200 464301 "-" "Mozilla/5.0 AppleWebKit/537.36 (KHTML, like Gecko; compatible; GPTBot/1.2; +https://openai.com/gptbot)"
66.249.74.72 - - [22/Aug/2025:11:13:55 +0200] "GET /threat044000417.html HTTP/1.1" 200 557584 "-" "Mozilla/5.0 (Linux; Android 6.0.1; Nexus 5X Build/MMB29P) AppleWebKit/537.36 (KHTML, like Gecko) Chrome/138.0.7204.183 Mobile Safari/537.36 (compatible; Googlebot/2.1; +http://www.google.com/bot.html)"
66.249.74.74 - - [22/Aug/2025:11:14:08 +0200] "GET /sue193026192.html HTTP/1.1" 200 556099 "-" "Mozilla/5.0 (Linux; Android 6.0.1; Nexus 5X Build/MMB29P) AppleWebKit/537.36 (KHTML, like Gecko) Chrome/138.0.7204.183 Mobile Safari/537.36 (compatible; Googlebot/2.1; +http://www.google.com/bot.html)"
20.171.207.15 - - [22/Aug/2025:11:14:10 +0200] "GET /pages.php?fully%2Fw10%3Fpid=504 HTTP/1.1" 200 464197 "-" "Mozilla/5.0 AppleWebKit/537.36 (KHTML, like Gecko; compatible; GPTBot/1.2; +https://openai.com/gptbot)"
20.171.207.29 - - [22/Aug/2025:11:14:12 +0200] "GET /pages.php?shelter%2Fg28%3Fpid=470 HTTP/1.1" 200 466190 "-" "Mozilla/5.0 AppleWebKit/537.36 (KHTML, like Gecko; compatible; GPTBot/1.2; +https://openai.com/gptbot)"
20.171.207.15 - - [22/Aug/2025:11:14:31 +0200] "GET /pages.php?yell%2Fc88%3Fpid=19142 HTTP/1.1" 200 464424 "-" "Mozilla/5.0 AppleWebKit/537.36 (KHTML, like Gecko; compatible; GPTBot/1.2; +https://openai.com/gptbot)"
66.249.74.72 - - [22/Aug/2025:11:14:38 +0200] "GET /lead213014056.html HTTP/1.1" 200 553153 "-" "Mozilla/5.0 (Linux; Android 6.0.1; Nexus 5X Build/MMB29P) AppleWebKit/537.36 (KHTML, like Gecko) Chrome/138.0.7204.183 Mobile Safari/537.36 (compatible; Googlebot/2.1; +http://www.google.com/bot.html)"
66.249.74.72 - - [22/Aug/2025:11:14:47 +0200] "GET /?_gl=1*bx5ousi*_ga*jmOkjrslEctTxxyBphkOXVBFpdnT*_ga_CIUYDGQRZ*VbFORzFMf28r8oSYa6jwWtQcUR3D9BBb6dggdt6pyrSMkR1GsxkIApb.*_gcl_au=1.1.194240322.174645842*_gcl_aw=EVG.174214764.zxdO3ctP9c7uprfxdEJGHKGVCTBI7as7Cu9gzmmRKRKM2xVxq0E7rdVGrNb0pbjwHuYwxObTWj36SAmCj0L2sB3fHg..&_gz=2.192686394.191080969.179293887-869362568.161281656&_bdsid=v1shpr.n~RDIAH.174719976.171567595&_bd_prev_page=https://kjinvest.net/vendor.py?classic073016424.html HTTP/1.1" 200 563905 "-" "Mozilla/5.0 (Linux; Android 6.0.1; Nexus 5X Build/MMB29P) AppleWebKit/537.36 (KHTML, like Gecko) Chrome/138.0.7204.183 Mobile Safari/537.36 (compatible; Googlebot/2.1; +http://www.google.com/bot.html)"
20.171.207.15 - - [22/Aug/2025:11:14:48 +0200] "GET /?_bd_prev_page=https%3A%2F%2Fwww.kjinvest.net%2Fchat.xhtml%3Fq-%7E164Defk0P3ycpmJWkLAuEYQMVj3BZ5B4t27669%2F&_bdsid=sh0qr2.n%7ECANTS.172979176.172372949&_gz=2.199304954.190978852.175149336-863852640.162371011 HTTP/1.1" 500 0 "-" "Mozilla/5.0 AppleWebKit/537.36 (KHTML, like Gecko; compatible; GPTBot/1.2; +https://openai.com/gptbot)"
66.249.74.73 - - [22/Aug/2025:11:14:58 +0200] "GET /items/066000012.html?srsltid=AfmBOogxhKmBDfuWCvhLQUARLDwBpSjiJYWJKQxX2hZGm02uFJA1 HTTP/1.1" 200 557206 "-" "Mozilla/5.0 (Linux; Android 6.0.1; Nexus 5X Build/MMB29P) AppleWebKit/537.36 (KHTML, like Gecko) Chrome/138.0.7204.183 Mobile Safari/537.36 (compatible; Googlebot/2.1; +http://www.google.com/bot.html)"
20.171.207.29 - - [22/Aug/2025:11:14:59 +0200] "GET /pages.php?romance%2Fj1%3Fpid=899 HTTP/1.1" 200 471817 "-" "Mozilla/5.0 AppleWebKit/537.36 (KHTML, like Gecko; compatible; GPTBot/1.2; +https://openai.com/gptbot)"
20.171.207.15 - - [22/Aug/2025:11:15:06 +0200] "GET /pages.php?honor%2Fy257%3Fpid=819 HTTP/1.1" 200 467077 "-" "Mozilla/5.0 AppleWebKit/537.36 (KHTML, like Gecko; compatible; GPTBot/1.2; +https://openai.com/gptbot)"
66.249.74.73 - - [22/Aug/2025:11:15:19 +0200] "GET /receiver096038497.html HTTP/1.1" 200 557923 "-" "Mozilla/5.0 (Linux; Android 6.0.1; Nexus 5X Build/MMB29P) AppleWebKit/537.36 (KHTML, like Gecko) Chrome/138.0.7204.183 Mobile Safari/537.36 (compatible; Googlebot/2.1; +http://www.google.com/bot.html)"
66.249.74.73 - - [22/Aug/2025:11:15:24 +0200] "GET /?_gl=1*bx5ousi*_ga*jmOkjrslEctTxxyBphkOXVBFpdnT*_ga_CIUYDGQRZ*VbFORzFMf28r8oSYa6jwWtQcUR3D9BBb6dggdt6pyrSMkR1GsxkIApb.*_gcl_au=1.1.194240322.174645842*_gcl_aw=EVG.174214764.zxdO3ctP9c7uprfxdEJGHKGVCTBI7as7Cu9gzmmRKRKM2xVxq0E7rdVGrNb0pbjwHuYwxObTWj36SAmCj0L2sB3fHg..&_gz=2.192686394.191080969.179293887-869362568.161281656&_bdsid=v1shpr.n~RDIAH.174719976.171567595&_bd_prev_page=https://kjinvest.net/vendor.py?envelope061000846.html HTTP/1.1" 200 564812 "-" "Mozilla/5.0 (Linux; Android 6.0.1; Nexus 5X Build/MMB29P) AppleWebKit/537.36 (KHTML, like Gecko) Chrome/138.0.7204.183 Mobile Safari/537.36 (compatible; Googlebot/2.1; +http://www.google.com/bot.html)"
66.249.74.73 - - [22/Aug/2025:11:15:28 +0200] "GET /way011000280.html HTTP/1.1" 200 565295 "-" "Mozilla/5.0 (Linux; Android 6.0.1; Nexus 5X Build/MMB29P) AppleWebKit/537.36 (KHTML, like Gecko) Chrome/138.0.7204.183 Mobile Safari/537.36 (compatible; Googlebot/2.1; +http://www.google.com/bot.html)"
20.171.207.29 - - [22/Aug/2025:11:15:40 +0200] "GET /pages.php?bottom%2Fb50%3Fpid=36508 HTTP/1.1" 200 464052 "-" "Mozilla/5.0 AppleWebKit/537.36 (KHTML, like Gecko; compatible; GPTBot/1.2; +https://openai.com/gptbot)"
66.249.74.73 - - [22/Aug/2025:11:15:41 +0200] "GET /items/015000877.html?srsltid=AfmBOozfuIyPKYNMwduKlcIpKHpxZsEApbGwbTj8z87fWvdds0RR HTTP/1.1" 200 564112 "-" "Mozilla/5.0 (Linux; Android 6.0.1; Nexus 5X Build/MMB29P) AppleWebKit/537.36 (KHTML, like Gecko) Chrome/138.0.7204.183 Mobile Safari/537.36 (compatible; Googlebot/2.1; +http://www.google.com/bot.html)"
66.249.74.73 - - [22/Aug/2025:11:15:47 +0200] "GET /comfortable256016783.html HTTP/1.1" 200 556858 "-" "Mozilla/5.0 (Linux; Android 6.0.1; Nexus 5X Build/MMB29P) AppleWebKit/537.36 (KHTML, like Gecko) Chrome/138.0.7204.183 Mobile Safari/537.36 (compatible; Googlebot/2.1; +http://www.google.com/bot.html)"
20.171.207.15 - - [22/Aug/2025:11:16:00 +0200] "GET /pages.php?correct%2Fc78%3Fpid=790 HTTP/1.1" 200 463979 "-" "Mozilla/5.0 AppleWebKit/537.36 (KHTML, like Gecko; compatible; GPTBot/1.2; +https://openai.com/gptbot)"
66.249.74.73 - - [22/Aug/2025:11:16:02 +0200] "GET /medication077000274.html HTTP/1.1" 200 562441 "-" "Mozilla/5.0 (Linux; Android 6.0.1; Nexus 5X Build/MMB29P) AppleWebKit/537.36 (KHTML, like Gecko) Chrome/138.0.7204.183 Mobile Safari/537.36 (compatible; Googlebot/2.1; +http://www.google.com/bot.html)"
66.249.74.73 - - [22/Aug/2025:11:16:12 +0200] "GET /items/023000081.html?srsltid=AfmBOoprzRNuevMxKQFc1QCVKEPogTjRnINr1xB7InVyJebu965V HTTP/1.1" 200 557943 "-" "Mozilla/5.0 (Linux; Android 6.0.1; Nexus 5X Build/MMB29P) AppleWebKit/537.36 (KHTML, like Gecko) Chrome/138.0.7204.183 Mobile Safari/537.36 (compatible; Googlebot/2.1; +http://www.google.com/bot.html)"
20.171.207.29 - - [22/Aug/2025:11:16:18 +0200] "GET /?_bd_prev_page=https%3A%2F%2Fkjinvest.net%2Fsite.asp%3Frescue%2Fm119%3Fpid%3D30317&_bdsid=v5njat.n%7EAVSGA.1747508339875.1798364627 HTTP/1.1" 500 0 "-" "Mozilla/5.0 AppleWebKit/537.36 (KHTML, like Gecko; compatible; GPTBot/1.2; +https://openai.com/gptbot)"
66.249.74.72 - - [22/Aug/2025:11:16:26 +0200] "GET /plane036000879.html HTTP/1.1" 200 558283 "-" "Mozilla/5.0 (Linux; Android 6.0.1; Nexus 5X Build/MMB29P) AppleWebKit/537.36 (KHTML, like Gecko) Chrome/138.0.7204.183 Mobile Safari/537.36 (compatible; Googlebot/2.1; +http://www.google.com/bot.html)"
66.249.74.73 - - [22/Aug/2025:11:16:35 +0200] "GET /opposed204021555.html HTTP/1.1" 200 554081 "-" "Mozilla/5.0 (Linux; Android 6.0.1; Nexus 5X Build/MMB29P) AppleWebKit/537.36 (KHTML, like Gecko) Chrome/138.0.7204.183 Mobile Safari/537.36 (compatible; Googlebot/2.1; +http://www.google.com/bot.html)"
20.171.207.15 - - [22/Aug/2025:11:16:45 +0200] "GET /pages.php?terms%2Fv86%3Fpid=30486 HTTP/1.1" 200 461806 "-" "Mozilla/5.0 AppleWebKit/537.36 (KHTML, like Gecko; compatible; GPTBot/1.2; +https://openai.com/gptbot)"
66.249.74.73 - - [22/Aug/2025:11:16:47 +0200] "GET /two215001468.html HTTP/1.1" 200 560382 "-" "Mozilla/5.0 (Linux; Android 6.0.1; Nexus 5X Build/MMB29P) AppleWebKit/537.36 (KHTML, like Gecko) Chrome/138.0.7204.183 Mobile Safari/537.36 (compatible; Googlebot/2.1; +http://www.google.com/bot.html)"
20.171.207.29 - - [22/Aug/2025:11:16:52 +0200] "GET /pages.php?skull%2Fz74%3Fpid=186 HTTP/1.1" 200 468728 "-" "Mozilla/5.0 AppleWebKit/537.36 (KHTML, like Gecko; compatible; GPTBot/1.2; +https://openai.com/gptbot)"
66.249.74.72 - - [22/Aug/2025:11:17:08 +0200] "GET /items/006000546.html?srsltid=AfmBOoigpvxfXhHWSeChVb0dMARWZKBMqwGnWt7erFZN1KL6E0K3 HTTP/1.1" 200 561166 "-" "Mozilla/5.0 (Linux; Android 6.0.1; Nexus 5X Build/MMB29P) AppleWebKit/537.36 (KHTML, like Gecko) Chrome/138.0.7204.183 Mobile Safari/537.36 (compatible; Googlebot/2.1; +http://www.google.com/bot.html)"
20.171.207.15 - - [22/Aug/2025:11:17:28 +0200] "GET /pages.php?cold%2Fw88%3Fpid=19140 HTTP/1.1" 200 477566 "-" "Mozilla/5.0 AppleWebKit/537.36 (KHTML, like Gecko; compatible; GPTBot/1.2; +https://openai.com/gptbot)"
66.249.74.72 - - [22/Aug/2025:11:17:35 +0200] "GET / HTTP/1.1" 200 561452 "-" "Mozilla/5.0 (compatible; Googlebot/2.1; +http://www.google.com/bot.html)"
66.249.74.72 - - [22/Aug/2025:11:17:41 +0200] "GET /favicon.ico HTTP/1.1" 200 558213 "-" "Googlebot-Image/1.0"
20.171.207.29 - - [22/Aug/2025:11:17:54 +0200] "GET /?_bd_prev_page=https%3A%2F%2Fkjinvest.net%2Fsite.asp%3Fq-%7E88BPPHZHARWm7KArSrKXdjQrDKIdF3nb493%2F&_bdsid=v5njat.n%7EAVSGA.1747508339875.1798364627 HTTP/1.1" 500 0 "-" "Mozilla/5.0 AppleWebKit/537.36 (KHTML, like Gecko; compatible; GPTBot/1.2; +https://openai.com/gptbot)"
20.171.207.15 - - [22/Aug/2025:11:18:07 +0200] "GET /pages.php?q-~238bmPyn1uXw3hMn2HHnONH3cpvYIZF3L48669/ HTTP/1.1" 200 456043 "-" "Mozilla/5.0 AppleWebKit/537.36 (KHTML, like Gecko; compatible; GPTBot/1.2; +https://openai.com/gptbot)"
66.249.74.74 - - [22/Aug/2025:11:18:31 +0200] "GET /items/085000221.html?srsltid=AfmBOonfqyrxmwzzEGyrmgYMNtZSSlXyZLAJTaKTD8kuBV6WYgtv HTTP/1.1" 200 555416 "-" "Mozilla/5.0 (Linux; Android 6.0.1; Nexus 5X Build/MMB29P) AppleWebKit/537.36 (KHTML, like Gecko) Chrome/138.0.7204.183 Mobile Safari/537.36 (compatible; Googlebot/2.1; +http://www.google.com/bot.html)"
20.171.207.15 - - [22/Aug/2025:11:18:41 +0200] "GET /pages.php?circuit%2Ft68%3Fpid=878 HTTP/1.1" 200 469623 "-" "Mozilla/5.0 AppleWebKit/537.36 (KHTML, like Gecko; compatible; GPTBot/1.2; +https://openai.com/gptbot)"
20.171.207.29 - - [22/Aug/2025:11:18:48 +0200] "GET /?_bd_prev_page=https%3A%2F%2Fkjinvest.net%2Fsite.asp%3Fexist%2Fq128%3Fpid%3D30160&_bdsid=v5njat.n%7EAVSGA.1747508339875.1798364627 HTTP/1.1" 500 0 "-" "Mozilla/5.0 AppleWebKit/537.36 (KHTML, like Gecko; compatible; GPTBot/1.2; +https://openai.com/gptbot)"
20.171.207.15 - - [22/Aug/2025:11:19:10 +0200] "GET /pages.php?video%2Fl34%3Fpid=48090 HTTP/1.1" 200 468414 "-" "Mozilla/5.0 AppleWebKit/537.36 (KHTML, like Gecko; compatible; GPTBot/1.2; +https://openai.com/gptbot)"
20.171.207.15 - - [22/Aug/2025:11:19:40 +0200] "GET /pages.php?mayor%2Ff83%3Fpid=29305 HTTP/1.1" 200 480739 "-" "Mozilla/5.0 AppleWebKit/537.36 (KHTML, like Gecko; compatible; GPTBot/1.2; +https://openai.com/gptbot)"
20.171.207.29 - - [22/Aug/2025:11:19:52 +0200] "GET /?_bd_prev_page=https%3A%2F%2Fkjinvest.net%2Fsite.asp%3Fdistrict%2Fe28%3Fpid%3D472&_bdsid=v5njat.n%7EAVSGA.1747508339875.1798364627 HTTP/1.1" 500 0 "-" "Mozilla/5.0 AppleWebKit/537.36 (KHTML, like Gecko; compatible; GPTBot/1.2; +https://openai.com/gptbot)"
20.171.207.15 - - [22/Aug/2025:11:20:03 +0200] "GET /pages.php?frown%2Fn59%3Fpid=31185 HTTP/1.1" 200 464746 "-" "Mozilla/5.0 AppleWebKit/537.36 (KHTML, like Gecko; compatible; GPTBot/1.2; +https://openai.com/gptbot)"
20.171.207.15 - - [22/Aug/2025:11:20:25 +0200] "GET /pages.php?leather%2Fz76%3Fpid=912 HTTP/1.1" 200 463751 "-" "Mozilla/5.0 AppleWebKit/537.36 (KHTML, like Gecko; compatible; GPTBot/1.2; +https://openai.com/gptbot)"
20.171.207.15 - - [22/Aug/2025:11:20:45 +0200] "GET /pages.php?clerk%2Fs59%3Fpid=18683 HTTP/1.1" 200 468478 "-" "Mozilla/5.0 AppleWebKit/537.36 (KHTML, like Gecko; compatible; GPTBot/1.2; +https://openai.com/gptbot)"
20.171.207.29 - - [22/Aug/2025:11:20:57 +0200] "GET /?_bd_prev_page=https%3A%2F%2Fkjinvest.net%2Fsite.asp%3Fpeaceful%2Fo61%3Fpid%3D901&_bdsid=v5njat.n%7EAVSGA.1747508339875.1798364627 HTTP/1.1" 500 0 "-" "Mozilla/5.0 AppleWebKit/537.36 (KHTML, like Gecko; compatible; GPTBot/1.2; +https://openai.com/gptbot)"
20.171.207.15 - - [22/Aug/2025:11:21:02 +0200] "GET /pages.php?boom%2Fl52%3Fpid=18064 HTTP/1.1" 200 461099 "-" "Mozilla/5.0 AppleWebKit/537.36 (KHTML, like Gecko; compatible; GPTBot/1.2; +https://openai.com/gptbot)"
20.171.207.15 - - [22/Aug/2025:11:21:17 +0200] "GET /pages.php?ours%2Fc78%3Fpid=21568 HTTP/1.1" 200 464642 "-" "Mozilla/5.0 AppleWebKit/537.36 (KHTML, like Gecko; compatible; GPTBot/1.2; +https://openai.com/gptbot)"
20.171.207.15 - - [22/Aug/2025:11:21:34 +0200] "GET /pages.php?medication%2Fz62%3Fpid=34390 HTTP/1.1" 200 468996 "-" "Mozilla/5.0 AppleWebKit/537.36 (KHTML, like Gecko; compatible; GPTBot/1.2; +https://openai.com/gptbot)"
20.171.207.15 - - [22/Aug/2025:11:21:45 +0200] "GET /pages.php?worth%2Fa98%3Fpid=712 HTTP/1.1" 200 473568 "-" "Mozilla/5.0 AppleWebKit/537.36 (KHTML, like Gecko; compatible; GPTBot/1.2; +https://openai.com/gptbot)"
20.171.207.15 - - [22/Aug/2025:11:21:58 +0200] "GET /pages.php?consent%2Fm1%3Fpid=319 HTTP/1.1" 200 463860 "-" "Mozilla/5.0 AppleWebKit/537.36 (KHTML, like Gecko; compatible; GPTBot/1.2; +https://openai.com/gptbot)"
20.171.207.29 - - [22/Aug/2025:11:21:59 +0200] "GET /?_bd_prev_page=https%3A%2F%2Fkjinvest.net%2Fsite.asp%3Frealm%2Fc96%3Fpid%3D14512&_bdsid=v5njat.n%7EAVSGA.1747508339875.1798364627 HTTP/1.1" 500 0 "-" "Mozilla/5.0 AppleWebKit/537.36 (KHTML, like Gecko; compatible; GPTBot/1.2; +https://openai.com/gptbot)"
20.171.207.15 - - [22/Aug/2025:11:22:08 +0200] "GET /pages.php?strike%2Fq91%3Fpid=877 HTTP/1.1" 200 460666 "-" "Mozilla/5.0 AppleWebKit/537.36 (KHTML, like Gecko; compatible; GPTBot/1.2; +https://openai.com/gptbot)"
20.171.207.15 - - [22/Aug/2025:11:22:18 +0200] "GET /pages.php?right%2Fn67%3Fpid=43721 HTTP/1.1" 200 462867 "-" "Mozilla/5.0 AppleWebKit/537.36 (KHTML, like Gecko; compatible; GPTBot/1.2; +https://openai.com/gptbot)"
20.171.207.15 - - [22/Aug/2025:11:22:26 +0200] "GET /pages.php?blink%2Fn16%3Fpid=386 HTTP/1.1" 200 462017 "-" "Mozilla/5.0 AppleWebKit/537.36 (KHTML, like Gecko; compatible; GPTBot/1.2; +https://openai.com/gptbot)"
20.171.207.15 - - [22/Aug/2025:11:22:33 +0200] "GET /pages.php?blast%2Ff43%3Fpid=807 HTTP/1.1" 200 471529 "-" "Mozilla/5.0 AppleWebKit/537.36 (KHTML, like Gecko; compatible; GPTBot/1.2; +https://openai.com/gptbot)"
20.171.207.15 - - [22/Aug/2025:11:22:40 +0200] "GET /pages.php?would%2Fd181%3Fpid=2729 HTTP/1.1" 200 465185 "-" "Mozilla/5.0 AppleWebKit/537.36 (KHTML, like Gecko; compatible; GPTBot/1.2; +https://openai.com/gptbot)"
