20.171.207.15 - - [22/Aug/2025:05:46:06 +0200] "GET /pages.php?urban%2Fy93%3Fpid=14063 HTTP/1.1" 200 470938 "-" "Mozilla/5.0 AppleWebKit/537.36 (KHTML, like Gecko; compatible; GPTBot/1.2; +https://openai.com/gptbot)"
20.171.207.15 - - [22/Aug/2025:05:46:07 +0200] "GET /pages.php?black%2Fm82%3Fpid=14152 HTTP/1.1" 200 462847 "-" "Mozilla/5.0 AppleWebKit/537.36 (KHTML, like Gecko; compatible; GPTBot/1.2; +https://openai.com/gptbot)"
20.171.207.15 - - [22/Aug/2025:05:46:08 +0200] "GET /pages.php?belong%2Fn64%3Fpid=7244 HTTP/1.1" 200 464685 "-" "Mozilla/5.0 AppleWebKit/537.36 (KHTML, like Gecko; compatible; GPTBot/1.2; +https://openai.com/gptbot)"
20.171.207.15 - - [22/Aug/2025:05:46:10 +0200] "GET /pages.php?swell%2Fd68%3Fpid=540 HTTP/1.1" 200 465431 "-" "Mozilla/5.0 AppleWebKit/537.36 (KHTML, like Gecko; compatible; GPTBot/1.2; +https://openai.com/gptbot)"
20.171.207.15 - - [22/Aug/2025:05:46:11 +0200] "GET /pages.php?faculty%2Fv47%3Fpid=639 HTTP/1.1" 200 463373 "-" "Mozilla/5.0 AppleWebKit/537.36 (KHTML, like Gecko; compatible; GPTBot/1.2; +https://openai.com/gptbot)"
20.171.207.15 - - [22/Aug/2025:05:46:12 +0200] "GET /pages.php?logic%2Fz5%3Fpid=9211 HTTP/1.1" 200 462404 "-" "Mozilla/5.0 AppleWebKit/537.36 (KHTML, like Gecko; compatible; GPTBot/1.2; +https://openai.com/gptbot)"
20.171.207.15 - - [22/Aug/2025:05:46:14 +0200] "GET /pages.php?organ%2Fl16%3Fpid=47102 HTTP/1.1" 200 469106 "-" "Mozilla/5.0 AppleWebKit/537.36 (KHTML, like Gecko; compatible; GPTBot/1.2; +https://openai.com/gptbot)"
20.171.207.15 - - [22/Aug/2025:05:46:15 +0200] "GET /pages.php?merchant%2Fz68%3Fpid=880 HTTP/1.1" 200 469564 "-" "Mozilla/5.0 AppleWebKit/537.36 (KHTML, like Gecko; compatible; GPTBot/1.2; +https://openai.com/gptbot)"
20.171.207.15 - - [22/Aug/2025:05:46:16 +0200] "GET /pages.php?original%2Fs4%3Fpid=596 HTTP/1.1" 200 466648 "-" "Mozilla/5.0 AppleWebKit/537.36 (KHTML, like Gecko; compatible; GPTBot/1.2; +https://openai.com/gptbot)"
20.171.207.15 - - [22/Aug/2025:05:46:18 +0200] "GET /pages.php?therapist%2Fx100%3Fpid=23602 HTTP/1.1" 200 461441 "-" "Mozilla/5.0 AppleWebKit/537.36 (KHTML, like Gecko; compatible; GPTBot/1.2; +https://openai.com/gptbot)"
20.171.207.15 - - [22/Aug/2025:05:46:18 +0200] "GET / HTTP/1.1" 500 0 "-" "Mozilla/5.0 AppleWebKit/537.36 (KHTML, like Gecko; compatible; GPTBot/1.2; +https://openai.com/gptbot)"
20.171.207.15 - - [22/Aug/2025:05:46:20 +0200] "GET /pages.php?custom%2Fk25%3Fpid=369 HTTP/1.1" 200 462072 "-" "Mozilla/5.0 AppleWebKit/537.36 (KHTML, like Gecko; compatible; GPTBot/1.2; +https://openai.com/gptbot)"
20.171.207.15 - - [22/Aug/2025:05:46:24 +0200] "GET /pages.php?fewer%2Fc56%3Fpid=36938 HTTP/1.1" 200 470548 "-" "Mozilla/5.0 AppleWebKit/537.36 (KHTML, like Gecko; compatible; GPTBot/1.2; +https://openai.com/gptbot)"
20.171.207.15 - - [22/Aug/2025:05:46:27 +0200] "GET /pages.php?find%2Fw13%3Fpid=10977 HTTP/1.1" 200 465236 "-" "Mozilla/5.0 AppleWebKit/537.36 (KHTML, like Gecko; compatible; GPTBot/1.2; +https://openai.com/gptbot)"
20.171.207.15 - - [22/Aug/2025:05:46:30 +0200] "GET /pages.php?ambition%2Fz99%3Fpid=83 HTTP/1.1" 200 469790 "-" "Mozilla/5.0 AppleWebKit/537.36 (KHTML, like Gecko; compatible; GPTBot/1.2; +https://openai.com/gptbot)"
20.171.207.15 - - [22/Aug/2025:05:46:32 +0200] "GET /pages.php?stimulus%2Fo51%3Fpid=41 HTTP/1.1" 200 473716 "-" "Mozilla/5.0 AppleWebKit/537.36 (KHTML, like Gecko; compatible; GPTBot/1.2; +https://openai.com/gptbot)"
20.171.207.15 - - [22/Aug/2025:05:46:34 +0200] "GET /pages.php?buyer%2Ft28%3Fpid=16408 HTTP/1.1" 200 467736 "-" "Mozilla/5.0 AppleWebKit/537.36 (KHTML, like Gecko; compatible; GPTBot/1.2; +https://openai.com/gptbot)"
20.171.207.15 - - [22/Aug/2025:05:46:37 +0200] "GET /pages.php?employ%2Fw1%3Fpid=14385 HTTP/1.1" 200 463432 "-" "Mozilla/5.0 AppleWebKit/537.36 (KHTML, like Gecko; compatible; GPTBot/1.2; +https://openai.com/gptbot)"
20.171.207.15 - - [22/Aug/2025:05:46:38 +0200] "GET /pages.php?fresh%2Fq17%3Fpid=42493 HTTP/1.1" 200 465727 "-" "Mozilla/5.0 AppleWebKit/537.36 (KHTML, like Gecko; compatible; GPTBot/1.2; +https://openai.com/gptbot)"
20.171.207.29 - - [22/Aug/2025:05:46:39 +0200] "GET /pages.php?climb%2Fj41%3Fpid=17807 HTTP/1.1" 200 475963 "-" "Mozilla/5.0 AppleWebKit/537.36 (KHTML, like Gecko; compatible; GPTBot/1.2; +https://openai.com/gptbot)"
20.171.207.15 - - [22/Aug/2025:05:46:40 +0200] "GET /pages.php?lay%2Fo109%3Fpid=8463 HTTP/1.1" 200 461111 "-" "Mozilla/5.0 AppleWebKit/537.36 (KHTML, like Gecko; compatible; GPTBot/1.2; +https://openai.com/gptbot)"
20.171.207.15 - - [22/Aug/2025:05:46:41 +0200] "GET /pages.php?burst%2Fo65%3Fpid=8419 HTTP/1.1" 200 470113 "-" "Mozilla/5.0 AppleWebKit/537.36 (KHTML, like Gecko; compatible; GPTBot/1.2; +https://openai.com/gptbot)"
20.171.207.15 - - [22/Aug/2025:05:46:42 +0200] "GET / HTTP/1.1" 500 0 "-" "Mozilla/5.0 AppleWebKit/537.36 (KHTML, like Gecko; compatible; GPTBot/1.2; +https://openai.com/gptbot)"
20.171.207.15 - - [22/Aug/2025:05:46:44 +0200] "GET /pages.php?anxiety%2Ft54%3Fpid=234 HTTP/1.1" 200 469226 "-" "Mozilla/5.0 AppleWebKit/537.36 (KHTML, like Gecko; compatible; GPTBot/1.2; +https://openai.com/gptbot)"
20.171.207.15 - - [22/Aug/2025:05:46:48 +0200] "GET /pages.php?equality%2Fd93%3Fpid=65 HTTP/1.1" 200 462940 "-" "Mozilla/5.0 AppleWebKit/537.36 (KHTML, like Gecko; compatible; GPTBot/1.2; +https://openai.com/gptbot)"
20.171.207.15 - - [22/Aug/2025:05:46:51 +0200] "GET /pages.php?actor%2Fw10%3Fpid=942 HTTP/1.1" 200 461983 "-" "Mozilla/5.0 AppleWebKit/537.36 (KHTML, like Gecko; compatible; GPTBot/1.2; +https://openai.com/gptbot)"
20.171.207.15 - - [22/Aug/2025:05:46:54 +0200] "GET /pages.php?economic%2Fp215%3Fpid=13811 HTTP/1.1" 200 465119 "-" "Mozilla/5.0 AppleWebKit/537.36 (KHTML, like Gecko; compatible; GPTBot/1.2; +https://openai.com/gptbot)"
20.171.207.15 - - [22/Aug/2025:05:46:56 +0200] "GET /pages.php?illegal%2Fe91%3Fpid=173 HTTP/1.1" 200 463987 "-" "Mozilla/5.0 AppleWebKit/537.36 (KHTML, like Gecko; compatible; GPTBot/1.2; +https://openai.com/gptbot)"
20.171.207.15 - - [22/Aug/2025:05:46:59 +0200] "GET /pages.php?fairly%2Ft68%3Fpid=8150 HTTP/1.1" 200 466281 "-" "Mozilla/5.0 AppleWebKit/537.36 (KHTML, like Gecko; compatible; GPTBot/1.2; +https://openai.com/gptbot)"
20.171.207.15 - - [22/Aug/2025:05:47:01 +0200] "GET /pages.php?fruit%2Fn40%3Fpid=48926 HTTP/1.1" 200 471830 "-" "Mozilla/5.0 AppleWebKit/537.36 (KHTML, like Gecko; compatible; GPTBot/1.2; +https://openai.com/gptbot)"
20.171.207.15 - - [22/Aug/2025:05:47:03 +0200] "GET /pages.php?remote%2Fv18%3Fpid=7544 HTTP/1.1" 200 462943 "-" "Mozilla/5.0 AppleWebKit/537.36 (KHTML, like Gecko; compatible; GPTBot/1.2; +https://openai.com/gptbot)"
20.171.207.15 - - [22/Aug/2025:05:47:05 +0200] "GET /pages.php?movement%2Fj65%3Fpid=87 HTTP/1.1" 200 479419 "-" "Mozilla/5.0 AppleWebKit/537.36 (KHTML, like Gecko; compatible; GPTBot/1.2; +https://openai.com/gptbot)"
20.171.207.15 - - [22/Aug/2025:05:47:06 +0200] "GET /pages.php?nearly%2Fc94%3Fpid=1330 HTTP/1.1" 200 463438 "-" "Mozilla/5.0 AppleWebKit/537.36 (KHTML, like Gecko; compatible; GPTBot/1.2; +https://openai.com/gptbot)"
20.171.207.15 - - [22/Aug/2025:05:47:08 +0200] "GET /pages.php?legal%2Fz47%3Fpid=14285 HTTP/1.1" 200 478950 "-" "Mozilla/5.0 AppleWebKit/537.36 (KHTML, like Gecko; compatible; GPTBot/1.2; +https://openai.com/gptbot)"
20.171.207.15 - - [22/Aug/2025:05:47:09 +0200] "GET /pages.php?deficit%2Fu2%3Fpid=9606 HTTP/1.1" 200 468190 "-" "Mozilla/5.0 AppleWebKit/537.36 (KHTML, like Gecko; compatible; GPTBot/1.2; +https://openai.com/gptbot)"
20.171.207.15 - - [22/Aug/2025:05:47:10 +0200] "GET /pages.php?maybe%2Fw56%3Fpid=14076 HTTP/1.1" 200 466803 "-" "Mozilla/5.0 AppleWebKit/537.36 (KHTML, like Gecko; compatible; GPTBot/1.2; +https://openai.com/gptbot)"
20.171.207.15 - - [22/Aug/2025:05:47:11 +0200] "GET /pages.php?ankle%2Fx65%3Fpid=44483 HTTP/1.1" 200 461498 "-" "Mozilla/5.0 AppleWebKit/537.36 (KHTML, like Gecko; compatible; GPTBot/1.2; +https://openai.com/gptbot)"
20.171.207.15 - - [22/Aug/2025:05:47:12 +0200] "GET /pages.php?imply%2Fx90%3Fpid=31760 HTTP/1.1" 200 463543 "-" "Mozilla/5.0 AppleWebKit/537.36 (KHTML, like Gecko; compatible; GPTBot/1.2; +https://openai.com/gptbot)"
20.171.207.15 - - [22/Aug/2025:05:47:15 +0200] "GET /pages.php?cliff%2Fm10%3Fpid=962 HTTP/1.1" 200 463757 "-" "Mozilla/5.0 AppleWebKit/537.36 (KHTML, like Gecko; compatible; GPTBot/1.2; +https://openai.com/gptbot)"
66.249.74.73 - - [22/Aug/2025:05:47:15 +0200] "GET /items/261040895.html?srsltid=AfmBOogvxJRblnwTCqLPYA2AVGvSpKotQNr5woquvwBhqEpUZbSz HTTP/1.1" 200 557483 "-" "Mozilla/5.0 (Linux; Android 6.0.1; Nexus 5X Build/MMB29P) AppleWebKit/537.36 (KHTML, like Gecko) Chrome/138.0.7204.183 Mobile Safari/537.36 (compatible; Googlebot/2.1; +http://www.google.com/bot.html)"
20.171.207.15 - - [22/Aug/2025:05:47:16 +0200] "GET /pages.php?opinion%2Fr6%3Fpid=49504 HTTP/1.1" 200 480995 "-" "Mozilla/5.0 AppleWebKit/537.36 (KHTML, like Gecko; compatible; GPTBot/1.2; +https://openai.com/gptbot)"
20.171.207.15 - - [22/Aug/2025:05:47:18 +0200] "GET /pages.php?union%2Fw73%3Fpid=4843 HTTP/1.1" 200 464302 "-" "Mozilla/5.0 AppleWebKit/537.36 (KHTML, like Gecko; compatible; GPTBot/1.2; +https://openai.com/gptbot)"
20.171.207.15 - - [22/Aug/2025:05:47:19 +0200] "GET /pages.php?towel%2Fc48%3Fpid=2428 HTTP/1.1" 200 472222 "-" "Mozilla/5.0 AppleWebKit/537.36 (KHTML, like Gecko; compatible; GPTBot/1.2; +https://openai.com/gptbot)"
20.171.207.15 - - [22/Aug/2025:05:47:20 +0200] "GET /pages.php?tongue%2Fl91%3Fpid=171 HTTP/1.1" 200 470482 "-" "Mozilla/5.0 AppleWebKit/537.36 (KHTML, like Gecko; compatible; GPTBot/1.2; +https://openai.com/gptbot)"
20.171.207.15 - - [22/Aug/2025:05:47:21 +0200] "GET /pages.php?walking%2Ff76%3Fpid=596 HTTP/1.1" 200 470172 "-" "Mozilla/5.0 AppleWebKit/537.36 (KHTML, like Gecko; compatible; GPTBot/1.2; +https://openai.com/gptbot)"
20.171.207.15 - - [22/Aug/2025:05:47:22 +0200] "GET /pages.php?live%2Fm18%3Fpid=40184 HTTP/1.1" 200 467630 "-" "Mozilla/5.0 AppleWebKit/537.36 (KHTML, like Gecko; compatible; GPTBot/1.2; +https://openai.com/gptbot)"
20.171.207.15 - - [22/Aug/2025:05:47:24 +0200] "GET /pages.php?thigh%2Fu35%3Fpid=38995 HTTP/1.1" 200 462907 "-" "Mozilla/5.0 AppleWebKit/537.36 (KHTML, like Gecko; compatible; GPTBot/1.2; +https://openai.com/gptbot)"
20.171.207.15 - - [22/Aug/2025:05:47:25 +0200] "GET /pages.php?filter%2Fq19%3Fpid=23335 HTTP/1.1" 200 462809 "-" "Mozilla/5.0 AppleWebKit/537.36 (KHTML, like Gecko; compatible; GPTBot/1.2; +https://openai.com/gptbot)"
20.171.207.15 - - [22/Aug/2025:05:47:25 +0200] "GET / HTTP/1.1" 500 0 "-" "Mozilla/5.0 AppleWebKit/537.36 (KHTML, like Gecko; compatible; GPTBot/1.2; +https://openai.com/gptbot)"
20.171.207.15 - - [22/Aug/2025:05:47:27 +0200] "GET /pages.php?memory%2Fc15%3Fpid=6467 HTTP/1.1" 200 461749 "-" "Mozilla/5.0 AppleWebKit/537.36 (KHTML, like Gecko; compatible; GPTBot/1.2; +https://openai.com/gptbot)"
20.171.207.29 - - [22/Aug/2025:05:47:28 +0200] "GET /pages.php?observe%2Fu29%3Fpid=827 HTTP/1.1" 200 464841 "-" "Mozilla/5.0 AppleWebKit/537.36 (KHTML, like Gecko; compatible; GPTBot/1.2; +https://openai.com/gptbot)"
20.171.207.15 - - [22/Aug/2025:05:47:30 +0200] "GET /pages.php?none%2Fo124%3Fpid=30022 HTTP/1.1" 200 463731 "-" "Mozilla/5.0 AppleWebKit/537.36 (KHTML, like Gecko; compatible; GPTBot/1.2; +https://openai.com/gptbot)"
20.171.207.15 - - [22/Aug/2025:05:47:33 +0200] "GET /pages.php?lemon%2Fw25%3Fpid=15369 HTTP/1.1" 200 465961 "-" "Mozilla/5.0 AppleWebKit/537.36 (KHTML, like Gecko; compatible; GPTBot/1.2; +https://openai.com/gptbot)"
20.171.207.15 - - [22/Aug/2025:05:47:36 +0200] "GET /pages.php?Word%2Fz139%3Fpid=7861 HTTP/1.1" 200 455225 "-" "Mozilla/5.0 AppleWebKit/537.36 (KHTML, like Gecko; compatible; GPTBot/1.2; +https://openai.com/gptbot)"
20.171.207.15 - - [22/Aug/2025:05:47:39 +0200] "GET /pages.php?q-~179hcXbpZGtgR0hQ0psTcgwqpIdJDSusK8892/ HTTP/1.1" 200 467129 "-" "Mozilla/5.0 AppleWebKit/537.36 (KHTML, like Gecko; compatible; GPTBot/1.2; +https://openai.com/gptbot)"
20.171.207.15 - - [22/Aug/2025:05:47:43 +0200] "GET /pages.php?q-~52mKQ8FC2QUO0dwa69wmJtYkyCdoH9nk13601/ HTTP/1.1" 200 463784 "-" "Mozilla/5.0 AppleWebKit/537.36 (KHTML, like Gecko; compatible; GPTBot/1.2; +https://openai.com/gptbot)"
20.171.207.15 - - [22/Aug/2025:05:47:44 +0200] "GET /pages.php?tire%2Fz37%3Fpid=14517 HTTP/1.1" 200 467435 "-" "Mozilla/5.0 AppleWebKit/537.36 (KHTML, like Gecko; compatible; GPTBot/1.2; +https://openai.com/gptbot)"
20.171.207.15 - - [22/Aug/2025:05:47:45 +0200] "GET /pages.php?fraction%2Fs78%3Fpid=522 HTTP/1.1" 200 469446 "-" "Mozilla/5.0 AppleWebKit/537.36 (KHTML, like Gecko; compatible; GPTBot/1.2; +https://openai.com/gptbot)"
20.171.207.15 - - [22/Aug/2025:05:47:47 +0200] "GET /pages.php?secret%2Fo2%3Fpid=9608 HTTP/1.1" 200 466015 "-" "Mozilla/5.0 AppleWebKit/537.36 (KHTML, like Gecko; compatible; GPTBot/1.2; +https://openai.com/gptbot)"
20.171.207.15 - - [22/Aug/2025:05:47:49 +0200] "GET /pages.php?crawl%2Ft20%3Fpid=29912 HTTP/1.1" 200 465225 "-" "Mozilla/5.0 AppleWebKit/537.36 (KHTML, like Gecko; compatible; GPTBot/1.2; +https://openai.com/gptbot)"
20.171.207.15 - - [22/Aug/2025:05:47:50 +0200] "GET /pages.php?cousin%2Fy40%3Fpid=122 HTTP/1.1" 200 472695 "-" "Mozilla/5.0 AppleWebKit/537.36 (KHTML, like Gecko; compatible; GPTBot/1.2; +https://openai.com/gptbot)"
20.171.207.15 - - [22/Aug/2025:05:47:52 +0200] "GET /pages.php?salary%2Fd40%3Fpid=118 HTTP/1.1" 200 478218 "-" "Mozilla/5.0 AppleWebKit/537.36 (KHTML, like Gecko; compatible; GPTBot/1.2; +https://openai.com/gptbot)"
20.171.207.15 - - [22/Aug/2025:05:47:52 +0200] "GET / HTTP/1.1" 500 0 "-" "Mozilla/5.0 AppleWebKit/537.36 (KHTML, like Gecko; compatible; GPTBot/1.2; +https://openai.com/gptbot)"
20.171.207.15 - - [22/Aug/2025:05:47:55 +0200] "GET /pages.php?social%2Fd84%3Fpid=672 HTTP/1.1" 200 471993 "-" "Mozilla/5.0 AppleWebKit/537.36 (KHTML, like Gecko; compatible; GPTBot/1.2; +https://openai.com/gptbot)"
66.249.74.72 - - [22/Aug/2025:05:47:57 +0200] "GET /product/edit/kobo-tensho-a120212500044054 HTTP/1.1" 200 562694 "-" "Mozilla/5.0 (Linux; Android 6.0.1; Nexus 5X Build/MMB29P) AppleWebKit/537.36 (KHTML, like Gecko) Chrome/138.0.7204.183 Mobile Safari/537.36 (compatible; Googlebot/2.1; +http://www.google.com/bot.html)"
20.171.207.15 - - [22/Aug/2025:05:47:59 +0200] "GET /pages.php?q-~9XxNq5pJvvWy6G3TmXT1dlHSJDyUzSZ60/ HTTP/1.1" 200 464220 "-" "Mozilla/5.0 AppleWebKit/537.36 (KHTML, like Gecko; compatible; GPTBot/1.2; +https://openai.com/gptbot)"
20.171.207.15 - - [22/Aug/2025:05:48:01 +0200] "GET /pages.php?mushroom%2Ff91%3Fpid=305 HTTP/1.1" 200 471690 "-" "Mozilla/5.0 AppleWebKit/537.36 (KHTML, like Gecko; compatible; GPTBot/1.2; +https://openai.com/gptbot)"
20.171.207.15 - - [22/Aug/2025:05:48:04 +0200] "GET /pages.php?unfold%2Fr72%3Fpid=8904 HTTP/1.1" 200 465796 "-" "Mozilla/5.0 AppleWebKit/537.36 (KHTML, like Gecko; compatible; GPTBot/1.2; +https://openai.com/gptbot)"
20.171.207.29 - - [22/Aug/2025:05:48:06 +0200] "GET /pages.php?couch%2Fg57%3Fpid=25417 HTTP/1.1" 200 466804 "-" "Mozilla/5.0 AppleWebKit/537.36 (KHTML, like Gecko; compatible; GPTBot/1.2; +https://openai.com/gptbot)"
20.171.207.15 - - [22/Aug/2025:05:48:07 +0200] "GET /pages.php?q-~278ZHKsu3Pk5I8bbxTTtyjDsccZREtyGU10857/ HTTP/1.1" 200 461135 "-" "Mozilla/5.0 AppleWebKit/537.36 (KHTML, like Gecko; compatible; GPTBot/1.2; +https://openai.com/gptbot)"
20.171.207.15 - - [22/Aug/2025:05:48:10 +0200] "GET /pages.php?express%2Fo56%3Fpid=198 HTTP/1.1" 200 471036 "-" "Mozilla/5.0 AppleWebKit/537.36 (KHTML, like Gecko; compatible; GPTBot/1.2; +https://openai.com/gptbot)"
20.171.207.15 - - [22/Aug/2025:05:48:11 +0200] "GET /pages.php?stable%2Fa84%3Fpid=670 HTTP/1.1" 200 464761 "-" "Mozilla/5.0 AppleWebKit/537.36 (KHTML, like Gecko; compatible; GPTBot/1.2; +https://openai.com/gptbot)"
20.171.207.15 - - [22/Aug/2025:05:48:13 +0200] "GET /pages.php?scream%2Fr90%3Fpid=846 HTTP/1.1" 200 461386 "-" "Mozilla/5.0 AppleWebKit/537.36 (KHTML, like Gecko; compatible; GPTBot/1.2; +https://openai.com/gptbot)"
20.171.207.15 - - [22/Aug/2025:05:48:15 +0200] "GET /pages.php?testify%2Fs40%3Fpid=116 HTTP/1.1" 200 461148 "-" "Mozilla/5.0 AppleWebKit/537.36 (KHTML, like Gecko; compatible; GPTBot/1.2; +https://openai.com/gptbot)"
20.171.207.15 - - [22/Aug/2025:05:48:17 +0200] "GET /pages.php?healthy%2Fy50%3Fpid=44224 HTTP/1.1" 200 471892 "-" "Mozilla/5.0 AppleWebKit/537.36 (KHTML, like Gecko; compatible; GPTBot/1.2; +https://openai.com/gptbot)"
20.171.207.15 - - [22/Aug/2025:05:48:18 +0200] "GET /pages.php?fatigue%2Fd40%3Fpid=716 HTTP/1.1" 200 471348 "-" "Mozilla/5.0 AppleWebKit/537.36 (KHTML, like Gecko; compatible; GPTBot/1.2; +https://openai.com/gptbot)"
20.171.207.15 - - [22/Aug/2025:05:48:20 +0200] "GET /pages.php?Islam%2Fl40%3Fpid=19768 HTTP/1.1" 200 462377 "-" "Mozilla/5.0 AppleWebKit/537.36 (KHTML, like Gecko; compatible; GPTBot/1.2; +https://openai.com/gptbot)"
20.171.207.15 - - [22/Aug/2025:05:48:21 +0200] "GET /pages.php?candle%2Fr92%3Fpid=152 HTTP/1.1" 200 465908 "-" "Mozilla/5.0 AppleWebKit/537.36 (KHTML, like Gecko; compatible; GPTBot/1.2; +https://openai.com/gptbot)"
20.171.207.15 - - [22/Aug/2025:05:48:23 +0200] "GET /pages.php?scatter%2Fh92%3Fpid=134 HTTP/1.1" 200 461788 "-" "Mozilla/5.0 AppleWebKit/537.36 (KHTML, like Gecko; compatible; GPTBot/1.2; +https://openai.com/gptbot)"
20.171.207.15 - - [22/Aug/2025:05:48:24 +0200] "GET /pages.php?awful%2Fz66%3Fpid=546 HTTP/1.1" 200 470708 "-" "Mozilla/5.0 AppleWebKit/537.36 (KHTML, like Gecko; compatible; GPTBot/1.2; +https://openai.com/gptbot)"
20.171.207.15 - - [22/Aug/2025:05:48:26 +0200] "GET /pages.php?county%2Fz9%3Fpid=40413 HTTP/1.1" 200 469494 "-" "Mozilla/5.0 AppleWebKit/537.36 (KHTML, like Gecko; compatible; GPTBot/1.2; +https://openai.com/gptbot)"
20.171.207.15 - - [22/Aug/2025:05:48:28 +0200] "GET /pages.php?moon%2Fs81%3Fpid=31477 HTTP/1.1" 200 467913 "-" "Mozilla/5.0 AppleWebKit/537.36 (KHTML, like Gecko; compatible; GPTBot/1.2; +https://openai.com/gptbot)"
20.171.207.15 - - [22/Aug/2025:05:48:29 +0200] "GET /pages.php?city%2Fg195%3Fpid=7719 HTTP/1.1" 200 461645 "-" "Mozilla/5.0 AppleWebKit/537.36 (KHTML, like Gecko; compatible; GPTBot/1.2; +https://openai.com/gptbot)"
20.171.207.15 - - [22/Aug/2025:05:48:30 +0200] "GET /pages.php?purchase%2Fr94%3Fpid=470 HTTP/1.1" 200 464959 "-" "Mozilla/5.0 AppleWebKit/537.36 (KHTML, like Gecko; compatible; GPTBot/1.2; +https://openai.com/gptbot)"
20.171.207.15 - - [22/Aug/2025:05:48:31 +0200] "GET /pages.php?rub%2Fz65%3Fpid=18537 HTTP/1.1" 200 460652 "-" "Mozilla/5.0 AppleWebKit/537.36 (KHTML, like Gecko; compatible; GPTBot/1.2; +https://openai.com/gptbot)"
20.171.207.15 - - [22/Aug/2025:05:48:32 +0200] "GET /chat.xhtml?maker%2Fj24%3Fpid=442 HTTP/1.1" 500 0 "-" "Mozilla/5.0 AppleWebKit/537.36 (KHTML, like Gecko; compatible; GPTBot/1.2; +https://openai.com/gptbot)"
20.171.207.15 - - [22/Aug/2025:05:48:34 +0200] "GET /pages.php?toy%2Fx60%3Fpid=13678 HTTP/1.1" 200 461232 "-" "Mozilla/5.0 AppleWebKit/537.36 (KHTML, like Gecko; compatible; GPTBot/1.2; +https://openai.com/gptbot)"
20.171.207.15 - - [22/Aug/2025:05:48:37 +0200] "GET /pages.php?protective%2Fv80%3Fpid=614 HTTP/1.1" 200 466599 "-" "Mozilla/5.0 AppleWebKit/537.36 (KHTML, like Gecko; compatible; GPTBot/1.2; +https://openai.com/gptbot)"
20.171.207.15 - - [22/Aug/2025:05:48:41 +0200] "GET /pages.php?journalism%2Fe46%3Fpid=17732 HTTP/1.1" 200 462925 "-" "Mozilla/5.0 AppleWebKit/537.36 (KHTML, like Gecko; compatible; GPTBot/1.2; +https://openai.com/gptbot)"
20.171.207.15 - - [22/Aug/2025:05:48:44 +0200] "GET /pages.php?network%2Fm84%3Fpid=368 HTTP/1.1" 200 469647 "-" "Mozilla/5.0 AppleWebKit/537.36 (KHTML, like Gecko; compatible; GPTBot/1.2; +https://openai.com/gptbot)"
20.171.207.29 - - [22/Aug/2025:05:48:44 +0200] "GET /?_bd_prev_page=https%3A%2F%2Fkjinvest.net%2Fsite.asp%3Fvoting%2Fd144%3Fpid%3D34306&_bdsid=v5njat.n%7EAVSGA.1747508339875.1798364627 HTTP/1.1" 500 0 "-" "Mozilla/5.0 AppleWebKit/537.36 (KHTML, like Gecko; compatible; GPTBot/1.2; +https://openai.com/gptbot)"
20.171.207.15 - - [22/Aug/2025:05:48:46 +0200] "GET /pages.php?sorry%2Fj84%3Fpid=370 HTTP/1.1" 200 479790 "-" "Mozilla/5.0 AppleWebKit/537.36 (KHTML, like Gecko; compatible; GPTBot/1.2; +https://openai.com/gptbot)"
20.171.207.15 - - [22/Aug/2025:05:48:48 +0200] "GET /pages.php?owner%2Fd17%3Fpid=6445 HTTP/1.1" 200 473524 "-" "Mozilla/5.0 AppleWebKit/537.36 (KHTML, like Gecko; compatible; GPTBot/1.2; +https://openai.com/gptbot)"
20.171.207.15 - - [22/Aug/2025:05:48:51 +0200] "GET /pages.php?dominate%2Fl84%3Fpid=676 HTTP/1.1" 200 464435 "-" "Mozilla/5.0 AppleWebKit/537.36 (KHTML, like Gecko; compatible; GPTBot/1.2; +https://openai.com/gptbot)"
20.171.207.15 - - [22/Aug/2025:05:48:52 +0200] "GET /pages.php?cultural%2Fl98%3Fpid=74 HTTP/1.1" 200 462585 "-" "Mozilla/5.0 AppleWebKit/537.36 (KHTML, like Gecko; compatible; GPTBot/1.2; +https://openai.com/gptbot)"
20.171.207.15 - - [22/Aug/2025:05:48:55 +0200] "GET /pages.php?q-~22n9fuEEh5h6fmgr1VTWIKGq5oGOA6yV17151/ HTTP/1.1" 200 468618 "-" "Mozilla/5.0 AppleWebKit/537.36 (KHTML, like Gecko; compatible; GPTBot/1.2; +https://openai.com/gptbot)"
20.171.207.15 - - [22/Aug/2025:05:48:56 +0200] "GET /pages.php?execute%2Fs57%3Fpid=209 HTTP/1.1" 200 465195 "-" "Mozilla/5.0 AppleWebKit/537.36 (KHTML, like Gecko; compatible; GPTBot/1.2; +https://openai.com/gptbot)"
20.171.207.15 - - [22/Aug/2025:05:48:58 +0200] "GET /pages.php?insight%2Fs56%3Fpid=990 HTTP/1.1" 200 465151 "-" "Mozilla/5.0 AppleWebKit/537.36 (KHTML, like Gecko; compatible; GPTBot/1.2; +https://openai.com/gptbot)"
20.171.207.15 - - [22/Aug/2025:05:49:00 +0200] "GET /pages.php?rebuild%2Ft23%3Fpid=865 HTTP/1.1" 200 466685 "-" "Mozilla/5.0 AppleWebKit/537.36 (KHTML, like Gecko; compatible; GPTBot/1.2; +https://openai.com/gptbot)"
20.171.207.15 - - [22/Aug/2025:05:49:02 +0200] "GET /pages.php?hockey%2Fj56%3Fpid=994 HTTP/1.1" 200 461990 "-" "Mozilla/5.0 AppleWebKit/537.36 (KHTML, like Gecko; compatible; GPTBot/1.2; +https://openai.com/gptbot)"
66.249.74.72 - - [22/Aug/2025:05:49:02 +0200] "GET /product/edit/senkanyamada-ykimetsuichibanmugen-a HTTP/1.1" 200 557520 "-" "Mozilla/5.0 (Linux; Android 6.0.1; Nexus 5X Build/MMB29P) AppleWebKit/537.36 (KHTML, like Gecko) Chrome/138.0.7204.183 Mobile Safari/537.36 (compatible; Googlebot/2.1; +http://www.google.com/bot.html)"
20.171.207.15 - - [22/Aug/2025:05:49:04 +0200] "GET /pages.php?Korean%2Fw93%3Fpid=3813 HTTP/1.1" 200 461695 "-" "Mozilla/5.0 AppleWebKit/537.36 (KHTML, like Gecko; compatible; GPTBot/1.2; +https://openai.com/gptbot)"
20.171.207.15 - - [22/Aug/2025:05:49:05 +0200] "GET /pages.php?broad%2Fy84%3Fpid=366 HTTP/1.1" 200 462422 "-" "Mozilla/5.0 AppleWebKit/537.36 (KHTML, like Gecko; compatible; GPTBot/1.2; +https://openai.com/gptbot)"
20.171.207.15 - - [22/Aug/2025:05:49:06 +0200] "GET /chat.xhtml?tomato%2Fm91%3Fpid=471 HTTP/1.1" 500 0 "-" "Mozilla/5.0 AppleWebKit/537.36 (KHTML, like Gecko; compatible; GPTBot/1.2; +https://openai.com/gptbot)"
20.171.207.15 - - [22/Aug/2025:05:49:07 +0200] "GET / HTTP/1.1" 500 0 "-" "Mozilla/5.0 AppleWebKit/537.36 (KHTML, like Gecko; compatible; GPTBot/1.2; +https://openai.com/gptbot)"
66.249.74.73 - - [22/Aug/2025:05:49:08 +0200] "GET /container183005274.html HTTP/1.1" 200 554871 "-" "Mozilla/5.0 (Linux; Android 6.0.1; Nexus 5X Build/MMB29P) AppleWebKit/537.36 (KHTML, like Gecko) Chrome/138.0.7204.183 Mobile Safari/537.36 (compatible; Googlebot/2.1; +http://www.google.com/bot.html)"
20.171.207.15 - - [22/Aug/2025:05:49:13 +0200] "GET /pages.php?subsidy%2Fk4%3Fpid=980 HTTP/1.1" 200 463200 "-" "Mozilla/5.0 AppleWebKit/537.36 (KHTML, like Gecko; compatible; GPTBot/1.2; +https://openai.com/gptbot)"
66.249.74.72 - - [22/Aug/2025:05:49:15 +0200] "GET /product/edit/1bankanwebshop-a120390500046054 HTTP/1.1" 200 554335 "-" "Mozilla/5.0 (Linux; Android 6.0.1; Nexus 5X Build/MMB29P) AppleWebKit/537.36 (KHTML, like Gecko) Chrome/138.0.7204.183 Mobile Safari/537.36 (compatible; Googlebot/2.1; +http://www.google.com/bot.html)"
66.249.74.72 - - [22/Aug/2025:05:49:16 +0200] "GET /pcmypage?callback=/product%2Fdetail%2Autoparts-agency-508019100 HTTP/1.1" 200 555005 "-" "Mozilla/5.0 (Linux; Android 6.0.1; Nexus 5X Build/MMB29P) AppleWebKit/537.36 (KHTML, like Gecko) Chrome/138.0.7204.183 Mobile Safari/537.36 (compatible; Googlebot/2.1; +http://www.google.com/bot.html)"
20.171.207.29 - - [22/Aug/2025:05:49:18 +0200] "GET /?_bd_prev_page=https%3A%2F%2Fkjinvest.net%2Fsite.asp%3Fnumerous%2Fo19%3Fpid%3D43017&_bdsid=v5njat.n%7EAVSGA.1747508339875.1798364627 HTTP/1.1" 500 0 "-" "Mozilla/5.0 AppleWebKit/537.36 (KHTML, like Gecko; compatible; GPTBot/1.2; +https://openai.com/gptbot)"
20.171.207.15 - - [22/Aug/2025:05:49:22 +0200] "GET /pages.php?meaningful%2Fn88%3Fpid=164 HTTP/1.1" 200 469726 "-" "Mozilla/5.0 AppleWebKit/537.36 (KHTML, like Gecko; compatible; GPTBot/1.2; +https://openai.com/gptbot)"
66.249.74.72 - - [22/Aug/2025:05:49:29 +0200] "GET /items/080031052.html?srsltid=AfmBOofwscAmYFTpOUUpD4QUSIyCLHvv0dT1U7eYUpN0TzDpuvJy HTTP/1.1" 200 557697 "-" "Mozilla/5.0 (Linux; Android 6.0.1; Nexus 5X Build/MMB29P) AppleWebKit/537.36 (KHTML, like Gecko) Chrome/138.0.7204.183 Mobile Safari/537.36 (compatible; Googlebot/2.1; +http://www.google.com/bot.html)"
20.171.207.15 - - [22/Aug/2025:05:49:31 +0200] "GET /pages.php?booth%2Fy22%3Fpid=6114 HTTP/1.1" 200 456174 "-" "Mozilla/5.0 AppleWebKit/537.36 (KHTML, like Gecko; compatible; GPTBot/1.2; +https://openai.com/gptbot)"
20.171.207.15 - - [22/Aug/2025:05:49:41 +0200] "GET /pages.php?sofa%2Fz211%3Fpid=9947 HTTP/1.1" 200 461929 "-" "Mozilla/5.0 AppleWebKit/537.36 (KHTML, like Gecko; compatible; GPTBot/1.2; +https://openai.com/gptbot)"
20.171.207.15 - - [22/Aug/2025:05:49:48 +0200] "GET /pages.php?profit%2Fw80%3Fpid=6538 HTTP/1.1" 200 461736 "-" "Mozilla/5.0 AppleWebKit/537.36 (KHTML, like Gecko; compatible; GPTBot/1.2; +https://openai.com/gptbot)"
20.171.207.15 - - [22/Aug/2025:05:49:55 +0200] "GET /pages.php?order%2Fq51%3Fpid=8239 HTTP/1.1" 200 469640 "-" "Mozilla/5.0 AppleWebKit/537.36 (KHTML, like Gecko; compatible; GPTBot/1.2; +https://openai.com/gptbot)"
20.171.207.15 - - [22/Aug/2025:05:50:01 +0200] "GET /pages.php?wage%2Fo62%3Fpid=31870 HTTP/1.1" 200 465317 "-" "Mozilla/5.0 AppleWebKit/537.36 (KHTML, like Gecko; compatible; GPTBot/1.2; +https://openai.com/gptbot)"
20.171.207.15 - - [22/Aug/2025:05:50:06 +0200] "GET /pages.php?trace%2Fw17%3Fpid=17095 HTTP/1.1" 200 473440 "-" "Mozilla/5.0 AppleWebKit/537.36 (KHTML, like Gecko; compatible; GPTBot/1.2; +https://openai.com/gptbot)"
66.249.74.74 - - [22/Aug/2025:05:50:11 +0200] "GET /soar060030681.html HTTP/1.1" 200 557852 "-" "Mozilla/5.0 (Linux; Android 6.0.1; Nexus 5X Build/MMB29P) AppleWebKit/537.36 (KHTML, like Gecko) Chrome/138.0.7204.183 Mobile Safari/537.36 (compatible; Googlebot/2.1; +http://www.google.com/bot.html)"
20.171.207.15 - - [22/Aug/2025:05:50:12 +0200] "GET /pages.php?mask%2Fu68%3Fpid=46408 HTTP/1.1" 200 464870 "-" "Mozilla/5.0 AppleWebKit/537.36 (KHTML, like Gecko; compatible; GPTBot/1.2; +https://openai.com/gptbot)"
20.171.207.15 - - [22/Aug/2025:05:50:16 +0200] "GET /pages.php?list%2Fk73%3Fpid=38287 HTTP/1.1" 200 471328 "-" "Mozilla/5.0 AppleWebKit/537.36 (KHTML, like Gecko; compatible; GPTBot/1.2; +https://openai.com/gptbot)"
20.171.207.15 - - [22/Aug/2025:05:50:20 +0200] "GET /pages.php?q-~260WBI8sCRhvAAjNHavC4eYiHL31iCXEX3473/ HTTP/1.1" 200 471865 "-" "Mozilla/5.0 AppleWebKit/537.36 (KHTML, like Gecko; compatible; GPTBot/1.2; +https://openai.com/gptbot)"
66.249.74.72 - - [22/Aug/2025:05:50:23 +0200] "GET /market074006799.html HTTP/1.1" 200 562200 "-" "Mozilla/5.0 (Linux; Android 6.0.1; Nexus 5X Build/MMB29P) AppleWebKit/537.36 (KHTML, like Gecko) Chrome/138.0.7204.183 Mobile Safari/537.36 (compatible; Googlebot/2.1; +http://www.google.com/bot.html)"
20.171.207.29 - - [22/Aug/2025:05:50:24 +0200] "GET /pages.php?naval%2Fo81%3Fpid=34569 HTTP/1.1" 200 471722 "-" "Mozilla/5.0 AppleWebKit/537.36 (KHTML, like Gecko; compatible; GPTBot/1.2; +https://openai.com/gptbot)"
20.171.207.15 - - [22/Aug/2025:05:50:24 +0200] "GET /pages.php?small%2Fc41%3Fpid=547 HTTP/1.1" 200 464206 "-" "Mozilla/5.0 AppleWebKit/537.36 (KHTML, like Gecko; compatible; GPTBot/1.2; +https://openai.com/gptbot)"
20.171.207.15 - - [22/Aug/2025:05:50:28 +0200] "GET /pages.php?magic%2Fz48%3Fpid=46026 HTTP/1.1" 200 466872 "-" "Mozilla/5.0 AppleWebKit/537.36 (KHTML, like Gecko; compatible; GPTBot/1.2; +https://openai.com/gptbot)"
20.171.207.15 - - [22/Aug/2025:05:50:29 +0200] "GET / HTTP/1.1" 500 0 "-" "Mozilla/5.0 AppleWebKit/537.36 (KHTML, like Gecko; compatible; GPTBot/1.2; +https://openai.com/gptbot)"
20.171.207.15 - - [22/Aug/2025:05:50:33 +0200] "GET /pages.php?window%2Fu73%3Fpid=129 HTTP/1.1" 200 464823 "-" "Mozilla/5.0 AppleWebKit/537.36 (KHTML, like Gecko; compatible; GPTBot/1.2; +https://openai.com/gptbot)"
20.171.207.15 - - [22/Aug/2025:05:50:40 +0200] "GET /pages.php?advance%2Fh1%3Fpid=8145 HTTP/1.1" 200 461898 "-" "Mozilla/5.0 AppleWebKit/537.36 (KHTML, like Gecko; compatible; GPTBot/1.2; +https://openai.com/gptbot)"
20.171.207.15 - - [22/Aug/2025:05:50:49 +0200] "GET /pages.php?week%2Fq52%3Fpid=48156 HTTP/1.1" 200 465082 "-" "Mozilla/5.0 AppleWebKit/537.36 (KHTML, like Gecko; compatible; GPTBot/1.2; +https://openai.com/gptbot)"
20.171.207.15 - - [22/Aug/2025:05:50:54 +0200] "GET /pages.php?Supreme%2Fa59%3Fpid=749 HTTP/1.1" 200 470444 "-" "Mozilla/5.0 AppleWebKit/537.36 (KHTML, like Gecko; compatible; GPTBot/1.2; +https://openai.com/gptbot)"
20.171.207.15 - - [22/Aug/2025:05:51:00 +0200] "GET /pages.php?plenty%2Fy57%3Fpid=1457 HTTP/1.1" 200 474354 "-" "Mozilla/5.0 AppleWebKit/537.36 (KHTML, like Gecko; compatible; GPTBot/1.2; +https://openai.com/gptbot)"
20.171.207.15 - - [22/Aug/2025:05:51:05 +0200] "GET /pages.php?draft%2Fa91%3Fpid=307 HTTP/1.1" 200 472581 "-" "Mozilla/5.0 AppleWebKit/537.36 (KHTML, like Gecko; compatible; GPTBot/1.2; +https://openai.com/gptbot)"
20.171.207.15 - - [22/Aug/2025:05:51:11 +0200] "GET /pages.php?cross%2Fv18%3Fpid=280 HTTP/1.1" 200 468692 "-" "Mozilla/5.0 AppleWebKit/537.36 (KHTML, like Gecko; compatible; GPTBot/1.2; +https://openai.com/gptbot)"
20.171.207.15 - - [22/Aug/2025:05:51:12 +0200] "GET / HTTP/1.1" 500 0 "-" "Mozilla/5.0 AppleWebKit/537.36 (KHTML, like Gecko; compatible; GPTBot/1.2; +https://openai.com/gptbot)"
20.171.207.15 - - [22/Aug/2025:05:51:16 +0200] "GET /chat.xhtml?chain%2Fm42%3Fpid=930 HTTP/1.1" 500 0 "-" "Mozilla/5.0 AppleWebKit/537.36 (KHTML, like Gecko; compatible; GPTBot/1.2; +https://openai.com/gptbot)"
20.171.207.29 - - [22/Aug/2025:05:51:25 +0200] "GET /?_bd_prev_page=https%3A%2F%2Fkjinvest.net%2Fsite.asp%3Freader%2Fm300%3Fpid%3D47810&_bdsid=v5njat.n%7EAVSGA.1747508339875.1798364627 HTTP/1.1" 500 0 "-" "Mozilla/5.0 AppleWebKit/537.36 (KHTML, like Gecko; compatible; GPTBot/1.2; +https://openai.com/gptbot)"
20.171.207.15 - - [22/Aug/2025:05:51:29 +0200] "GET /pages.php?bronze%2Fz48%3Fpid=308 HTTP/1.1" 200 466869 "-" "Mozilla/5.0 AppleWebKit/537.36 (KHTML, like Gecko; compatible; GPTBot/1.2; +https://openai.com/gptbot)"
40.77.167.67 - - [22/Aug/2025:05:51:30 +0200] "GET /nice/cYtye-QUtDGvyeJ HTTP/1.1" 200 23 "-" "Mozilla/5.0 AppleWebKit/537.36 (KHTML, like Gecko; compatible; bingbot/2.0; +http://www.bing.com/bingbot.htm) Chrome/116.0.1938.76 Safari/537.36"
66.249.74.74 - - [22/Aug/2025:05:51:45 +0200] "GET /loyalty181014830.html HTTP/1.1" 200 557532 "-" "Mozilla/5.0 (Linux; Android 6.0.1; Nexus 5X Build/MMB29P) AppleWebKit/537.36 (KHTML, like Gecko) Chrome/138.0.7204.183 Mobile Safari/537.36 (compatible; Googlebot/2.1; +http://www.google.com/bot.html)"
20.171.207.15 - - [22/Aug/2025:05:52:03 +0200] "GET /pages.php?q-~197UYLh0vkV9mbtPP9z0ViMiMteO7XsOn38176/ HTTP/1.1" 200 469086 "-" "Mozilla/5.0 AppleWebKit/537.36 (KHTML, like Gecko; compatible; GPTBot/1.2; +https://openai.com/gptbot)"
20.171.207.29 - - [22/Aug/2025:05:52:22 +0200] "GET /?_bd_prev_page=https%3A%2F%2Fkjinvest.net%2Fsite.asp%3Fawareness%2Fa34%3Fpid%3D268&_bdsid=v5njat.n%7EAVSGA.1747508339875.1798364627 HTTP/1.1" 500 0 "-" "Mozilla/5.0 AppleWebKit/537.36 (KHTML, like Gecko; compatible; GPTBot/1.2; +https://openai.com/gptbot)"
20.171.207.15 - - [22/Aug/2025:05:52:34 +0200] "GET /pages.php?cookie%2Fy89%3Fpid=601 HTTP/1.1" 200 473013 "-" "Mozilla/5.0 AppleWebKit/537.36 (KHTML, like Gecko; compatible; GPTBot/1.2; +https://openai.com/gptbot)"
66.249.74.74 - - [22/Aug/2025:05:52:43 +0200] "GET /holy021034718.html HTTP/1.1" 200 553686 "-" "Mozilla/5.0 (Linux; Android 6.0.1; Nexus 5X Build/MMB29P) AppleWebKit/537.36 (KHTML, like Gecko) Chrome/138.0.7204.183 Mobile Safari/537.36 (compatible; Googlebot/2.1; +http://www.google.com/bot.html)"
20.171.207.15 - - [22/Aug/2025:05:53:05 +0200] "GET /pages.php?brother%2Fx87%3Fpid=565 HTTP/1.1" 200 464203 "-" "Mozilla/5.0 AppleWebKit/537.36 (KHTML, like Gecko; compatible; GPTBot/1.2; +https://openai.com/gptbot)"
206.189.247.132 - - [22/Aug/2025:05:53:23 +0200] "GET /item.php HTTP/1.1" 200 393 "-" "Mozilla/5.0 (iPhone; CPU iPhone OS 17_6_1 like Mac OS X) AppleWebKit/605.1.15 (KHTML, like Gecko) Version/17.6 Mobile/15E148 Safari/604.1"
86.8.204.43 - - [22/Aug/2025:05:53:23 +0200] "GET /item.php HTTP/1.1" 200 393 "-" "Mozilla/5.0 (iPhone; CPU iPhone OS 17_6_1 like Mac OS X) AppleWebKit/605.1.15 (KHTML, like Gecko) Version/17.6 Mobile/15E148 Safari/604.1"
172.83.7.26 - - [22/Aug/2025:05:53:23 +0200] "GET /item.php HTTP/1.1" 200 393 "-" "Mozilla/5.0 (iPhone; CPU iPhone OS 17_6_1 like Mac OS X) AppleWebKit/605.1.15 (KHTML, like Gecko) Version/17.6 Mobile/15E148 Safari/604.1"
164.90.241.135 - - [22/Aug/2025:05:53:23 +0200] "GET /item.php HTTP/1.1" 200 393 "-" "Mozilla/5.0 (iPhone; CPU iPhone OS 17_6_1 like Mac OS X) AppleWebKit/605.1.15 (KHTML, like Gecko) Version/17.6 Mobile/15E148 Safari/604.1"
20.171.207.29 - - [22/Aug/2025:05:53:24 +0200] "GET /pages.php?sand%2Fo67%3Fpid=38981 HTTP/1.1" 200 461600 "-" "Mozilla/5.0 AppleWebKit/537.36 (KHTML, like Gecko; compatible; GPTBot/1.2; +https://openai.com/gptbot)"
20.171.207.15 - - [22/Aug/2025:05:53:27 +0200] "GET /pages.php?list%2Ft195%3Fpid=37855 HTTP/1.1" 200 462824 "-" "Mozilla/5.0 AppleWebKit/537.36 (KHTML, like Gecko; compatible; GPTBot/1.2; +https://openai.com/gptbot)"
206.189.247.132 - - [22/Aug/2025:05:53:37 +0200] "GET /admin.php HTTP/1.1" 200 6747 "-" "Mozilla/5.0 (iPhone; CPU iPhone OS 17_6_1 like Mac OS X) AppleWebKit/605.1.15 (KHTML, like Gecko) Version/17.6 Mobile/15E148 Safari/604.1"
86.8.204.43 - - [22/Aug/2025:05:53:38 +0200] "GET /admin.php HTTP/1.1" 200 6747 "-" "Mozilla/5.0 (iPhone; CPU iPhone OS 17_6_1 like Mac OS X) AppleWebKit/605.1.15 (KHTML, like Gecko) Version/17.6 Mobile/15E148 Safari/604.1"
157.230.195.44 - - [22/Aug/2025:05:53:39 +0200] "GET /admin.php HTTP/1.1" 200 6747 "-" "Mozilla/5.0 (iPhone; CPU iPhone OS 17_6_1 like Mac OS X) AppleWebKit/605.1.15 (KHTML, like Gecko) Version/17.6 Mobile/15E148 Safari/604.1"
66.249.74.73 - - [22/Aug/2025:05:53:42 +0200] "GET /pcmypage?callback=product/review/bi-hada1-a120220500044174 HTTP/1.1" 200 561133 "-" "Mozilla/5.0 (Linux; Android 6.0.1; Nexus 5X Build/MMB29P) AppleWebKit/537.36 (KHTML, like Gecko) Chrome/138.0.7204.183 Mobile Safari/537.36 (compatible; Googlebot/2.1; +http://www.google.com/bot.html)"
37.120.149.56 - - [22/Aug/2025:05:53:46 +0200] "GET /admin.php HTTP/1.1" 200 6747 "-" "Mozilla/5.0 (iPhone; CPU iPhone OS 17_6_1 like Mac OS X) AppleWebKit/605.1.15 (KHTML, like Gecko) Version/17.6 Mobile/15E148 Safari/604.1"
20.171.207.15 - - [22/Aug/2025:05:53:53 +0200] "GET /pages.php?chew%2Fm124%3Fpid=5774 HTTP/1.1" 200 472672 "-" "Mozilla/5.0 AppleWebKit/537.36 (KHTML, like Gecko; compatible; GPTBot/1.2; +https://openai.com/gptbot)"
206.189.247.132 - - [22/Aug/2025:05:54:01 +0200] "GET /wp-admin/defaults.php HTTP/1.1" 200 393 "-" "Mozilla/5.0 (iPhone; CPU iPhone OS 18_3_1 like Mac OS X) AppleWebKit/605.1.15 (KHTML, like Gecko) Mobile/15E148 THDConsumer/7.45.0.1 (iPhone;iOS 18.3.1)DID:"
86.8.204.43 - - [22/Aug/2025:05:54:01 +0200] "GET /wp-admin/defaults.php HTTP/1.1" 200 393 "-" "Mozilla/5.0 (iPhone; CPU iPhone OS 18_3_1 like Mac OS X) AppleWebKit/605.1.15 (KHTML, like Gecko) Mobile/15E148 THDConsumer/7.45.0.1 (iPhone;iOS 18.3.1)DID:"
157.230.195.44 - - [22/Aug/2025:05:54:02 +0200] "GET /wp-admin/defaults.php HTTP/1.1" 200 393 "-" "Mozilla/5.0 (iPhone; CPU iPhone OS 18_3_1 like Mac OS X) AppleWebKit/605.1.15 (KHTML, like Gecko) Mobile/15E148 THDConsumer/7.45.0.1 (iPhone;iOS 18.3.1)DID:"
20.171.207.15 - - [22/Aug/2025:05:54:12 +0200] "GET /pages.php?monitor%2Fw228%3Fpid=8 HTTP/1.1" 200 461902 "-" "Mozilla/5.0 AppleWebKit/537.36 (KHTML, like Gecko; compatible; GPTBot/1.2; +https://openai.com/gptbot)"
146.190.190.67 - - [22/Aug/2025:05:54:17 +0200] "GET /wp-admin/defaults.php HTTP/1.1" 200 393 "-" "Mozilla/5.0 (iPhone; CPU iPhone OS 18_3_1 like Mac OS X) AppleWebKit/605.1.15 (KHTML, like Gecko) Mobile/15E148 THDConsumer/7.45.0.1 (iPhone;iOS 18.3.1)DID:"
20.171.207.29 - - [22/Aug/2025:05:54:25 +0200] "GET /pages.php?sunlight%2Fi86%3Fpid=190 HTTP/1.1" 200 462046 "-" "Mozilla/5.0 AppleWebKit/537.36 (KHTML, like Gecko; compatible; GPTBot/1.2; +https://openai.com/gptbot)"
20.171.207.15 - - [22/Aug/2025:05:54:29 +0200] "GET /chat.xhtml?suit%2Fe96%3Fpid=436 HTTP/1.1" 500 0 "-" "Mozilla/5.0 AppleWebKit/537.36 (KHTML, like Gecko; compatible; GPTBot/1.2; +https://openai.com/gptbot)"
20.171.207.15 - - [22/Aug/2025:05:55:03 +0200] "GET /pages.php?count%2Fu31%3Fpid=29275 HTTP/1.1" 200 11 "-" "Mozilla/5.0 AppleWebKit/537.36 (KHTML, like Gecko; compatible; GPTBot/1.2; +https://openai.com/gptbot)"
20.171.207.29 - - [22/Aug/2025:05:55:23 +0200] "GET /?_bd_prev_page=https%3A%2F%2Fkjinvest.net%2Fsite.asp%3Fclue%2Fj138%3Fpid%3D35172&_bdsid=v5njat.n%7EAVSGA.1747508339875.1798364627 HTTP/1.1" 500 0 "-" "Mozilla/5.0 AppleWebKit/537.36 (KHTML, like Gecko; compatible; GPTBot/1.2; +https://openai.com/gptbot)"
66.249.74.74 - - [22/Aug/2025:05:55:24 +0200] "GET /produce169006486.html HTTP/1.1" 200 558312 "-" "Mozilla/5.0 (Linux; Android 6.0.1; Nexus 5X Build/MMB29P) AppleWebKit/537.36 (KHTML, like Gecko) Chrome/138.0.7204.183 Mobile Safari/537.36 (compatible; Googlebot/2.1; +http://www.google.com/bot.html)"
20.171.207.15 - - [22/Aug/2025:05:55:33 +0200] "GET /pages.php?wage%2Fi49%3Fpid=15063 HTTP/1.1" 200 464541 "-" "Mozilla/5.0 AppleWebKit/537.36 (KHTML, like Gecko; compatible; GPTBot/1.2; +https://openai.com/gptbot)"
66.249.74.73 - - [22/Aug/2025:05:55:42 +0200] "GET /stuff004033169.html HTTP/1.1" 200 556996 "-" "Mozilla/5.0 (Linux; Android 6.0.1; Nexus 5X Build/MMB29P) AppleWebKit/537.36 (KHTML, like Gecko) Chrome/138.0.7204.183 Mobile Safari/537.36 (compatible; Googlebot/2.1; +http://www.google.com/bot.html)"
20.171.207.29 - - [22/Aug/2025:05:56:16 +0200] "GET /pages.php?youth%2Fq95%3Fpid=111 HTTP/1.1" 200 465200 "-" "Mozilla/5.0 AppleWebKit/537.36 (KHTML, like Gecko; compatible; GPTBot/1.2; +https://openai.com/gptbot)"
20.171.207.15 - - [22/Aug/2025:05:56:17 +0200] "GET /pages.php?rescue%2Fz89%3Fpid=599 HTTP/1.1" 200 479874 "-" "Mozilla/5.0 AppleWebKit/537.36 (KHTML, like Gecko; compatible; GPTBot/1.2; +https://openai.com/gptbot)"
157.180.95.16 - - [22/Aug/2025:05:56:25 +0200] "GET / HTTP/1.1" 200 560745 "-" "Mozilla/5.0 (Windows NT 10.0; Win64; x64) AppleWebKit/537.36 (KHTML, like Gecko) Chrome/106.0.0.0 Safari/537.36"
66.249.74.72 - - [22/Aug/2025:05:56:35 +0200] "GET /items/252026558.html?srsltid=AfmBOoprmAXUKLMTVQZdP7r0GBhLkJiOZAOXDxFuCihXAd3Vt9LS HTTP/1.1" 200 558378 "-" "Mozilla/5.0 (Linux; Android 6.0.1; Nexus 5X Build/MMB29P) AppleWebKit/537.36 (KHTML, like Gecko) Chrome/138.0.7204.183 Mobile Safari/537.36 (compatible; Googlebot/2.1; +http://www.google.com/bot.html)"
20.171.207.15 - - [22/Aug/2025:05:56:57 +0200] "GET /pages.php?trainer%2Fs54%3Fpid=992 HTTP/1.1" 200 469356 "-" "Mozilla/5.0 AppleWebKit/537.36 (KHTML, like Gecko; compatible; GPTBot/1.2; +https://openai.com/gptbot)"
20.171.207.29 - - [22/Aug/2025:05:57:18 +0200] "GET /?_bd_prev_page=https%3A%2F%2Fkjinvest.net%2Fsite.asp%3Finevitably%2Fb62%3Fpid%3D6912&_bdsid=v5njat.n%7EAVSGA.1747508339875.1798364627 HTTP/1.1" 500 0 "-" "Mozilla/5.0 AppleWebKit/537.36 (KHTML, like Gecko; compatible; GPTBot/1.2; +https://openai.com/gptbot)"
20.171.207.15 - - [22/Aug/2025:05:57:33 +0200] "GET /pages.php?ridiculous%2Fw50%3Fpid=508 HTTP/1.1" 200 461916 "-" "Mozilla/5.0 AppleWebKit/537.36 (KHTML, like Gecko; compatible; GPTBot/1.2; +https://openai.com/gptbot)"
4.227.36.127 - - [22/Aug/2025:05:57:40 +0200] "GET /robots.txt HTTP/1.1" 200 356 "-" "Mozilla/5.0 AppleWebKit/537.36 (KHTML, like Gecko; compatible; GPTBot/1.2; +https://openai.com/gptbot)"
208.110.64.178 - - [22/Aug/2025:05:57:47 +0200] "GET /wp-content/edit.php HTTP/1.1" 500 0 "https://www.kjinvest.net/wp-content/edit.php" "Mozilla/5.0 (Windows NT 10.0; Win64; x64) AppleWebKit/537.36 (KHTML, like Gecko) Chrome/58.0.3029.110 Safari/537.3"
208.110.64.178 - - [22/Aug/2025:05:57:47 +0200] "GET /wp-content/edit.php HTTP/1.1" 500 0 "https://www.kjinvest.net/wp-content/edit.php" "Mozilla/5.0 (Windows NT 10.0; Win64; x64) AppleWebKit/537.36 (KHTML, like Gecko) Chrome/58.0.3029.110 Safari/537.3"
20.171.207.15 - - [22/Aug/2025:05:58:06 +0200] "GET / HTTP/1.1" 500 0 "-" "Mozilla/5.0 AppleWebKit/537.36 (KHTML, like Gecko; compatible; GPTBot/1.2; +https://openai.com/gptbot)"
20.171.207.29 - - [22/Aug/2025:05:58:16 +0200] "GET /pages.php?royal%2Fg54%3Fpid=47166 HTTP/1.1" 200 461302 "-" "Mozilla/5.0 AppleWebKit/537.36 (KHTML, like Gecko; compatible; GPTBot/1.2; +https://openai.com/gptbot)"
66.249.74.73 - - [22/Aug/2025:05:58:24 +0200] "GET /pages.php?q-~265MVCKVB5bVhjs4f9axgHSEgAqdKNvUw32914/ HTTP/1.1" 200 460939 "-" "Mozilla/5.0 (Linux; Android 6.0.1; Nexus 5X Build/MMB29P) AppleWebKit/537.36 (KHTML, like Gecko) Chrome/138.0.7204.183 Mobile Safari/537.36 (compatible; Googlebot/2.1; +http://www.google.com/bot.html)"
66.249.74.74 - - [22/Aug/2025:05:58:24 +0200] "GET /village288013971.html HTTP/1.1" 200 570614 "-" "Mozilla/5.0 (Linux; Android 6.0.1; Nexus 5X Build/MMB29P) AppleWebKit/537.36 (KHTML, like Gecko) Chrome/138.0.7204.183 Mobile Safari/537.36 (compatible; Googlebot/2.1; +http://www.google.com/bot.html)"
20.171.207.15 - - [22/Aug/2025:05:58:34 +0200] "GET /pages.php?they%2Fn197%3Fpid=1493 HTTP/1.1" 200 472050 "-" "Mozilla/5.0 AppleWebKit/537.36 (KHTML, like Gecko; compatible; GPTBot/1.2; +https://openai.com/gptbot)"
77.75.78.169 - - [22/Aug/2025:05:58:53 +0200] "GET /items/033017361.html?srsltid=AfmBOonebJHKlKgQstwsffFdKtahTyuxFrmplesveVHlRywyo3kP HTTP/1.1" 500 0 "-" "Mozilla/5.0 (compatible; SeznamBot/4.0; +https://o-seznam.cz/napoveda/vyhledavani/en/seznambot-crawler/)"
20.171.207.29 - - [22/Aug/2025:05:59:17 +0200] "GET /pages.php?burden%2Fz89%3Fpid=279 HTTP/1.1" 200 462976 "-" "Mozilla/5.0 AppleWebKit/537.36 (KHTML, like Gecko; compatible; GPTBot/1.2; +https://openai.com/gptbot)"
20.171.207.15 - - [22/Aug/2025:05:59:36 +0200] "GET /pages.php?story%2Fq3%3Fpid=45749 HTTP/1.1" 200 460726 "-" "Mozilla/5.0 AppleWebKit/537.36 (KHTML, like Gecko; compatible; GPTBot/1.2; +https://openai.com/gptbot)"
66.249.74.72 - - [22/Aug/2025:05:59:41 +0200] "GET /owe253029072.html HTTP/1.1" 200 554242 "-" "Mozilla/5.0 (Linux; Android 6.0.1; Nexus 5X Build/MMB29P) AppleWebKit/537.36 (KHTML, like Gecko) Chrome/138.0.7204.183 Mobile Safari/537.36 (compatible; Googlebot/2.1; +http://www.google.com/bot.html)"
66.249.74.72 - - [22/Aug/2025:05:59:47 +0200] "GET /hell083019106.html HTTP/1.1" 200 556255 "-" "Mozilla/5.0 (Linux; Android 6.0.1; Nexus 5X Build/MMB29P) AppleWebKit/537.36 (KHTML, like Gecko) Chrome/138.0.7204.183 Mobile Safari/537.36 (compatible; Googlebot/2.1; +http://www.google.com/bot.html)"
20.171.207.15 - - [22/Aug/2025:06:00:34 +0200] "GET /pages.php?virus%2Fh78%3Fpid=11978 HTTP/1.1" 200 469795 "-" "Mozilla/5.0 AppleWebKit/537.36 (KHTML, like Gecko; compatible; GPTBot/1.2; +https://openai.com/gptbot)"
66.249.74.74 - - [22/Aug/2025:06:01:09 +0200] "GET /slight286015919.html HTTP/1.1" 200 569210 "-" "Mozilla/5.0 (Linux; Android 6.0.1; Nexus 5X Build/MMB29P) AppleWebKit/537.36 (KHTML, like Gecko) Chrome/138.0.7204.183 Mobile Safari/537.36 (compatible; Googlebot/2.1; +http://www.google.com/bot.html)"
66.249.74.73 - - [22/Aug/2025:06:01:11 +0200] "GET /playoff037032864.html HTTP/1.1" 200 559231 "-" "Mozilla/5.0 (Linux; Android 6.0.1; Nexus 5X Build/MMB29P) AppleWebKit/537.36 (KHTML, like Gecko) Chrome/138.0.7204.183 Mobile Safari/537.36 (compatible; Googlebot/2.1; +http://www.google.com/bot.html)"
20.171.207.15 - - [22/Aug/2025:06:01:26 +0200] "GET /pages.php?secular%2Fm9%3Fpid=443 HTTP/1.1" 200 462527 "-" "Mozilla/5.0 AppleWebKit/537.36 (KHTML, like Gecko; compatible; GPTBot/1.2; +https://openai.com/gptbot)"
20.171.207.29 - - [22/Aug/2025:06:01:59 +0200] "GET /?_bd_prev_page=https%3A%2F%2Fkjinvest.net%2Fsite.asp%3Fcliff%2Fa137%3Fpid%3D46087&_bdsid=v5njat.n%7EAVSGA.1747508339875.1798364627 HTTP/1.1" 500 0 "-" "Mozilla/5.0 AppleWebKit/537.36 (KHTML, like Gecko; compatible; GPTBot/1.2; +https://openai.com/gptbot)"
20.171.207.15 - - [22/Aug/2025:06:02:13 +0200] "GET /pages.php?tiny%2Fd264%3Fpid=7838 HTTP/1.1" 200 471127 "-" "Mozilla/5.0 AppleWebKit/537.36 (KHTML, like Gecko; compatible; GPTBot/1.2; +https://openai.com/gptbot)"
20.171.207.29 - - [22/Aug/2025:06:02:52 +0200] "GET /pages.php?mouse%2Fp96%3Fpid=14354 HTTP/1.1" 200 464178 "-" "Mozilla/5.0 AppleWebKit/537.36 (KHTML, like Gecko; compatible; GPTBot/1.2; +https://openai.com/gptbot)"
20.171.207.15 - - [22/Aug/2025:06:02:55 +0200] "GET /pages.php?dried%2Fz78%3Fpid=540 HTTP/1.1" 200 471231 "-" "Mozilla/5.0 AppleWebKit/537.36 (KHTML, like Gecko; compatible; GPTBot/1.2; +https://openai.com/gptbot)"
66.249.74.74 - - [22/Aug/2025:06:03:24 +0200] "GET /debris015006420.html HTTP/1.1" 200 565320 "-" "Mozilla/5.0 (Linux; Android 6.0.1; Nexus 5X Build/MMB29P) AppleWebKit/537.36 (KHTML, like Gecko) Chrome/138.0.7204.183 Mobile Safari/537.36 (compatible; Googlebot/2.1; +http://www.google.com/bot.html)"
20.171.207.15 - - [22/Aug/2025:06:03:31 +0200] "GET /pages.php?bathroom%2Fz66%3Fpid=564 HTTP/1.1" 200 470206 "-" "Mozilla/5.0 AppleWebKit/537.36 (KHTML, like Gecko; compatible; GPTBot/1.2; +https://openai.com/gptbot)"
20.171.207.29 - - [22/Aug/2025:06:03:56 +0200] "GET /pages.php?machine%2Fz4%3Fpid=5960 HTTP/1.1" 200 460768 "-" "Mozilla/5.0 AppleWebKit/537.36 (KHTML, like Gecko; compatible; GPTBot/1.2; +https://openai.com/gptbot)"
20.171.207.15 - - [22/Aug/2025:06:04:06 +0200] "GET /pages.php?doubt%2Fk15%3Fpid=969 HTTP/1.1" 200 466812 "-" "Mozilla/5.0 AppleWebKit/537.36 (KHTML, like Gecko; compatible; GPTBot/1.2; +https://openai.com/gptbot)"
66.249.74.73 - - [22/Aug/2025:06:04:07 +0200] "GET /pcmypage?callback=product/review/mars405-map-hlwca00629 HTTP/1.1" 200 555412 "-" "Mozilla/5.0 (Linux; Android 6.0.1; Nexus 5X Build/MMB29P) AppleWebKit/537.36 (KHTML, like Gecko) Chrome/138.0.7204.183 Mobile Safari/537.36 (compatible; Googlebot/2.1; +http://www.google.com/bot.html)"
20.171.207.15 - - [22/Aug/2025:06:04:37 +0200] "GET /pages.php?elite%2Fm47%3Fpid=925 HTTP/1.1" 200 461306 "-" "Mozilla/5.0 AppleWebKit/537.36 (KHTML, like Gecko; compatible; GPTBot/1.2; +https://openai.com/gptbot)"
66.249.74.73 - - [22/Aug/2025:06:04:41 +0200] "GET /without240048105.html HTTP/1.1" 200 554577 "-" "Mozilla/5.0 (Linux; Android 6.0.1; Nexus 5X Build/MMB29P) AppleWebKit/537.36 (KHTML, like Gecko) Chrome/138.0.7204.183 Mobile Safari/537.36 (compatible; Googlebot/2.1; +http://www.google.com/bot.html)"
20.171.207.29 - - [22/Aug/2025:06:04:54 +0200] "GET /pages.php?writing%2Fq97%3Fpid=207 HTTP/1.1" 200 457954 "-" "Mozilla/5.0 AppleWebKit/537.36 (KHTML, like Gecko; compatible; GPTBot/1.2; +https://openai.com/gptbot)"
20.171.207.15 - - [22/Aug/2025:06:05:04 +0200] "GET /pages.php?heavy%2Fw49%3Fpid=8615 HTTP/1.1" 200 469128 "-" "Mozilla/5.0 AppleWebKit/537.36 (KHTML, like Gecko; compatible; GPTBot/1.2; +https://openai.com/gptbot)"
20.171.207.15 - - [22/Aug/2025:06:05:28 +0200] "GET /pages.php?q-~275mT1QJxBozYSpDZHx5zL1NoFOkk0qYG21092/ HTTP/1.1" 200 464353 "-" "Mozilla/5.0 AppleWebKit/537.36 (KHTML, like Gecko; compatible; GPTBot/1.2; +https://openai.com/gptbot)"
66.249.74.74 - - [22/Aug/2025:06:05:38 +0200] "GET /constantly248040569.html HTTP/1.1" 200 556792 "-" "Mozilla/5.0 (Linux; Android 6.0.1; Nexus 5X Build/MMB29P) AppleWebKit/537.36 (KHTML, like Gecko) Chrome/138.0.7204.183 Mobile Safari/537.36 (compatible; Googlebot/2.1; +http://www.google.com/bot.html)"
20.171.207.29 - - [22/Aug/2025:06:05:42 +0200] "GET /?_bd_prev_page=https%3A%2F%2Fkjinvest.net%2Fsite.asp%3Fserve%2Fd222%3Fpid%3D33038&_bdsid=v5njat.n%7EAVSGA.1747508339875.1798364627 HTTP/1.1" 500 0 "-" "Mozilla/5.0 AppleWebKit/537.36 (KHTML, like Gecko; compatible; GPTBot/1.2; +https://openai.com/gptbot)"
20.171.207.15 - - [22/Aug/2025:06:05:51 +0200] "GET /pages.php?highway%2Fe68%3Fpid=714 HTTP/1.1" 200 462601 "-" "Mozilla/5.0 AppleWebKit/537.36 (KHTML, like Gecko; compatible; GPTBot/1.2; +https://openai.com/gptbot)"
20.171.207.15 - - [22/Aug/2025:06:06:10 +0200] "GET /pages.php?context%2Fz68%3Fpid=708 HTTP/1.1" 200 461956 "-" "Mozilla/5.0 AppleWebKit/537.36 (KHTML, like Gecko; compatible; GPTBot/1.2; +https://openai.com/gptbot)"
66.249.74.74 - - [22/Aug/2025:06:06:14 +0200] "GET /hair136046673.html HTTP/1.1" 200 556333 "-" "Mozilla/5.0 (Linux; Android 6.0.1; Nexus 5X Build/MMB29P) AppleWebKit/537.36 (KHTML, like Gecko) Chrome/138.0.7204.183 Mobile Safari/537.36 (compatible; Googlebot/2.1; +http://www.google.com/bot.html)"
66.249.74.72 - - [22/Aug/2025:06:06:26 +0200] "GET /pcmypage?callback=product/review/kutsu-collection-10350958-1 HTTP/1.1" 200 558753 "-" "Mozilla/5.0 (Linux; Android 6.0.1; Nexus 5X Build/MMB29P) AppleWebKit/537.36 (KHTML, like Gecko) Chrome/138.0.7204.183 Mobile Safari/537.36 (compatible; Googlebot/2.1; +http://www.google.com/bot.html)"
20.171.207.15 - - [22/Aug/2025:06:06:28 +0200] "GET /pages.php?planet%2Fb68%3Fpid=710 HTTP/1.1" 200 466128 "-" "Mozilla/5.0 AppleWebKit/537.36 (KHTML, like Gecko; compatible; GPTBot/1.2; +https://openai.com/gptbot)"
