20.171.207.15 - - [22/Aug/2025:06:27:29 +0200] "GET /pages.php?resign%2Fy49%3Fpid=175 HTTP/1.1" 200 465902 "-" "Mozilla/5.0 AppleWebKit/537.36 (KHTML, like Gecko; compatible; GPTBot/1.2; +https://openai.com/gptbot)"
206.189.247.132 - - [22/Aug/2025:06:29:03 +0200] "GET /wp-includes/install.php HTTP/1.1" 200 0 "-" "Mozilla/5.0 (iPhone; CPU iPhone OS 18_3_1 like Mac OS X) AppleWebKit/605.1.15 (KHTML, like Gecko) Mobile/15E148 THDConsumer/7.45.0.1 (iPhone;iOS 18.3.1)DID:"
206.217.139.203 - - [22/Aug/2025:06:29:03 +0200] "GET /wp-includes/install.php HTTP/1.1" 200 0 "-" "Mozilla/5.0 (iPhone; CPU iPhone OS 18_3_1 like Mac OS X) AppleWebKit/605.1.15 (KHTML, like Gecko) Mobile/15E148 THDConsumer/7.45.0.1 (iPhone;iOS 18.3.1)DID:"
86.8.204.43 - - [22/Aug/2025:06:29:03 +0200] "GET /wp-includes/install.php HTTP/1.1" 200 0 "-" "Mozilla/5.0 (iPhone; CPU iPhone OS 18_3_1 like Mac OS X) AppleWebKit/605.1.15 (KHTML, like Gecko) Mobile/15E148 THDConsumer/7.45.0.1 (iPhone;iOS 18.3.1)DID:"
146.190.190.67 - - [22/Aug/2025:06:29:03 +0200] "GET /wp-includes/install.php HTTP/1.1" 200 0 "-" "Mozilla/5.0 (iPhone; CPU iPhone OS 18_3_1 like Mac OS X) AppleWebKit/605.1.15 (KHTML, like Gecko) Mobile/15E148 THDConsumer/7.45.0.1 (iPhone;iOS 18.3.1)DID:"
20.171.207.15 - - [22/Aug/2025:06:29:20 +0200] "GET /pages.php?grain%2Fc19%3Fpid=28385 HTTP/1.1" 200 0 "-" "Mozilla/5.0 AppleWebKit/537.36 (KHTML, like Gecko; compatible; GPTBot/1.2; +https://openai.com/gptbot)"
20.171.207.29 - - [22/Aug/2025:06:29:20 +0200] "GET /?_bd_prev_page=https%3A%2F%2Fkjinvest.net%2Fsite.asp%3Fcruise%2Fd222%3Fpid%3D37248&_bdsid=v5njat.n%7EAVSGA.1747508339875.1798364627 HTTP/1.1" 500 0 "-" "Mozilla/5.0 AppleWebKit/537.36 (KHTML, like Gecko; compatible; GPTBot/1.2; +https://openai.com/gptbot)"
206.217.139.203 - - [22/Aug/2025:06:29:21 +0200] "GET /wp-includes/install.php HTTP/1.1" 200 0 "-" "Mozilla/5.0 (iPhone; CPU iPhone OS 18_3_1 like Mac OS X) AppleWebKit/605.1.15 (KHTML, like Gecko) Mobile/15E148 THDConsumer/7.45.0.1 (iPhone;iOS 18.3.1)DID:"
206.189.247.132 - - [22/Aug/2025:06:29:21 +0200] "GET /wp-includes/install.php HTTP/1.1" 200 0 "-" "Mozilla/5.0 (iPhone; CPU iPhone OS 18_3_1 like Mac OS X) AppleWebKit/605.1.15 (KHTML, like Gecko) Mobile/15E148 THDConsumer/7.45.0.1 (iPhone;iOS 18.3.1)DID:"
146.190.190.67 - - [22/Aug/2025:06:29:21 +0200] "GET /wp-includes/install.php HTTP/1.1" 200 0 "-" "Mozilla/5.0 (iPhone; CPU iPhone OS 18_3_1 like Mac OS X) AppleWebKit/605.1.15 (KHTML, like Gecko) Mobile/15E148 THDConsumer/7.45.0.1 (iPhone;iOS 18.3.1)DID:"
86.8.204.43 - - [22/Aug/2025:06:29:21 +0200] "GET /wp-includes/install.php HTTP/1.1" 200 0 "-" "Mozilla/5.0 (iPhone; CPU iPhone OS 18_3_1 like Mac OS X) AppleWebKit/605.1.15 (KHTML, like Gecko) Mobile/15E148 THDConsumer/7.45.0.1 (iPhone;iOS 18.3.1)DID:"
195.250.21.212 - - [22/Aug/2025:06:32:36 +0200] "GET /.env HTTP/1.1" 000 0 "-" "Mozilla/5.0 (X11; Linux x86_64)"
20.171.207.29 - - [22/Aug/2025:06:32:36 +0200] "GET /pages.php?council%2Fu42%3Fpid=372 HTTP/1.1" 000 0 "-" "Mozilla/5.0 AppleWebKit/537.36 (KHTML, like Gecko; compatible; GPTBot/1.2; +https://openai.com/gptbot)"
86.8.204.43 - - [22/Aug/2025:06:32:36 +0200] "GET /wp-includes/install.php HTTP/1.1" 000 0 "-" "Mozilla/5.0 (iPhone; CPU iPhone OS 18_3_1 like Mac OS X) AppleWebKit/605.1.15 (KHTML, like Gecko) Mobile/15E148 THDConsumer/7.45.0.1 (iPhone;iOS 18.3.1)DID:"
20.171.207.15 - - [22/Aug/2025:06:32:36 +0200] "GET /chat.xhtml?soar%2Fn49%3Fpid=353 HTTP/1.1" 000 0 "-" "Mozilla/5.0 AppleWebKit/537.36 (KHTML, like Gecko; compatible; GPTBot/1.2; +https://openai.com/gptbot)"
20.171.207.29 - - [22/Aug/2025:06:32:36 +0200] "GET /pages.php?central%2Fj38%3Fpid=440 HTTP/1.1" 000 0 "-" "Mozilla/5.0 AppleWebKit/537.36 (KHTML, like Gecko; compatible; GPTBot/1.2; +https://openai.com/gptbot)"
20.171.207.15 - - [22/Aug/2025:06:32:36 +0200] "GET /pages.php?spectacular%2Fu61%3Fpid=12299 HTTP/1.1" 000 0 "-" "Mozilla/5.0 AppleWebKit/537.36 (KHTML, like Gecko; compatible; GPTBot/1.2; +https://openai.com/gptbot)"
206.217.139.203 - - [22/Aug/2025:06:32:36 +0200] "GET /wp-includes/install.php HTTP/1.1" 000 0 "-" "Mozilla/5.0 (iPhone; CPU iPhone OS 18_3_1 like Mac OS X) AppleWebKit/605.1.15 (KHTML, like Gecko) Mobile/15E148 THDConsumer/7.45.0.1 (iPhone;iOS 18.3.1)DID:"
146.190.190.67 - - [22/Aug/2025:06:32:36 +0200] "GET /wp-includes/install.php HTTP/1.1" 000 0 "-" "Mozilla/5.0 (iPhone; CPU iPhone OS 18_3_1 like Mac OS X) AppleWebKit/605.1.15 (KHTML, like Gecko) Mobile/15E148 THDConsumer/7.45.0.1 (iPhone;iOS 18.3.1)DID:"
20.171.207.15 - - [22/Aug/2025:06:32:36 +0200] "GET / HTTP/1.1" 000 0 "-" "Mozilla/5.0 AppleWebKit/537.36 (KHTML, like Gecko; compatible; GPTBot/1.2; +https://openai.com/gptbot)"
20.171.207.29 - - [22/Aug/2025:06:32:36 +0200] "GET /?_bd_prev_page=https%3A%2F%2Fkjinvest.net%2Fsite.asp%3Fabsolute%2Fn91%3Fpid%3D34095&_bdsid=v5njat.n%7EAVSGA.1747508339875.1798364627 HTTP/1.1" 000 0 "-" "Mozilla/5.0 AppleWebKit/537.36 (KHTML, like Gecko; compatible; GPTBot/1.2; +https://openai.com/gptbot)"
20.171.207.15 - - [22/Aug/2025:06:32:36 +0200] "GET /pages.php?rural%2Ff68%3Fpid=47440 HTTP/1.1" 000 0 "-" "Mozilla/5.0 AppleWebKit/537.36 (KHTML, like Gecko; compatible; GPTBot/1.2; +https://openai.com/gptbot)"
195.250.21.212 - - [22/Aug/2025:06:32:36 +0200] "GET /.env HTTP/1.1" 000 0 "-" "Mozilla/5.0 (X11; Linux x86_64)"
206.189.247.132 - - [22/Aug/2025:06:32:36 +0200] "GET /wp-includes/install.php HTTP/1.1" 000 0 "-" "Mozilla/5.0 (iPhone; CPU iPhone OS 18_3_1 like Mac OS X) AppleWebKit/605.1.15 (KHTML, like Gecko) Mobile/15E148 THDConsumer/7.45.0.1 (iPhone;iOS 18.3.1)DID:"
66.249.74.73 - - [22/Aug/2025:06:34:51 +0200] "GET /magic008008409.html HTTP/1.1" 000 0 "-" "Mozilla/5.0 (Linux; Android 6.0.1; Nexus 5X Build/MMB29P) AppleWebKit/537.36 (KHTML, like Gecko) Chrome/138.0.7204.183 Mobile Safari/537.36 (compatible; Googlebot/2.1; +http://www.google.com/bot.html)"
20.171.207.29 - - [22/Aug/2025:06:34:51 +0200] "GET /pages.php?ruling%2Fb82%3Fpid=28954 HTTP/1.1" 000 0 "-" "Mozilla/5.0 AppleWebKit/537.36 (KHTML, like Gecko; compatible; GPTBot/1.2; +https://openai.com/gptbot)"
20.171.207.15 - - [22/Aug/2025:06:34:51 +0200] "GET /pages.php?lock%2Fr78%3Fpid=10290 HTTP/1.1" 000 0 "-" "Mozilla/5.0 AppleWebKit/537.36 (KHTML, like Gecko; compatible; GPTBot/1.2; +https://openai.com/gptbot)"
20.171.207.15 - - [22/Aug/2025:06:34:51 +0200] "GET /pages.php?liberty%2Fp60%3Fpid=994 HTTP/1.1" 000 0 "-" "Mozilla/5.0 AppleWebKit/537.36 (KHTML, like Gecko; compatible; GPTBot/1.2; +https://openai.com/gptbot)"
20.171.207.29 - - [22/Aug/2025:06:34:51 +0200] "GET /?_bd_prev_page=https%3A%2F%2Fkjinvest.net%2Fsite.asp%3Fone%2Fh106%3Fpid%3D39150&_bdsid=v5njat.n%7EAVSGA.1747508339875.1798364627 HTTP/1.1" 000 0 "-" "Mozilla/5.0 AppleWebKit/537.36 (KHTML, like Gecko; compatible; GPTBot/1.2; +https://openai.com/gptbot)"
20.171.207.29 - - [22/Aug/2025:06:39:37 +0200] "GET /?_bd_prev_page=https%3A%2F%2Fkjinvest.net%2Fsite.asp%3Fyourself%2Fn82%3Fpid%3D324&_bdsid=v5njat.n%7EAVSGA.1747508339875.1798364627 HTTP/1.1" 499 0 "-" "Mozilla/5.0 AppleWebKit/537.36 (KHTML, like Gecko; compatible; GPTBot/1.2; +https://openai.com/gptbot)"
20.171.207.29 - - [22/Aug/2025:06:40:18 +0200] "GET /pages.php?written%2Ft84%3Fpid=296 HTTP/1.1" 499 0 "-" "Mozilla/5.0 AppleWebKit/537.36 (KHTML, like Gecko; compatible; GPTBot/1.2; +https://openai.com/gptbot)"
20.171.207.15 - - [22/Aug/2025:06:40:18 +0200] "GET /pages.php?proof%2Ft10%3Fpid=28064 HTTP/1.1" 499 0 "-" "Mozilla/5.0 AppleWebKit/537.36 (KHTML, like Gecko; compatible; GPTBot/1.2; +https://openai.com/gptbot)"
20.171.207.15 - - [22/Aug/2025:06:40:34 +0200] "GET /pages.php?lover%2Fz37%3Fpid=36855 HTTP/1.1" 499 0 "-" "Mozilla/5.0 AppleWebKit/537.36 (KHTML, like Gecko; compatible; GPTBot/1.2; +https://openai.com/gptbot)"
20.171.207.29 - - [22/Aug/2025:06:40:39 +0200] "GET /?_bd_prev_page=https%3A%2F%2Fkjinvest.net%2Fsite.asp%3Fasleep%2Ff183%3Fpid%3D47869&_bdsid=v5njat.n%7EAVSGA.1747508339875.1798364627 HTTP/1.1" 499 0 "-" "Mozilla/5.0 AppleWebKit/537.36 (KHTML, like Gecko; compatible; GPTBot/1.2; +https://openai.com/gptbot)"
20.171.207.15 - - [22/Aug/2025:06:41:19 +0200] "GET /pages.php?consumer%2Fd5%3Fpid=2049 HTTP/1.1" 499 0 "-" "Mozilla/5.0 AppleWebKit/537.36 (KHTML, like Gecko; compatible; GPTBot/1.2; +https://openai.com/gptbot)"
20.171.207.29 - - [22/Aug/2025:06:41:23 +0200] "GET /?_bd_prev_page=https%3A%2F%2Fkjinvest.net%2Fsite.asp%3Fenergy%2Fz192%3Fpid%3D16750&_bdsid=v5njat.n%7EAVSGA.1747508339875.1798364627 HTTP/1.1" 499 0 "-" "Mozilla/5.0 AppleWebKit/537.36 (KHTML, like Gecko; compatible; GPTBot/1.2; +https://openai.com/gptbot)"
20.171.207.15 - - [22/Aug/2025:06:41:36 +0200] "GET /pages.php?Italian%2Fk7%3Fpid=2365 HTTP/1.1" 499 0 "-" "Mozilla/5.0 AppleWebKit/537.36 (KHTML, like Gecko; compatible; GPTBot/1.2; +https://openai.com/gptbot)"
20.171.207.29 - - [22/Aug/2025:06:41:44 +0200] "GET /pages.php?q-~295ZJp5ceFkC0HZhs9AGSz5Xo6MTxfxuE3240/ HTTP/1.1" 499 0 "-" "Mozilla/5.0 AppleWebKit/537.36 (KHTML, like Gecko; compatible; GPTBot/1.2; +https://openai.com/gptbot)"
77.75.78.169 - - [22/Aug/2025:06:41:52 +0200] "GET /items/064017828.html?srsltid=AfmBOoepwfTZIVIXUInJheMqZkFkOjkZaFJztuokCh8YwCVbvnhq HTTP/1.1" 499 0 "-" "Mozilla/5.0 (compatible; SeznamBot/4.0; +https://o-seznam.cz/napoveda/vyhledavani/en/seznambot-crawler/)"
66.249.74.72 - - [22/Aug/2025:06:42:13 +0200] "GET /pursue032031249.html HTTP/1.1" 502 552 "-" "Mozilla/5.0 (Linux; Android 6.0.1; Nexus 5X Build/MMB29P) AppleWebKit/537.36 (KHTML, like Gecko) Chrome/138.0.7204.183 Mobile Safari/537.36 (compatible; Googlebot/2.1; +http://www.google.com/bot.html)"
20.171.207.15 - - [22/Aug/2025:06:42:23 +0200] "GET /pages.php?formerly%2Fw49%3Fpid=701 HTTP/1.1" 499 0 "-" "Mozilla/5.0 AppleWebKit/537.36 (KHTML, like Gecko; compatible; GPTBot/1.2; +https://openai.com/gptbot)"
208.110.64.178 - - [22/Aug/2025:06:42:29 +0200] "GET /wp-content/edit.php HTTP/1.1" 500 0 "https://www.kjinvest.net/wp-content/edit.php" "Mozilla/5.0 (Windows NT 10.0; Win64; x64) AppleWebKit/537.36 (KHTML, like Gecko) Chrome/58.0.3029.110 Safari/537.3"
208.110.64.178 - - [22/Aug/2025:06:42:34 +0200] "GET /wp-content/edit.php HTTP/1.1" 500 0 "https://www.kjinvest.net/wp-content/edit.php" "Mozilla/5.0 (Windows NT 10.0; Win64; x64) AppleWebKit/537.36 (KHTML, like Gecko) Chrome/58.0.3029.110 Safari/537.3"
20.171.207.15 - - [22/Aug/2025:06:42:38 +0200] "GET /pages.php?educator%2Fm36%3Fpid=710 HTTP/1.1" 200 463117 "-" "Mozilla/5.0 AppleWebKit/537.36 (KHTML, like Gecko; compatible; GPTBot/1.2; +https://openai.com/gptbot)"
20.171.207.15 - - [22/Aug/2025:06:42:39 +0200] "GET /pages.php?future%2Fr60%3Fpid=876 HTTP/1.1" 200 0 "-" "Mozilla/5.0 AppleWebKit/537.36 (KHTML, like Gecko; compatible; GPTBot/1.2; +https://openai.com/gptbot)"
20.171.207.15 - - [22/Aug/2025:06:42:41 +0200] "GET /pages.php?toilet%2Fe79%3Fpid=8913 HTTP/1.1" 499 0 "-" "Mozilla/5.0 AppleWebKit/537.36 (KHTML, like Gecko; compatible; GPTBot/1.2; +https://openai.com/gptbot)"
20.171.207.29 - - [22/Aug/2025:06:42:45 +0200] "GET /pages.php?grab%2Fl84%3Fpid=40138 HTTP/1.1" 200 471818 "-" "Mozilla/5.0 AppleWebKit/537.36 (KHTML, like Gecko; compatible; GPTBot/1.2; +https://openai.com/gptbot)"
66.249.74.72 - - [22/Aug/2025:06:42:46 +0200] "GET /items/088020616.html?srsltid=AfmBOoytzKEYOwqgWWtV2TOUNdDJBTTE2cYHHZTSK01iCWiPDEqM HTTP/1.1" 200 556697 "-" "Mozilla/5.0 (Linux; Android 6.0.1; Nexus 5X Build/MMB29P) AppleWebKit/537.36 (KHTML, like Gecko) Chrome/138.0.7204.183 Mobile Safari/537.36 (compatible; Googlebot/2.1; +http://www.google.com/bot.html)"
20.171.207.29 - - [22/Aug/2025:06:42:47 +0200] "GET /?_bd_prev_page=https%3A%2F%2Fkjinvest.net%2Fsite.asp%3Fq-%7E24jBkZaRrOXUKQ7aZBhsRncuqJltPNmX189%2F&_bdsid=v5njat.n%7EAVSGA.1747508339875.1798364627 HTTP/1.1" 500 0 "-" "Mozilla/5.0 AppleWebKit/537.36 (KHTML, like Gecko; compatible; GPTBot/1.2; +https://openai.com/gptbot)"
20.171.207.29 - - [22/Aug/2025:06:42:50 +0200] "GET /pages.php?dirt%2Fy74%3Fpid=11004 HTTP/1.1" 499 0 "-" "Mozilla/5.0 AppleWebKit/537.36 (KHTML, like Gecko; compatible; GPTBot/1.2; +https://openai.com/gptbot)"
20.171.207.15 - - [22/Aug/2025:06:43:40 +0200] "GET /pages.php?army%2Fv71%3Fpid=16373 HTTP/1.1" 200 463086 "-" "Mozilla/5.0 AppleWebKit/537.36 (KHTML, like Gecko; compatible; GPTBot/1.2; +https://openai.com/gptbot)"
20.171.207.29 - - [22/Aug/2025:06:43:46 +0200] "GET /?_bd_prev_page=https%3A%2F%2Fkjinvest.net%2Fsite.asp%3Fq-%7E92vtxkCvknLCMKJwqssyWOWlNIlhIPON413%2F&_bdsid=v5njat.n%7EAVSGA.1747508339875.1798364627 HTTP/1.1" 500 0 "-" "Mozilla/5.0 AppleWebKit/537.36 (KHTML, like Gecko; compatible; GPTBot/1.2; +https://openai.com/gptbot)"
146.190.190.67 - - [22/Aug/2025:06:43:52 +0200] "GET /wp-includes/install.php HTTP/1.1" 200 16 "-" "Mozilla/5.0 (iPhone; CPU iPhone OS 18_3_1 like Mac OS X) AppleWebKit/605.1.15 (KHTML, like Gecko) Mobile/15E148 THDConsumer/7.45.0.1 (iPhone;iOS 18.3.1)DID:"
206.189.247.132 - - [22/Aug/2025:06:43:52 +0200] "GET /wp-includes/install.php HTTP/1.1" 200 16 "-" "Mozilla/5.0 (iPhone; CPU iPhone OS 18_3_1 like Mac OS X) AppleWebKit/605.1.15 (KHTML, like Gecko) Mobile/15E148 THDConsumer/7.45.0.1 (iPhone;iOS 18.3.1)DID:"
206.217.139.203 - - [22/Aug/2025:06:43:52 +0200] "GET /wp-includes/install.php HTTP/1.1" 200 16 "-" "Mozilla/5.0 (iPhone; CPU iPhone OS 18_3_1 like Mac OS X) AppleWebKit/605.1.15 (KHTML, like Gecko) Mobile/15E148 THDConsumer/7.45.0.1 (iPhone;iOS 18.3.1)DID:"
86.8.204.43 - - [22/Aug/2025:06:44:13 +0200] "GET /wp-includes/install.php HTTP/1.1" 200 16 "-" "Mozilla/5.0 (iPhone; CPU iPhone OS 18_3_1 like Mac OS X) AppleWebKit/605.1.15 (KHTML, like Gecko) Mobile/15E148 THDConsumer/7.45.0.1 (iPhone;iOS 18.3.1)DID:"
20.171.207.15 - - [22/Aug/2025:06:44:34 +0200] "GET /pages.php?break%2Fe19%3Fpid=28387 HTTP/1.1" 200 466158 "-" "Mozilla/5.0 AppleWebKit/537.36 (KHTML, like Gecko; compatible; GPTBot/1.2; +https://openai.com/gptbot)"
20.171.207.29 - - [22/Aug/2025:06:44:44 +0200] "GET /pages.php?range%2Fa70%3Fpid=684 HTTP/1.1" 200 465658 "-" "Mozilla/5.0 AppleWebKit/537.36 (KHTML, like Gecko; compatible; GPTBot/1.2; +https://openai.com/gptbot)"
66.249.74.72 - - [22/Aug/2025:06:44:47 +0200] "GET /horn099026004.html HTTP/1.1" 200 553846 "-" "Mozilla/5.0 (Linux; Android 6.0.1; Nexus 5X Build/MMB29P) AppleWebKit/537.36 (KHTML, like Gecko) Chrome/138.0.7204.183 Mobile Safari/537.36 (compatible; Googlebot/2.1; +http://www.google.com/bot.html)"
66.249.74.74 - - [22/Aug/2025:06:45:07 +0200] "GET /items/250004908.html?srsltid=AfmBOobxedbOavJgcNaWVItYUOHvSPoOYrepf156bpSlBmhcyXE8 HTTP/1.1" 200 562956 "-" "Mozilla/5.0 (Linux; Android 6.0.1; Nexus 5X Build/MMB29P) AppleWebKit/537.36 (KHTML, like Gecko) Chrome/138.0.7204.183 Mobile Safari/537.36 (compatible; Googlebot/2.1; +http://www.google.com/bot.html)"
86.8.204.43 - - [22/Aug/2025:06:45:19 +0200] "GET /wp-includes/install.php HTTP/1.1" 200 0 "-" "Mozilla/5.0 (iPhone; CPU iPhone OS 18_3_1 like Mac OS X) AppleWebKit/605.1.15 (KHTML, like Gecko) Mobile/15E148 THDConsumer/7.45.0.1 (iPhone;iOS 18.3.1)DID:"
20.171.207.15 - - [22/Aug/2025:06:45:26 +0200] "GET /pages.php?slot%2Fe78%3Fpid=33520 HTTP/1.1" 200 468166 "-" "Mozilla/5.0 AppleWebKit/537.36 (KHTML, like Gecko; compatible; GPTBot/1.2; +https://openai.com/gptbot)"
20.171.207.29 - - [22/Aug/2025:06:45:46 +0200] "GET /?_bd_prev_page=https%3A%2F%2Fkjinvest.net%2Fsite.asp%3Fq-%7E74E2pCjzSuVXirgxBBQd7UYCMasLOwHs405%2F&_bdsid=v5njat.n%7EAVSGA.1747508339875.1798364627 HTTP/1.1" 500 0 "-" "Mozilla/5.0 AppleWebKit/537.36 (KHTML, like Gecko; compatible; GPTBot/1.2; +https://openai.com/gptbot)"
20.171.207.15 - - [22/Aug/2025:06:46:12 +0200] "GET /pages.php?elder%2Fz38%3Fpid=49240 HTTP/1.1" 200 464569 "-" "Mozilla/5.0 AppleWebKit/537.36 (KHTML, like Gecko; compatible; GPTBot/1.2; +https://openai.com/gptbot)"
20.171.207.29 - - [22/Aug/2025:06:46:42 +0200] "GET /pages.php?hate%2Fq71%3Fpid=34635 HTTP/1.1" 200 458919 "-" "Mozilla/5.0 AppleWebKit/537.36 (KHTML, like Gecko; compatible; GPTBot/1.2; +https://openai.com/gptbot)"
20.171.207.15 - - [22/Aug/2025:06:46:53 +0200] "GET /pages.php?wife%2Fu93%3Fpid=19037 HTTP/1.1" 200 469241 "-" "Mozilla/5.0 AppleWebKit/537.36 (KHTML, like Gecko; compatible; GPTBot/1.2; +https://openai.com/gptbot)"
20.171.207.15 - - [22/Aug/2025:06:47:32 +0200] "GET /pages.php?rent%2Fu300%3Fpid=9970 HTTP/1.1" 200 471833 "-" "Mozilla/5.0 AppleWebKit/537.36 (KHTML, like Gecko; compatible; GPTBot/1.2; +https://openai.com/gptbot)"
20.171.207.29 - - [22/Aug/2025:06:47:44 +0200] "GET /pages.php?quick%2Fe100%3Fpid=2128 HTTP/1.1" 200 461670 "-" "Mozilla/5.0 AppleWebKit/537.36 (KHTML, like Gecko; compatible; GPTBot/1.2; +https://openai.com/gptbot)"
20.171.207.15 - - [22/Aug/2025:06:48:06 +0200] "GET /pages.php?click%2Fi59%3Fpid=31859 HTTP/1.1" 200 466188 "-" "Mozilla/5.0 AppleWebKit/537.36 (KHTML, like Gecko; compatible; GPTBot/1.2; +https://openai.com/gptbot)"
20.171.207.15 - - [22/Aug/2025:06:48:34 +0200] "GET /pages.php?slot%2Fk82%3Fpid=11588 HTTP/1.1" 200 464374 "-" "Mozilla/5.0 AppleWebKit/537.36 (KHTML, like Gecko; compatible; GPTBot/1.2; +https://openai.com/gptbot)"
20.171.207.29 - - [22/Aug/2025:06:48:39 +0200] "GET /pages.php?elbow%2Fp33%3Fpid=46881 HTTP/1.1" 200 477288 "-" "Mozilla/5.0 AppleWebKit/537.36 (KHTML, like Gecko; compatible; GPTBot/1.2; +https://openai.com/gptbot)"
20.171.207.15 - - [22/Aug/2025:06:49:03 +0200] "GET /pages.php?exist%2Fc21%3Fpid=48727 HTTP/1.1" 200 474149 "-" "Mozilla/5.0 AppleWebKit/537.36 (KHTML, like Gecko; compatible; GPTBot/1.2; +https://openai.com/gptbot)"
20.171.207.15 - - [22/Aug/2025:06:49:26 +0200] "GET /pages.php?tray%2Fd26%3Fpid=20898 HTTP/1.1" 200 461472 "-" "Mozilla/5.0 AppleWebKit/537.36 (KHTML, like Gecko; compatible; GPTBot/1.2; +https://openai.com/gptbot)"
20.171.207.29 - - [22/Aug/2025:06:49:32 +0200] "GET /?_bd_prev_page=https%3A%2F%2Fkjinvest.net%2Fsite.asp%3Fpower%2Fl28%3Fpid%3D324&_bdsid=v5njat.n%7EAVSGA.1747508339875.1798364627 HTTP/1.1" 500 0 "-" "Mozilla/5.0 AppleWebKit/537.36 (KHTML, like Gecko; compatible; GPTBot/1.2; +https://openai.com/gptbot)"
20.171.207.15 - - [22/Aug/2025:06:49:49 +0200] "GET /pages.php?guard%2Fy28%3Fpid=32146 HTTP/1.1" 200 470836 "-" "Mozilla/5.0 AppleWebKit/537.36 (KHTML, like Gecko; compatible; GPTBot/1.2; +https://openai.com/gptbot)"
66.249.74.74 - - [22/Aug/2025:06:50:06 +0200] "GET /show040025217.html HTTP/1.1" 200 561128 "-" "Mozilla/5.0 (Linux; Android 6.0.1; Nexus 5X Build/MMB29P) AppleWebKit/537.36 (KHTML, like Gecko) Chrome/138.0.7204.183 Mobile Safari/537.36 (compatible; Googlebot/2.1; +http://www.google.com/bot.html)"
20.171.207.15 - - [22/Aug/2025:06:50:08 +0200] "GET /pages.php?farm%2Fo16%3Fpid=504 HTTP/1.1" 200 463456 "-" "Mozilla/5.0 AppleWebKit/537.36 (KHTML, like Gecko; compatible; GPTBot/1.2; +https://openai.com/gptbot)"
20.171.207.29 - - [22/Aug/2025:06:50:18 +0200] "GET /pages.php?meat%2Fq273%3Fpid=3801 HTTP/1.1" 200 452893 "-" "Mozilla/5.0 AppleWebKit/537.36 (KHTML, like Gecko; compatible; GPTBot/1.2; +https://openai.com/gptbot)"
20.171.207.15 - - [22/Aug/2025:06:50:26 +0200] "GET /pages.php?fleet%2Fb31%3Fpid=44255 HTTP/1.1" 200 464170 "-" "Mozilla/5.0 AppleWebKit/537.36 (KHTML, like Gecko; compatible; GPTBot/1.2; +https://openai.com/gptbot)"
20.171.207.15 - - [22/Aug/2025:06:50:42 +0200] "GET /pages.php?tray%2Fz95%3Fpid=26709 HTTP/1.1" 200 464329 "-" "Mozilla/5.0 AppleWebKit/537.36 (KHTML, like Gecko; compatible; GPTBot/1.2; +https://openai.com/gptbot)"
20.171.207.15 - - [22/Aug/2025:06:50:57 +0200] "GET /pages.php?could%2Fb184%3Fpid=8072 HTTP/1.1" 200 473475 "-" "Mozilla/5.0 AppleWebKit/537.36 (KHTML, like Gecko; compatible; GPTBot/1.2; +https://openai.com/gptbot)"
20.171.207.15 - - [22/Aug/2025:06:51:09 +0200] "GET /pages.php?mill%2Fk24%3Fpid=18570 HTTP/1.1" 200 476434 "-" "Mozilla/5.0 AppleWebKit/537.36 (KHTML, like Gecko; compatible; GPTBot/1.2; +https://openai.com/gptbot)"
20.171.207.15 - - [22/Aug/2025:06:51:20 +0200] "GET /pages.php?loss%2Fm206%3Fpid=4384 HTTP/1.1" 200 462241 "-" "Mozilla/5.0 AppleWebKit/537.36 (KHTML, like Gecko; compatible; GPTBot/1.2; +https://openai.com/gptbot)"
20.171.207.29 - - [22/Aug/2025:06:51:22 +0200] "GET /pages.php?trash%2Fh67%3Fpid=159 HTTP/1.1" 200 464265 "-" "Mozilla/5.0 AppleWebKit/537.36 (KHTML, like Gecko; compatible; GPTBot/1.2; +https://openai.com/gptbot)"
20.171.207.15 - - [22/Aug/2025:06:51:30 +0200] "GET / HTTP/1.1" 500 0 "-" "Mozilla/5.0 AppleWebKit/537.36 (KHTML, like Gecko; compatible; GPTBot/1.2; +https://openai.com/gptbot)"
20.171.207.15 - - [22/Aug/2025:06:51:40 +0200] "GET /pages.php?five%2Fj189%3Fpid=1971 HTTP/1.1" 200 461249 "-" "Mozilla/5.0 AppleWebKit/537.36 (KHTML, like Gecko; compatible; GPTBot/1.2; +https://openai.com/gptbot)"
20.171.207.15 - - [22/Aug/2025:06:52:09 +0200] "GET /pages.php?cover%2Fv57%3Fpid=9489 HTTP/1.1" 200 474066 "-" "Mozilla/5.0 AppleWebKit/537.36 (KHTML, like Gecko; compatible; GPTBot/1.2; +https://openai.com/gptbot)"
20.171.207.29 - - [22/Aug/2025:06:52:17 +0200] "GET /pages.php?coup%2Fy10%3Fpid=27626 HTTP/1.1" 200 464217 "-" "Mozilla/5.0 AppleWebKit/537.36 (KHTML, like Gecko; compatible; GPTBot/1.2; +https://openai.com/gptbot)"
66.249.74.73 - - [22/Aug/2025:06:52:34 +0200] "GET /pages.php?q-~139UgxImZ5TTpvqGmjlCfD5x0S4TrZowM47550/ HTTP/1.1" 200 466257 "-" "Mozilla/5.0 (Linux; Android 6.0.1; Nexus 5X Build/MMB29P) AppleWebKit/537.36 (KHTML, like Gecko) Chrome/138.0.7204.183 Mobile Safari/537.36 (compatible; Googlebot/2.1; +http://www.google.com/bot.html)"
20.171.207.15 - - [22/Aug/2025:06:52:36 +0200] "GET /pages.php?recover%2Fj7%3Fpid=8137 HTTP/1.1" 200 465298 "-" "Mozilla/5.0 AppleWebKit/537.36 (KHTML, like Gecko; compatible; GPTBot/1.2; +https://openai.com/gptbot)"
20.171.207.15 - - [22/Aug/2025:06:52:58 +0200] "GET /pages.php?firm%2Fi281%3Fpid=5375 HTTP/1.1" 200 482165 "-" "Mozilla/5.0 AppleWebKit/537.36 (KHTML, like Gecko; compatible; GPTBot/1.2; +https://openai.com/gptbot)"
20.171.207.29 - - [22/Aug/2025:06:53:05 +0200] "GET /pages.php?sales%2Ff69%3Fpid=28875 HTTP/1.1" 200 460514 "-" "Mozilla/5.0 AppleWebKit/537.36 (KHTML, like Gecko; compatible; GPTBot/1.2; +https://openai.com/gptbot)"
20.171.207.15 - - [22/Aug/2025:06:53:19 +0200] "GET /pages.php?begin%2Fl242%3Fpid=5864 HTTP/1.1" 200 463211 "-" "Mozilla/5.0 AppleWebKit/537.36 (KHTML, like Gecko; compatible; GPTBot/1.2; +https://openai.com/gptbot)"
77.75.78.169 - - [22/Aug/2025:06:53:32 +0200] "GET /14182238.html HTTP/1.1" 500 0 "-" "Mozilla/5.0 (compatible; SeznamBot/4.0; +https://o-seznam.cz/napoveda/vyhledavani/en/seznambot-crawler/)"
20.171.207.15 - - [22/Aug/2025:06:53:38 +0200] "GET /pages.php?boil%2Fg61%3Fpid=34237 HTTP/1.1" 200 466357 "-" "Mozilla/5.0 AppleWebKit/537.36 (KHTML, like Gecko; compatible; GPTBot/1.2; +https://openai.com/gptbot)"
20.171.207.29 - - [22/Aug/2025:06:53:49 +0200] "GET /?_bd_prev_page=https%3A%2F%2Fkjinvest.net%2Fsite.asp%3Fautomobile%2Fj276%3Fpid%3D7796&_bdsid=v5njat.n%7EAVSGA.1747508339875.1798364627 HTTP/1.1" 500 0 "-" "Mozilla/5.0 AppleWebKit/537.36 (KHTML, like Gecko; compatible; GPTBot/1.2; +https://openai.com/gptbot)"
20.171.207.15 - - [22/Aug/2025:06:53:55 +0200] "GET /pages.php?gain%2Fz22%3Fpid=9424 HTTP/1.1" 200 465550 "-" "Mozilla/5.0 AppleWebKit/537.36 (KHTML, like Gecko; compatible; GPTBot/1.2; +https://openai.com/gptbot)"
206.189.247.132 - - [22/Aug/2025:06:54:01 +0200] "GET /defaults.php HTTP/1.1" 200 393 "-" "Mozilla/5.0 (Linux; Android 10; K) AppleWebKit/537.36 (KHTML, like Gecko) Chrome/131.0.0.0 Mobile Safari/537.36"
146.190.190.67 - - [22/Aug/2025:06:54:01 +0200] "GET /defaults.php HTTP/1.1" 200 393 "-" "Mozilla/5.0 (Linux; Android 10; K) AppleWebKit/537.36 (KHTML, like Gecko) Chrome/131.0.0.0 Mobile Safari/537.36"
86.8.204.43 - - [22/Aug/2025:06:54:01 +0200] "GET /defaults.php HTTP/1.1" 200 393 "-" "Mozilla/5.0 (Linux; Android 10; K) AppleWebKit/537.36 (KHTML, like Gecko) Chrome/131.0.0.0 Mobile Safari/537.36"
170.64.252.169 - - [22/Aug/2025:06:54:02 +0200] "GET /defaults.php HTTP/1.1" 200 393 "-" "Mozilla/5.0 (Linux; Android 10; K) AppleWebKit/537.36 (KHTML, like Gecko) Chrome/131.0.0.0 Mobile Safari/537.36"
20.171.207.15 - - [22/Aug/2025:06:54:10 +0200] "GET /pages.php?quit%2Ff161%3Fpid=3443 HTTP/1.1" 200 457562 "-" "Mozilla/5.0 AppleWebKit/537.36 (KHTML, like Gecko; compatible; GPTBot/1.2; +https://openai.com/gptbot)"
20.171.207.15 - - [22/Aug/2025:06:54:25 +0200] "GET /pages.php?knock%2Fe58%3Fpid=29298 HTTP/1.1" 200 465767 "-" "Mozilla/5.0 AppleWebKit/537.36 (KHTML, like Gecko; compatible; GPTBot/1.2; +https://openai.com/gptbot)"
20.171.207.29 - - [22/Aug/2025:06:54:30 +0200] "GET /pages.php?prison%2Fb88%3Fpid=5456 HTTP/1.1" 200 460178 "-" "Mozilla/5.0 AppleWebKit/537.36 (KHTML, like Gecko; compatible; GPTBot/1.2; +https://openai.com/gptbot)"
20.171.207.15 - - [22/Aug/2025:06:54:36 +0200] "GET /pages.php?fat%2Fu30%3Fpid=33472 HTTP/1.1" 200 462053 "-" "Mozilla/5.0 AppleWebKit/537.36 (KHTML, like Gecko; compatible; GPTBot/1.2; +https://openai.com/gptbot)"
20.171.207.15 - - [22/Aug/2025:06:54:47 +0200] "GET /pages.php?king%2Fg52%3Fpid=11648 HTTP/1.1" 200 472098 "-" "Mozilla/5.0 AppleWebKit/537.36 (KHTML, like Gecko; compatible; GPTBot/1.2; +https://openai.com/gptbot)"
20.171.207.15 - - [22/Aug/2025:06:54:57 +0200] "GET /pages.php?bus%2Ft79%3Fpid=10385 HTTP/1.1" 200 466452 "-" "Mozilla/5.0 AppleWebKit/537.36 (KHTML, like Gecko; compatible; GPTBot/1.2; +https://openai.com/gptbot)"
20.171.207.15 - - [22/Aug/2025:06:55:05 +0200] "GET /pages.php?crowd%2Fo13%3Fpid=46143 HTTP/1.1" 200 466995 "-" "Mozilla/5.0 AppleWebKit/537.36 (KHTML, like Gecko; compatible; GPTBot/1.2; +https://openai.com/gptbot)"
20.171.207.15 - - [22/Aug/2025:06:55:14 +0200] "GET /pages.php?film%2Fb30%3Fpid=33468 HTTP/1.1" 200 465914 "-" "Mozilla/5.0 AppleWebKit/537.36 (KHTML, like Gecko; compatible; GPTBot/1.2; +https://openai.com/gptbot)"
20.171.207.15 - - [22/Aug/2025:06:55:21 +0200] "GET /pages.php?Islam%2Fm20%3Fpid=884 HTTP/1.1" 200 461739 "-" "Mozilla/5.0 AppleWebKit/537.36 (KHTML, like Gecko; compatible; GPTBot/1.2; +https://openai.com/gptbot)"
20.171.207.15 - - [22/Aug/2025:06:55:28 +0200] "GET /pages.php?dilemma%2Fz25%3Fpid=759 HTTP/1.1" 200 469959 "-" "Mozilla/5.0 AppleWebKit/537.36 (KHTML, like Gecko; compatible; GPTBot/1.2; +https://openai.com/gptbot)"
20.171.207.15 - - [22/Aug/2025:06:55:34 +0200] "GET /pages.php?analyst%2Fm65%3Fpid=515 HTTP/1.1" 200 464992 "-" "Mozilla/5.0 AppleWebKit/537.36 (KHTML, like Gecko; compatible; GPTBot/1.2; +https://openai.com/gptbot)"
20.171.207.29 - - [22/Aug/2025:06:55:35 +0200] "GET /pages.php?blast%2Fd32%3Fpid=40984 HTTP/1.1" 200 460769 "-" "Mozilla/5.0 AppleWebKit/537.36 (KHTML, like Gecko; compatible; GPTBot/1.2; +https://openai.com/gptbot)"
20.171.207.15 - - [22/Aug/2025:06:55:39 +0200] "GET /pages.php?belly%2Fv52%3Fpid=46794 HTTP/1.1" 200 461320 "-" "Mozilla/5.0 AppleWebKit/537.36 (KHTML, like Gecko; compatible; GPTBot/1.2; +https://openai.com/gptbot)"
20.171.207.15 - - [22/Aug/2025:06:55:44 +0200] "GET /pages.php?fortune%2Fb29%3Fpid=693 HTTP/1.1" 200 477821 "-" "Mozilla/5.0 AppleWebKit/537.36 (KHTML, like Gecko; compatible; GPTBot/1.2; +https://openai.com/gptbot)"
20.171.207.15 - - [22/Aug/2025:06:55:48 +0200] "GET /pages.php?early%2Fj63%3Fpid=491 HTTP/1.1" 200 480278 "-" "Mozilla/5.0 AppleWebKit/537.36 (KHTML, like Gecko; compatible; GPTBot/1.2; +https://openai.com/gptbot)"
20.171.207.15 - - [22/Aug/2025:06:55:52 +0200] "GET /pages.php?signal%2Fr93%3Fpid=9465 HTTP/1.1" 200 462572 "-" "Mozilla/5.0 AppleWebKit/537.36 (KHTML, like Gecko; compatible; GPTBot/1.2; +https://openai.com/gptbot)"
20.171.207.15 - - [22/Aug/2025:06:55:55 +0200] "GET /pages.php?coast%2Fp49%3Fpid=41097 HTTP/1.1" 200 465171 "-" "Mozilla/5.0 AppleWebKit/537.36 (KHTML, like Gecko; compatible; GPTBot/1.2; +https://openai.com/gptbot)"
20.171.207.15 - - [22/Aug/2025:06:55:59 +0200] "GET /pages.php?fragment%2Fz94%3Fpid=12 HTTP/1.1" 200 471685 "-" "Mozilla/5.0 AppleWebKit/537.36 (KHTML, like Gecko; compatible; GPTBot/1.2; +https://openai.com/gptbot)"
20.171.207.15 - - [22/Aug/2025:06:56:02 +0200] "GET /pages.php?security%2Fo19%3Fpid=489 HTTP/1.1" 200 466068 "-" "Mozilla/5.0 AppleWebKit/537.36 (KHTML, like Gecko; compatible; GPTBot/1.2; +https://openai.com/gptbot)"
66.249.74.74 - - [22/Aug/2025:06:56:04 +0200] "GET /elephant173028712.html HTTP/1.1" 200 565562 "-" "Mozilla/5.0 (Linux; Android 6.0.1; Nexus 5X Build/MMB29P) AppleWebKit/537.36 (KHTML, like Gecko) Chrome/138.0.7204.183 Mobile Safari/537.36 (compatible; Googlebot/2.1; +http://www.google.com/bot.html)"
20.171.207.15 - - [22/Aug/2025:06:56:04 +0200] "GET /pages.php?sock%2Fb63%3Fpid=42431 HTTP/1.1" 200 464644 "-" "Mozilla/5.0 AppleWebKit/537.36 (KHTML, like Gecko; compatible; GPTBot/1.2; +https://openai.com/gptbot)"
20.171.207.15 - - [22/Aug/2025:06:56:06 +0200] "GET /pages.php?blanket%2Fz7%3Fpid=11387 HTTP/1.1" 200 463491 "-" "Mozilla/5.0 AppleWebKit/537.36 (KHTML, like Gecko; compatible; GPTBot/1.2; +https://openai.com/gptbot)"
20.171.207.15 - - [22/Aug/2025:06:56:08 +0200] "GET /pages.php?q-~297knrtYEOweYljM2JZZfdt8GZAUt1PiK24704/ HTTP/1.1" 200 465821 "-" "Mozilla/5.0 AppleWebKit/537.36 (KHTML, like Gecko; compatible; GPTBot/1.2; +https://openai.com/gptbot)"
20.171.207.15 - - [22/Aug/2025:06:56:11 +0200] "GET /pages.php?buyer%2Fi97%3Fpid=42221 HTTP/1.1" 200 462479 "-" "Mozilla/5.0 AppleWebKit/537.36 (KHTML, like Gecko; compatible; GPTBot/1.2; +https://openai.com/gptbot)"
20.171.207.15 - - [22/Aug/2025:06:56:12 +0200] "GET /pages.php?journal%2Fx46%3Fpid=176 HTTP/1.1" 200 464151 "-" "Mozilla/5.0 AppleWebKit/537.36 (KHTML, like Gecko; compatible; GPTBot/1.2; +https://openai.com/gptbot)"
20.171.207.15 - - [22/Aug/2025:06:56:14 +0200] "GET /pages.php?legal%2Fm25%3Fpid=427 HTTP/1.1" 200 472937 "-" "Mozilla/5.0 AppleWebKit/537.36 (KHTML, like Gecko; compatible; GPTBot/1.2; +https://openai.com/gptbot)"
20.171.207.15 - - [22/Aug/2025:06:56:15 +0200] "GET / HTTP/1.1" 500 0 "-" "Mozilla/5.0 AppleWebKit/537.36 (KHTML, like Gecko; compatible; GPTBot/1.2; +https://openai.com/gptbot)"
20.171.207.15 - - [22/Aug/2025:06:56:17 +0200] "GET /pages.php?meeting%2Fn25%3Fpid=761 HTTP/1.1" 200 472602 "-" "Mozilla/5.0 AppleWebKit/537.36 (KHTML, like Gecko; compatible; GPTBot/1.2; +https://openai.com/gptbot)"
20.171.207.15 - - [22/Aug/2025:06:56:21 +0200] "GET /pages.php?submit%2Fj25%3Fpid=429 HTTP/1.1" 200 476188 "-" "Mozilla/5.0 AppleWebKit/537.36 (KHTML, like Gecko; compatible; GPTBot/1.2; +https://openai.com/gptbot)"
20.171.207.15 - - [22/Aug/2025:06:56:26 +0200] "GET /pages.php?quarter%2Fb2%3Fpid=6264 HTTP/1.1" 200 466629 "-" "Mozilla/5.0 AppleWebKit/537.36 (KHTML, like Gecko; compatible; GPTBot/1.2; +https://openai.com/gptbot)"
20.171.207.15 - - [22/Aug/2025:06:56:27 +0200] "GET /pages.php?trail%2Fg12%3Fpid=43558 HTTP/1.1" 200 465208 "-" "Mozilla/5.0 AppleWebKit/537.36 (KHTML, like Gecko; compatible; GPTBot/1.2; +https://openai.com/gptbot)"
20.171.207.15 - - [22/Aug/2025:06:56:30 +0200] "GET /pages.php?grain%2Fv14%3Fpid=33496 HTTP/1.1" 200 465385 "-" "Mozilla/5.0 AppleWebKit/537.36 (KHTML, like Gecko; compatible; GPTBot/1.2; +https://openai.com/gptbot)"
20.171.207.29 - - [22/Aug/2025:06:56:32 +0200] "GET /?_bd_prev_page=https%3A%2F%2Fkjinvest.net%2Fsite.asp%3Fproof%2Fx73%3Fpid%3D40735&_bdsid=v5njat.n%7EAVSGA.1747508339875.1798364627 HTTP/1.1" 500 0 "-" "Mozilla/5.0 AppleWebKit/537.36 (KHTML, like Gecko; compatible; GPTBot/1.2; +https://openai.com/gptbot)"
20.171.207.15 - - [22/Aug/2025:06:56:32 +0200] "GET /pages.php?margin%2Fh80%3Fpid=736 HTTP/1.1" 200 467239 "-" "Mozilla/5.0 AppleWebKit/537.36 (KHTML, like Gecko; compatible; GPTBot/1.2; +https://openai.com/gptbot)"
20.171.207.15 - - [22/Aug/2025:06:56:33 +0200] "GET /pages.php?shirt%2Fj89%3Fpid=10311 HTTP/1.1" 200 468619 "-" "Mozilla/5.0 AppleWebKit/537.36 (KHTML, like Gecko; compatible; GPTBot/1.2; +https://openai.com/gptbot)"
20.171.207.15 - - [22/Aug/2025:06:56:36 +0200] "GET /pages.php?greet%2Fb51%3Fpid=25093 HTTP/1.1" 200 466012 "-" "Mozilla/5.0 AppleWebKit/537.36 (KHTML, like Gecko; compatible; GPTBot/1.2; +https://openai.com/gptbot)"
20.171.207.15 - - [22/Aug/2025:06:56:37 +0200] "GET /pages.php?recent%2Fl8%3Fpid=15878 HTTP/1.1" 200 463246 "-" "Mozilla/5.0 AppleWebKit/537.36 (KHTML, like Gecko; compatible; GPTBot/1.2; +https://openai.com/gptbot)"
20.171.207.15 - - [22/Aug/2025:06:56:39 +0200] "GET /pages.php?bowl%2Ff9%3Fpid=28563 HTTP/1.1" 200 460889 "-" "Mozilla/5.0 AppleWebKit/537.36 (KHTML, like Gecko; compatible; GPTBot/1.2; +https://openai.com/gptbot)"
20.171.207.15 - - [22/Aug/2025:06:56:41 +0200] "GET /pages.php?coin%2Fm11%3Fpid=25709 HTTP/1.1" 200 461208 "-" "Mozilla/5.0 AppleWebKit/537.36 (KHTML, like Gecko; compatible; GPTBot/1.2; +https://openai.com/gptbot)"
20.171.207.15 - - [22/Aug/2025:06:56:42 +0200] "GET /pages.php?q-~238xv0P5IZpRnyMUzR4ExRLwk2EvyrJYZ23757/ HTTP/1.1" 200 471268 "-" "Mozilla/5.0 AppleWebKit/537.36 (KHTML, like Gecko; compatible; GPTBot/1.2; +https://openai.com/gptbot)"
20.171.207.15 - - [22/Aug/2025:06:56:44 +0200] "GET /pages.php?frontier%2Fq71%3Fpid=993 HTTP/1.1" 200 461038 "-" "Mozilla/5.0 AppleWebKit/537.36 (KHTML, like Gecko; compatible; GPTBot/1.2; +https://openai.com/gptbot)"
20.171.207.15 - - [22/Aug/2025:06:56:45 +0200] "GET /pages.php?hunt%2Fq11%3Fpid=15503 HTTP/1.1" 200 460344 "-" "Mozilla/5.0 AppleWebKit/537.36 (KHTML, like Gecko; compatible; GPTBot/1.2; +https://openai.com/gptbot)"
20.171.207.15 - - [22/Aug/2025:06:56:46 +0200] "GET /pages.php?sure%2Fo228%3Fpid=5594 HTTP/1.1" 200 466232 "-" "Mozilla/5.0 AppleWebKit/537.36 (KHTML, like Gecko; compatible; GPTBot/1.2; +https://openai.com/gptbot)"
20.171.207.15 - - [22/Aug/2025:06:56:47 +0200] "GET /pages.php?shove%2Fy12%3Fpid=24676 HTTP/1.1" 200 473389 "-" "Mozilla/5.0 AppleWebKit/537.36 (KHTML, like Gecko; compatible; GPTBot/1.2; +https://openai.com/gptbot)"
20.171.207.15 - - [22/Aug/2025:06:56:48 +0200] "GET / HTTP/1.1" 500 0 "-" "Mozilla/5.0 AppleWebKit/537.36 (KHTML, like Gecko; compatible; GPTBot/1.2; +https://openai.com/gptbot)"
20.171.207.15 - - [22/Aug/2025:06:56:49 +0200] "GET /pages.php?error%2Fs86%3Fpid=336 HTTP/1.1" 200 469706 "-" "Mozilla/5.0 AppleWebKit/537.36 (KHTML, like Gecko; compatible; GPTBot/1.2; +https://openai.com/gptbot)"
20.171.207.15 - - [22/Aug/2025:06:56:53 +0200] "GET /pages.php?field%2Fr4%3Fpid=17856 HTTP/1.1" 200 468199 "-" "Mozilla/5.0 AppleWebKit/537.36 (KHTML, like Gecko; compatible; GPTBot/1.2; +https://openai.com/gptbot)"
20.171.207.15 - - [22/Aug/2025:06:56:57 +0200] "GET /pages.php?travel%2Fy86%3Fpid=338 HTTP/1.1" 200 464652 "-" "Mozilla/5.0 AppleWebKit/537.36 (KHTML, like Gecko; compatible; GPTBot/1.2; +https://openai.com/gptbot)"
20.171.207.15 - - [22/Aug/2025:06:56:59 +0200] "GET /pages.php?steam%2Fz27%3Fpid=47489 HTTP/1.1" 200 478584 "-" "Mozilla/5.0 AppleWebKit/537.36 (KHTML, like Gecko; compatible; GPTBot/1.2; +https://openai.com/gptbot)"
20.171.207.15 - - [22/Aug/2025:06:57:02 +0200] "GET /pages.php?arrow%2Fr74%3Fpid=684 HTTP/1.1" 200 472535 "-" "Mozilla/5.0 AppleWebKit/537.36 (KHTML, like Gecko; compatible; GPTBot/1.2; +https://openai.com/gptbot)"
101.99.88.90 - - [22/Aug/2025:06:57:03 +0200] "GET / HTTP/1.1" 200 561393 "-" "Mozilla/5.0 (compatible; Googlebot/2.1; +http://www.google.com/bot.html)"
20.171.207.15 - - [22/Aug/2025:06:57:04 +0200] "GET /pages.php?q-~143RPcWcVzMQ2YWmOgl6bUcqj3ANs9oqM22624/ HTTP/1.1" 200 463122 "-" "Mozilla/5.0 AppleWebKit/537.36 (KHTML, like Gecko; compatible; GPTBot/1.2; +https://openai.com/gptbot)"
20.171.207.15 - - [22/Aug/2025:06:57:05 +0200] "GET /pages.php?protect%2Fn39%3Fpid=767 HTTP/1.1" 200 464887 "-" "Mozilla/5.0 AppleWebKit/537.36 (KHTML, like Gecko; compatible; GPTBot/1.2; +https://openai.com/gptbot)"
20.171.207.15 - - [22/Aug/2025:06:57:10 +0200] "GET /pages.php?complex%2Fg40%3Fpid=942 HTTP/1.1" 200 460089 "-" "Mozilla/5.0 AppleWebKit/537.36 (KHTML, like Gecko; compatible; GPTBot/1.2; +https://openai.com/gptbot)"
20.171.207.15 - - [22/Aug/2025:06:57:11 +0200] "GET /pages.php?catalog%2Fn39%3Fpid=767 HTTP/1.1" 200 465443 "-" "Mozilla/5.0 AppleWebKit/537.36 (KHTML, like Gecko; compatible; GPTBot/1.2; +https://openai.com/gptbot)"
20.171.207.15 - - [22/Aug/2025:06:57:13 +0200] "GET /pages.php?basis%2Fw48%3Fpid=47010 HTTP/1.1" 200 467598 "-" "Mozilla/5.0 AppleWebKit/537.36 (KHTML, like Gecko; compatible; GPTBot/1.2; +https://openai.com/gptbot)"
20.171.207.15 - - [22/Aug/2025:06:57:15 +0200] "GET /pages.php?music%2Fd95%3Fpid=26219 HTTP/1.1" 200 466662 "-" "Mozilla/5.0 AppleWebKit/537.36 (KHTML, like Gecko; compatible; GPTBot/1.2; +https://openai.com/gptbot)"
20.171.207.15 - - [22/Aug/2025:06:57:15 +0200] "GET /pages.php?moreover%2Fw18%3Fpid=540 HTTP/1.1" 200 455901 "-" "Mozilla/5.0 AppleWebKit/537.36 (KHTML, like Gecko; compatible; GPTBot/1.2; +https://openai.com/gptbot)"
66.249.74.73 - - [22/Aug/2025:06:57:16 +0200] "GET /achievement286011035.html HTTP/1.1" 200 559929 "-" "Mozilla/5.0 (Linux; Android 6.0.1; Nexus 5X Build/MMB29P) AppleWebKit/537.36 (KHTML, like Gecko) Chrome/138.0.7204.183 Mobile Safari/537.36 (compatible; Googlebot/2.1; +http://www.google.com/bot.html)"
20.171.207.15 - - [22/Aug/2025:06:57:17 +0200] "GET /pages.php?coal%2Fv20%3Fpid=26688 HTTP/1.1" 200 472856 "-" "Mozilla/5.0 AppleWebKit/537.36 (KHTML, like Gecko; compatible; GPTBot/1.2; +https://openai.com/gptbot)"
20.171.207.15 - - [22/Aug/2025:06:57:17 +0200] "GET / HTTP/1.1" 500 0 "-" "Mozilla/5.0 AppleWebKit/537.36 (KHTML, like Gecko; compatible; GPTBot/1.2; +https://openai.com/gptbot)"
20.171.207.15 - - [22/Aug/2025:06:57:19 +0200] "GET /pages.php?q-~56Q0qfj26Bl8g9JxTIjdtbxllzJnoDnw16419/ HTTP/1.1" 200 467204 "-" "Mozilla/5.0 AppleWebKit/537.36 (KHTML, like Gecko; compatible; GPTBot/1.2; +https://openai.com/gptbot)"
20.171.207.15 - - [22/Aug/2025:06:57:23 +0200] "GET /pages.php?deputy%2Fg26%3Fpid=26152 HTTP/1.1" 200 460467 "-" "Mozilla/5.0 AppleWebKit/537.36 (KHTML, like Gecko; compatible; GPTBot/1.2; +https://openai.com/gptbot)"
20.171.207.29 - - [22/Aug/2025:06:57:25 +0200] "GET /?_bd_prev_page=https%3A%2F%2Fkjinvest.net%2Fsite.asp%3Fafford%2Fi96%3Fpid%3D28052&_bdsid=v5njat.n%7EAVSGA.1747508339875.1798364627 HTTP/1.1" 500 0 "-" "Mozilla/5.0 AppleWebKit/537.36 (KHTML, like Gecko; compatible; GPTBot/1.2; +https://openai.com/gptbot)"
20.171.207.15 - - [22/Aug/2025:06:57:26 +0200] "GET /pages.php?foster%2Fs38%3Fpid=426 HTTP/1.1" 200 462958 "-" "Mozilla/5.0 AppleWebKit/537.36 (KHTML, like Gecko; compatible; GPTBot/1.2; +https://openai.com/gptbot)"
20.171.207.15 - - [22/Aug/2025:06:57:28 +0200] "GET /pages.php?very%2Fz37%3Fpid=23947 HTTP/1.1" 200 463301 "-" "Mozilla/5.0 AppleWebKit/537.36 (KHTML, like Gecko; compatible; GPTBot/1.2; +https://openai.com/gptbot)"
20.171.207.15 - - [22/Aug/2025:06:57:32 +0200] "GET /pages.php?radio%2Fv61%3Fpid=30531 HTTP/1.1" 200 472669 "-" "Mozilla/5.0 AppleWebKit/537.36 (KHTML, like Gecko; compatible; GPTBot/1.2; +https://openai.com/gptbot)"
20.171.207.15 - - [22/Aug/2025:06:57:33 +0200] "GET /pages.php?skull%2Fw49%3Fpid=12673 HTTP/1.1" 200 462529 "-" "Mozilla/5.0 AppleWebKit/537.36 (KHTML, like Gecko; compatible; GPTBot/1.2; +https://openai.com/gptbot)"
20.171.207.15 - - [22/Aug/2025:06:57:35 +0200] "GET /pages.php?straw%2Fc36%3Fpid=44230 HTTP/1.1" 200 459513 "-" "Mozilla/5.0 AppleWebKit/537.36 (KHTML, like Gecko; compatible; GPTBot/1.2; +https://openai.com/gptbot)"
20.171.207.15 - - [22/Aug/2025:06:57:37 +0200] "GET /pages.php?war%2Fd39%3Fpid=417 HTTP/1.1" 200 469551 "-" "Mozilla/5.0 AppleWebKit/537.36 (KHTML, like Gecko; compatible; GPTBot/1.2; +https://openai.com/gptbot)"
20.171.207.15 - - [22/Aug/2025:06:57:41 +0200] "GET /pages.php?variety%2Fs38%3Fpid=420 HTTP/1.1" 200 468628 "-" "Mozilla/5.0 AppleWebKit/537.36 (KHTML, like Gecko; compatible; GPTBot/1.2; +https://openai.com/gptbot)"
20.171.207.15 - - [22/Aug/2025:06:57:41 +0200] "GET /pages.php?honest%2Fy47%3Fpid=781 HTTP/1.1" 200 473489 "-" "Mozilla/5.0 AppleWebKit/537.36 (KHTML, like Gecko; compatible; GPTBot/1.2; +https://openai.com/gptbot)"
20.171.207.15 - - [22/Aug/2025:06:57:43 +0200] "GET /pages.php?bless%2Fc56%3Fpid=41944 HTTP/1.1" 200 465194 "-" "Mozilla/5.0 AppleWebKit/537.36 (KHTML, like Gecko; compatible; GPTBot/1.2; +https://openai.com/gptbot)"
206.189.247.132 - - [22/Aug/2025:06:57:44 +0200] "GET /wp-admin/defaults.php HTTP/1.1" 200 393 "-" "Mozilla/5.0 (iPhone; CPU iPhone OS 18_3_1 like Mac OS X) AppleWebKit/605.1.15 (KHTML, like Gecko) Mobile/15E148 THDConsumer/7.45.0.1 (iPhone;iOS 18.3.1)DID:"
86.8.204.43 - - [22/Aug/2025:06:57:44 +0200] "GET /wp-admin/defaults.php HTTP/1.1" 200 393 "-" "Mozilla/5.0 (iPhone; CPU iPhone OS 18_3_1 like Mac OS X) AppleWebKit/605.1.15 (KHTML, like Gecko) Mobile/15E148 THDConsumer/7.45.0.1 (iPhone;iOS 18.3.1)DID:"
146.190.190.67 - - [22/Aug/2025:06:57:44 +0200] "GET /wp-admin/defaults.php HTTP/1.1" 200 393 "-" "Mozilla/5.0 (iPhone; CPU iPhone OS 18_3_1 like Mac OS X) AppleWebKit/605.1.15 (KHTML, like Gecko) Mobile/15E148 THDConsumer/7.45.0.1 (iPhone;iOS 18.3.1)DID:"
20.171.207.15 - - [22/Aug/2025:06:57:44 +0200] "GET /pages.php?alien%2Fe9%3Fpid=20871 HTTP/1.1" 200 466506 "-" "Mozilla/5.0 AppleWebKit/537.36 (KHTML, like Gecko; compatible; GPTBot/1.2; +https://openai.com/gptbot)"
157.230.195.44 - - [22/Aug/2025:06:57:45 +0200] "GET /wp-admin/defaults.php HTTP/1.1" 200 393 "-" "Mozilla/5.0 (iPhone; CPU iPhone OS 18_3_1 like Mac OS X) AppleWebKit/605.1.15 (KHTML, like Gecko) Mobile/15E148 THDConsumer/7.45.0.1 (iPhone;iOS 18.3.1)DID:"
20.171.207.15 - - [22/Aug/2025:06:57:46 +0200] "GET /pages.php?population%2Fu100%3Fpid=46830 HTTP/1.1" 200 466002 "-" "Mozilla/5.0 AppleWebKit/537.36 (KHTML, like Gecko; compatible; GPTBot/1.2; +https://openai.com/gptbot)"
20.171.207.15 - - [22/Aug/2025:06:57:48 +0200] "GET /pages.php?earth%2Ff182%3Fpid=35944 HTTP/1.1" 200 465467 "-" "Mozilla/5.0 AppleWebKit/537.36 (KHTML, like Gecko; compatible; GPTBot/1.2; +https://openai.com/gptbot)"
20.171.207.15 - - [22/Aug/2025:06:57:49 +0200] "GET /pages.php?cover%2Fy49%3Fpid=457 HTTP/1.1" 200 470546 "-" "Mozilla/5.0 AppleWebKit/537.36 (KHTML, like Gecko; compatible; GPTBot/1.2; +https://openai.com/gptbot)"
20.171.207.15 - - [22/Aug/2025:06:57:50 +0200] "GET /pages.php?French%2Fu76%3Fpid=802 HTTP/1.1" 200 461258 "-" "Mozilla/5.0 AppleWebKit/537.36 (KHTML, like Gecko; compatible; GPTBot/1.2; +https://openai.com/gptbot)"
20.171.207.15 - - [22/Aug/2025:06:57:52 +0200] "GET /pages.php?wound%2Fv76%3Fpid=21794 HTTP/1.1" 200 469133 "-" "Mozilla/5.0 AppleWebKit/537.36 (KHTML, like Gecko; compatible; GPTBot/1.2; +https://openai.com/gptbot)"
20.171.207.15 - - [22/Aug/2025:06:57:54 +0200] "GET /pages.php?trail%2Fc60%3Fpid=26148 HTTP/1.1" 200 467415 "-" "Mozilla/5.0 AppleWebKit/537.36 (KHTML, like Gecko; compatible; GPTBot/1.2; +https://openai.com/gptbot)"
20.171.207.15 - - [22/Aug/2025:06:57:55 +0200] "GET /pages.php?normal%2Ff60%3Fpid=9798 HTTP/1.1" 200 466870 "-" "Mozilla/5.0 AppleWebKit/537.36 (KHTML, like Gecko; compatible; GPTBot/1.2; +https://openai.com/gptbot)"
20.171.207.15 - - [22/Aug/2025:06:57:56 +0200] "GET /pages.php?sport%2Ff116%3Fpid=5098 HTTP/1.1" 200 461966 "-" "Mozilla/5.0 AppleWebKit/537.36 (KHTML, like Gecko; compatible; GPTBot/1.2; +https://openai.com/gptbot)"
20.171.207.15 - - [22/Aug/2025:06:57:57 +0200] "GET /pages.php?calm%2Fx48%3Fpid=36310 HTTP/1.1" 200 465303 "-" "Mozilla/5.0 AppleWebKit/537.36 (KHTML, like Gecko; compatible; GPTBot/1.2; +https://openai.com/gptbot)"
20.171.207.15 - - [22/Aug/2025:06:57:59 +0200] "GET /pages.php?rapidly%2Fo49%3Fpid=459 HTTP/1.1" 200 464849 "-" "Mozilla/5.0 AppleWebKit/537.36 (KHTML, like Gecko; compatible; GPTBot/1.2; +https://openai.com/gptbot)"
20.171.207.15 - - [22/Aug/2025:06:58:00 +0200] "GET /pages.php?quality%2Fj4%3Fpid=602 HTTP/1.1" 200 463703 "-" "Mozilla/5.0 AppleWebKit/537.36 (KHTML, like Gecko; compatible; GPTBot/1.2; +https://openai.com/gptbot)"
20.171.207.15 - - [22/Aug/2025:06:58:02 +0200] "GET /pages.php?station%2Fk39%3Fpid=965 HTTP/1.1" 200 473286 "-" "Mozilla/5.0 AppleWebKit/537.36 (KHTML, like Gecko; compatible; GPTBot/1.2; +https://openai.com/gptbot)"
20.171.207.15 - - [22/Aug/2025:06:58:03 +0200] "GET / HTTP/1.1" 500 0 "-" "Mozilla/5.0 AppleWebKit/537.36 (KHTML, like Gecko; compatible; GPTBot/1.2; +https://openai.com/gptbot)"
20.171.207.15 - - [22/Aug/2025:06:58:04 +0200] "GET /pages.php?gravity%2Fa89%3Fpid=963 HTTP/1.1" 200 468773 "-" "Mozilla/5.0 AppleWebKit/537.36 (KHTML, like Gecko; compatible; GPTBot/1.2; +https://openai.com/gptbot)"
20.171.207.15 - - [22/Aug/2025:06:58:08 +0200] "GET /pages.php?willing%2Fn73%3Fpid=5309 HTTP/1.1" 200 472329 "-" "Mozilla/5.0 AppleWebKit/537.36 (KHTML, like Gecko; compatible; GPTBot/1.2; +https://openai.com/gptbot)"
20.171.207.15 - - [22/Aug/2025:06:58:11 +0200] "GET /pages.php?brown%2Fz73%3Fpid=5311 HTTP/1.1" 200 462322 "-" "Mozilla/5.0 AppleWebKit/537.36 (KHTML, like Gecko; compatible; GPTBot/1.2; +https://openai.com/gptbot)"
20.171.207.15 - - [22/Aug/2025:06:58:14 +0200] "GET /pages.php?Supreme%2Fu49%3Fpid=753 HTTP/1.1" 200 472952 "-" "Mozilla/5.0 AppleWebKit/537.36 (KHTML, like Gecko; compatible; GPTBot/1.2; +https://openai.com/gptbot)"
66.249.74.72 - - [22/Aug/2025:06:58:16 +0200] "GET /pcmypage?callback=product%2Fdetail%2Fatorieerina-sb01bmpj47g HTTP/1.1" 200 567816 "-" "Mozilla/5.0 (Linux; Android 6.0.1; Nexus 5X Build/MMB29P) AppleWebKit/537.36 (KHTML, like Gecko) Chrome/138.0.7204.183 Mobile Safari/537.36 (compatible; Googlebot/2.1; +http://www.google.com/bot.html)"
20.171.207.15 - - [22/Aug/2025:06:58:16 +0200] "GET /pages.php?accuse%2Fy67%3Fpid=8753 HTTP/1.1" 200 465064 "-" "Mozilla/5.0 AppleWebKit/537.36 (KHTML, like Gecko; compatible; GPTBot/1.2; +https://openai.com/gptbot)"
20.171.207.15 - - [22/Aug/2025:06:58:19 +0200] "GET /pages.php?crowd%2Fh60%3Fpid=978 HTTP/1.1" 200 471957 "-" "Mozilla/5.0 AppleWebKit/537.36 (KHTML, like Gecko; compatible; GPTBot/1.2; +https://openai.com/gptbot)"
20.171.207.15 - - [22/Aug/2025:06:58:21 +0200] "GET /pages.php?poster%2Fy74%3Fpid=752 HTTP/1.1" 200 462796 "-" "Mozilla/5.0 AppleWebKit/537.36 (KHTML, like Gecko; compatible; GPTBot/1.2; +https://openai.com/gptbot)"
20.171.207.15 - - [22/Aug/2025:06:58:23 +0200] "GET /pages.php?foot%2Fz86%3Fpid=2014 HTTP/1.1" 200 470427 "-" "Mozilla/5.0 AppleWebKit/537.36 (KHTML, like Gecko; compatible; GPTBot/1.2; +https://openai.com/gptbot)"
20.171.207.15 - - [22/Aug/2025:06:58:24 +0200] "GET /pages.php?luck%2Fz45%3Fpid=21805 HTTP/1.1" 200 468082 "-" "Mozilla/5.0 AppleWebKit/537.36 (KHTML, like Gecko; compatible; GPTBot/1.2; +https://openai.com/gptbot)"
20.171.207.15 - - [22/Aug/2025:06:58:26 +0200] "GET /pages.php?chew%2Fg63%3Fpid=14867 HTTP/1.1" 200 462354 "-" "Mozilla/5.0 AppleWebKit/537.36 (KHTML, like Gecko; compatible; GPTBot/1.2; +https://openai.com/gptbot)"
20.171.207.15 - - [22/Aug/2025:06:58:28 +0200] "GET /pages.php?bull%2Fr80%3Fpid=11302 HTTP/1.1" 200 466418 "-" "Mozilla/5.0 AppleWebKit/537.36 (KHTML, like Gecko; compatible; GPTBot/1.2; +https://openai.com/gptbot)"
20.171.207.15 - - [22/Aug/2025:06:58:30 +0200] "GET /pages.php?bind%2Fo44%3Fpid=17616 HTTP/1.1" 200 461556 "-" "Mozilla/5.0 AppleWebKit/537.36 (KHTML, like Gecko; compatible; GPTBot/1.2; +https://openai.com/gptbot)"
20.171.207.29 - - [22/Aug/2025:06:58:30 +0200] "GET /pages.php?agree%2Ff29%3Fpid=40805 HTTP/1.1" 200 465336 "-" "Mozilla/5.0 AppleWebKit/537.36 (KHTML, like Gecko; compatible; GPTBot/1.2; +https://openai.com/gptbot)"
20.171.207.15 - - [22/Aug/2025:06:58:32 +0200] "GET /pages.php?teacher%2Fe80%3Fpid=576 HTTP/1.1" 200 462247 "-" "Mozilla/5.0 AppleWebKit/537.36 (KHTML, like Gecko; compatible; GPTBot/1.2; +https://openai.com/gptbot)"
20.171.207.15 - - [22/Aug/2025:06:58:33 +0200] "GET /pages.php?anxious%2Fr89%3Fpid=675 HTTP/1.1" 200 460226 "-" "Mozilla/5.0 AppleWebKit/537.36 (KHTML, like Gecko; compatible; GPTBot/1.2; +https://openai.com/gptbot)"
20.171.207.15 - - [22/Aug/2025:06:58:35 +0200] "GET /pages.php?laughter%2Fo80%3Fpid=192 HTTP/1.1" 200 467122 "-" "Mozilla/5.0 AppleWebKit/537.36 (KHTML, like Gecko; compatible; GPTBot/1.2; +https://openai.com/gptbot)"
20.171.207.15 - - [22/Aug/2025:06:58:37 +0200] "GET /pages.php?frown%2Fk17%3Fpid=45303 HTTP/1.1" 200 468501 "-" "Mozilla/5.0 AppleWebKit/537.36 (KHTML, like Gecko; compatible; GPTBot/1.2; +https://openai.com/gptbot)"
20.171.207.15 - - [22/Aug/2025:06:58:38 +0200] "GET /pages.php?golf%2Fb34%3Fpid=14288 HTTP/1.1" 200 469257 "-" "Mozilla/5.0 AppleWebKit/537.36 (KHTML, like Gecko; compatible; GPTBot/1.2; +https://openai.com/gptbot)"
20.171.207.15 - - [22/Aug/2025:06:58:41 +0200] "GET /pages.php?faculty%2Fc89%3Fpid=677 HTTP/1.1" 200 464092 "-" "Mozilla/5.0 AppleWebKit/537.36 (KHTML, like Gecko; compatible; GPTBot/1.2; +https://openai.com/gptbot)"
20.171.207.15 - - [22/Aug/2025:06:58:45 +0200] "GET /pages.php?slight%2Fj30%3Fpid=2714 HTTP/1.1" 200 476595 "-" "Mozilla/5.0 AppleWebKit/537.36 (KHTML, like Gecko; compatible; GPTBot/1.2; +https://openai.com/gptbot)"
20.171.207.15 - - [22/Aug/2025:06:58:46 +0200] "GET /pages.php?DNA%2Fw170%3Fpid=5484 HTTP/1.1" 200 466899 "-" "Mozilla/5.0 AppleWebKit/537.36 (KHTML, like Gecko; compatible; GPTBot/1.2; +https://openai.com/gptbot)"
20.171.207.15 - - [22/Aug/2025:06:58:48 +0200] "GET /pages.php?study%2Fx27%3Fpid=15429 HTTP/1.1" 200 460225 "-" "Mozilla/5.0 AppleWebKit/537.36 (KHTML, like Gecko; compatible; GPTBot/1.2; +https://openai.com/gptbot)"
20.171.207.15 - - [22/Aug/2025:06:58:49 +0200] "GET /pages.php?hormone%2Fr4%3Fpid=3152 HTTP/1.1" 200 461513 "-" "Mozilla/5.0 AppleWebKit/537.36 (KHTML, like Gecko; compatible; GPTBot/1.2; +https://openai.com/gptbot)"
20.171.207.15 - - [22/Aug/2025:06:58:50 +0200] "GET /pages.php?voice%2Fy39%3Fpid=411 HTTP/1.1" 200 465282 "-" "Mozilla/5.0 AppleWebKit/537.36 (KHTML, like Gecko; compatible; GPTBot/1.2; +https://openai.com/gptbot)"
20.171.207.15 - - [22/Aug/2025:06:58:51 +0200] "GET /pages.php?faith%2Fz21%3Fpid=885 HTTP/1.1" 200 470731 "-" "Mozilla/5.0 AppleWebKit/537.36 (KHTML, like Gecko; compatible; GPTBot/1.2; +https://openai.com/gptbot)"
