20.171.207.29 - - [22/Aug/2025:05:02:34 +0200] "GET /pages.php?mad%2Fr70%3Fpid=20728 HTTP/1.1" 200 465631 "-" "Mozilla/5.0 AppleWebKit/537.36 (KHTML, like Gecko; compatible; GPTBot/1.2; +https://openai.com/gptbot)"
20.171.207.15 - - [22/Aug/2025:05:02:44 +0200] "GET /pages.php?interact%2Fm6%3Fpid=114 HTTP/1.1" 200 463771 "-" "Mozilla/5.0 AppleWebKit/537.36 (KHTML, like Gecko; compatible; GPTBot/1.2; +https://openai.com/gptbot)"
20.171.207.15 - - [22/Aug/2025:05:02:59 +0200] "GET /pages.php?romantic%2Fw93%3Fpid=143 HTTP/1.1" 200 461014 "-" "Mozilla/5.0 AppleWebKit/537.36 (KHTML, like Gecko; compatible; GPTBot/1.2; +https://openai.com/gptbot)"
20.171.207.15 - - [22/Aug/2025:05:03:12 +0200] "GET /pages.php?intend%2Fk53%3Fpid=9845 HTTP/1.1" 200 465382 "-" "Mozilla/5.0 AppleWebKit/537.36 (KHTML, like Gecko; compatible; GPTBot/1.2; +https://openai.com/gptbot)"
20.171.207.15 - - [22/Aug/2025:05:03:25 +0200] "GET /pages.php?shout%2Fd17%3Fpid=47735 HTTP/1.1" 200 473945 "-" "Mozilla/5.0 AppleWebKit/537.36 (KHTML, like Gecko; compatible; GPTBot/1.2; +https://openai.com/gptbot)"
20.171.207.29 - - [22/Aug/2025:05:03:27 +0200] "GET /?_bd_prev_page=https%3A%2F%2Fkjinvest.net%2Fsite.asp%3Ftalented%2Fj17%3Fpid%3D32359&_bdsid=v5njat.n%7EAVSGA.1747508339875.1798364627 HTTP/1.1" 500 0 "-" "Mozilla/5.0 AppleWebKit/537.36 (KHTML, like Gecko; compatible; GPTBot/1.2; +https://openai.com/gptbot)"
66.249.74.73 - - [22/Aug/2025:05:03:31 +0200] "GET /items/059049299.html?srsltid=AfmBOomibtUUzoGXhOSJuIZoIlLdAoHP9hOWrbFebFiBFZPnXusu HTTP/1.1" 200 555919 "-" "Mozilla/5.0 (Linux; Android 6.0.1; Nexus 5X Build/MMB29P) AppleWebKit/537.36 (KHTML, like Gecko) Chrome/138.0.7204.183 Mobile Safari/537.36 (compatible; Googlebot/2.1; +http://www.google.com/bot.html)"
20.171.207.15 - - [22/Aug/2025:05:03:36 +0200] "GET /pages.php?borrow%2Fj44%3Fpid=856 HTTP/1.1" 200 468667 "-" "Mozilla/5.0 AppleWebKit/537.36 (KHTML, like Gecko; compatible; GPTBot/1.2; +https://openai.com/gptbot)"
20.171.207.15 - - [22/Aug/2025:05:03:45 +0200] "GET /pages.php?per%2Fv90%3Fpid=84 HTTP/1.1" 200 468953 "-" "Mozilla/5.0 AppleWebKit/537.36 (KHTML, like Gecko; compatible; GPTBot/1.2; +https://openai.com/gptbot)"
20.171.207.15 - - [22/Aug/2025:05:03:54 +0200] "GET /pages.php?among%2Fj93%3Fpid=41555 HTTP/1.1" 200 455839 "-" "Mozilla/5.0 AppleWebKit/537.36 (KHTML, like Gecko; compatible; GPTBot/1.2; +https://openai.com/gptbot)"
20.171.207.15 - - [22/Aug/2025:05:04:03 +0200] "GET /pages.php?sport%2Fy19%3Fpid=20685 HTTP/1.1" 200 461765 "-" "Mozilla/5.0 AppleWebKit/537.36 (KHTML, like Gecko; compatible; GPTBot/1.2; +https://openai.com/gptbot)"
20.171.207.15 - - [22/Aug/2025:05:04:09 +0200] "GET /pages.php?rival%2Fw61%3Fpid=22875 HTTP/1.1" 200 466526 "-" "Mozilla/5.0 AppleWebKit/537.36 (KHTML, like Gecko; compatible; GPTBot/1.2; +https://openai.com/gptbot)"
20.171.207.29 - - [22/Aug/2025:05:04:12 +0200] "GET /pages.php?often%2Fz213%3Fpid=6435 HTTP/1.1" 200 465999 "-" "Mozilla/5.0 AppleWebKit/537.36 (KHTML, like Gecko; compatible; GPTBot/1.2; +https://openai.com/gptbot)"
20.171.207.15 - - [22/Aug/2025:05:04:16 +0200] "GET /pages.php?choice%2Fj25%3Fpid=6843 HTTP/1.1" 200 464003 "-" "Mozilla/5.0 AppleWebKit/537.36 (KHTML, like Gecko; compatible; GPTBot/1.2; +https://openai.com/gptbot)"
20.171.207.15 - - [22/Aug/2025:05:04:21 +0200] "GET /pages.php?drill%2Ft86%3Fpid=26760 HTTP/1.1" 200 466426 "-" "Mozilla/5.0 AppleWebKit/537.36 (KHTML, like Gecko; compatible; GPTBot/1.2; +https://openai.com/gptbot)"
66.249.74.73 - - [22/Aug/2025:05:04:23 +0200] "GET /funding011001356.html HTTP/1.1" 200 557009 "-" "Mozilla/5.0 (Linux; Android 6.0.1; Nexus 5X Build/MMB29P) AppleWebKit/537.36 (KHTML, like Gecko) Chrome/138.0.7204.183 Mobile Safari/537.36 (compatible; Googlebot/2.1; +http://www.google.com/bot.html)"
20.171.207.15 - - [22/Aug/2025:05:04:27 +0200] "GET /pages.php?smooth%2Fn55%3Fpid=461 HTTP/1.1" 200 468813 "-" "Mozilla/5.0 AppleWebKit/537.36 (KHTML, like Gecko; compatible; GPTBot/1.2; +https://openai.com/gptbot)"
20.171.207.15 - - [22/Aug/2025:05:04:31 +0200] "GET /pages.php?altogether%2Fu4%3Fpid=874 HTTP/1.1" 200 469780 "-" "Mozilla/5.0 AppleWebKit/537.36 (KHTML, like Gecko; compatible; GPTBot/1.2; +https://openai.com/gptbot)"
20.171.207.15 - - [22/Aug/2025:05:04:36 +0200] "GET /pages.php?money%2Fv17%3Fpid=46465 HTTP/1.1" 200 462112 "-" "Mozilla/5.0 AppleWebKit/537.36 (KHTML, like Gecko; compatible; GPTBot/1.2; +https://openai.com/gptbot)"
20.171.207.15 - - [22/Aug/2025:05:04:39 +0200] "GET /pages.php?intact%2Fk12%3Fpid=174 HTTP/1.1" 200 462941 "-" "Mozilla/5.0 AppleWebKit/537.36 (KHTML, like Gecko; compatible; GPTBot/1.2; +https://openai.com/gptbot)"
20.171.207.15 - - [22/Aug/2025:05:04:43 +0200] "GET /pages.php?hour%2Fq86%3Fpid=22460 HTTP/1.1" 200 467410 "-" "Mozilla/5.0 AppleWebKit/537.36 (KHTML, like Gecko; compatible; GPTBot/1.2; +https://openai.com/gptbot)"
20.171.207.15 - - [22/Aug/2025:05:04:46 +0200] "GET /pages.php?African%2Fm31%3Fpid=767 HTTP/1.1" 200 464277 "-" "Mozilla/5.0 AppleWebKit/537.36 (KHTML, like Gecko; compatible; GPTBot/1.2; +https://openai.com/gptbot)"
20.171.207.15 - - [22/Aug/2025:05:04:49 +0200] "GET /pages.php?wisdom%2Fv80%3Fpid=1032 HTTP/1.1" 200 471677 "-" "Mozilla/5.0 AppleWebKit/537.36 (KHTML, like Gecko; compatible; GPTBot/1.2; +https://openai.com/gptbot)"
208.110.64.178 - - [22/Aug/2025:05:04:51 +0200] "GET /wp-content/edit.php HTTP/1.1" 500 0 "https://www.kjinvest.net/wp-content/edit.php" "Mozilla/5.0 (Windows NT 10.0; Win64; x64) AppleWebKit/537.36 (KHTML, like Gecko) Chrome/58.0.3029.110 Safari/537.3"
208.110.64.178 - - [22/Aug/2025:05:04:51 +0200] "GET /wp-content/edit.php HTTP/1.1" 500 0 "https://www.kjinvest.net/wp-content/edit.php" "Mozilla/5.0 (Windows NT 10.0; Win64; x64) AppleWebKit/537.36 (KHTML, like Gecko) Chrome/58.0.3029.110 Safari/537.3"
20.171.207.15 - - [22/Aug/2025:05:04:51 +0200] "GET /pages.php?voice%2Fd92%3Fpid=14650 HTTP/1.1" 200 473289 "-" "Mozilla/5.0 AppleWebKit/537.36 (KHTML, like Gecko; compatible; GPTBot/1.2; +https://openai.com/gptbot)"
20.171.207.15 - - [22/Aug/2025:05:04:53 +0200] "GET /pages.php?ad%2Ff68%3Fpid=23770 HTTP/1.1" 200 468102 "-" "Mozilla/5.0 AppleWebKit/537.36 (KHTML, like Gecko; compatible; GPTBot/1.2; +https://openai.com/gptbot)"
20.171.207.15 - - [22/Aug/2025:05:04:56 +0200] "GET /pages.php?forty%2Fs69%3Fpid=28959 HTTP/1.1" 200 464526 "-" "Mozilla/5.0 AppleWebKit/537.36 (KHTML, like Gecko; compatible; GPTBot/1.2; +https://openai.com/gptbot)"
20.171.207.15 - - [22/Aug/2025:05:04:57 +0200] "GET /pages.php?bother%2Fn86%3Fpid=8294 HTTP/1.1" 200 475457 "-" "Mozilla/5.0 AppleWebKit/537.36 (KHTML, like Gecko; compatible; GPTBot/1.2; +https://openai.com/gptbot)"
20.171.207.15 - - [22/Aug/2025:05:04:58 +0200] "GET / HTTP/1.1" 500 0 "-" "Mozilla/5.0 AppleWebKit/537.36 (KHTML, like Gecko; compatible; GPTBot/1.2; +https://openai.com/gptbot)"
50.31.235.131 - - [22/Aug/2025:05:04:59 +0200] "HEAD / HTTP/1.1" 200 0 "-" "Mozilla/5.0 (Macintosh; Intel Mac OS X 10_15_7) AppleWebKit/605.1.15 (KHTML, like Gecko) Version/16.5.2 Safari/605.1.1"
204.16.172.106 - - [22/Aug/2025:05:05:00 +0200] "GET / HTTP/1.1" 200 560731 "-" "Mozilla/5.0 (Macintosh; Intel Mac OS X 10_15_7) AppleWebKit/537.36 (KHTML, like Gecko) Chrome/114.0.0.0 Safari/537.36"
20.171.207.15 - - [22/Aug/2025:05:05:01 +0200] "GET /pages.php?arrow%2Ff65%3Fpid=40537 HTTP/1.1" 200 462486 "-" "Mozilla/5.0 AppleWebKit/537.36 (KHTML, like Gecko; compatible; GPTBot/1.2; +https://openai.com/gptbot)"
20.171.207.15 - - [22/Aug/2025:05:05:05 +0200] "GET /pages.php?flame%2Fn31%3Fpid=30859 HTTP/1.1" 200 468315 "-" "Mozilla/5.0 AppleWebKit/537.36 (KHTML, like Gecko; compatible; GPTBot/1.2; +https://openai.com/gptbot)"
20.171.207.15 - - [22/Aug/2025:05:05:09 +0200] "GET /pages.php?knock%2Fb191%3Fpid=7845 HTTP/1.1" 200 464372 "-" "Mozilla/5.0 AppleWebKit/537.36 (KHTML, like Gecko; compatible; GPTBot/1.2; +https://openai.com/gptbot)"
20.171.207.15 - - [22/Aug/2025:05:05:13 +0200] "GET /pages.php?focus%2Fi248%3Fpid=934 HTTP/1.1" 200 465932 "-" "Mozilla/5.0 AppleWebKit/537.36 (KHTML, like Gecko; compatible; GPTBot/1.2; +https://openai.com/gptbot)"
20.171.207.29 - - [22/Aug/2025:05:05:13 +0200] "GET /pages.php?blind%2Fk18%3Fpid=376 HTTP/1.1" 200 469970 "-" "Mozilla/5.0 AppleWebKit/537.36 (KHTML, like Gecko; compatible; GPTBot/1.2; +https://openai.com/gptbot)"
20.171.207.15 - - [22/Aug/2025:05:05:15 +0200] "GET /pages.php?film%2Fk95%3Fpid=31645 HTTP/1.1" 200 462237 "-" "Mozilla/5.0 AppleWebKit/537.36 (KHTML, like Gecko; compatible; GPTBot/1.2; +https://openai.com/gptbot)"
20.171.207.15 - - [22/Aug/2025:05:05:18 +0200] "GET /pages.php?Islam%2Fp5%3Fpid=40687 HTTP/1.1" 200 473122 "-" "Mozilla/5.0 AppleWebKit/537.36 (KHTML, like Gecko; compatible; GPTBot/1.2; +https://openai.com/gptbot)"
66.249.74.72 - - [22/Aug/2025:05:05:19 +0200] "GET /items/053032809.html?srsltid=AfmBOolaqcDRzzuxGSUSe7izPLLDXAqFFqd5IxNBl5QPAOFEheDw HTTP/1.1" 200 560385 "-" "Mozilla/5.0 (Linux; Android 6.0.1; Nexus 5X Build/MMB29P) AppleWebKit/537.36 (KHTML, like Gecko) Chrome/138.0.7204.183 Mobile Safari/537.36 (compatible; Googlebot/2.1; +http://www.google.com/bot.html)"
20.171.207.15 - - [22/Aug/2025:05:05:20 +0200] "GET /pages.php?honey%2Fv165%3Fpid=4599 HTTP/1.1" 200 461334 "-" "Mozilla/5.0 AppleWebKit/537.36 (KHTML, like Gecko; compatible; GPTBot/1.2; +https://openai.com/gptbot)"
20.171.207.15 - - [22/Aug/2025:05:05:23 +0200] "GET /pages.php?logic%2Fz1%3Fpid=45223 HTTP/1.1" 200 477212 "-" "Mozilla/5.0 AppleWebKit/537.36 (KHTML, like Gecko; compatible; GPTBot/1.2; +https://openai.com/gptbot)"
20.171.207.15 - - [22/Aug/2025:05:05:25 +0200] "GET /pages.php?worker%2Fa97%3Fpid=955 HTTP/1.1" 200 473320 "-" "Mozilla/5.0 AppleWebKit/537.36 (KHTML, like Gecko; compatible; GPTBot/1.2; +https://openai.com/gptbot)"
20.171.207.15 - - [22/Aug/2025:05:05:27 +0200] "GET /pages.php?survive%2Fq35%3Fpid=441 HTTP/1.1" 200 468615 "-" "Mozilla/5.0 AppleWebKit/537.36 (KHTML, like Gecko; compatible; GPTBot/1.2; +https://openai.com/gptbot)"
20.171.207.15 - - [22/Aug/2025:05:05:29 +0200] "GET /pages.php?read%2Fz22%3Fpid=8984 HTTP/1.1" 200 461920 "-" "Mozilla/5.0 AppleWebKit/537.36 (KHTML, like Gecko; compatible; GPTBot/1.2; +https://openai.com/gptbot)"
20.171.207.15 - - [22/Aug/2025:05:05:30 +0200] "GET /pages.php?obtain%2Fw145%3Fpid=23229 HTTP/1.1" 200 465552 "-" "Mozilla/5.0 AppleWebKit/537.36 (KHTML, like Gecko; compatible; GPTBot/1.2; +https://openai.com/gptbot)"
20.171.207.15 - - [22/Aug/2025:05:05:32 +0200] "GET /pages.php?exotic%2Fz95%3Fpid=2181 HTTP/1.1" 200 464953 "-" "Mozilla/5.0 AppleWebKit/537.36 (KHTML, like Gecko; compatible; GPTBot/1.2; +https://openai.com/gptbot)"
20.171.207.15 - - [22/Aug/2025:05:05:34 +0200] "GET /pages.php?harvest%2Fi97%3Fpid=961 HTTP/1.1" 200 470429 "-" "Mozilla/5.0 AppleWebKit/537.36 (KHTML, like Gecko; compatible; GPTBot/1.2; +https://openai.com/gptbot)"
20.171.207.15 - - [22/Aug/2025:05:05:37 +0200] "GET /pages.php?channel%2Fo20%3Fpid=638 HTTP/1.1" 200 464059 "-" "Mozilla/5.0 AppleWebKit/537.36 (KHTML, like Gecko; compatible; GPTBot/1.2; +https://openai.com/gptbot)"
20.171.207.15 - - [22/Aug/2025:05:05:39 +0200] "GET /pages.php?uniform%2Fc70%3Fpid=990 HTTP/1.1" 200 461260 "-" "Mozilla/5.0 AppleWebKit/537.36 (KHTML, like Gecko; compatible; GPTBot/1.2; +https://openai.com/gptbot)"
20.171.207.15 - - [22/Aug/2025:05:05:41 +0200] "GET /pages.php?hurry%2Fj51%3Fpid=30429 HTTP/1.1" 200 463171 "-" "Mozilla/5.0 AppleWebKit/537.36 (KHTML, like Gecko; compatible; GPTBot/1.2; +https://openai.com/gptbot)"
20.171.207.15 - - [22/Aug/2025:05:05:43 +0200] "GET /pages.php?point%2Fu59%3Fpid=873 HTTP/1.1" 200 464646 "-" "Mozilla/5.0 AppleWebKit/537.36 (KHTML, like Gecko; compatible; GPTBot/1.2; +https://openai.com/gptbot)"
20.171.207.15 - - [22/Aug/2025:05:05:45 +0200] "GET /pages.php?blend%2Fi1%3Fpid=48787 HTTP/1.1" 200 467724 "-" "Mozilla/5.0 AppleWebKit/537.36 (KHTML, like Gecko; compatible; GPTBot/1.2; +https://openai.com/gptbot)"
20.171.207.15 - - [22/Aug/2025:05:05:46 +0200] "GET /pages.php?United%2Fv80%3Fpid=584 HTTP/1.1" 200 463712 "-" "Mozilla/5.0 AppleWebKit/537.36 (KHTML, like Gecko; compatible; GPTBot/1.2; +https://openai.com/gptbot)"
20.171.207.15 - - [22/Aug/2025:05:05:48 +0200] "GET /pages.php?thinking%2Fz95%3Fpid=261 HTTP/1.1" 200 462126 "-" "Mozilla/5.0 AppleWebKit/537.36 (KHTML, like Gecko; compatible; GPTBot/1.2; +https://openai.com/gptbot)"
20.171.207.15 - - [22/Aug/2025:05:05:50 +0200] "GET /pages.php?cool%2Fe7%3Fpid=11325 HTTP/1.1" 200 473809 "-" "Mozilla/5.0 AppleWebKit/537.36 (KHTML, like Gecko; compatible; GPTBot/1.2; +https://openai.com/gptbot)"
20.171.207.15 - - [22/Aug/2025:05:05:51 +0200] "GET /pages.php?famous%2Fk95%3Fpid=263 HTTP/1.1" 200 468241 "-" "Mozilla/5.0 AppleWebKit/537.36 (KHTML, like Gecko; compatible; GPTBot/1.2; +https://openai.com/gptbot)"
20.171.207.15 - - [22/Aug/2025:05:05:53 +0200] "GET /pages.php?senior%2Fh95%3Fpid=267 HTTP/1.1" 200 462247 "-" "Mozilla/5.0 AppleWebKit/537.36 (KHTML, like Gecko; compatible; GPTBot/1.2; +https://openai.com/gptbot)"
20.171.207.15 - - [22/Aug/2025:05:05:54 +0200] "GET /pages.php?royal%2Fz71%3Fpid=44369 HTTP/1.1" 200 461145 "-" "Mozilla/5.0 AppleWebKit/537.36 (KHTML, like Gecko; compatible; GPTBot/1.2; +https://openai.com/gptbot)"
20.171.207.15 - - [22/Aug/2025:05:05:56 +0200] "GET /pages.php?Islamic%2Fe80%3Fpid=586 HTTP/1.1" 200 465637 "-" "Mozilla/5.0 AppleWebKit/537.36 (KHTML, like Gecko; compatible; GPTBot/1.2; +https://openai.com/gptbot)"
66.249.74.72 - - [22/Aug/2025:05:05:56 +0200] "GET /responsible033019554.html HTTP/1.1" 200 569024 "-" "Mozilla/5.0 (Linux; Android 6.0.1; Nexus 5X Build/MMB29P) AppleWebKit/537.36 (KHTML, like Gecko) Chrome/138.0.7204.183 Mobile Safari/537.36 (compatible; Googlebot/2.1; +http://www.google.com/bot.html)"
20.171.207.15 - - [22/Aug/2025:05:05:58 +0200] "GET /pages.php?post%2Fp170%3Fpid=8296 HTTP/1.1" 200 468648 "-" "Mozilla/5.0 AppleWebKit/537.36 (KHTML, like Gecko; compatible; GPTBot/1.2; +https://openai.com/gptbot)"
20.171.207.15 - - [22/Aug/2025:05:05:59 +0200] "GET /pages.php?course%2Fr26%3Fpid=218 HTTP/1.1" 200 472247 "-" "Mozilla/5.0 AppleWebKit/537.36 (KHTML, like Gecko; compatible; GPTBot/1.2; +https://openai.com/gptbot)"
20.171.207.15 - - [22/Aug/2025:05:06:01 +0200] "GET /pages.php?stand%2Fz49%3Fpid=15061 HTTP/1.1" 200 467887 "-" "Mozilla/5.0 AppleWebKit/537.36 (KHTML, like Gecko; compatible; GPTBot/1.2; +https://openai.com/gptbot)"
20.171.207.15 - - [22/Aug/2025:05:06:02 +0200] "GET / HTTP/1.1" 500 0 "-" "Mozilla/5.0 AppleWebKit/537.36 (KHTML, like Gecko; compatible; GPTBot/1.2; +https://openai.com/gptbot)"
20.171.207.15 - - [22/Aug/2025:05:06:04 +0200] "GET /pages.php?remote%2Fv60%3Fpid=6466 HTTP/1.1" 200 460809 "-" "Mozilla/5.0 AppleWebKit/537.36 (KHTML, like Gecko; compatible; GPTBot/1.2; +https://openai.com/gptbot)"
20.171.207.15 - - [22/Aug/2025:05:06:07 +0200] "GET /pages.php?unity%2Fk76%3Fpid=38428 HTTP/1.1" 200 460184 "-" "Mozilla/5.0 AppleWebKit/537.36 (KHTML, like Gecko; compatible; GPTBot/1.2; +https://openai.com/gptbot)"
20.171.207.15 - - [22/Aug/2025:05:06:10 +0200] "GET /pages.php?student%2Fk59%3Fpid=945 HTTP/1.1" 200 463146 "-" "Mozilla/5.0 AppleWebKit/537.36 (KHTML, like Gecko; compatible; GPTBot/1.2; +https://openai.com/gptbot)"
20.171.207.29 - - [22/Aug/2025:05:06:12 +0200] "GET /pages.php?sunny%2Fx86%3Fpid=890 HTTP/1.1" 200 464065 "-" "Mozilla/5.0 AppleWebKit/537.36 (KHTML, like Gecko; compatible; GPTBot/1.2; +https://openai.com/gptbot)"
20.171.207.15 - - [22/Aug/2025:05:06:12 +0200] "GET /pages.php?ours%2Fz5%3Fpid=40685 HTTP/1.1" 200 461869 "-" "Mozilla/5.0 AppleWebKit/537.36 (KHTML, like Gecko; compatible; GPTBot/1.2; +https://openai.com/gptbot)"
20.171.207.15 - - [22/Aug/2025:05:06:16 +0200] "GET /pages.php?respond%2Fv49%3Fpid=53 HTTP/1.1" 200 470808 "-" "Mozilla/5.0 AppleWebKit/537.36 (KHTML, like Gecko; compatible; GPTBot/1.2; +https://openai.com/gptbot)"
20.171.207.15 - - [22/Aug/2025:05:06:18 +0200] "GET /pages.php?gift%2Fq139%3Fpid=8029 HTTP/1.1" 200 470938 "-" "Mozilla/5.0 AppleWebKit/537.36 (KHTML, like Gecko; compatible; GPTBot/1.2; +https://openai.com/gptbot)"
20.171.207.15 - - [22/Aug/2025:05:06:20 +0200] "GET /pages.php?both%2Fc68%3Fpid=22770 HTTP/1.1" 200 476366 "-" "Mozilla/5.0 AppleWebKit/537.36 (KHTML, like Gecko; compatible; GPTBot/1.2; +https://openai.com/gptbot)"
20.171.207.15 - - [22/Aug/2025:05:06:22 +0200] "GET /pages.php?disorder%2Fv107%3Fpid=15203 HTTP/1.1" 200 467268 "-" "Mozilla/5.0 AppleWebKit/537.36 (KHTML, like Gecko; compatible; GPTBot/1.2; +https://openai.com/gptbot)"
20.171.207.15 - - [22/Aug/2025:05:06:23 +0200] "GET /pages.php?drown%2Fu96%3Fpid=44578 HTTP/1.1" 200 464190 "-" "Mozilla/5.0 AppleWebKit/537.36 (KHTML, like Gecko; compatible; GPTBot/1.2; +https://openai.com/gptbot)"
20.171.207.15 - - [22/Aug/2025:05:06:27 +0200] "GET /pages.php?stuff%2Fa147%3Fpid=6621 HTTP/1.1" 200 468535 "-" "Mozilla/5.0 AppleWebKit/537.36 (KHTML, like Gecko; compatible; GPTBot/1.2; +https://openai.com/gptbot)"
20.171.207.15 - - [22/Aug/2025:05:06:28 +0200] "GET /pages.php?sauce%2Fo30%3Fpid=41770 HTTP/1.1" 200 478323 "-" "Mozilla/5.0 AppleWebKit/537.36 (KHTML, like Gecko; compatible; GPTBot/1.2; +https://openai.com/gptbot)"
20.171.207.15 - - [22/Aug/2025:05:06:30 +0200] "GET /pages.php?camera%2Fx128%3Fpid=48946 HTTP/1.1" 200 469308 "-" "Mozilla/5.0 AppleWebKit/537.36 (KHTML, like Gecko; compatible; GPTBot/1.2; +https://openai.com/gptbot)"
20.171.207.15 - - [22/Aug/2025:05:06:32 +0200] "GET /pages.php?shelf%2Fz95%3Fpid=18519 HTTP/1.1" 200 473591 "-" "Mozilla/5.0 AppleWebKit/537.36 (KHTML, like Gecko; compatible; GPTBot/1.2; +https://openai.com/gptbot)"
20.171.207.15 - - [22/Aug/2025:05:06:33 +0200] "GET /pages.php?corn%2Fz60%3Fpid=44928 HTTP/1.1" 200 462292 "-" "Mozilla/5.0 AppleWebKit/537.36 (KHTML, like Gecko; compatible; GPTBot/1.2; +https://openai.com/gptbot)"
20.171.207.15 - - [22/Aug/2025:05:06:34 +0200] "GET /pages.php?slow%2Fi69%3Fpid=47001 HTTP/1.1" 200 471410 "-" "Mozilla/5.0 AppleWebKit/537.36 (KHTML, like Gecko; compatible; GPTBot/1.2; +https://openai.com/gptbot)"
20.171.207.15 - - [22/Aug/2025:05:06:36 +0200] "GET /pages.php?invest%2Fk91%3Fpid=335 HTTP/1.1" 200 463249 "-" "Mozilla/5.0 AppleWebKit/537.36 (KHTML, like Gecko; compatible; GPTBot/1.2; +https://openai.com/gptbot)"
20.171.207.15 - - [22/Aug/2025:05:06:38 +0200] "GET /pages.php?Olympic%2Ff37%3Fpid=829 HTTP/1.1" 200 462845 "-" "Mozilla/5.0 AppleWebKit/537.36 (KHTML, like Gecko; compatible; GPTBot/1.2; +https://openai.com/gptbot)"
20.171.207.15 - - [22/Aug/2025:05:06:39 +0200] "GET /pages.php?order%2Fu88%3Fpid=49748 HTTP/1.1" 200 469643 "-" "Mozilla/5.0 AppleWebKit/537.36 (KHTML, like Gecko; compatible; GPTBot/1.2; +https://openai.com/gptbot)"
20.171.207.15 - - [22/Aug/2025:05:06:43 +0200] "GET /pages.php?drawer%2Fq1%3Fpid=40391 HTTP/1.1" 200 465459 "-" "Mozilla/5.0 AppleWebKit/537.36 (KHTML, like Gecko; compatible; GPTBot/1.2; +https://openai.com/gptbot)"
20.171.207.15 - - [22/Aug/2025:05:06:45 +0200] "GET /pages.php?fleet%2Fl47%3Fpid=35639 HTTP/1.1" 200 463377 "-" "Mozilla/5.0 AppleWebKit/537.36 (KHTML, like Gecko; compatible; GPTBot/1.2; +https://openai.com/gptbot)"
20.171.207.15 - - [22/Aug/2025:05:06:46 +0200] "GET /pages.php?limb%2Fj61%3Fpid=23061 HTTP/1.1" 200 465420 "-" "Mozilla/5.0 AppleWebKit/537.36 (KHTML, like Gecko; compatible; GPTBot/1.2; +https://openai.com/gptbot)"
20.171.207.15 - - [22/Aug/2025:05:06:47 +0200] "GET / HTTP/1.1" 500 0 "-" "Mozilla/5.0 AppleWebKit/537.36 (KHTML, like Gecko; compatible; GPTBot/1.2; +https://openai.com/gptbot)"
20.171.207.15 - - [22/Aug/2025:05:06:49 +0200] "GET /pages.php?feminist%2Fz95%3Fpid=261 HTTP/1.1" 200 466020 "-" "Mozilla/5.0 AppleWebKit/537.36 (KHTML, like Gecko; compatible; GPTBot/1.2; +https://openai.com/gptbot)"
20.171.207.15 - - [22/Aug/2025:05:06:53 +0200] "GET /pages.php?doctrine%2Fz27%3Fpid=585 HTTP/1.1" 200 466402 "-" "Mozilla/5.0 AppleWebKit/537.36 (KHTML, like Gecko; compatible; GPTBot/1.2; +https://openai.com/gptbot)"
20.171.207.15 - - [22/Aug/2025:05:06:56 +0200] "GET /pages.php?modern%2Fg32%3Fpid=36058 HTTP/1.1" 200 463071 "-" "Mozilla/5.0 AppleWebKit/537.36 (KHTML, like Gecko; compatible; GPTBot/1.2; +https://openai.com/gptbot)"
20.171.207.15 - - [22/Aug/2025:05:06:59 +0200] "GET /pages.php?related%2Ff14%3Fpid=876 HTTP/1.1" 200 473408 "-" "Mozilla/5.0 AppleWebKit/537.36 (KHTML, like Gecko; compatible; GPTBot/1.2; +https://openai.com/gptbot)"
20.171.207.29 - - [22/Aug/2025:05:07:01 +0200] "GET /pages.php?meter%2Fc18%3Fpid=374 HTTP/1.1" 200 477467 "-" "Mozilla/5.0 AppleWebKit/537.36 (KHTML, like Gecko; compatible; GPTBot/1.2; +https://openai.com/gptbot)"
20.171.207.15 - - [22/Aug/2025:05:07:01 +0200] "GET /pages.php?Cuban%2Ff98%3Fpid=45360 HTTP/1.1" 200 461940 "-" "Mozilla/5.0 AppleWebKit/537.36 (KHTML, like Gecko; compatible; GPTBot/1.2; +https://openai.com/gptbot)"
20.171.207.15 - - [22/Aug/2025:05:07:03 +0200] "GET /pages.php?pair%2Fn232%3Fpid=49712 HTTP/1.1" 200 462242 "-" "Mozilla/5.0 AppleWebKit/537.36 (KHTML, like Gecko; compatible; GPTBot/1.2; +https://openai.com/gptbot)"
20.171.207.15 - - [22/Aug/2025:05:07:06 +0200] "GET /pages.php?secret%2Fy72%3Fpid=602 HTTP/1.1" 200 465034 "-" "Mozilla/5.0 AppleWebKit/537.36 (KHTML, like Gecko; compatible; GPTBot/1.2; +https://openai.com/gptbot)"
20.171.207.15 - - [22/Aug/2025:05:07:08 +0200] "GET /pages.php?twice%2Fz90%3Fpid=44156 HTTP/1.1" 200 469068 "-" "Mozilla/5.0 AppleWebKit/537.36 (KHTML, like Gecko; compatible; GPTBot/1.2; +https://openai.com/gptbot)"
20.171.207.15 - - [22/Aug/2025:05:07:09 +0200] "GET / HTTP/1.1" 500 0 "-" "Mozilla/5.0 AppleWebKit/537.36 (KHTML, like Gecko; compatible; GPTBot/1.2; +https://openai.com/gptbot)"
20.171.207.15 - - [22/Aug/2025:05:07:11 +0200] "GET /pages.php?usual%2Fe96%3Fpid=23940 HTTP/1.1" 200 468463 "-" "Mozilla/5.0 AppleWebKit/537.36 (KHTML, like Gecko; compatible; GPTBot/1.2; +https://openai.com/gptbot)"
20.171.207.15 - - [22/Aug/2025:05:07:15 +0200] "GET /pages.php?Dutch%2Fv66%3Fpid=6596 HTTP/1.1" 200 463966 "-" "Mozilla/5.0 AppleWebKit/537.36 (KHTML, like Gecko; compatible; GPTBot/1.2; +https://openai.com/gptbot)"
20.171.207.15 - - [22/Aug/2025:05:07:19 +0200] "GET /pages.php?elevator%2Ff36%3Fpid=54 HTTP/1.1" 200 461477 "-" "Mozilla/5.0 AppleWebKit/537.36 (KHTML, like Gecko; compatible; GPTBot/1.2; +https://openai.com/gptbot)"
20.171.207.15 - - [22/Aug/2025:05:07:23 +0200] "GET /pages.php?blink%2Fo72%3Fpid=586 HTTP/1.1" 200 467707 "-" "Mozilla/5.0 AppleWebKit/537.36 (KHTML, like Gecko; compatible; GPTBot/1.2; +https://openai.com/gptbot)"
20.171.207.15 - - [22/Aug/2025:05:07:27 +0200] "GET /pages.php?close%2Fj71%3Fpid=43653 HTTP/1.1" 200 465428 "-" "Mozilla/5.0 AppleWebKit/537.36 (KHTML, like Gecko; compatible; GPTBot/1.2; +https://openai.com/gptbot)"
20.171.207.15 - - [22/Aug/2025:05:07:29 +0200] "GET /pages.php?killing%2Fr19%3Fpid=863 HTTP/1.1" 200 463970 "-" "Mozilla/5.0 AppleWebKit/537.36 (KHTML, like Gecko; compatible; GPTBot/1.2; +https://openai.com/gptbot)"
20.171.207.15 - - [22/Aug/2025:05:07:32 +0200] "GET /pages.php?surely%2Fb292%3Fpid=650 HTTP/1.1" 200 467598 "-" "Mozilla/5.0 AppleWebKit/537.36 (KHTML, like Gecko; compatible; GPTBot/1.2; +https://openai.com/gptbot)"
20.171.207.15 - - [22/Aug/2025:05:07:35 +0200] "GET /pages.php?your%2Fs216%3Fpid=8064 HTTP/1.1" 200 470334 "-" "Mozilla/5.0 AppleWebKit/537.36 (KHTML, like Gecko; compatible; GPTBot/1.2; +https://openai.com/gptbot)"
20.171.207.15 - - [22/Aug/2025:05:07:39 +0200] "GET /pages.php?vessel%2Fj49%3Fpid=975 HTTP/1.1" 200 473132 "-" "Mozilla/5.0 AppleWebKit/537.36 (KHTML, like Gecko; compatible; GPTBot/1.2; +https://openai.com/gptbot)"
20.171.207.15 - - [22/Aug/2025:05:07:41 +0200] "GET /pages.php?lend%2Fv175%3Fpid=2667 HTTP/1.1" 200 465982 "-" "Mozilla/5.0 AppleWebKit/537.36 (KHTML, like Gecko; compatible; GPTBot/1.2; +https://openai.com/gptbot)"
20.171.207.15 - - [22/Aug/2025:05:07:43 +0200] "GET /pages.php?system%2Fn49%3Fpid=979 HTTP/1.1" 200 466920 "-" "Mozilla/5.0 AppleWebKit/537.36 (KHTML, like Gecko; compatible; GPTBot/1.2; +https://openai.com/gptbot)"
20.171.207.15 - - [22/Aug/2025:05:07:46 +0200] "GET /pages.php?vendor%2Fz74%3Fpid=914 HTTP/1.1" 200 462659 "-" "Mozilla/5.0 AppleWebKit/537.36 (KHTML, like Gecko; compatible; GPTBot/1.2; +https://openai.com/gptbot)"
20.171.207.15 - - [22/Aug/2025:05:07:48 +0200] "GET /pages.php?q-~293nOWTQ1NYqF6nGeEPID1D6aZtsQuhQZ4484/ HTTP/1.1" 200 471968 "-" "Mozilla/5.0 AppleWebKit/537.36 (KHTML, like Gecko; compatible; GPTBot/1.2; +https://openai.com/gptbot)"
20.171.207.29 - - [22/Aug/2025:05:07:48 +0200] "GET /pages.php?where%2Ft16%3Fpid=15948 HTTP/1.1" 200 459674 "-" "Mozilla/5.0 AppleWebKit/537.36 (KHTML, like Gecko; compatible; GPTBot/1.2; +https://openai.com/gptbot)"
20.171.207.15 - - [22/Aug/2025:05:07:49 +0200] "GET / HTTP/1.1" 500 0 "-" "Mozilla/5.0 AppleWebKit/537.36 (KHTML, like Gecko; compatible; GPTBot/1.2; +https://openai.com/gptbot)"
20.171.207.15 - - [22/Aug/2025:05:07:51 +0200] "GET /pages.php?championship%2Fv81%3Fpid=35 HTTP/1.1" 200 461711 "-" "Mozilla/5.0 AppleWebKit/537.36 (KHTML, like Gecko; compatible; GPTBot/1.2; +https://openai.com/gptbot)"
20.171.207.15 - - [22/Aug/2025:05:07:55 +0200] "GET /pages.php?post%2Fz45%3Fpid=24867 HTTP/1.1" 200 461499 "-" "Mozilla/5.0 AppleWebKit/537.36 (KHTML, like Gecko; compatible; GPTBot/1.2; +https://openai.com/gptbot)"
20.171.207.15 - - [22/Aug/2025:05:07:58 +0200] "GET /pages.php?fatal%2Fj81%3Fpid=44209 HTTP/1.1" 200 464353 "-" "Mozilla/5.0 AppleWebKit/537.36 (KHTML, like Gecko; compatible; GPTBot/1.2; +https://openai.com/gptbot)"
20.171.207.15 - - [22/Aug/2025:05:08:01 +0200] "GET /pages.php?worry%2Fr244%3Fpid=2780 HTTP/1.1" 200 464631 "-" "Mozilla/5.0 AppleWebKit/537.36 (KHTML, like Gecko; compatible; GPTBot/1.2; +https://openai.com/gptbot)"
20.171.207.15 - - [22/Aug/2025:05:08:03 +0200] "GET /pages.php?closed%2Fh78%3Fpid=592 HTTP/1.1" 200 472622 "-" "Mozilla/5.0 AppleWebKit/537.36 (KHTML, like Gecko; compatible; GPTBot/1.2; +https://openai.com/gptbot)"
20.171.207.15 - - [22/Aug/2025:05:08:06 +0200] "GET /pages.php?observe%2Fv78%3Fpid=586 HTTP/1.1" 200 468290 "-" "Mozilla/5.0 AppleWebKit/537.36 (KHTML, like Gecko; compatible; GPTBot/1.2; +https://openai.com/gptbot)"
20.171.207.15 - - [22/Aug/2025:05:08:07 +0200] "GET /pages.php?crawl%2Fj96%3Fpid=32580 HTTP/1.1" 200 467303 "-" "Mozilla/5.0 AppleWebKit/537.36 (KHTML, like Gecko; compatible; GPTBot/1.2; +https://openai.com/gptbot)"
20.171.207.15 - - [22/Aug/2025:05:08:10 +0200] "GET /pages.php?list%2Fd212%3Fpid=31234 HTTP/1.1" 200 461863 "-" "Mozilla/5.0 AppleWebKit/537.36 (KHTML, like Gecko; compatible; GPTBot/1.2; +https://openai.com/gptbot)"
20.171.207.15 - - [22/Aug/2025:05:08:12 +0200] "GET /pages.php?account%2Fq4%3Fpid=4410 HTTP/1.1" 200 469769 "-" "Mozilla/5.0 AppleWebKit/537.36 (KHTML, like Gecko; compatible; GPTBot/1.2; +https://openai.com/gptbot)"
20.171.207.15 - - [22/Aug/2025:05:08:14 +0200] "GET /pages.php?dynamic%2Fr81%3Fpid=37 HTTP/1.1" 200 475193 "-" "Mozilla/5.0 AppleWebKit/537.36 (KHTML, like Gecko; compatible; GPTBot/1.2; +https://openai.com/gptbot)"
20.171.207.15 - - [22/Aug/2025:05:08:15 +0200] "GET / HTTP/1.1" 500 0 "-" "Mozilla/5.0 AppleWebKit/537.36 (KHTML, like Gecko; compatible; GPTBot/1.2; +https://openai.com/gptbot)"
20.171.207.15 - - [22/Aug/2025:05:08:16 +0200] "GET /chat.xhtml?render%2Fa22%3Fpid=438 HTTP/1.1" 500 0 "-" "Mozilla/5.0 AppleWebKit/537.36 (KHTML, like Gecko; compatible; GPTBot/1.2; +https://openai.com/gptbot)"
20.171.207.15 - - [22/Aug/2025:05:08:21 +0200] "GET /pages.php?float%2Fr57%3Fpid=46783 HTTP/1.1" 200 463651 "-" "Mozilla/5.0 AppleWebKit/537.36 (KHTML, like Gecko; compatible; GPTBot/1.2; +https://openai.com/gptbot)"
20.171.207.29 - - [22/Aug/2025:05:08:27 +0200] "GET /?_bd_prev_page=https%3A%2F%2Fkjinvest.net%2Fsite.asp%3Fitself%2Fd82%3Fpid%3D37578&_bdsid=v5njat.n%7EAVSGA.1747508339875.1798364627 HTTP/1.1" 500 0 "-" "Mozilla/5.0 AppleWebKit/537.36 (KHTML, like Gecko; compatible; GPTBot/1.2; +https://openai.com/gptbot)"
20.171.207.15 - - [22/Aug/2025:05:08:31 +0200] "GET /pages.php?process%2Fv8%3Fpid=6150 HTTP/1.1" 200 474415 "-" "Mozilla/5.0 AppleWebKit/537.36 (KHTML, like Gecko; compatible; GPTBot/1.2; +https://openai.com/gptbot)"
20.171.207.15 - - [22/Aug/2025:05:08:40 +0200] "GET /chat.xhtml?gun%2Fr65%3Fpid=499 HTTP/1.1" 500 0 "-" "Mozilla/5.0 AppleWebKit/537.36 (KHTML, like Gecko; compatible; GPTBot/1.2; +https://openai.com/gptbot)"
66.249.74.74 - - [22/Aug/2025:05:08:49 +0200] "GET /items/282009334.html?srsltid=AfmBOoiomSZYYMOwKgWQBlE3TTQUYlNyRBxwB0uA1sGgUTPBLWfY HTTP/1.1" 200 559462 "-" "Mozilla/5.0 (Linux; Android 6.0.1; Nexus 5X Build/MMB29P) AppleWebKit/537.36 (KHTML, like Gecko) Chrome/138.0.7204.183 Mobile Safari/537.36 (compatible; Googlebot/2.1; +http://www.google.com/bot.html)"
20.171.207.15 - - [22/Aug/2025:05:08:49 +0200] "GET /pages.php?within%2Fz6%3Fpid=47250 HTTP/1.1" 200 466936 "-" "Mozilla/5.0 AppleWebKit/537.36 (KHTML, like Gecko; compatible; GPTBot/1.2; +https://openai.com/gptbot)"
20.171.207.29 - - [22/Aug/2025:05:09:04 +0200] "GET /pages.php?rock%2Fu2%3Fpid=41378 HTTP/1.1" 200 472507 "-" "Mozilla/5.0 AppleWebKit/537.36 (KHTML, like Gecko; compatible; GPTBot/1.2; +https://openai.com/gptbot)"
66.249.74.73 - - [22/Aug/2025:05:09:12 +0200] "GET /items/245044989.html?srsltid=AfmBOopcwRHAuJLzmLRAgtnWLQzBhMByrtBYyfnXivvaQprVcBuE HTTP/1.1" 200 557698 "-" "Mozilla/5.0 (Linux; Android 6.0.1; Nexus 5X Build/MMB29P) AppleWebKit/537.36 (KHTML, like Gecko) Chrome/138.0.7204.183 Mobile Safari/537.36 (compatible; Googlebot/2.1; +http://www.google.com/bot.html)"
20.171.207.15 - - [22/Aug/2025:05:09:18 +0200] "GET /pages.php?storm%2Fx32%3Fpid=894 HTTP/1.1" 200 466530 "-" "Mozilla/5.0 AppleWebKit/537.36 (KHTML, like Gecko; compatible; GPTBot/1.2; +https://openai.com/gptbot)"
66.249.74.73 - - [22/Aug/2025:05:09:19 +0200] "GET /pcmypage?callback=product%2Fdetail%2Fajimura4861-sb06y172d7n HTTP/1.1" 200 563020 "-" "Mozilla/5.0 (Linux; Android 6.0.1; Nexus 5X Build/MMB29P) AppleWebKit/537.36 (KHTML, like Gecko) Chrome/138.0.7204.183 Mobile Safari/537.36 (compatible; Googlebot/2.1; +http://www.google.com/bot.html)"
20.171.207.15 - - [22/Aug/2025:05:09:41 +0200] "GET /pages.php?reduce%2Fw38%3Fpid=7200 HTTP/1.1" 200 465398 "-" "Mozilla/5.0 AppleWebKit/537.36 (KHTML, like Gecko; compatible; GPTBot/1.2; +https://openai.com/gptbot)"
66.249.74.72 - - [22/Aug/2025:05:09:42 +0200] "GET /pcmypage?callback=/product%2Fdetail%2hcvalor-eshop-trusco-5718741 HTTP/1.1" 200 559389 "-" "Mozilla/5.0 (Linux; Android 6.0.1; Nexus 5X Build/MMB29P) AppleWebKit/537.36 (KHTML, like Gecko) Chrome/138.0.7204.183 Mobile Safari/537.36 (compatible; Googlebot/2.1; +http://www.google.com/bot.html)"
20.171.207.15 - - [22/Aug/2025:05:10:03 +0200] "GET /pages.php?liberty%2Fs69%3Fpid=125 HTTP/1.1" 200 475688 "-" "Mozilla/5.0 AppleWebKit/537.36 (KHTML, like Gecko; compatible; GPTBot/1.2; +https://openai.com/gptbot)"
20.171.207.29 - - [22/Aug/2025:05:10:05 +0200] "GET /pages.php?thumb%2Fd10%3Fpid=16872 HTTP/1.1" 200 464704 "-" "Mozilla/5.0 AppleWebKit/537.36 (KHTML, like Gecko; compatible; GPTBot/1.2; +https://openai.com/gptbot)"
20.171.207.15 - - [22/Aug/2025:05:10:25 +0200] "GET /pages.php?enroll%2Ft76%3Fpid=914 HTTP/1.1" 200 460427 "-" "Mozilla/5.0 AppleWebKit/537.36 (KHTML, like Gecko; compatible; GPTBot/1.2; +https://openai.com/gptbot)"
20.171.207.15 - - [22/Aug/2025:05:10:39 +0200] "GET /pages.php?admit%2Fu79%3Fpid=28947 HTTP/1.1" 200 466547 "-" "Mozilla/5.0 AppleWebKit/537.36 (KHTML, like Gecko; compatible; GPTBot/1.2; +https://openai.com/gptbot)"
20.171.207.15 - - [22/Aug/2025:05:10:56 +0200] "GET /pages.php?income%2Fk69%3Fpid=117 HTTP/1.1" 200 482015 "-" "Mozilla/5.0 AppleWebKit/537.36 (KHTML, like Gecko; compatible; GPTBot/1.2; +https://openai.com/gptbot)"
20.171.207.29 - - [22/Aug/2025:05:11:01 +0200] "GET /pages.php?basket%2Fq24%3Fpid=182 HTTP/1.1" 200 467893 "-" "Mozilla/5.0 AppleWebKit/537.36 (KHTML, like Gecko; compatible; GPTBot/1.2; +https://openai.com/gptbot)"
20.171.207.15 - - [22/Aug/2025:05:11:09 +0200] "GET /pages.php?widow%2Fq194%3Fpid=8918 HTTP/1.1" 200 463333 "-" "Mozilla/5.0 AppleWebKit/537.36 (KHTML, like Gecko; compatible; GPTBot/1.2; +https://openai.com/gptbot)"
208.110.64.178 - - [22/Aug/2025:05:11:13 +0200] "GET /wp-content/edit.php HTTP/1.1" 500 0 "https://www.kjinvest.net/wp-content/edit.php" "Mozilla/5.0 (Windows NT 10.0; Win64; x64) AppleWebKit/537.36 (KHTML, like Gecko) Chrome/58.0.3029.110 Safari/537.3"
208.110.64.178 - - [22/Aug/2025:05:11:13 +0200] "GET /wp-content/edit.php HTTP/1.1" 500 0 "https://www.kjinvest.net/wp-content/edit.php" "Mozilla/5.0 (Windows NT 10.0; Win64; x64) AppleWebKit/537.36 (KHTML, like Gecko) Chrome/58.0.3029.110 Safari/537.3"
66.249.74.73 - - [22/Aug/2025:05:11:20 +0200] "GET /items/209045537.html?srsltid=AfmBOortwYhIqxECiBtBfYomXjHvRhuFYxQCG5Ex5zhh5vUD6rfS HTTP/1.1" 200 559848 "-" "Mozilla/5.0 (Linux; Android 6.0.1; Nexus 5X Build/MMB29P) AppleWebKit/537.36 (KHTML, like Gecko) Chrome/138.0.7204.183 Mobile Safari/537.36 (compatible; Googlebot/2.1; +http://www.google.com/bot.html)"
20.171.207.15 - - [22/Aug/2025:05:11:22 +0200] "GET /pages.php?glory%2Fu69%3Fpid=123 HTTP/1.1" 200 471402 "-" "Mozilla/5.0 AppleWebKit/537.36 (KHTML, like Gecko; compatible; GPTBot/1.2; +https://openai.com/gptbot)"
20.171.207.15 - - [22/Aug/2025:05:11:33 +0200] "GET /pages.php?wrong%2Fe59%3Fpid=307 HTTP/1.1" 200 462498 "-" "Mozilla/5.0 AppleWebKit/537.36 (KHTML, like Gecko; compatible; GPTBot/1.2; +https://openai.com/gptbot)"
77.75.78.169 - - [22/Aug/2025:05:11:36 +0200] "GET /toreka/toreka_single.html HTTP/1.1" 500 0 "-" "Mozilla/5.0 (compatible; SeznamBot/4.0; +https://o-seznam.cz/napoveda/vyhledavani/en/seznambot-crawler/)"
20.171.207.15 - - [22/Aug/2025:05:11:43 +0200] "GET /pages.php?unhappy%2Fv72%3Fpid=30572 HTTP/1.1" 200 474739 "-" "Mozilla/5.0 AppleWebKit/537.36 (KHTML, like Gecko; compatible; GPTBot/1.2; +https://openai.com/gptbot)"
20.171.207.29 - - [22/Aug/2025:05:11:51 +0200] "GET /pages.php?clearly%2Fb16%3Fpid=762 HTTP/1.1" 200 469086 "-" "Mozilla/5.0 AppleWebKit/537.36 (KHTML, like Gecko; compatible; GPTBot/1.2; +https://openai.com/gptbot)"
20.171.207.15 - - [22/Aug/2025:05:11:53 +0200] "GET /pages.php?threat%2Fh76%3Fpid=918 HTTP/1.1" 200 471813 "-" "Mozilla/5.0 AppleWebKit/537.36 (KHTML, like Gecko; compatible; GPTBot/1.2; +https://openai.com/gptbot)"
20.171.207.15 - - [22/Aug/2025:05:12:01 +0200] "GET /pages.php?locate%2Fe83%3Fpid=499 HTTP/1.1" 200 475375 "-" "Mozilla/5.0 AppleWebKit/537.36 (KHTML, like Gecko; compatible; GPTBot/1.2; +https://openai.com/gptbot)"
20.171.207.15 - - [22/Aug/2025:05:12:09 +0200] "GET /pages.php?nutrient%2Fc46%3Fpid=716 HTTP/1.1" 200 461878 "-" "Mozilla/5.0 AppleWebKit/537.36 (KHTML, like Gecko; compatible; GPTBot/1.2; +https://openai.com/gptbot)"
20.171.207.15 - - [22/Aug/2025:05:12:15 +0200] "GET /pages.php?tumor%2Fa256%3Fpid=6584 HTTP/1.1" 200 468248 "-" "Mozilla/5.0 AppleWebKit/537.36 (KHTML, like Gecko; compatible; GPTBot/1.2; +https://openai.com/gptbot)"
20.171.207.15 - - [22/Aug/2025:05:12:20 +0200] "GET / HTTP/1.1" 500 0 "-" "Mozilla/5.0 AppleWebKit/537.36 (KHTML, like Gecko; compatible; GPTBot/1.2; +https://openai.com/gptbot)"
66.249.74.72 - - [22/Aug/2025:05:12:24 +0200] "GET /visit141045304.html HTTP/1.1" 200 564380 "-" "Mozilla/5.0 (Linux; Android 6.0.1; Nexus 5X Build/MMB29P) AppleWebKit/537.36 (KHTML, like Gecko) Chrome/138.0.7204.183 Mobile Safari/537.36 (compatible; Googlebot/2.1; +http://www.google.com/bot.html)"
20.171.207.15 - - [22/Aug/2025:05:12:27 +0200] "GET /pages.php?creation%2Fz82%3Fpid=178 HTTP/1.1" 200 460772 "-" "Mozilla/5.0 AppleWebKit/537.36 (KHTML, like Gecko; compatible; GPTBot/1.2; +https://openai.com/gptbot)"
20.171.207.29 - - [22/Aug/2025:05:12:35 +0200] "GET /?_bd_prev_page=https%3A%2F%2Fkjinvest.net%2Fsite.asp%3Ftourist%2Fr1%3Fpid%3D727&_bdsid=v5njat.n%7EAVSGA.1747508339875.1798364627 HTTP/1.1" 500 0 "-" "Mozilla/5.0 AppleWebKit/537.36 (KHTML, like Gecko; compatible; GPTBot/1.2; +https://openai.com/gptbot)"
20.171.207.15 - - [22/Aug/2025:05:12:45 +0200] "GET /pages.php?eleven%2Fz27%3Fpid=869 HTTP/1.1" 200 476331 "-" "Mozilla/5.0 AppleWebKit/537.36 (KHTML, like Gecko; compatible; GPTBot/1.2; +https://openai.com/gptbot)"
20.171.207.15 - - [22/Aug/2025:05:12:57 +0200] "GET /pages.php?compel%2Fj38%3Fpid=1098 HTTP/1.1" 200 472486 "-" "Mozilla/5.0 AppleWebKit/537.36 (KHTML, like Gecko; compatible; GPTBot/1.2; +https://openai.com/gptbot)"
20.171.207.15 - - [22/Aug/2025:05:13:09 +0200] "GET /chat.xhtml?okay%2Fd26%3Fpid=430 HTTP/1.1" 500 0 "-" "Mozilla/5.0 AppleWebKit/537.36 (KHTML, like Gecko; compatible; GPTBot/1.2; +https://openai.com/gptbot)"
20.171.207.29 - - [22/Aug/2025:05:13:17 +0200] "GET /pages.php?sponsor%2Fz9%3Fpid=805 HTTP/1.1" 200 471342 "-" "Mozilla/5.0 AppleWebKit/537.36 (KHTML, like Gecko; compatible; GPTBot/1.2; +https://openai.com/gptbot)"
20.171.207.15 - - [22/Aug/2025:05:13:21 +0200] "GET /pages.php?slope%2Fc86%3Fpid=13948 HTTP/1.1" 200 467198 "-" "Mozilla/5.0 AppleWebKit/537.36 (KHTML, like Gecko; compatible; GPTBot/1.2; +https://openai.com/gptbot)"
20.171.207.15 - - [22/Aug/2025:05:13:59 +0200] "GET /pages.php?kick%2Fc41%3Fpid=40971 HTTP/1.1" 200 458521 "-" "Mozilla/5.0 AppleWebKit/537.36 (KHTML, like Gecko; compatible; GPTBot/1.2; +https://openai.com/gptbot)"
20.171.207.29 - - [22/Aug/2025:05:14:21 +0200] "GET /?_bd_prev_page=https%3A%2F%2Fkjinvest.net%2Fsite.asp%3Fflour%2Ff16%3Fpid%3D30470&_bdsid=v5njat.n%7EAVSGA.1747508339875.1798364627 HTTP/1.1" 500 0 "-" "Mozilla/5.0 AppleWebKit/537.36 (KHTML, like Gecko; compatible; GPTBot/1.2; +https://openai.com/gptbot)"
20.171.207.15 - - [22/Aug/2025:05:14:29 +0200] "GET /pages.php?convince%2Fw68%3Fpid=542 HTTP/1.1" 200 466195 "-" "Mozilla/5.0 AppleWebKit/537.36 (KHTML, like Gecko; compatible; GPTBot/1.2; +https://openai.com/gptbot)"
69.197.135.226 - - [22/Aug/2025:05:14:38 +0200] "GET /wp-content/edit.php HTTP/1.1" 500 0 "https://www.kjinvest.net/wp-content/edit.php" "Mozilla/5.0 (Macintosh; Intel Mac OS X 10_6_8) AppleWebKit/535.1 (KHTML, like Gecko) Chrome/14.0.835.202 Safari/535.1"
69.197.135.226 - - [22/Aug/2025:05:14:38 +0200] "GET /wp-content/edit.php HTTP/1.1" 500 0 "https://www.kjinvest.net/wp-content/edit.php" "Mozilla/5.0 (Macintosh; U; Intel Mac OS X 10_6_3; ja-jp) AppleWebKit/531.21.11 (KHTML, like Gecko) Version/4.0.4 Safari/531.21.10"
69.197.135.226 - - [22/Aug/2025:05:14:39 +0200] "GET /wp-content/edit.php HTTP/1.1" 500 0 "https://www.kjinvest.net/wp-content/edit.php" "Mozilla/4.0 (compatible; MSIE 7.0; Windows NT 5.1; SV1)"
66.249.74.73 - - [22/Aug/2025:05:14:51 +0200] "GET /pretty194040157.html HTTP/1.1" 200 554537 "-" "Mozilla/5.0 (Linux; Android 6.0.1; Nexus 5X Build/MMB29P) AppleWebKit/537.36 (KHTML, like Gecko) Chrome/138.0.7204.183 Mobile Safari/537.36 (compatible; Googlebot/2.1; +http://www.google.com/bot.html)"
20.171.207.15 - - [22/Aug/2025:05:14:57 +0200] "GET /pages.php?excited%2Fn39%3Fpid=115 HTTP/1.1" 200 478712 "-" "Mozilla/5.0 AppleWebKit/537.36 (KHTML, like Gecko; compatible; GPTBot/1.2; +https://openai.com/gptbot)"
20.171.207.29 - - [22/Aug/2025:05:15:19 +0200] "GET /?_bd_prev_page=https%3A%2F%2Fkjinvest.net%2Fsite.asp%3Ffiction%2Ft17%3Fpid%3D32363&_bdsid=v5njat.n%7EAVSGA.1747508339875.1798364627 HTTP/1.1" 500 0 "-" "Mozilla/5.0 AppleWebKit/537.36 (KHTML, like Gecko; compatible; GPTBot/1.2; +https://openai.com/gptbot)"
20.171.207.15 - - [22/Aug/2025:05:15:22 +0200] "GET /?_bd_prev_page=https%3A%2F%2Fwww.kjinvest.net%2Fchat.xhtml%3Fperfect%2Fg10%3Fpid%3D204&_bdsid=sh0qr2.n%7ECANTS.172979176.172372949&_gz=2.199304954.190978852.175149336-863852640.162371011 HTTP/1.1" 500 0 "-" "Mozilla/5.0 AppleWebKit/537.36 (KHTML, like Gecko; compatible; GPTBot/1.2; +https://openai.com/gptbot)"
20.171.207.15 - - [22/Aug/2025:05:15:47 +0200] "GET /pages.php?convert%2Ff21%3Fpid=869 HTTP/1.1" 200 473038 "-" "Mozilla/5.0 AppleWebKit/537.36 (KHTML, like Gecko; compatible; GPTBot/1.2; +https://openai.com/gptbot)"
20.171.207.29 - - [22/Aug/2025:05:16:21 +0200] "GET /?_bd_prev_page=https%3A%2F%2Fkjinvest.net%2Fsite.asp%3Ftelescope%2Fe36%3Fpid%3D32498&_bdsid=v5njat.n%7EAVSGA.1747508339875.1798364627 HTTP/1.1" 500 0 "-" "Mozilla/5.0 AppleWebKit/537.36 (KHTML, like Gecko; compatible; GPTBot/1.2; +https://openai.com/gptbot)"
20.171.207.15 - - [22/Aug/2025:05:16:49 +0200] "GET /pages.php?glance%2Fz93%3Fpid=611 HTTP/1.1" 200 481828 "-" "Mozilla/5.0 AppleWebKit/537.36 (KHTML, like Gecko; compatible; GPTBot/1.2; +https://openai.com/gptbot)"
66.249.74.73 - - [22/Aug/2025:05:17:00 +0200] "GET /items/234042868.html?srsltid=AfmBOoxmvuEeLONWdMdcdrcwBtDJGCACIbmGEewjozz0BFrzZr9z HTTP/1.1" 200 562121 "-" "Mozilla/5.0 (Linux; Android 6.0.1; Nexus 5X Build/MMB29P) AppleWebKit/537.36 (KHTML, like Gecko) Chrome/138.0.7204.183 Mobile Safari/537.36 (compatible; Googlebot/2.1; +http://www.google.com/bot.html)"
20.171.207.29 - - [22/Aug/2025:05:17:23 +0200] "GET /pages.php?running%2Fc14%3Fpid=216 HTTP/1.1" 200 463906 "-" "Mozilla/5.0 AppleWebKit/537.36 (KHTML, like Gecko; compatible; GPTBot/1.2; +https://openai.com/gptbot)"
20.171.207.15 - - [22/Aug/2025:05:17:45 +0200] "GET /pages.php?active%2Fz26%3Fpid=1000 HTTP/1.1" 200 460128 "-" "Mozilla/5.0 AppleWebKit/537.36 (KHTML, like Gecko; compatible; GPTBot/1.2; +https://openai.com/gptbot)"
20.171.207.29 - - [22/Aug/2025:05:18:28 +0200] "GET /pages.php?input%2Ff7%3Fpid=49041 HTTP/1.1" 200 462082 "-" "Mozilla/5.0 AppleWebKit/537.36 (KHTML, like Gecko; compatible; GPTBot/1.2; +https://openai.com/gptbot)"
20.171.207.15 - - [22/Aug/2025:05:18:37 +0200] "GET /pages.php?drunk%2Fj132%3Fpid=4918 HTTP/1.1" 200 464953 "-" "Mozilla/5.0 AppleWebKit/537.36 (KHTML, like Gecko; compatible; GPTBot/1.2; +https://openai.com/gptbot)"
117.33.163.216 - - [22/Aug/2025:05:19:20 +0200] "GET / HTTP/1.1" 500 0 "http://www.kjinvest.net" "Mozilla/5.0 (iPhone; CPU iPhone OS 13_2_3 like Mac OS X) AppleWebKit/605.1.15 (KHTML, like Gecko) Version/13.0.3 Mobile/15E148 Safari/604.1"
20.171.207.15 - - [22/Aug/2025:05:19:24 +0200] "GET / HTTP/1.1" 500 0 "-" "Mozilla/5.0 AppleWebKit/537.36 (KHTML, like Gecko; compatible; GPTBot/1.2; +https://openai.com/gptbot)"
20.171.207.29 - - [22/Aug/2025:05:19:25 +0200] "GET /?_bd_prev_page=https%3A%2F%2Fkjinvest.net%2Fsite.asp%3Fadvantage%2Ff108%3Fpid%3D24538&_bdsid=v5njat.n%7EAVSGA.1747508339875.1798364627 HTTP/1.1" 500 0 "-" "Mozilla/5.0 AppleWebKit/537.36 (KHTML, like Gecko; compatible; GPTBot/1.2; +https://openai.com/gptbot)"
66.249.74.73 - - [22/Aug/2025:05:19:38 +0200] "GET /items/086000440.html?srsltid=AfmBOocrqOqRuydrfGWNGaQGIBKAfUDNU1vJpPWJDlUF0pMCYJEc HTTP/1.1" 200 567488 "-" "Mozilla/5.0 (Linux; Android 6.0.1; Nexus 5X Build/MMB29P) AppleWebKit/537.36 (KHTML, like Gecko) Chrome/138.0.7204.183 Mobile Safari/537.36 (compatible; Googlebot/2.1; +http://www.google.com/bot.html)"
40.77.167.20 - - [22/Aug/2025:05:19:57 +0200] "GET /goods/vuuot64/2869?key=alarm HTTP/1.1" 200 23 "-" "Mozilla/5.0 AppleWebKit/537.36 (KHTML, like Gecko; compatible; bingbot/2.0; +http://www.bing.com/bingbot.htm) Chrome/116.0.1938.76 Safari/537.36"
20.171.207.15 - - [22/Aug/2025:05:20:05 +0200] "GET /pages.php?forty%2Fn154%3Fpid=3530 HTTP/1.1" 200 464005 "-" "Mozilla/5.0 AppleWebKit/537.36 (KHTML, like Gecko; compatible; GPTBot/1.2; +https://openai.com/gptbot)"
66.249.74.73 - - [22/Aug/2025:05:20:14 +0200] "GET /day280027659.html HTTP/1.1" 200 560334 "-" "Mozilla/5.0 (Linux; Android 6.0.1; Nexus 5X Build/MMB29P) AppleWebKit/537.36 (KHTML, like Gecko) Chrome/138.0.7204.183 Mobile Safari/537.36 (compatible; Googlebot/2.1; +http://www.google.com/bot.html)"
20.171.207.29 - - [22/Aug/2025:05:20:17 +0200] "GET /pages.php?aspect%2Fy80%3Fpid=9756 HTTP/1.1" 200 462688 "-" "Mozilla/5.0 AppleWebKit/537.36 (KHTML, like Gecko; compatible; GPTBot/1.2; +https://openai.com/gptbot)"
66.249.74.72 - - [22/Aug/2025:05:20:25 +0200] "GET /audience119032226.html HTTP/1.1" 200 555276 "-" "Mozilla/5.0 (Linux; Android 6.0.1; Nexus 5X Build/MMB29P) AppleWebKit/537.36 (KHTML, like Gecko) Chrome/138.0.7204.183 Mobile Safari/537.36 (compatible; Googlebot/2.1; +http://www.google.com/bot.html)"
20.171.207.15 - - [22/Aug/2025:05:21:07 +0200] "GET /pages.php?q-~281r7UuZjsDtGSdUvgiYPQiX5E4ABIvSN41398/ HTTP/1.1" 200 462133 "-" "Mozilla/5.0 AppleWebKit/537.36 (KHTML, like Gecko; compatible; GPTBot/1.2; +https://openai.com/gptbot)"
20.171.207.29 - - [22/Aug/2025:05:21:20 +0200] "GET /?_bd_prev_page=https%3A%2F%2Fkjinvest.net%2Fsite.asp%3Fhorn%2Fq14%3Fpid%3D26376&_bdsid=v5njat.n%7EAVSGA.1747508339875.1798364627 HTTP/1.1" 500 0 "-" "Mozilla/5.0 AppleWebKit/537.36 (KHTML, like Gecko; compatible; GPTBot/1.2; +https://openai.com/gptbot)"
20.171.207.15 - - [22/Aug/2025:05:22:07 +0200] "GET /pages.php?shortly%2Fn21%3Fpid=865 HTTP/1.1" 200 473885 "-" "Mozilla/5.0 AppleWebKit/537.36 (KHTML, like Gecko; compatible; GPTBot/1.2; +https://openai.com/gptbot)"
20.171.207.29 - - [22/Aug/2025:05:22:22 +0200] "GET /pages.php?option%2Fk90%3Fpid=7418 HTTP/1.1" 200 466391 "-" "Mozilla/5.0 AppleWebKit/537.36 (KHTML, like Gecko; compatible; GPTBot/1.2; +https://openai.com/gptbot)"
20.171.207.15 - - [22/Aug/2025:05:22:56 +0200] "GET /pages.php?cling%2Fy61%3Fpid=37955 HTTP/1.1" 200 461719 "-" "Mozilla/5.0 AppleWebKit/537.36 (KHTML, like Gecko; compatible; GPTBot/1.2; +https://openai.com/gptbot)"
20.171.207.29 - - [22/Aug/2025:05:23:27 +0200] "GET /pages.php?bulk%2Fc91%3Fpid=107 HTTP/1.1" 200 476177 "-" "Mozilla/5.0 AppleWebKit/537.36 (KHTML, like Gecko; compatible; GPTBot/1.2; +https://openai.com/gptbot)"
20.171.207.15 - - [22/Aug/2025:05:23:40 +0200] "GET /pages.php?manner%2Fv40%3Fpid=916 HTTP/1.1" 200 463277 "-" "Mozilla/5.0 AppleWebKit/537.36 (KHTML, like Gecko; compatible; GPTBot/1.2; +https://openai.com/gptbot)"
20.171.207.15 - - [22/Aug/2025:05:24:20 +0200] "GET /pages.php?bottle%2Fg89%3Fpid=5613 HTTP/1.1" 200 463829 "-" "Mozilla/5.0 AppleWebKit/537.36 (KHTML, like Gecko; compatible; GPTBot/1.2; +https://openai.com/gptbot)"
20.171.207.29 - - [22/Aug/2025:05:24:24 +0200] "GET /?_bd_prev_page=https%3A%2F%2Fkjinvest.net%2Fsite.asp%3Fmutter%2Fz19%3Fpid%3D13533&_bdsid=v5njat.n%7EAVSGA.1747508339875.1798364627 HTTP/1.1" 500 0 "-" "Mozilla/5.0 AppleWebKit/537.36 (KHTML, like Gecko; compatible; GPTBot/1.2; +https://openai.com/gptbot)"
66.249.74.72 - - [22/Aug/2025:05:24:33 +0200] "GET /psychologist190001441.html HTTP/1.1" 200 586349 "-" "Mozilla/5.0 (Linux; Android 6.0.1; Nexus 5X Build/MMB29P) AppleWebKit/537.36 (KHTML, like Gecko) Chrome/138.0.7204.183 Mobile Safari/537.36 (compatible; Googlebot/2.1; +http://www.google.com/bot.html)"
20.171.207.15 - - [22/Aug/2025:05:24:56 +0200] "GET /pages.php?Latin%2Fz18%3Fpid=524 HTTP/1.1" 200 476101 "-" "Mozilla/5.0 AppleWebKit/537.36 (KHTML, like Gecko; compatible; GPTBot/1.2; +https://openai.com/gptbot)"
20.171.207.29 - - [22/Aug/2025:05:25:17 +0200] "GET /pages.php?implication%2Fz80%3Fpid=262 HTTP/1.1" 200 465559 "-" "Mozilla/5.0 AppleWebKit/537.36 (KHTML, like Gecko; compatible; GPTBot/1.2; +https://openai.com/gptbot)"
20.171.207.15 - - [22/Aug/2025:05:25:29 +0200] "GET /pages.php?link%2Fj158%3Fpid=1400 HTTP/1.1" 200 467400 "-" "Mozilla/5.0 AppleWebKit/537.36 (KHTML, like Gecko; compatible; GPTBot/1.2; +https://openai.com/gptbot)"
66.249.74.73 - - [22/Aug/2025:05:25:40 +0200] "GET /outfit209047088.html HTTP/1.1" 200 555822 "-" "Mozilla/5.0 (Linux; Android 6.0.1; Nexus 5X Build/MMB29P) AppleWebKit/537.36 (KHTML, like Gecko) Chrome/138.0.7204.183 Mobile Safari/537.36 (compatible; Googlebot/2.1; +http://www.google.com/bot.html)"
20.171.207.15 - - [22/Aug/2025:05:25:59 +0200] "GET /pages.php?handful%2Fo89%3Fpid=227 HTTP/1.1" 200 469000 "-" "Mozilla/5.0 AppleWebKit/537.36 (KHTML, like Gecko; compatible; GPTBot/1.2; +https://openai.com/gptbot)"
20.171.207.29 - - [22/Aug/2025:05:26:19 +0200] "GET /?_bd_prev_page=https%3A%2F%2Fkjinvest.net%2Fsite.asp%3Fhabit%2Fx279%3Fpid%3D42695&_bdsid=v5njat.n%7EAVSGA.1747508339875.1798364627 HTTP/1.1" 500 0 "-" "Mozilla/5.0 AppleWebKit/537.36 (KHTML, like Gecko; compatible; GPTBot/1.2; +https://openai.com/gptbot)"
20.171.207.15 - - [22/Aug/2025:05:26:26 +0200] "GET /pages.php?writing%2Fp40%3Fpid=914 HTTP/1.1" 200 462784 "-" "Mozilla/5.0 AppleWebKit/537.36 (KHTML, like Gecko; compatible; GPTBot/1.2; +https://openai.com/gptbot)"
66.249.74.74 - - [22/Aug/2025:05:26:49 +0200] "GET /Cuban154030869.html HTTP/1.1" 200 558667 "-" "Mozilla/5.0 (Linux; Android 6.0.1; Nexus 5X Build/MMB29P) AppleWebKit/537.36 (KHTML, like Gecko) Chrome/138.0.7204.183 Mobile Safari/537.36 (compatible; Googlebot/2.1; +http://www.google.com/bot.html)"
20.171.207.15 - - [22/Aug/2025:05:26:51 +0200] "GET /pages.php?center%2Fx3%3Fpid=45365 HTTP/1.1" 200 466115 "-" "Mozilla/5.0 AppleWebKit/537.36 (KHTML, like Gecko; compatible; GPTBot/1.2; +https://openai.com/gptbot)"
20.171.207.15 - - [22/Aug/2025:05:27:12 +0200] "GET /pages.php?q-~239BWa8wUbxh8oAogcA7DCiMUaAoaBZ7w7988/ HTTP/1.1" 200 479720 "-" "Mozilla/5.0 AppleWebKit/537.36 (KHTML, like Gecko; compatible; GPTBot/1.2; +https://openai.com/gptbot)"
104.215.63.188 - - [22/Aug/2025:05:27:16 +0200] "GET /wp-content/plugins/hellopress/wp_filemanager.php HTTP/1.1" 500 0 "-" "-"
20.171.207.29 - - [22/Aug/2025:05:27:16 +0200] "GET /?_bd_prev_page=https%3A%2F%2Fkjinvest.net%2Fsite.asp%3Fexistence%2Fz2%3Fpid%3D29382&_bdsid=v5njat.n%7EAVSGA.1747508339875.1798364627 HTTP/1.1" 500 0 "-" "Mozilla/5.0 AppleWebKit/537.36 (KHTML, like Gecko; compatible; GPTBot/1.2; +https://openai.com/gptbot)"
104.215.63.188 - - [22/Aug/2025:05:27:16 +0200] "GET /about.php HTTP/1.1" 500 0 "-" "-"
104.215.63.188 - - [22/Aug/2025:05:27:17 +0200] "GET /file8.php HTTP/1.1" 403 228 "-" "-"
104.215.63.188 - - [22/Aug/2025:05:27:17 +0200] "GET /f5.php HTTP/1.1" 403 228 "-" "-"
104.215.63.188 - - [22/Aug/2025:05:27:17 +0200] "GET /file3.php HTTP/1.1" 403 228 "-" "-"
104.215.63.188 - - [22/Aug/2025:05:27:18 +0200] "GET /file2.php HTTP/1.1" 403 228 "-" "-"
104.215.63.188 - - [22/Aug/2025:05:27:18 +0200] "GET /css.php HTTP/1.1" 403 228 "-" "-"
