20.171.207.15 - - [22/Aug/2025:08:36:24 +0200] "GET /pages.php?trait%2Fi99%3Fpid=697 HTTP/1.1" 200 465372 "-" "Mozilla/5.0 AppleWebKit/537.36 (KHTML, like Gecko; compatible; GPTBot/1.2; +https://openai.com/gptbot)"
20.171.207.15 - - [22/Aug/2025:08:36:26 +0200] "GET /pages.php?honestly%2Fm55%3Fpid=807 HTTP/1.1" 200 472920 "-" "Mozilla/5.0 AppleWebKit/537.36 (KHTML, like Gecko; compatible; GPTBot/1.2; +https://openai.com/gptbot)"
20.171.207.15 - - [22/Aug/2025:08:36:26 +0200] "GET /pages.php?owner%2Fp73%3Fpid=45847 HTTP/1.1" 200 462766 "-" "Mozilla/5.0 AppleWebKit/537.36 (KHTML, like Gecko; compatible; GPTBot/1.2; +https://openai.com/gptbot)"
20.171.207.15 - - [22/Aug/2025:08:36:28 +0200] "GET /pages.php?scary%2Fz73%3Fpid=45841 HTTP/1.1" 200 473969 "-" "Mozilla/5.0 AppleWebKit/537.36 (KHTML, like Gecko; compatible; GPTBot/1.2; +https://openai.com/gptbot)"
20.171.207.15 - - [22/Aug/2025:08:36:30 +0200] "GET /pages.php?burst%2Fy248%3Fpid=4074 HTTP/1.1" 200 472811 "-" "Mozilla/5.0 AppleWebKit/537.36 (KHTML, like Gecko; compatible; GPTBot/1.2; +https://openai.com/gptbot)"
20.171.207.29 - - [22/Aug/2025:08:36:31 +0200] "GET /?_bd_prev_page=https%3A%2F%2Fkjinvest.net%2Fsite.asp%3Frespectively%2Fx69%3Fpid%3D851&_bdsid=v5njat.n%7EAVSGA.1747508339875.1798364627 HTTP/1.1" 500 0 "-" "Mozilla/5.0 AppleWebKit/537.36 (KHTML, like Gecko; compatible; GPTBot/1.2; +https://openai.com/gptbot)"
20.171.207.15 - - [22/Aug/2025:08:36:31 +0200] "GET /pages.php?convey%2Fj58%3Fpid=674 HTTP/1.1" 200 465930 "-" "Mozilla/5.0 AppleWebKit/537.36 (KHTML, like Gecko; compatible; GPTBot/1.2; +https://openai.com/gptbot)"
20.171.207.15 - - [22/Aug/2025:08:36:34 +0200] "GET /pages.php?guilt%2Fh58%3Fpid=672 HTTP/1.1" 200 466788 "-" "Mozilla/5.0 AppleWebKit/537.36 (KHTML, like Gecko; compatible; GPTBot/1.2; +https://openai.com/gptbot)"
20.171.207.15 - - [22/Aug/2025:08:36:35 +0200] "GET /pages.php?export%2Fm7%3Fpid=9359 HTTP/1.1" 200 464165 "-" "Mozilla/5.0 AppleWebKit/537.36 (KHTML, like Gecko; compatible; GPTBot/1.2; +https://openai.com/gptbot)"
20.171.207.15 - - [22/Aug/2025:08:36:36 +0200] "GET /pages.php?q-~273Xxbizrcj66b0BtXbRdT7WOkmz4fENs11976/ HTTP/1.1" 200 464782 "-" "Mozilla/5.0 AppleWebKit/537.36 (KHTML, like Gecko; compatible; GPTBot/1.2; +https://openai.com/gptbot)"
20.171.207.15 - - [22/Aug/2025:08:36:37 +0200] "GET /pages.php?cost%2Fi53%3Fpid=47959 HTTP/1.1" 200 460865 "-" "Mozilla/5.0 AppleWebKit/537.36 (KHTML, like Gecko; compatible; GPTBot/1.2; +https://openai.com/gptbot)"
20.171.207.15 - - [22/Aug/2025:08:36:40 +0200] "GET /pages.php?movement%2Fg47%3Fpid=913 HTTP/1.1" 200 467455 "-" "Mozilla/5.0 AppleWebKit/537.36 (KHTML, like Gecko; compatible; GPTBot/1.2; +https://openai.com/gptbot)"
20.171.207.15 - - [22/Aug/2025:08:36:42 +0200] "GET /pages.php?death%2Fv94%3Fpid=35158 HTTP/1.1" 200 462884 "-" "Mozilla/5.0 AppleWebKit/537.36 (KHTML, like Gecko; compatible; GPTBot/1.2; +https://openai.com/gptbot)"
20.171.207.15 - - [22/Aug/2025:08:36:43 +0200] "GET /pages.php?generous%2Fj43%3Fpid=19 HTTP/1.1" 200 467160 "-" "Mozilla/5.0 AppleWebKit/537.36 (KHTML, like Gecko; compatible; GPTBot/1.2; +https://openai.com/gptbot)"
20.171.207.15 - - [22/Aug/2025:08:36:43 +0200] "GET /pages.php?diagnosis%2Fp56%3Fpid=9960 HTTP/1.1" 200 460909 "-" "Mozilla/5.0 AppleWebKit/537.36 (KHTML, like Gecko; compatible; GPTBot/1.2; +https://openai.com/gptbot)"
20.171.207.15 - - [22/Aug/2025:08:36:45 +0200] "GET /pages.php?plastic%2Fz69%3Fpid=635 HTTP/1.1" 200 470910 "-" "Mozilla/5.0 AppleWebKit/537.36 (KHTML, like Gecko; compatible; GPTBot/1.2; +https://openai.com/gptbot)"
20.171.207.15 - - [22/Aug/2025:08:36:47 +0200] "GET /pages.php?error%2Fb273%3Fpid=49105 HTTP/1.1" 200 464196 "-" "Mozilla/5.0 AppleWebKit/537.36 (KHTML, like Gecko; compatible; GPTBot/1.2; +https://openai.com/gptbot)"
20.171.207.15 - - [22/Aug/2025:08:36:48 +0200] "GET /pages.php?slow%2Fh189%3Fpid=3237 HTTP/1.1" 200 466074 "-" "Mozilla/5.0 AppleWebKit/537.36 (KHTML, like Gecko; compatible; GPTBot/1.2; +https://openai.com/gptbot)"
20.171.207.15 - - [22/Aug/2025:08:36:49 +0200] "GET /pages.php?fragile%2Fh92%3Fpid=486 HTTP/1.1" 200 470511 "-" "Mozilla/5.0 AppleWebKit/537.36 (KHTML, like Gecko; compatible; GPTBot/1.2; +https://openai.com/gptbot)"
20.171.207.15 - - [22/Aug/2025:08:36:50 +0200] "GET /pages.php?coastal%2Fm92%3Fpid=488 HTTP/1.1" 200 462561 "-" "Mozilla/5.0 AppleWebKit/537.36 (KHTML, like Gecko; compatible; GPTBot/1.2; +https://openai.com/gptbot)"
66.249.74.72 - - [22/Aug/2025:08:36:51 +0200] "GET /items/194046038.html?srsltid=AfmBOojontbzAfiAdvizbZ64TcHzcsJz6GsrHovdm9bhnlyxNfjK HTTP/1.1" 200 556994 "-" "Mozilla/5.0 (Linux; Android 6.0.1; Nexus 5X Build/MMB29P) AppleWebKit/537.36 (KHTML, like Gecko) Chrome/138.0.7204.183 Mobile Safari/537.36 (compatible; Googlebot/2.1; +http://www.google.com/bot.html)"
20.171.207.15 - - [22/Aug/2025:08:36:51 +0200] "GET /pages.php?believe%2Fz35%3Fpid=709 HTTP/1.1" 200 471492 "-" "Mozilla/5.0 AppleWebKit/537.36 (KHTML, like Gecko; compatible; GPTBot/1.2; +https://openai.com/gptbot)"
20.171.207.15 - - [22/Aug/2025:08:36:53 +0200] "GET /pages.php?crack%2Fo21%3Fpid=5697 HTTP/1.1" 200 477038 "-" "Mozilla/5.0 AppleWebKit/537.36 (KHTML, like Gecko; compatible; GPTBot/1.2; +https://openai.com/gptbot)"
20.171.207.15 - - [22/Aug/2025:08:36:53 +0200] "GET /pages.php?weight%2Fu148%3Fpid=42718 HTTP/1.1" 200 456180 "-" "Mozilla/5.0 AppleWebKit/537.36 (KHTML, like Gecko; compatible; GPTBot/1.2; +https://openai.com/gptbot)"
20.171.207.15 - - [22/Aug/2025:08:36:55 +0200] "GET /pages.php?wife%2Fu100%3Fpid=8686 HTTP/1.1" 200 464305 "-" "Mozilla/5.0 AppleWebKit/537.36 (KHTML, like Gecko; compatible; GPTBot/1.2; +https://openai.com/gptbot)"
20.171.207.15 - - [22/Aug/2025:08:36:56 +0200] "GET /pages.php?who%2Fc16%3Fpid=15794 HTTP/1.1" 200 469740 "-" "Mozilla/5.0 AppleWebKit/537.36 (KHTML, like Gecko; compatible; GPTBot/1.2; +https://openai.com/gptbot)"
20.171.207.15 - - [22/Aug/2025:08:36:57 +0200] "GET /pages.php?q-~187qe6KRtQB5qqmHwt7qkDgctDl9JBtXr39364/ HTTP/1.1" 200 464251 "-" "Mozilla/5.0 AppleWebKit/537.36 (KHTML, like Gecko; compatible; GPTBot/1.2; +https://openai.com/gptbot)"
20.171.207.15 - - [22/Aug/2025:08:37:00 +0200] "GET /pages.php?oxygen%2Fw47%3Fpid=6547 HTTP/1.1" 200 468241 "-" "Mozilla/5.0 AppleWebKit/537.36 (KHTML, like Gecko; compatible; GPTBot/1.2; +https://openai.com/gptbot)"
20.171.207.15 - - [22/Aug/2025:08:37:00 +0200] "GET /pages.php?abroad%2Fu72%3Fpid=120 HTTP/1.1" 200 470514 "-" "Mozilla/5.0 AppleWebKit/537.36 (KHTML, like Gecko; compatible; GPTBot/1.2; +https://openai.com/gptbot)"
20.171.207.15 - - [22/Aug/2025:08:37:02 +0200] "GET /pages.php?house%2Ft39%3Fpid=26861 HTTP/1.1" 200 466712 "-" "Mozilla/5.0 AppleWebKit/537.36 (KHTML, like Gecko; compatible; GPTBot/1.2; +https://openai.com/gptbot)"
20.171.207.15 - - [22/Aug/2025:08:37:03 +0200] "GET /pages.php?court%2Fh16%3Fpid=358 HTTP/1.1" 200 473915 "-" "Mozilla/5.0 AppleWebKit/537.36 (KHTML, like Gecko; compatible; GPTBot/1.2; +https://openai.com/gptbot)"
20.171.207.15 - - [22/Aug/2025:08:37:04 +0200] "GET / HTTP/1.1" 500 0 "-" "Mozilla/5.0 AppleWebKit/537.36 (KHTML, like Gecko; compatible; GPTBot/1.2; +https://openai.com/gptbot)"
20.171.207.15 - - [22/Aug/2025:08:37:05 +0200] "GET /chat.xhtml?onion%2Fz51%3Fpid=653 HTTP/1.1" 500 0 "-" "Mozilla/5.0 AppleWebKit/537.36 (KHTML, like Gecko; compatible; GPTBot/1.2; +https://openai.com/gptbot)"
20.171.207.15 - - [22/Aug/2025:08:37:09 +0200] "GET /pages.php?final%2Fl293%3Fpid=4573 HTTP/1.1" 200 475920 "-" "Mozilla/5.0 AppleWebKit/537.36 (KHTML, like Gecko; compatible; GPTBot/1.2; +https://openai.com/gptbot)"
20.171.207.15 - - [22/Aug/2025:08:37:19 +0200] "GET /pages.php?serve%2Fo66%3Fpid=19294 HTTP/1.1" 200 468213 "-" "Mozilla/5.0 AppleWebKit/537.36 (KHTML, like Gecko; compatible; GPTBot/1.2; +https://openai.com/gptbot)"
20.171.207.15 - - [22/Aug/2025:08:37:29 +0200] "GET /pages.php?flame%2Fd35%3Fpid=31459 HTTP/1.1" 200 462030 "-" "Mozilla/5.0 AppleWebKit/537.36 (KHTML, like Gecko; compatible; GPTBot/1.2; +https://openai.com/gptbot)"
20.171.207.29 - - [22/Aug/2025:08:37:33 +0200] "GET /pages.php?clerk%2Fy37%3Fpid=431 HTTP/1.1" 200 465202 "-" "Mozilla/5.0 AppleWebKit/537.36 (KHTML, like Gecko; compatible; GPTBot/1.2; +https://openai.com/gptbot)"
20.171.207.15 - - [22/Aug/2025:08:37:39 +0200] "GET /pages.php?will%2Fk44%3Fpid=40652 HTTP/1.1" 200 464671 "-" "Mozilla/5.0 AppleWebKit/537.36 (KHTML, like Gecko; compatible; GPTBot/1.2; +https://openai.com/gptbot)"
77.75.78.169 - - [22/Aug/2025:08:37:44 +0200] "GET /via001006670.html HTTP/1.1" 500 0 "-" "Mozilla/5.0 (compatible; SeznamBot/4.0; +https://o-seznam.cz/napoveda/vyhledavani/en/seznambot-crawler/)"
20.171.207.15 - - [22/Aug/2025:08:37:44 +0200] "GET /pages.php?color%2Fa208%3Fpid=3782 HTTP/1.1" 200 462213 "-" "Mozilla/5.0 AppleWebKit/537.36 (KHTML, like Gecko; compatible; GPTBot/1.2; +https://openai.com/gptbot)"
20.171.207.15 - - [22/Aug/2025:08:37:51 +0200] "GET /pages.php?isolate%2Ff30%3Fpid=914 HTTP/1.1" 200 463923 "-" "Mozilla/5.0 AppleWebKit/537.36 (KHTML, like Gecko; compatible; GPTBot/1.2; +https://openai.com/gptbot)"
20.171.207.15 - - [22/Aug/2025:08:37:57 +0200] "GET /pages.php?shade%2Fz102%3Fpid=5784 HTTP/1.1" 200 471162 "-" "Mozilla/5.0 AppleWebKit/537.36 (KHTML, like Gecko; compatible; GPTBot/1.2; +https://openai.com/gptbot)"
20.171.207.15 - - [22/Aug/2025:08:38:03 +0200] "GET /pages.php?power%2Fq13%3Fpid=23567 HTTP/1.1" 200 476200 "-" "Mozilla/5.0 AppleWebKit/537.36 (KHTML, like Gecko; compatible; GPTBot/1.2; +https://openai.com/gptbot)"
20.171.207.15 - - [22/Aug/2025:08:38:08 +0200] "GET /pages.php?priest%2Fy7%3Fpid=10953 HTTP/1.1" 200 462411 "-" "Mozilla/5.0 AppleWebKit/537.36 (KHTML, like Gecko; compatible; GPTBot/1.2; +https://openai.com/gptbot)"
20.171.207.15 - - [22/Aug/2025:08:38:13 +0200] "GET /pages.php?soft%2Fj48%3Fpid=5260 HTTP/1.1" 200 459204 "-" "Mozilla/5.0 AppleWebKit/537.36 (KHTML, like Gecko; compatible; GPTBot/1.2; +https://openai.com/gptbot)"
20.171.207.15 - - [22/Aug/2025:08:38:17 +0200] "GET /pages.php?you%2Fx54%3Fpid=17680 HTTP/1.1" 200 480494 "-" "Mozilla/5.0 AppleWebKit/537.36 (KHTML, like Gecko; compatible; GPTBot/1.2; +https://openai.com/gptbot)"
20.171.207.15 - - [22/Aug/2025:08:38:21 +0200] "GET /pages.php?shock%2Fv15%3Fpid=9075 HTTP/1.1" 200 464531 "-" "Mozilla/5.0 AppleWebKit/537.36 (KHTML, like Gecko; compatible; GPTBot/1.2; +https://openai.com/gptbot)"
20.171.207.15 - - [22/Aug/2025:08:38:24 +0200] "GET /pages.php?enact%2Fe3%3Fpid=32547 HTTP/1.1" 200 459976 "-" "Mozilla/5.0 AppleWebKit/537.36 (KHTML, like Gecko; compatible; GPTBot/1.2; +https://openai.com/gptbot)"
20.171.207.15 - - [22/Aug/2025:08:38:27 +0200] "GET /pages.php?bell%2Fw85%3Fpid=15301 HTTP/1.1" 200 462923 "-" "Mozilla/5.0 AppleWebKit/537.36 (KHTML, like Gecko; compatible; GPTBot/1.2; +https://openai.com/gptbot)"
20.171.207.15 - - [22/Aug/2025:08:38:29 +0200] "GET /pages.php?enroll%2Fz60%3Fpid=552 HTTP/1.1" 200 464530 "-" "Mozilla/5.0 AppleWebKit/537.36 (KHTML, like Gecko; compatible; GPTBot/1.2; +https://openai.com/gptbot)"
20.171.207.15 - - [22/Aug/2025:08:38:32 +0200] "GET /pages.php?seldom%2Fj3%3Fpid=32549 HTTP/1.1" 200 458702 "-" "Mozilla/5.0 AppleWebKit/537.36 (KHTML, like Gecko; compatible; GPTBot/1.2; +https://openai.com/gptbot)"
20.171.207.15 - - [22/Aug/2025:08:38:34 +0200] "GET /pages.php?knock%2Fq72%3Fpid=896 HTTP/1.1" 200 465753 "-" "Mozilla/5.0 AppleWebKit/537.36 (KHTML, like Gecko; compatible; GPTBot/1.2; +https://openai.com/gptbot)"
20.171.207.29 - - [22/Aug/2025:08:38:35 +0200] "GET /?_bd_prev_page=https%3A%2F%2Fkjinvest.net%2Fsite.asp%3Finvestigation%2Fz75%3Fpid%3D32775&_bdsid=v5njat.n%7EAVSGA.1747508339875.1798364627 HTTP/1.1" 500 0 "-" "Mozilla/5.0 AppleWebKit/537.36 (KHTML, like Gecko; compatible; GPTBot/1.2; +https://openai.com/gptbot)"
20.171.207.15 - - [22/Aug/2025:08:38:36 +0200] "GET /pages.php?time%2Fj37%3Fpid=15379 HTTP/1.1" 200 460790 "-" "Mozilla/5.0 AppleWebKit/537.36 (KHTML, like Gecko; compatible; GPTBot/1.2; +https://openai.com/gptbot)"
20.171.207.15 - - [22/Aug/2025:08:38:37 +0200] "GET /pages.php?variety%2Fn72%3Fpid=898 HTTP/1.1" 200 462653 "-" "Mozilla/5.0 AppleWebKit/537.36 (KHTML, like Gecko; compatible; GPTBot/1.2; +https://openai.com/gptbot)"
20.171.207.15 - - [22/Aug/2025:08:38:40 +0200] "GET /pages.php?finding%2Fx89%3Fpid=621 HTTP/1.1" 200 465655 "-" "Mozilla/5.0 AppleWebKit/537.36 (KHTML, like Gecko; compatible; GPTBot/1.2; +https://openai.com/gptbot)"
66.249.74.74 - - [22/Aug/2025:08:38:40 +0200] "GET /pages.php?extra/o185?pid=30977 HTTP/1.1" 200 465124 "-" "Mozilla/5.0 (Linux; Android 6.0.1; Nexus 5X Build/MMB29P) AppleWebKit/537.36 (KHTML, like Gecko) Chrome/138.0.7204.183 Mobile Safari/537.36 (compatible; Googlebot/2.1; +http://www.google.com/bot.html)"
20.171.207.15 - - [22/Aug/2025:08:38:41 +0200] "GET /pages.php?limited%2Fn84%3Fpid=802 HTTP/1.1" 200 463396 "-" "Mozilla/5.0 AppleWebKit/537.36 (KHTML, like Gecko; compatible; GPTBot/1.2; +https://openai.com/gptbot)"
20.171.207.15 - - [22/Aug/2025:08:38:42 +0200] "GET /pages.php?businessman%2Fa48%3Fpid=12964 HTTP/1.1" 200 460428 "-" "Mozilla/5.0 AppleWebKit/537.36 (KHTML, like Gecko; compatible; GPTBot/1.2; +https://openai.com/gptbot)"
20.171.207.15 - - [22/Aug/2025:08:38:43 +0200] "GET /pages.php?q-~300j7BlCvsNagBJjBTGE1hV6TDPSZXcWl12975/ HTTP/1.1" 200 466684 "-" "Mozilla/5.0 AppleWebKit/537.36 (KHTML, like Gecko; compatible; GPTBot/1.2; +https://openai.com/gptbot)"
20.171.207.15 - - [22/Aug/2025:08:38:44 +0200] "GET /pages.php?nasty%2Fi133%3Fpid=869 HTTP/1.1" 200 468272 "-" "Mozilla/5.0 AppleWebKit/537.36 (KHTML, like Gecko; compatible; GPTBot/1.2; +https://openai.com/gptbot)"
20.171.207.15 - - [22/Aug/2025:08:38:46 +0200] "GET /pages.php?climb%2Fc3%3Fpid=49341 HTTP/1.1" 200 471437 "-" "Mozilla/5.0 AppleWebKit/537.36 (KHTML, like Gecko; compatible; GPTBot/1.2; +https://openai.com/gptbot)"
20.171.207.15 - - [22/Aug/2025:08:38:47 +0200] "GET /pages.php?briefly%2Fz60%3Fpid=552 HTTP/1.1" 200 461165 "-" "Mozilla/5.0 AppleWebKit/537.36 (KHTML, like Gecko; compatible; GPTBot/1.2; +https://openai.com/gptbot)"
20.171.207.15 - - [22/Aug/2025:08:38:48 +0200] "GET /pages.php?harmony%2Ft72%3Fpid=902 HTTP/1.1" 200 471635 "-" "Mozilla/5.0 AppleWebKit/537.36 (KHTML, like Gecko; compatible; GPTBot/1.2; +https://openai.com/gptbot)"
20.171.207.15 - - [22/Aug/2025:08:38:49 +0200] "GET / HTTP/1.1" 500 0 "-" "Mozilla/5.0 AppleWebKit/537.36 (KHTML, like Gecko; compatible; GPTBot/1.2; +https://openai.com/gptbot)"
20.171.207.15 - - [22/Aug/2025:08:38:50 +0200] "GET /chat.xhtml?cheer%2Fz33%3Fpid=579 HTTP/1.1" 500 0 "-" "Mozilla/5.0 AppleWebKit/537.36 (KHTML, like Gecko; compatible; GPTBot/1.2; +https://openai.com/gptbot)"
66.249.74.73 - - [22/Aug/2025:08:38:53 +0200] "GET /recognition107034836.html HTTP/1.1" 200 566004 "-" "Mozilla/5.0 (Linux; Android 6.0.1; Nexus 5X Build/MMB29P) AppleWebKit/537.36 (KHTML, like Gecko) Chrome/138.0.7204.183 Mobile Safari/537.36 (compatible; Googlebot/2.1; +http://www.google.com/bot.html)"
20.171.207.15 - - [22/Aug/2025:08:38:54 +0200] "GET /pages.php?enact%2Fa12%3Fpid=38990 HTTP/1.1" 200 466099 "-" "Mozilla/5.0 AppleWebKit/537.36 (KHTML, like Gecko; compatible; GPTBot/1.2; +https://openai.com/gptbot)"
20.171.207.15 - - [22/Aug/2025:08:39:04 +0200] "GET /pages.php?forum%2Ff282%3Fpid=3570 HTTP/1.1" 200 475104 "-" "Mozilla/5.0 AppleWebKit/537.36 (KHTML, like Gecko; compatible; GPTBot/1.2; +https://openai.com/gptbot)"
20.171.207.15 - - [22/Aug/2025:08:39:14 +0200] "GET /pages.php?habit%2Fk96%3Fpid=2760 HTTP/1.1" 200 467890 "-" "Mozilla/5.0 AppleWebKit/537.36 (KHTML, like Gecko; compatible; GPTBot/1.2; +https://openai.com/gptbot)"
20.171.207.15 - - [22/Aug/2025:08:39:21 +0200] "GET /chat.xhtml?editor%2Fh13%3Fpid=667 HTTP/1.1" 500 0 "-" "Mozilla/5.0 AppleWebKit/537.36 (KHTML, like Gecko; compatible; GPTBot/1.2; +https://openai.com/gptbot)"
20.171.207.15 - - [22/Aug/2025:08:39:29 +0200] "GET /pages.php?lunch%2Fy66%3Fpid=29990 HTTP/1.1" 200 458126 "-" "Mozilla/5.0 AppleWebKit/537.36 (KHTML, like Gecko; compatible; GPTBot/1.2; +https://openai.com/gptbot)"
20.171.207.29 - - [22/Aug/2025:08:39:33 +0200] "GET /?_bd_prev_page=https%3A%2F%2Fkjinvest.net%2Fsite.asp%3Freach%2Fe288%3Fpid%3D24858&_bdsid=v5njat.n%7EAVSGA.1747508339875.1798364627 HTTP/1.1" 500 0 "-" "Mozilla/5.0 AppleWebKit/537.36 (KHTML, like Gecko; compatible; GPTBot/1.2; +https://openai.com/gptbot)"
66.249.74.72 - - [22/Aug/2025:08:39:34 +0200] "GET /pcmypage?callback=product/review/egaos-ckek6468 HTTP/1.1" 200 569174 "-" "Mozilla/5.0 (Linux; Android 6.0.1; Nexus 5X Build/MMB29P) AppleWebKit/537.36 (KHTML, like Gecko) Chrome/138.0.7204.183 Mobile Safari/537.36 (compatible; Googlebot/2.1; +http://www.google.com/bot.html)"
20.171.207.15 - - [22/Aug/2025:08:39:53 +0200] "GET /pages.php?round%2Ff13%3Fpid=13607 HTTP/1.1" 200 470111 "-" "Mozilla/5.0 AppleWebKit/537.36 (KHTML, like Gecko; compatible; GPTBot/1.2; +https://openai.com/gptbot)"
20.171.207.15 - - [22/Aug/2025:08:40:12 +0200] "GET /pages.php?center%2Fj17%3Fpid=4565 HTTP/1.1" 200 467661 "-" "Mozilla/5.0 AppleWebKit/537.36 (KHTML, like Gecko; compatible; GPTBot/1.2; +https://openai.com/gptbot)"
20.171.207.15 - - [22/Aug/2025:08:40:31 +0200] "GET /pages.php?kitchen%2Fq33%3Fpid=595 HTTP/1.1" 200 473547 "-" "Mozilla/5.0 AppleWebKit/537.36 (KHTML, like Gecko; compatible; GPTBot/1.2; +https://openai.com/gptbot)"
20.171.207.29 - - [22/Aug/2025:08:40:39 +0200] "GET /pages.php?plot%2Fz61%3Fpid=49845 HTTP/1.1" 200 466201 "-" "Mozilla/5.0 AppleWebKit/537.36 (KHTML, like Gecko; compatible; GPTBot/1.2; +https://openai.com/gptbot)"
77.75.78.169 - - [22/Aug/2025:08:40:41 +0200] "GET /search?category=1021&search_word= HTTP/1.1" 500 0 "-" "Mozilla/5.0 (compatible; SeznamBot/4.0; +https://o-seznam.cz/napoveda/vyhledavani/en/seznambot-crawler/)"
20.171.207.15 - - [22/Aug/2025:08:40:48 +0200] "GET /pages.php?certain%2Fx34%3Fpid=450 HTTP/1.1" 200 468475 "-" "Mozilla/5.0 AppleWebKit/537.36 (KHTML, like Gecko; compatible; GPTBot/1.2; +https://openai.com/gptbot)"
20.171.207.15 - - [22/Aug/2025:08:41:03 +0200] "GET /pages.php?pour%2Fm84%3Fpid=10824 HTTP/1.1" 200 467843 "-" "Mozilla/5.0 AppleWebKit/537.36 (KHTML, like Gecko; compatible; GPTBot/1.2; +https://openai.com/gptbot)"
20.171.207.15 - - [22/Aug/2025:08:41:16 +0200] "GET /pages.php?q-~292cdcH2Fmi0dJyvzWB3DhlQ3wqAoozUI3815/ HTTP/1.1" 200 462982 "-" "Mozilla/5.0 AppleWebKit/537.36 (KHTML, like Gecko; compatible; GPTBot/1.2; +https://openai.com/gptbot)"
20.171.207.15 - - [22/Aug/2025:08:41:28 +0200] "GET /pages.php?abandon%2Fk46%3Fpid=950 HTTP/1.1" 200 467667 "-" "Mozilla/5.0 AppleWebKit/537.36 (KHTML, like Gecko; compatible; GPTBot/1.2; +https://openai.com/gptbot)"
66.249.74.73 - - [22/Aug/2025:08:41:33 +0200] "GET /lover211011342.html HTTP/1.1" 200 558092 "-" "Mozilla/5.0 (Linux; Android 6.0.1; Nexus 5X Build/MMB29P) AppleWebKit/537.36 (KHTML, like Gecko) Chrome/138.0.7204.183 Mobile Safari/537.36 (compatible; Googlebot/2.1; +http://www.google.com/bot.html)"
20.171.207.29 - - [22/Aug/2025:08:41:39 +0200] "GET /?_bd_prev_page=https%3A%2F%2Fkjinvest.net%2Fsite.asp%3Fclay%2Fa245%3Fpid%3D27409&_bdsid=v5njat.n%7EAVSGA.1747508339875.1798364627 HTTP/1.1" 500 0 "-" "Mozilla/5.0 AppleWebKit/537.36 (KHTML, like Gecko; compatible; GPTBot/1.2; +https://openai.com/gptbot)"
20.171.207.15 - - [22/Aug/2025:08:41:39 +0200] "GET /pages.php?bunch%2Fb56%3Fpid=49030 HTTP/1.1" 200 481172 "-" "Mozilla/5.0 AppleWebKit/537.36 (KHTML, like Gecko; compatible; GPTBot/1.2; +https://openai.com/gptbot)"
20.171.207.15 - - [22/Aug/2025:08:41:49 +0200] "GET /pages.php?burden%2Fe81%3Fpid=391 HTTP/1.1" 200 474713 "-" "Mozilla/5.0 AppleWebKit/537.36 (KHTML, like Gecko; compatible; GPTBot/1.2; +https://openai.com/gptbot)"
20.171.207.15 - - [22/Aug/2025:08:41:58 +0200] "GET /pages.php?fact%2Fc131%3Fpid=36161 HTTP/1.1" 200 472300 "-" "Mozilla/5.0 AppleWebKit/537.36 (KHTML, like Gecko; compatible; GPTBot/1.2; +https://openai.com/gptbot)"
20.171.207.15 - - [22/Aug/2025:08:42:06 +0200] "GET /pages.php?retain%2Ff10%3Fpid=386 HTTP/1.1" 200 463321 "-" "Mozilla/5.0 AppleWebKit/537.36 (KHTML, like Gecko; compatible; GPTBot/1.2; +https://openai.com/gptbot)"
20.171.207.15 - - [22/Aug/2025:08:42:13 +0200] "GET /pages.php?isolate%2Fy92%3Fpid=358 HTTP/1.1" 200 462559 "-" "Mozilla/5.0 AppleWebKit/537.36 (KHTML, like Gecko; compatible; GPTBot/1.2; +https://openai.com/gptbot)"
20.171.207.15 - - [22/Aug/2025:08:42:20 +0200] "GET /pages.php?slice%2Ft29%3Fpid=30445 HTTP/1.1" 200 465240 "-" "Mozilla/5.0 AppleWebKit/537.36 (KHTML, like Gecko; compatible; GPTBot/1.2; +https://openai.com/gptbot)"
20.171.207.15 - - [22/Aug/2025:08:42:26 +0200] "GET /pages.php?obvious%2Fe81%3Fpid=391 HTTP/1.1" 200 479357 "-" "Mozilla/5.0 AppleWebKit/537.36 (KHTML, like Gecko; compatible; GPTBot/1.2; +https://openai.com/gptbot)"
20.171.207.15 - - [22/Aug/2025:08:42:31 +0200] "GET /pages.php?show%2Fm28%3Fpid=12044 HTTP/1.1" 200 464621 "-" "Mozilla/5.0 AppleWebKit/537.36 (KHTML, like Gecko; compatible; GPTBot/1.2; +https://openai.com/gptbot)"
206.189.247.132 - - [22/Aug/2025:08:42:32 +0200] "GET /defaults.php HTTP/1.1" 200 393 "-" "Mozilla/5.0 (Linux; Android 10; K) AppleWebKit/537.36 (KHTML, like Gecko) Chrome/131.0.0.0 Mobile Safari/537.36"
146.190.190.67 - - [22/Aug/2025:08:42:32 +0200] "GET /defaults.php HTTP/1.1" 200 393 "-" "Mozilla/5.0 (Linux; Android 10; K) AppleWebKit/537.36 (KHTML, like Gecko) Chrome/131.0.0.0 Mobile Safari/537.36"
170.64.252.169 - - [22/Aug/2025:08:42:33 +0200] "GET /defaults.php HTTP/1.1" 200 393 "-" "Mozilla/5.0 (Linux; Android 10; K) AppleWebKit/537.36 (KHTML, like Gecko) Chrome/131.0.0.0 Mobile Safari/537.36"
86.8.204.43 - - [22/Aug/2025:08:42:33 +0200] "GET /defaults.php HTTP/1.1" 200 393 "-" "Mozilla/5.0 (Linux; Android 10; K) AppleWebKit/537.36 (KHTML, like Gecko) Chrome/131.0.0.0 Mobile Safari/537.36"
20.171.207.29 - - [22/Aug/2025:08:42:34 +0200] "GET /pages.php?pastor%2Fu74%3Fpid=128 HTTP/1.1" 200 468289 "-" "Mozilla/5.0 AppleWebKit/537.36 (KHTML, like Gecko; compatible; GPTBot/1.2; +https://openai.com/gptbot)"
20.171.207.15 - - [22/Aug/2025:08:42:35 +0200] "GET /pages.php?marry%2Fe147%3Fpid=3809 HTTP/1.1" 200 459870 "-" "Mozilla/5.0 AppleWebKit/537.36 (KHTML, like Gecko; compatible; GPTBot/1.2; +https://openai.com/gptbot)"
20.171.207.15 - - [22/Aug/2025:08:42:40 +0200] "GET /pages.php?neck%2Fw205%3Fpid=25837 HTTP/1.1" 200 464696 "-" "Mozilla/5.0 AppleWebKit/537.36 (KHTML, like Gecko; compatible; GPTBot/1.2; +https://openai.com/gptbot)"
20.171.207.15 - - [22/Aug/2025:08:42:44 +0200] "GET /pages.php?center%2Fn9%3Fpid=47865 HTTP/1.1" 200 466693 "-" "Mozilla/5.0 AppleWebKit/537.36 (KHTML, like Gecko; compatible; GPTBot/1.2; +https://openai.com/gptbot)"
20.171.207.15 - - [22/Aug/2025:08:42:48 +0200] "GET /pages.php?Irish%2Ff10%3Fpid=17546 HTTP/1.1" 200 472133 "-" "Mozilla/5.0 AppleWebKit/537.36 (KHTML, like Gecko; compatible; GPTBot/1.2; +https://openai.com/gptbot)"
20.171.207.15 - - [22/Aug/2025:08:42:50 +0200] "GET / HTTP/1.1" 500 0 "-" "Mozilla/5.0 AppleWebKit/537.36 (KHTML, like Gecko; compatible; GPTBot/1.2; +https://openai.com/gptbot)"
20.171.207.15 - - [22/Aug/2025:08:42:53 +0200] "GET /pages.php?peanut%2Fd56%3Fpid=192 HTTP/1.1" 200 466147 "-" "Mozilla/5.0 AppleWebKit/537.36 (KHTML, like Gecko; compatible; GPTBot/1.2; +https://openai.com/gptbot)"
20.171.207.15 - - [22/Aug/2025:08:43:01 +0200] "GET /pages.php?random%2Fq10%3Fpid=1646 HTTP/1.1" 200 474354 "-" "Mozilla/5.0 AppleWebKit/537.36 (KHTML, like Gecko; compatible; GPTBot/1.2; +https://openai.com/gptbot)"
20.171.207.15 - - [22/Aug/2025:08:43:09 +0200] "GET /pages.php?fruit%2Fo10%3Fpid=2904 HTTP/1.1" 200 464213 "-" "Mozilla/5.0 AppleWebKit/537.36 (KHTML, like Gecko; compatible; GPTBot/1.2; +https://openai.com/gptbot)"
20.171.207.15 - - [22/Aug/2025:08:43:16 +0200] "GET /pages.php?uniform%2Fs35%3Fpid=611 HTTP/1.1" 200 471907 "-" "Mozilla/5.0 AppleWebKit/537.36 (KHTML, like Gecko; compatible; GPTBot/1.2; +https://openai.com/gptbot)"
20.171.207.15 - - [22/Aug/2025:08:43:21 +0200] "GET /pages.php?funny%2Fq56%3Fpid=10966 HTTP/1.1" 200 463823 "-" "Mozilla/5.0 AppleWebKit/537.36 (KHTML, like Gecko; compatible; GPTBot/1.2; +https://openai.com/gptbot)"
20.171.207.15 - - [22/Aug/2025:08:43:27 +0200] "GET /pages.php?club%2Fm81%3Fpid=19601 HTTP/1.1" 200 462477 "-" "Mozilla/5.0 AppleWebKit/537.36 (KHTML, like Gecko; compatible; GPTBot/1.2; +https://openai.com/gptbot)"
208.110.64.178 - - [22/Aug/2025:08:43:28 +0200] "GET /wp-content/edit.php HTTP/1.1" 500 0 "https://www.kjinvest.net/wp-content/edit.php" "Mozilla/5.0 (Windows NT 10.0; Win64; x64) AppleWebKit/537.36 (KHTML, like Gecko) Chrome/58.0.3029.110 Safari/537.3"
208.110.64.178 - - [22/Aug/2025:08:43:28 +0200] "GET /wp-content/edit.php HTTP/1.1" 500 0 "https://www.kjinvest.net/wp-content/edit.php" "Mozilla/5.0 (Windows NT 10.0; Win64; x64) AppleWebKit/537.36 (KHTML, like Gecko) Chrome/58.0.3029.110 Safari/537.3"
20.171.207.15 - - [22/Aug/2025:08:43:31 +0200] "GET /pages.php?inform%2Fk11%3Fpid=1515 HTTP/1.1" 200 461325 "-" "Mozilla/5.0 AppleWebKit/537.36 (KHTML, like Gecko; compatible; GPTBot/1.2; +https://openai.com/gptbot)"
20.171.207.29 - - [22/Aug/2025:08:43:35 +0200] "GET /?_bd_prev_page=https%3A%2F%2Fkjinvest.net%2Fsite.asp%3Fmainstream%2Fr78%3Fpid%3D48342&_bdsid=v5njat.n%7EAVSGA.1747508339875.1798364627 HTTP/1.1" 500 0 "-" "Mozilla/5.0 AppleWebKit/537.36 (KHTML, like Gecko; compatible; GPTBot/1.2; +https://openai.com/gptbot)"
20.171.207.15 - - [22/Aug/2025:08:43:36 +0200] "GET /pages.php?slave%2Fl9%3Fpid=14895 HTTP/1.1" 200 462570 "-" "Mozilla/5.0 AppleWebKit/537.36 (KHTML, like Gecko; compatible; GPTBot/1.2; +https://openai.com/gptbot)"
20.171.207.15 - - [22/Aug/2025:08:43:39 +0200] "GET / HTTP/1.1" 500 0 "-" "Mozilla/5.0 AppleWebKit/537.36 (KHTML, like Gecko; compatible; GPTBot/1.2; +https://openai.com/gptbot)"
20.171.207.15 - - [22/Aug/2025:08:43:43 +0200] "GET /pages.php?cruel%2Fa259%3Fpid=7013 HTTP/1.1" 200 466733 "-" "Mozilla/5.0 AppleWebKit/537.36 (KHTML, like Gecko; compatible; GPTBot/1.2; +https://openai.com/gptbot)"
20.171.207.15 - - [22/Aug/2025:08:43:55 +0200] "GET /pages.php?scream%2Ft82%3Fpid=206 HTTP/1.1" 200 470160 "-" "Mozilla/5.0 AppleWebKit/537.36 (KHTML, like Gecko; compatible; GPTBot/1.2; +https://openai.com/gptbot)"
20.171.207.15 - - [22/Aug/2025:08:44:04 +0200] "GET /pages.php?item%2Fz68%3Fpid=108 HTTP/1.1" 200 464481 "-" "Mozilla/5.0 AppleWebKit/537.36 (KHTML, like Gecko; compatible; GPTBot/1.2; +https://openai.com/gptbot)"
20.171.207.15 - - [22/Aug/2025:08:44:13 +0200] "GET /pages.php?slave%2Fa83%3Fpid=125 HTTP/1.1" 200 463387 "-" "Mozilla/5.0 AppleWebKit/537.36 (KHTML, like Gecko; compatible; GPTBot/1.2; +https://openai.com/gptbot)"
20.171.207.15 - - [22/Aug/2025:08:44:21 +0200] "GET /pages.php?qualify%2Fc99%3Fpid=11 HTTP/1.1" 200 475929 "-" "Mozilla/5.0 AppleWebKit/537.36 (KHTML, like Gecko; compatible; GPTBot/1.2; +https://openai.com/gptbot)"
20.171.207.15 - - [22/Aug/2025:08:44:29 +0200] "GET /pages.php?blood%2Fn94%3Fpid=574 HTTP/1.1" 200 467366 "-" "Mozilla/5.0 AppleWebKit/537.36 (KHTML, like Gecko; compatible; GPTBot/1.2; +https://openai.com/gptbot)"
20.171.207.15 - - [22/Aug/2025:08:44:34 +0200] "GET /pages.php?q-~16E0AtxU2kb7I9JscnY0dM4HlTgTXlfb3521/ HTTP/1.1" 200 460969 "-" "Mozilla/5.0 AppleWebKit/537.36 (KHTML, like Gecko; compatible; GPTBot/1.2; +https://openai.com/gptbot)"
20.171.207.29 - - [22/Aug/2025:08:44:34 +0200] "GET /pages.php?towel%2Fz10%3Fpid=35288 HTTP/1.1" 200 469162 "-" "Mozilla/5.0 AppleWebKit/537.36 (KHTML, like Gecko; compatible; GPTBot/1.2; +https://openai.com/gptbot)"
20.171.207.15 - - [22/Aug/2025:08:44:39 +0200] "GET / HTTP/1.1" 500 0 "-" "Mozilla/5.0 AppleWebKit/537.36 (KHTML, like Gecko; compatible; GPTBot/1.2; +https://openai.com/gptbot)"
20.171.207.15 - - [22/Aug/2025:08:44:44 +0200] "GET /chat.xhtml?patron%2Fg74%3Fpid=464 HTTP/1.1" 500 0 "-" "Mozilla/5.0 AppleWebKit/537.36 (KHTML, like Gecko; compatible; GPTBot/1.2; +https://openai.com/gptbot)"
20.171.207.15 - - [22/Aug/2025:08:45:00 +0200] "GET /pages.php?method%2Fm6%3Fpid=7904 HTTP/1.1" 200 462905 "-" "Mozilla/5.0 AppleWebKit/537.36 (KHTML, like Gecko; compatible; GPTBot/1.2; +https://openai.com/gptbot)"
20.171.207.29 - - [22/Aug/2025:08:45:39 +0200] "GET /pages.php?enemy%2Fb74%3Fpid=130 HTTP/1.1" 200 472374 "-" "Mozilla/5.0 AppleWebKit/537.36 (KHTML, like Gecko; compatible; GPTBot/1.2; +https://openai.com/gptbot)"
20.171.207.15 - - [22/Aug/2025:08:45:47 +0200] "GET /pages.php?from%2Fz61%3Fpid=569 HTTP/1.1" 200 478599 "-" "Mozilla/5.0 AppleWebKit/537.36 (KHTML, like Gecko; compatible; GPTBot/1.2; +https://openai.com/gptbot)"
206.217.139.203 - - [22/Aug/2025:08:46:04 +0200] "GET /wp-includes/install.php HTTP/1.1" 200 16 "-" "Mozilla/5.0 (iPhone; CPU iPhone OS 18_3_1 like Mac OS X) AppleWebKit/605.1.15 (KHTML, like Gecko) Mobile/15E148 THDConsumer/7.45.0.1 (iPhone;iOS 18.3.1)DID:"
206.189.247.132 - - [22/Aug/2025:08:46:04 +0200] "GET /wp-includes/install.php HTTP/1.1" 200 16 "-" "Mozilla/5.0 (iPhone; CPU iPhone OS 18_3_1 like Mac OS X) AppleWebKit/605.1.15 (KHTML, like Gecko) Mobile/15E148 THDConsumer/7.45.0.1 (iPhone;iOS 18.3.1)DID:"
146.190.190.67 - - [22/Aug/2025:08:46:04 +0200] "GET /wp-includes/install.php HTTP/1.1" 200 16 "-" "Mozilla/5.0 (iPhone; CPU iPhone OS 18_3_1 like Mac OS X) AppleWebKit/605.1.15 (KHTML, like Gecko) Mobile/15E148 THDConsumer/7.45.0.1 (iPhone;iOS 18.3.1)DID:"
86.8.204.43 - - [22/Aug/2025:08:46:04 +0200] "GET /wp-includes/install.php HTTP/1.1" 200 16 "-" "Mozilla/5.0 (iPhone; CPU iPhone OS 18_3_1 like Mac OS X) AppleWebKit/605.1.15 (KHTML, like Gecko) Mobile/15E148 THDConsumer/7.45.0.1 (iPhone;iOS 18.3.1)DID:"
20.171.207.15 - - [22/Aug/2025:08:46:29 +0200] "GET /pages.php?drink%2Fk56%3Fpid=194 HTTP/1.1" 200 461631 "-" "Mozilla/5.0 AppleWebKit/537.36 (KHTML, like Gecko; compatible; GPTBot/1.2; +https://openai.com/gptbot)"
20.171.207.29 - - [22/Aug/2025:08:46:34 +0200] "GET /?_bd_prev_page=https%3A%2F%2Fkjinvest.net%2Fsite.asp%3Fassembly%2Fh276%3Fpid%3D17750&_bdsid=v5njat.n%7EAVSGA.1747508339875.1798364627 HTTP/1.1" 500 0 "-" "Mozilla/5.0 AppleWebKit/537.36 (KHTML, like Gecko; compatible; GPTBot/1.2; +https://openai.com/gptbot)"
35.233.134.10 - - [22/Aug/2025:08:46:55 +0200] "GET / HTTP/1.1" 200 561387 "-" "Mozilla/5.0 (Linux; Android 12; Pixel 6) AppleWebKit/537.36 (KHTML, like Gecko) Chrome/114.0.0.0 Mobile Safari/537.36"
35.233.134.10 - - [22/Aug/2025:08:46:56 +0200] "GET /area058000931.html HTTP/1.1" 500 0 "-" "Mozilla/5.0 (Linux; Android 12; Pixel 6) AppleWebKit/537.36 (KHTML, like Gecko) Chrome/114.0.0.0 Mobile Safari/537.36"
20.171.207.15 - - [22/Aug/2025:08:47:08 +0200] "GET /pages.php?resign%2Fj4%3Fpid=45164 HTTP/1.1" 200 469748 "-" "Mozilla/5.0 AppleWebKit/537.36 (KHTML, like Gecko; compatible; GPTBot/1.2; +https://openai.com/gptbot)"
20.171.207.29 - - [22/Aug/2025:08:47:25 +0200] "GET /?_bd_prev_page=https%3A%2F%2Fkjinvest.net%2Fsite.asp%3Fexistence%2Fw30%3Fpid%3D14016&_bdsid=v5njat.n%7EAVSGA.1747508339875.1798364627 HTTP/1.1" 500 0 "-" "Mozilla/5.0 AppleWebKit/537.36 (KHTML, like Gecko; compatible; GPTBot/1.2; +https://openai.com/gptbot)"
20.171.207.15 - - [22/Aug/2025:08:47:42 +0200] "GET /pages.php?gathering%2Fg205%3Fpid=45647 HTTP/1.1" 200 472205 "-" "Mozilla/5.0 AppleWebKit/537.36 (KHTML, like Gecko; compatible; GPTBot/1.2; +https://openai.com/gptbot)"
20.171.207.15 - - [22/Aug/2025:08:48:11 +0200] "GET /pages.php?troop%2Fc35%3Fpid=4987 HTTP/1.1" 200 480106 "-" "Mozilla/5.0 AppleWebKit/537.36 (KHTML, like Gecko; compatible; GPTBot/1.2; +https://openai.com/gptbot)"
20.171.207.29 - - [22/Aug/2025:08:48:29 +0200] "GET /?_bd_prev_page=https%3A%2F%2Fkjinvest.net%2Fsite.asp%3Fsuburb%2Fg217%3Fpid%3D30599&_bdsid=v5njat.n%7EAVSGA.1747508339875.1798364627 HTTP/1.1" 500 0 "-" "Mozilla/5.0 AppleWebKit/537.36 (KHTML, like Gecko; compatible; GPTBot/1.2; +https://openai.com/gptbot)"
20.171.207.15 - - [22/Aug/2025:08:48:40 +0200] "GET /pages.php?tightly%2Fy237%3Fpid=85 HTTP/1.1" 200 466840 "-" "Mozilla/5.0 AppleWebKit/537.36 (KHTML, like Gecko; compatible; GPTBot/1.2; +https://openai.com/gptbot)"
20.171.207.15 - - [22/Aug/2025:08:49:03 +0200] "GET /pages.php?seldom%2Fe83%3Fpid=5011 HTTP/1.1" 200 471459 "-" "Mozilla/5.0 AppleWebKit/537.36 (KHTML, like Gecko; compatible; GPTBot/1.2; +https://openai.com/gptbot)"
20.171.207.15 - - [22/Aug/2025:08:49:26 +0200] "GET /pages.php?lung%2Fk50%3Fpid=41288 HTTP/1.1" 200 464538 "-" "Mozilla/5.0 AppleWebKit/537.36 (KHTML, like Gecko; compatible; GPTBot/1.2; +https://openai.com/gptbot)"
20.171.207.29 - - [22/Aug/2025:08:49:32 +0200] "GET /?_bd_prev_page=https%3A%2F%2Fkjinvest.net%2Fsite.asp%3Fcapture%2Fd53%3Fpid%3D44311&_bdsid=v5njat.n%7EAVSGA.1747508339875.1798364627 HTTP/1.1" 500 0 "-" "Mozilla/5.0 AppleWebKit/537.36 (KHTML, like Gecko; compatible; GPTBot/1.2; +https://openai.com/gptbot)"
20.171.207.15 - - [22/Aug/2025:08:49:45 +0200] "GET /pages.php?tour%2Ft71%3Fpid=38249 HTTP/1.1" 200 469748 "-" "Mozilla/5.0 AppleWebKit/537.36 (KHTML, like Gecko; compatible; GPTBot/1.2; +https://openai.com/gptbot)"
20.171.207.15 - - [22/Aug/2025:08:50:03 +0200] "GET /pages.php?random%2Fh93%3Fpid=281 HTTP/1.1" 200 463867 "-" "Mozilla/5.0 AppleWebKit/537.36 (KHTML, like Gecko; compatible; GPTBot/1.2; +https://openai.com/gptbot)"
20.171.207.15 - - [22/Aug/2025:08:50:20 +0200] "GET /pages.php?result%2Fs49%3Fpid=551 HTTP/1.1" 200 465086 "-" "Mozilla/5.0 AppleWebKit/537.36 (KHTML, like Gecko; compatible; GPTBot/1.2; +https://openai.com/gptbot)"
20.171.207.15 - - [22/Aug/2025:08:50:34 +0200] "GET /pages.php?Roman%2Fk19%3Fpid=45259 HTTP/1.1" 200 462875 "-" "Mozilla/5.0 AppleWebKit/537.36 (KHTML, like Gecko; compatible; GPTBot/1.2; +https://openai.com/gptbot)"
20.171.207.29 - - [22/Aug/2025:08:50:35 +0200] "GET /pages.php?through%2Fy60%3Fpid=102 HTTP/1.1" 200 468782 "-" "Mozilla/5.0 AppleWebKit/537.36 (KHTML, like Gecko; compatible; GPTBot/1.2; +https://openai.com/gptbot)"
20.171.207.15 - - [22/Aug/2025:08:50:47 +0200] "GET /pages.php?fleet%2Fg214%3Fpid=42874 HTTP/1.1" 200 463479 "-" "Mozilla/5.0 AppleWebKit/537.36 (KHTML, like Gecko; compatible; GPTBot/1.2; +https://openai.com/gptbot)"
66.249.74.74 - - [22/Aug/2025:08:50:57 +0200] "GET /category/276/1 HTTP/1.1" 200 556409 "-" "Mozilla/5.0 (Linux; Android 6.0.1; Nexus 5X Build/MMB29P) AppleWebKit/537.36 (KHTML, like Gecko) Chrome/138.0.7204.183 Mobile Safari/537.36 (compatible; Googlebot/2.1; +http://www.google.com/bot.html)"
20.171.207.15 - - [22/Aug/2025:08:50:59 +0200] "GET /pages.php?error%2Fy42%3Fpid=46822 HTTP/1.1" 200 465874 "-" "Mozilla/5.0 AppleWebKit/537.36 (KHTML, like Gecko; compatible; GPTBot/1.2; +https://openai.com/gptbot)"
20.171.207.15 - - [22/Aug/2025:08:51:09 +0200] "GET /pages.php?peanut%2Fd78%3Fpid=170 HTTP/1.1" 200 462317 "-" "Mozilla/5.0 AppleWebKit/537.36 (KHTML, like Gecko; compatible; GPTBot/1.2; +https://openai.com/gptbot)"
20.171.207.15 - - [22/Aug/2025:08:51:19 +0200] "GET /pages.php?stimulate%2Fo62%3Fpid=30 HTTP/1.1" 200 460404 "-" "Mozilla/5.0 AppleWebKit/537.36 (KHTML, like Gecko; compatible; GPTBot/1.2; +https://openai.com/gptbot)"
20.171.207.15 - - [22/Aug/2025:08:51:27 +0200] "GET / HTTP/1.1" 500 0 "-" "Mozilla/5.0 AppleWebKit/537.36 (KHTML, like Gecko; compatible; GPTBot/1.2; +https://openai.com/gptbot)"
20.171.207.15 - - [22/Aug/2025:08:51:35 +0200] "GET /pages.php?train%2Fz70%3Fpid=32468 HTTP/1.1" 200 457001 "-" "Mozilla/5.0 AppleWebKit/537.36 (KHTML, like Gecko; compatible; GPTBot/1.2; +https://openai.com/gptbot)"
20.171.207.29 - - [22/Aug/2025:08:51:38 +0200] "GET /?_bd_prev_page=https%3A%2F%2Fkjinvest.net%2Fsite.asp%3Fafford%2Fb129%3Fpid%3D45929&_bdsid=v5njat.n%7EAVSGA.1747508339875.1798364627 HTTP/1.1" 500 0 "-" "Mozilla/5.0 AppleWebKit/537.36 (KHTML, like Gecko; compatible; GPTBot/1.2; +https://openai.com/gptbot)"
20.171.207.15 - - [22/Aug/2025:08:51:58 +0200] "GET /pages.php?brown%2Fy22%3Fpid=48004 HTTP/1.1" 200 458347 "-" "Mozilla/5.0 AppleWebKit/537.36 (KHTML, like Gecko; compatible; GPTBot/1.2; +https://openai.com/gptbot)"
20.171.207.15 - - [22/Aug/2025:08:52:18 +0200] "GET /pages.php?story%2Fu93%3Fpid=3485 HTTP/1.1" 200 463496 "-" "Mozilla/5.0 AppleWebKit/537.36 (KHTML, like Gecko; compatible; GPTBot/1.2; +https://openai.com/gptbot)"
20.171.207.29 - - [22/Aug/2025:08:52:34 +0200] "GET /pages.php?logic%2Fj34%3Fpid=4770 HTTP/1.1" 200 464272 "-" "Mozilla/5.0 AppleWebKit/537.36 (KHTML, like Gecko; compatible; GPTBot/1.2; +https://openai.com/gptbot)"
20.171.207.15 - - [22/Aug/2025:08:52:36 +0200] "GET /pages.php?trouble%2Fq84%3Fpid=392 HTTP/1.1" 200 463850 "-" "Mozilla/5.0 AppleWebKit/537.36 (KHTML, like Gecko; compatible; GPTBot/1.2; +https://openai.com/gptbot)"
20.171.207.15 - - [22/Aug/2025:08:52:54 +0200] "GET /pages.php?allow%2Fa68%3Fpid=140 HTTP/1.1" 200 461474 "-" "Mozilla/5.0 AppleWebKit/537.36 (KHTML, like Gecko; compatible; GPTBot/1.2; +https://openai.com/gptbot)"
20.171.207.15 - - [22/Aug/2025:08:53:09 +0200] "GET /pages.php?would%2Fj37%3Fpid=19115 HTTP/1.1" 200 472830 "-" "Mozilla/5.0 AppleWebKit/537.36 (KHTML, like Gecko; compatible; GPTBot/1.2; +https://openai.com/gptbot)"
20.171.207.15 - - [22/Aug/2025:08:53:21 +0200] "GET / HTTP/1.1" 500 0 "-" "Mozilla/5.0 AppleWebKit/537.36 (KHTML, like Gecko; compatible; GPTBot/1.2; +https://openai.com/gptbot)"
20.171.207.15 - - [22/Aug/2025:08:53:36 +0200] "GET /pages.php?other%2Fw78%3Fpid=14840 HTTP/1.1" 200 471470 "-" "Mozilla/5.0 AppleWebKit/537.36 (KHTML, like Gecko; compatible; GPTBot/1.2; +https://openai.com/gptbot)"
20.171.207.29 - - [22/Aug/2025:08:53:38 +0200] "GET /pages.php?much%2Fi88%3Fpid=29956 HTTP/1.1" 200 475583 "-" "Mozilla/5.0 AppleWebKit/537.36 (KHTML, like Gecko; compatible; GPTBot/1.2; +https://openai.com/gptbot)"
57.141.4.1 - - [22/Aug/2025:08:53:56 +0200] "GET /?sitemap44.xml HTTP/1.1" 200 23 "-" "meta-externalagent/1.1 (+https://developers.facebook.com/docs/sharing/webmasters/crawler)"
57.141.4.26 - - [22/Aug/2025:08:53:58 +0200] "GET /?sitemap498.xml HTTP/1.1" 200 23 "-" "meta-externalagent/1.1 (+https://developers.facebook.com/docs/sharing/webmasters/crawler)"
20.171.207.15 - - [22/Aug/2025:08:54:09 +0200] "GET /pages.php?intact%2Fp53%3Fpid=6709 HTTP/1.1" 200 464082 "-" "Mozilla/5.0 AppleWebKit/537.36 (KHTML, like Gecko; compatible; GPTBot/1.2; +https://openai.com/gptbot)"
20.171.207.29 - - [22/Aug/2025:08:54:34 +0200] "GET /?_bd_prev_page=https%3A%2F%2Fkjinvest.net%2Fsite.asp%3Fdecorate%2Fe184%3Fpid%3D886&_bdsid=v5njat.n%7EAVSGA.1747508339875.1798364627 HTTP/1.1" 500 0 "-" "Mozilla/5.0 AppleWebKit/537.36 (KHTML, like Gecko; compatible; GPTBot/1.2; +https://openai.com/gptbot)"
20.171.207.15 - - [22/Aug/2025:08:54:43 +0200] "GET /pages.php?factory%2Fh30%3Fpid=650 HTTP/1.1" 200 466573 "-" "Mozilla/5.0 AppleWebKit/537.36 (KHTML, like Gecko; compatible; GPTBot/1.2; +https://openai.com/gptbot)"
20.171.207.15 - - [22/Aug/2025:08:55:13 +0200] "GET /pages.php?moral%2Fr78%3Fpid=166 HTTP/1.1" 200 460355 "-" "Mozilla/5.0 AppleWebKit/537.36 (KHTML, like Gecko; compatible; GPTBot/1.2; +https://openai.com/gptbot)"
20.171.207.29 - - [22/Aug/2025:08:55:24 +0200] "GET /pages.php?this%2Fz64%3Fpid=15848 HTTP/1.1" 200 460944 "-" "Mozilla/5.0 AppleWebKit/537.36 (KHTML, like Gecko; compatible; GPTBot/1.2; +https://openai.com/gptbot)"
20.171.207.15 - - [22/Aug/2025:08:55:39 +0200] "GET /pages.php?parking%2Fq68%3Fpid=138 HTTP/1.1" 200 471164 "-" "Mozilla/5.0 AppleWebKit/537.36 (KHTML, like Gecko; compatible; GPTBot/1.2; +https://openai.com/gptbot)"
20.171.207.15 - - [22/Aug/2025:08:56:04 +0200] "GET /pages.php?consume%2Fe30%3Fpid=636 HTTP/1.1" 200 471387 "-" "Mozilla/5.0 AppleWebKit/537.36 (KHTML, like Gecko; compatible; GPTBot/1.2; +https://openai.com/gptbot)"
20.171.207.15 - - [22/Aug/2025:08:56:24 +0200] "GET /pages.php?pioneer%2Fz84%3Fpid=360 HTTP/1.1" 200 467756 "-" "Mozilla/5.0 AppleWebKit/537.36 (KHTML, like Gecko; compatible; GPTBot/1.2; +https://openai.com/gptbot)"
20.171.207.29 - - [22/Aug/2025:08:56:30 +0200] "GET /pages.php?skin%2Fv40%3Fpid=29098 HTTP/1.1" 200 473944 "-" "Mozilla/5.0 AppleWebKit/537.36 (KHTML, like Gecko; compatible; GPTBot/1.2; +https://openai.com/gptbot)"
20.171.207.15 - - [22/Aug/2025:08:56:43 +0200] "GET /pages.php?casino%2Fo1%3Fpid=39541 HTTP/1.1" 200 471762 "-" "Mozilla/5.0 AppleWebKit/537.36 (KHTML, like Gecko; compatible; GPTBot/1.2; +https://openai.com/gptbot)"
206.189.247.132 - - [22/Aug/2025:08:56:43 +0200] "GET /wp-admin/defaults.php HTTP/1.1" 200 393 "-" "Mozilla/5.0 (iPhone; CPU iPhone OS 18_3_1 like Mac OS X) AppleWebKit/605.1.15 (KHTML, like Gecko) Mobile/15E148 THDConsumer/7.45.0.1 (iPhone;iOS 18.3.1)DID:"
146.190.190.67 - - [22/Aug/2025:08:56:43 +0200] "GET /wp-admin/defaults.php HTTP/1.1" 200 393 "-" "Mozilla/5.0 (iPhone; CPU iPhone OS 18_3_1 like Mac OS X) AppleWebKit/605.1.15 (KHTML, like Gecko) Mobile/15E148 THDConsumer/7.45.0.1 (iPhone;iOS 18.3.1)DID:"
86.8.204.43 - - [22/Aug/2025:08:56:44 +0200] "GET /wp-admin/defaults.php HTTP/1.1" 200 393 "-" "Mozilla/5.0 (iPhone; CPU iPhone OS 18_3_1 like Mac OS X) AppleWebKit/605.1.15 (KHTML, like Gecko) Mobile/15E148 THDConsumer/7.45.0.1 (iPhone;iOS 18.3.1)DID:"
157.230.195.44 - - [22/Aug/2025:08:56:44 +0200] "GET /wp-admin/defaults.php HTTP/1.1" 200 393 "-" "Mozilla/5.0 (iPhone; CPU iPhone OS 18_3_1 like Mac OS X) AppleWebKit/605.1.15 (KHTML, like Gecko) Mobile/15E148 THDConsumer/7.45.0.1 (iPhone;iOS 18.3.1)DID:"
77.75.78.169 - - [22/Aug/2025:08:56:53 +0200] "GET /items/068033662.html?srsltid=AfmBOoyyxdvVcXQfusbc5QmPMKDapZOQ9vw5dOzeJIaNxXxK1n3L HTTP/1.1" 500 0 "-" "Mozilla/5.0 (compatible; SeznamBot/4.0; +https://o-seznam.cz/napoveda/vyhledavani/en/seznambot-crawler/)"
20.171.207.15 - - [22/Aug/2025:08:57:00 +0200] "GET /pages.php?lunch%2Fx10%3Fpid=32878 HTTP/1.1" 200 467291 "-" "Mozilla/5.0 AppleWebKit/537.36 (KHTML, like Gecko; compatible; GPTBot/1.2; +https://openai.com/gptbot)"
20.171.207.15 - - [22/Aug/2025:08:57:15 +0200] "GET /pages.php?freedom%2Fn66%3Fpid=804 HTTP/1.1" 200 460766 "-" "Mozilla/5.0 AppleWebKit/537.36 (KHTML, like Gecko; compatible; GPTBot/1.2; +https://openai.com/gptbot)"
20.171.207.29 - - [22/Aug/2025:08:57:25 +0200] "GET /?_bd_prev_page=https%3A%2F%2Fkjinvest.net%2Fsite.asp%3Froll%2Fl21%3Fpid%3D5067&_bdsid=v5njat.n%7EAVSGA.1747508339875.1798364627 HTTP/1.1" 500 0 "-" "Mozilla/5.0 AppleWebKit/537.36 (KHTML, like Gecko; compatible; GPTBot/1.2; +https://openai.com/gptbot)"
20.171.207.15 - - [22/Aug/2025:08:57:30 +0200] "GET /pages.php?nasty%2Fc20%3Fpid=178 HTTP/1.1" 200 464393 "-" "Mozilla/5.0 AppleWebKit/537.36 (KHTML, like Gecko; compatible; GPTBot/1.2; +https://openai.com/gptbot)"
20.171.207.15 - - [22/Aug/2025:08:57:42 +0200] "GET /pages.php?dying%2Fz2%3Fpid=15560 HTTP/1.1" 200 473770 "-" "Mozilla/5.0 AppleWebKit/537.36 (KHTML, like Gecko; compatible; GPTBot/1.2; +https://openai.com/gptbot)"
20.171.207.15 - - [22/Aug/2025:08:57:53 +0200] "GET /pages.php?retire%2Fz25%3Fpid=4873 HTTP/1.1" 200 465475 "-" "Mozilla/5.0 AppleWebKit/537.36 (KHTML, like Gecko; compatible; GPTBot/1.2; +https://openai.com/gptbot)"
20.171.207.15 - - [22/Aug/2025:08:58:03 +0200] "GET / HTTP/1.1" 500 0 "-" "Mozilla/5.0 AppleWebKit/537.36 (KHTML, like Gecko; compatible; GPTBot/1.2; +https://openai.com/gptbot)"
20.171.207.15 - - [22/Aug/2025:08:58:13 +0200] "GET /pages.php?regular%2Fd38%3Fpid=548 HTTP/1.1" 200 463004 "-" "Mozilla/5.0 AppleWebKit/537.36 (KHTML, like Gecko; compatible; GPTBot/1.2; +https://openai.com/gptbot)"
66.249.74.74 - - [22/Aug/2025:08:58:14 +0200] "GET /items/173010559.html?srsltid=AfmBOogqooavLxUkJonsOJ3PBSZJXcsB1bSb41YmUFgKTiDe90pG HTTP/1.1" 200 558921 "-" "Mozilla/5.0 (Linux; Android 6.0.1; Nexus 5X Build/MMB29P) AppleWebKit/537.36 (KHTML, like Gecko) Chrome/138.0.7204.183 Mobile Safari/537.36 (compatible; Googlebot/2.1; +http://www.google.com/bot.html)"
20.171.207.29 - - [22/Aug/2025:08:58:17 +0200] "GET /?_bd_prev_page=https%3A%2F%2Fkjinvest.net%2Fsite.asp%3Fbrief%2Fu39%3Fpid%3D44823&_bdsid=v5njat.n%7EAVSGA.1747508339875.1798364627 HTTP/1.1" 500 0 "-" "Mozilla/5.0 AppleWebKit/537.36 (KHTML, like Gecko; compatible; GPTBot/1.2; +https://openai.com/gptbot)"
20.171.207.15 - - [22/Aug/2025:08:58:41 +0200] "GET /pages.php?coup%2Fs76%3Fpid=15854 HTTP/1.1" 200 467657 "-" "Mozilla/5.0 AppleWebKit/537.36 (KHTML, like Gecko; compatible; GPTBot/1.2; +https://openai.com/gptbot)"
20.171.207.15 - - [22/Aug/2025:08:59:06 +0200] "GET /pages.php?diary%2Fe28%3Fpid=45086 HTTP/1.1" 200 457796 "-" "Mozilla/5.0 AppleWebKit/537.36 (KHTML, like Gecko; compatible; GPTBot/1.2; +https://openai.com/gptbot)"
20.171.207.29 - - [22/Aug/2025:08:59:20 +0200] "GET /pages.php?myth%2Fz101%3Fpid=8465 HTTP/1.1" 200 459730 "-" "Mozilla/5.0 AppleWebKit/537.36 (KHTML, like Gecko; compatible; GPTBot/1.2; +https://openai.com/gptbot)"
20.171.207.15 - - [22/Aug/2025:08:59:28 +0200] "GET /pages.php?skilled%2Ff66%3Fpid=800 HTTP/1.1" 200 469266 "-" "Mozilla/5.0 AppleWebKit/537.36 (KHTML, like Gecko; compatible; GPTBot/1.2; +https://openai.com/gptbot)"
20.171.207.15 - - [22/Aug/2025:08:59:49 +0200] "GET /pages.php?interview%2Fh65%3Fpid=17899 HTTP/1.1" 200 465632 "-" "Mozilla/5.0 AppleWebKit/537.36 (KHTML, like Gecko; compatible; GPTBot/1.2; +https://openai.com/gptbot)"
20.171.207.15 - - [22/Aug/2025:09:00:08 +0200] "GET /pages.php?repeat%2Fz74%3Fpid=5310 HTTP/1.1" 200 462098 "-" "Mozilla/5.0 AppleWebKit/537.36 (KHTML, like Gecko; compatible; GPTBot/1.2; +https://openai.com/gptbot)"
20.171.207.15 - - [22/Aug/2025:09:00:24 +0200] "GET /pages.php?convey%2Fb68%3Fpid=296 HTTP/1.1" 200 468402 "-" "Mozilla/5.0 AppleWebKit/537.36 (KHTML, like Gecko; compatible; GPTBot/1.2; +https://openai.com/gptbot)"
20.171.207.29 - - [22/Aug/2025:09:00:24 +0200] "GET /pages.php?gesture%2Fp267%3Fpid=17801 HTTP/1.1" 200 467879 "-" "Mozilla/5.0 AppleWebKit/537.36 (KHTML, like Gecko; compatible; GPTBot/1.2; +https://openai.com/gptbot)"
20.171.207.15 - - [22/Aug/2025:09:00:39 +0200] "GET /pages.php?confess%2Fs91%3Fpid=819 HTTP/1.1" 200 459944 "-" "Mozilla/5.0 AppleWebKit/537.36 (KHTML, like Gecko; compatible; GPTBot/1.2; +https://openai.com/gptbot)"
20.171.207.15 - - [22/Aug/2025:09:00:52 +0200] "GET /pages.php?chart%2Fv46%3Fpid=128 HTTP/1.1" 200 462934 "-" "Mozilla/5.0 AppleWebKit/537.36 (KHTML, like Gecko; compatible; GPTBot/1.2; +https://openai.com/gptbot)"
66.249.74.74 - - [22/Aug/2025:09:00:54 +0200] "GET /pcmypage?callback=product%2Fdetail%2Fseikatu-souko-item-014592-2158 HTTP/1.1" 200 563337 "-" "Mozilla/5.0 (Linux; Android 6.0.1; Nexus 5X Build/MMB29P) AppleWebKit/537.36 (KHTML, like Gecko) Chrome/138.0.7204.183 Mobile Safari/537.36 (compatible; Googlebot/2.1; +http://www.google.com/bot.html)"
77.75.78.169 - - [22/Aug/2025:09:00:54 +0200] "GET /care001026436.html HTTP/1.1" 500 0 "-" "Mozilla/5.0 (compatible; SeznamBot/4.0; +https://o-seznam.cz/napoveda/vyhledavani/en/seznambot-crawler/)"
20.171.207.15 - - [22/Aug/2025:09:01:04 +0200] "GET /pages.php?drunk%2Fz46%3Fpid=130 HTTP/1.1" 200 474201 "-" "Mozilla/5.0 AppleWebKit/537.36 (KHTML, like Gecko; compatible; GPTBot/1.2; +https://openai.com/gptbot)"
66.249.74.72 - - [22/Aug/2025:09:01:14 +0200] "GET /pad193022938.html HTTP/1.1" 200 571583 "-" "Mozilla/5.0 (Linux; Android 6.0.1; Nexus 5X Build/MMB29P) AppleWebKit/537.36 (KHTML, like Gecko) Chrome/138.0.7204.183 Mobile Safari/537.36 (compatible; Googlebot/2.1; +http://www.google.com/bot.html)"
20.171.207.15 - - [22/Aug/2025:09:01:15 +0200] "GET /pages.php?plenty%2Fi46%3Fpid=134 HTTP/1.1" 200 468841 "-" "Mozilla/5.0 AppleWebKit/537.36 (KHTML, like Gecko; compatible; GPTBot/1.2; +https://openai.com/gptbot)"
20.171.207.29 - - [22/Aug/2025:09:01:17 +0200] "GET /pages.php?q-~262hvPUo3mJ125UuEJ9cIWmQtTaxnIC3D12585/ HTTP/1.1" 200 462874 "-" "Mozilla/5.0 AppleWebKit/537.36 (KHTML, like Gecko; compatible; GPTBot/1.2; +https://openai.com/gptbot)"
20.171.207.15 - - [22/Aug/2025:09:01:24 +0200] "GET /pages.php?trauma%2Ff14%3Fpid=836 HTTP/1.1" 200 466416 "-" "Mozilla/5.0 AppleWebKit/537.36 (KHTML, like Gecko; compatible; GPTBot/1.2; +https://openai.com/gptbot)"
66.249.74.72 - - [22/Aug/2025:09:01:27 +0200] "GET /sodium175016500.html HTTP/1.1" 200 569057 "-" "Mozilla/5.0 (Linux; Android 6.0.1; Nexus 5X Build/MMB29P) AppleWebKit/537.36 (KHTML, like Gecko) Chrome/138.0.7204.183 Mobile Safari/537.36 (compatible; Googlebot/2.1; +http://www.google.com/bot.html)"
20.171.207.15 - - [22/Aug/2025:09:01:33 +0200] "GET /pages.php?trading%2Fz91%3Fpid=815 HTTP/1.1" 200 473323 "-" "Mozilla/5.0 AppleWebKit/537.36 (KHTML, like Gecko; compatible; GPTBot/1.2; +https://openai.com/gptbot)"
20.171.207.15 - - [22/Aug/2025:09:01:40 +0200] "GET / HTTP/1.1" 500 0 "-" "Mozilla/5.0 AppleWebKit/537.36 (KHTML, like Gecko; compatible; GPTBot/1.2; +https://openai.com/gptbot)"
20.171.207.15 - - [22/Aug/2025:09:01:48 +0200] "GET /pages.php?disappear%2Ff42%3Fpid=41572 HTTP/1.1" 200 459809 "-" "Mozilla/5.0 AppleWebKit/537.36 (KHTML, like Gecko; compatible; GPTBot/1.2; +https://openai.com/gptbot)"
20.171.207.29 - - [22/Aug/2025:09:02:08 +0200] "GET /pages.php?fourth%2Fn85%3Fpid=69 HTTP/1.1" 200 468494 "-" "Mozilla/5.0 AppleWebKit/537.36 (KHTML, like Gecko; compatible; GPTBot/1.2; +https://openai.com/gptbot)"
20.171.207.15 - - [22/Aug/2025:09:02:10 +0200] "GET /pages.php?voter%2Fz23%3Fpid=13529 HTTP/1.1" 200 466928 "-" "Mozilla/5.0 AppleWebKit/537.36 (KHTML, like Gecko; compatible; GPTBot/1.2; +https://openai.com/gptbot)"
20.171.207.15 - - [22/Aug/2025:09:02:30 +0200] "GET /pages.php?dance%2Ff49%3Fpid=31489 HTTP/1.1" 200 463754 "-" "Mozilla/5.0 AppleWebKit/537.36 (KHTML, like Gecko; compatible; GPTBot/1.2; +https://openai.com/gptbot)"
20.171.207.15 - - [22/Aug/2025:09:02:48 +0200] "GET /pages.php?down%2Fo112%3Fpid=6746 HTTP/1.1" 200 471529 "-" "Mozilla/5.0 AppleWebKit/537.36 (KHTML, like Gecko; compatible; GPTBot/1.2; +https://openai.com/gptbot)"
