20.171.207.29 - - [22/Aug/2025:09:02:52 +0200] "GET /?_bd_prev_page=https%3A%2F%2Fkjinvest.net%2Fsite.asp%3Fsophisticated%2Fh100%3Fpid%3D21260&_bdsid=v5njat.n%7EAVSGA.1747508339875.1798364627 HTTP/1.1" 500 0 "-" "Mozilla/5.0 AppleWebKit/537.36 (KHTML, like Gecko; compatible; GPTBot/1.2; +https://openai.com/gptbot)"
20.171.207.15 - - [22/Aug/2025:09:03:03 +0200] "GET /pages.php?model%2Fx70%3Fpid=34810 HTTP/1.1" 200 462076 "-" "Mozilla/5.0 AppleWebKit/537.36 (KHTML, like Gecko; compatible; GPTBot/1.2; +https://openai.com/gptbot)"
20.171.207.15 - - [22/Aug/2025:09:03:16 +0200] "GET /pages.php?plant%2Fv48%3Fpid=38106 HTTP/1.1" 200 473757 "-" "Mozilla/5.0 AppleWebKit/537.36 (KHTML, like Gecko; compatible; GPTBot/1.2; +https://openai.com/gptbot)"
20.171.207.15 - - [22/Aug/2025:09:03:31 +0200] "GET /pages.php?medal%2Fx57%3Fpid=15729 HTTP/1.1" 200 466883 "-" "Mozilla/5.0 AppleWebKit/537.36 (KHTML, like Gecko; compatible; GPTBot/1.2; +https://openai.com/gptbot)"
20.171.207.29 - - [22/Aug/2025:09:03:33 +0200] "GET /?_bd_prev_page=https%3A%2F%2Fkjinvest.net%2Fsite.asp%3Freveal%2Fc269%3Fpid%3D983&_bdsid=v5njat.n%7EAVSGA.1747508339875.1798364627 HTTP/1.1" 500 0 "-" "Mozilla/5.0 AppleWebKit/537.36 (KHTML, like Gecko; compatible; GPTBot/1.2; +https://openai.com/gptbot)"
20.171.207.15 - - [22/Aug/2025:09:03:42 +0200] "GET /pages.php?charm%2Fw73%3Fpid=7863 HTTP/1.1" 200 478908 "-" "Mozilla/5.0 AppleWebKit/537.36 (KHTML, like Gecko; compatible; GPTBot/1.2; +https://openai.com/gptbot)"
20.171.207.15 - - [22/Aug/2025:09:03:50 +0200] "GET /?_bd_prev_page=https%3A%2F%2Fwww.kjinvest.net%2Fchat.xhtml%3Fconcert%2Fc73%3Fpid%3D7861&_bdsid=sh0qr2.n%7ECANTS.172979176.172372949&_gz=2.199304954.190978852.175149336-863852640.162371011 HTTP/1.1" 500 0 "-" "Mozilla/5.0 AppleWebKit/537.36 (KHTML, like Gecko; compatible; GPTBot/1.2; +https://openai.com/gptbot)"
20.171.207.15 - - [22/Aug/2025:09:04:00 +0200] "GET /pages.php?q-~187BCJbPFUImTA3cfYuUYn8UHIIEwrTFG27368/ HTTP/1.1" 200 465984 "-" "Mozilla/5.0 AppleWebKit/537.36 (KHTML, like Gecko; compatible; GPTBot/1.2; +https://openai.com/gptbot)"
20.171.207.15 - - [22/Aug/2025:09:04:26 +0200] "GET /pages.php?pride%2Fw48%3Fpid=12970 HTTP/1.1" 200 462693 "-" "Mozilla/5.0 AppleWebKit/537.36 (KHTML, like Gecko; compatible; GPTBot/1.2; +https://openai.com/gptbot)"
20.171.207.29 - - [22/Aug/2025:09:04:34 +0200] "GET /?_bd_prev_page=https%3A%2F%2Fkjinvest.net%2Fsite.asp%3Ffather%2Fy9%3Fpid%3D23439&_bdsid=v5njat.n%7EAVSGA.1747508339875.1798364627 HTTP/1.1" 500 0 "-" "Mozilla/5.0 AppleWebKit/537.36 (KHTML, like Gecko; compatible; GPTBot/1.2; +https://openai.com/gptbot)"
20.171.207.15 - - [22/Aug/2025:09:04:50 +0200] "GET /pages.php?heal%2Fk89%3Fpid=46397 HTTP/1.1" 200 469111 "-" "Mozilla/5.0 AppleWebKit/537.36 (KHTML, like Gecko; compatible; GPTBot/1.2; +https://openai.com/gptbot)"
66.249.74.74 - - [22/Aug/2025:09:05:08 +0200] "GET /pcmypage?callback=product%2Fdetail%2Fkyoubi-2-10000220 HTTP/1.1" 200 558578 "-" "Mozilla/5.0 (Linux; Android 6.0.1; Nexus 5X Build/MMB29P) AppleWebKit/537.36 (KHTML, like Gecko) Chrome/138.0.7204.183 Mobile Safari/537.36 (compatible; Googlebot/2.1; +http://www.google.com/bot.html)"
20.171.207.15 - - [22/Aug/2025:09:05:12 +0200] "GET /pages.php?norm%2Fu4%3Fpid=31752 HTTP/1.1" 200 452392 "-" "Mozilla/5.0 AppleWebKit/537.36 (KHTML, like Gecko; compatible; GPTBot/1.2; +https://openai.com/gptbot)"
20.171.207.15 - - [22/Aug/2025:09:05:32 +0200] "GET /pages.php?triumph%2Fe10%3Fpid=254 HTTP/1.1" 200 463060 "-" "Mozilla/5.0 AppleWebKit/537.36 (KHTML, like Gecko; compatible; GPTBot/1.2; +https://openai.com/gptbot)"
20.171.207.29 - - [22/Aug/2025:09:05:37 +0200] "GET /pages.php?withdraw%2Fx91%3Fpid=405 HTTP/1.1" 200 459752 "-" "Mozilla/5.0 AppleWebKit/537.36 (KHTML, like Gecko; compatible; GPTBot/1.2; +https://openai.com/gptbot)"
20.171.207.15 - - [22/Aug/2025:09:05:49 +0200] "GET /pages.php?life%2Fz70%3Fpid=34808 HTTP/1.1" 200 475983 "-" "Mozilla/5.0 AppleWebKit/537.36 (KHTML, like Gecko; compatible; GPTBot/1.2; +https://openai.com/gptbot)"
20.171.207.15 - - [22/Aug/2025:09:06:05 +0200] "GET /pages.php?murder%2Fs84%3Fpid=390 HTTP/1.1" 200 465604 "-" "Mozilla/5.0 AppleWebKit/537.36 (KHTML, like Gecko; compatible; GPTBot/1.2; +https://openai.com/gptbot)"
66.249.74.73 - - [22/Aug/2025:09:06:13 +0200] "GET /severe072001607.html HTTP/1.1" 200 557941 "-" "Mozilla/5.0 (Linux; Android 6.0.1; Nexus 5X Build/MMB29P) AppleWebKit/537.36 (KHTML, like Gecko) Chrome/138.0.7204.183 Mobile Safari/537.36 (compatible; Googlebot/2.1; +http://www.google.com/bot.html)"
20.171.207.15 - - [22/Aug/2025:09:06:19 +0200] "GET /pages.php?credit%2Ff27%3Fpid=635 HTTP/1.1" 200 466160 "-" "Mozilla/5.0 AppleWebKit/537.36 (KHTML, like Gecko; compatible; GPTBot/1.2; +https://openai.com/gptbot)"
20.171.207.15 - - [22/Aug/2025:09:06:33 +0200] "GET /pages.php?written%2Fw48%3Fpid=20 HTTP/1.1" 200 463255 "-" "Mozilla/5.0 AppleWebKit/537.36 (KHTML, like Gecko; compatible; GPTBot/1.2; +https://openai.com/gptbot)"
20.171.207.29 - - [22/Aug/2025:09:06:40 +0200] "GET /?_bd_prev_page=https%3A%2F%2Fkjinvest.net%2Fsite.asp%3Fshooting%2Fb152%3Fpid%3D32792&_bdsid=v5njat.n%7EAVSGA.1747508339875.1798364627 HTTP/1.1" 500 0 "-" "Mozilla/5.0 AppleWebKit/537.36 (KHTML, like Gecko; compatible; GPTBot/1.2; +https://openai.com/gptbot)"
20.171.207.15 - - [22/Aug/2025:09:06:45 +0200] "GET /pages.php?question%2Fn45%3Fpid=395 HTTP/1.1" 200 467911 "-" "Mozilla/5.0 AppleWebKit/537.36 (KHTML, like Gecko; compatible; GPTBot/1.2; +https://openai.com/gptbot)"
20.171.207.15 - - [22/Aug/2025:09:06:55 +0200] "GET /pages.php?harmony%2Fg19%3Fpid=479 HTTP/1.1" 200 461229 "-" "Mozilla/5.0 AppleWebKit/537.36 (KHTML, like Gecko; compatible; GPTBot/1.2; +https://openai.com/gptbot)"
20.171.207.15 - - [22/Aug/2025:09:07:04 +0200] "GET /pages.php?robot%2Fa296%3Fpid=8784 HTTP/1.1" 200 468103 "-" "Mozilla/5.0 AppleWebKit/537.36 (KHTML, like Gecko; compatible; GPTBot/1.2; +https://openai.com/gptbot)"
20.171.207.15 - - [22/Aug/2025:09:07:12 +0200] "GET / HTTP/1.1" 500 0 "-" "Mozilla/5.0 AppleWebKit/537.36 (KHTML, like Gecko; compatible; GPTBot/1.2; +https://openai.com/gptbot)"
20.171.207.15 - - [22/Aug/2025:09:07:21 +0200] "GET /pages.php?funny%2Fv19%3Fpid=37875 HTTP/1.1" 200 462849 "-" "Mozilla/5.0 AppleWebKit/537.36 (KHTML, like Gecko; compatible; GPTBot/1.2; +https://openai.com/gptbot)"
20.171.207.29 - - [22/Aug/2025:09:07:37 +0200] "GET /pages.php?ocean%2Fg74%3Fpid=140 HTTP/1.1" 200 468774 "-" "Mozilla/5.0 AppleWebKit/537.36 (KHTML, like Gecko; compatible; GPTBot/1.2; +https://openai.com/gptbot)"
20.171.207.15 - - [22/Aug/2025:09:07:44 +0200] "GET /pages.php?taxpayer%2Fr11%3Fpid=12919 HTTP/1.1" 200 461400 "-" "Mozilla/5.0 AppleWebKit/537.36 (KHTML, like Gecko; compatible; GPTBot/1.2; +https://openai.com/gptbot)"
20.171.207.15 - - [22/Aug/2025:09:08:04 +0200] "GET /pages.php?pack%2Fq196%3Fpid=3878 HTTP/1.1" 200 462949 "-" "Mozilla/5.0 AppleWebKit/537.36 (KHTML, like Gecko; compatible; GPTBot/1.2; +https://openai.com/gptbot)"
20.171.207.15 - - [22/Aug/2025:09:08:24 +0200] "GET /chat.xhtml?assume%2Fi5%3Fpid=159 HTTP/1.1" 500 0 "-" "Mozilla/5.0 AppleWebKit/537.36 (KHTML, like Gecko; compatible; GPTBot/1.2; +https://openai.com/gptbot)"
20.171.207.29 - - [22/Aug/2025:09:08:36 +0200] "GET /?_bd_prev_page=https%3A%2F%2Fkjinvest.net%2Fsite.asp%3Fspill%2Ff75%3Fpid%3D35705&_bdsid=v5njat.n%7EAVSGA.1747508339875.1798364627 HTTP/1.1" 500 0 "-" "Mozilla/5.0 AppleWebKit/537.36 (KHTML, like Gecko; compatible; GPTBot/1.2; +https://openai.com/gptbot)"
20.171.207.15 - - [22/Aug/2025:09:08:41 +0200] "GET /pages.php?upset%2Fb46%3Fpid=12588 HTTP/1.1" 200 466247 "-" "Mozilla/5.0 AppleWebKit/537.36 (KHTML, like Gecko; compatible; GPTBot/1.2; +https://openai.com/gptbot)"
20.171.207.29 - - [22/Aug/2025:09:09:31 +0200] "GET /?_bd_prev_page=https%3A%2F%2Fkjinvest.net%2Fsite.asp%3Foriginal%2Fl279%3Fpid%3D36723&_bdsid=v5njat.n%7EAVSGA.1747508339875.1798364627 HTTP/1.1" 500 0 "-" "Mozilla/5.0 AppleWebKit/537.36 (KHTML, like Gecko; compatible; GPTBot/1.2; +https://openai.com/gptbot)"
20.171.207.15 - - [22/Aug/2025:09:09:32 +0200] "GET /pages.php?aggression%2Fo70%3Fpid=22472 HTTP/1.1" 200 475788 "-" "Mozilla/5.0 AppleWebKit/537.36 (KHTML, like Gecko; compatible; GPTBot/1.2; +https://openai.com/gptbot)"
20.171.207.15 - - [22/Aug/2025:09:10:22 +0200] "GET /pages.php?hell%2Fn96%3Fpid=100 HTTP/1.1" 200 463805 "-" "Mozilla/5.0 AppleWebKit/537.36 (KHTML, like Gecko; compatible; GPTBot/1.2; +https://openai.com/gptbot)"
208.110.64.178 - - [22/Aug/2025:09:10:33 +0200] "GET /wp-content/edit.php HTTP/1.1" 500 0 "https://www.kjinvest.net/wp-content/edit.php" "Mozilla/5.0 (Windows NT 10.0; Win64; x64) AppleWebKit/537.36 (KHTML, like Gecko) Chrome/58.0.3029.110 Safari/537.3"
208.110.64.178 - - [22/Aug/2025:09:10:33 +0200] "GET /wp-content/edit.php HTTP/1.1" 500 0 "https://www.kjinvest.net/wp-content/edit.php" "Mozilla/5.0 (Windows NT 10.0; Win64; x64) AppleWebKit/537.36 (KHTML, like Gecko) Chrome/58.0.3029.110 Safari/537.3"
66.249.74.72 - - [22/Aug/2025:09:10:34 +0200] "GET /items/194003536.html?srsltid=AfmBOobkiQAoWYIMfFuxaAPQJkQvpWbm0TUwNGJ88DlAaJwhFs4A HTTP/1.1" 200 554965 "-" "Mozilla/5.0 (Linux; Android 6.0.1; Nexus 5X Build/MMB29P) AppleWebKit/537.36 (KHTML, like Gecko) Chrome/138.0.7204.183 Mobile Safari/537.36 (compatible; Googlebot/2.1; +http://www.google.com/bot.html)"
20.171.207.29 - - [22/Aug/2025:09:10:36 +0200] "GET /pages.php?software%2Fq10%3Fpid=196 HTTP/1.1" 200 459476 "-" "Mozilla/5.0 AppleWebKit/537.36 (KHTML, like Gecko; compatible; GPTBot/1.2; +https://openai.com/gptbot)"
20.171.207.15 - - [22/Aug/2025:09:10:59 +0200] "GET /pages.php?voice%2Fn96%3Fpid=100 HTTP/1.1" 200 464141 "-" "Mozilla/5.0 AppleWebKit/537.36 (KHTML, like Gecko; compatible; GPTBot/1.2; +https://openai.com/gptbot)"
20.171.207.29 - - [22/Aug/2025:09:11:36 +0200] "GET /?_bd_prev_page=https%3A%2F%2Fkjinvest.net%2Fsite.asp%3Fthereby%2Fj150%3Fpid%3D7652&_bdsid=v5njat.n%7EAVSGA.1747508339875.1798364627 HTTP/1.1" 500 0 "-" "Mozilla/5.0 AppleWebKit/537.36 (KHTML, like Gecko; compatible; GPTBot/1.2; +https://openai.com/gptbot)"
20.171.207.15 - - [22/Aug/2025:09:11:38 +0200] "GET /pages.php?provided%2Fv22%3Fpid=12124 HTTP/1.1" 200 467785 "-" "Mozilla/5.0 AppleWebKit/537.36 (KHTML, like Gecko; compatible; GPTBot/1.2; +https://openai.com/gptbot)"
66.249.74.72 - - [22/Aug/2025:09:11:40 +0200] "GET /items/067002233.html?srsltid=AfmBOoqejyEUFRLMxAWZv4G3QJUsfzpXdHVng1BHu1yKRCJKi2Jj HTTP/1.1" 200 572038 "-" "Mozilla/5.0 (Linux; Android 6.0.1; Nexus 5X Build/MMB29P) AppleWebKit/537.36 (KHTML, like Gecko) Chrome/138.0.7204.183 Mobile Safari/537.36 (compatible; Googlebot/2.1; +http://www.google.com/bot.html)"
20.171.207.15 - - [22/Aug/2025:09:12:10 +0200] "GET /pages.php?port%2Fi12%3Fpid=37894 HTTP/1.1" 200 463424 "-" "Mozilla/5.0 AppleWebKit/537.36 (KHTML, like Gecko; compatible; GPTBot/1.2; +https://openai.com/gptbot)"
20.171.207.29 - - [22/Aug/2025:09:12:35 +0200] "GET /pages.php?romantic%2Fj37%3Fpid=429 HTTP/1.1" 200 462337 "-" "Mozilla/5.0 AppleWebKit/537.36 (KHTML, like Gecko; compatible; GPTBot/1.2; +https://openai.com/gptbot)"
20.171.207.15 - - [22/Aug/2025:09:12:42 +0200] "GET /pages.php?utility%2Fh95%3Fpid=495 HTTP/1.1" 200 479447 "-" "Mozilla/5.0 AppleWebKit/537.36 (KHTML, like Gecko; compatible; GPTBot/1.2; +https://openai.com/gptbot)"
66.249.74.72 - - [22/Aug/2025:09:13:08 +0200] "GET /items/252033232.html?srsltid=AfmBOotjbyeYmNLXkvHIz0LfRGVOPBrIod3pepjhjhti4zulhHrP HTTP/1.1" 200 555911 "-" "Mozilla/5.0 (Linux; Android 6.0.1; Nexus 5X Build/MMB29P) AppleWebKit/537.36 (KHTML, like Gecko) Chrome/138.0.7204.183 Mobile Safari/537.36 (compatible; Googlebot/2.1; +http://www.google.com/bot.html)"
20.171.207.15 - - [22/Aug/2025:09:13:09 +0200] "GET /pages.php?coal%2Fr95%3Fpid=647 HTTP/1.1" 200 481323 "-" "Mozilla/5.0 AppleWebKit/537.36 (KHTML, like Gecko; compatible; GPTBot/1.2; +https://openai.com/gptbot)"
20.171.207.15 - - [22/Aug/2025:09:13:34 +0200] "GET /pages.php?truly%2Fr25%3Fpid=41681 HTTP/1.1" 200 463920 "-" "Mozilla/5.0 AppleWebKit/537.36 (KHTML, like Gecko; compatible; GPTBot/1.2; +https://openai.com/gptbot)"
20.171.207.29 - - [22/Aug/2025:09:13:38 +0200] "GET /pages.php?pleasant%2Fm10%3Fpid=74 HTTP/1.1" 200 458560 "-" "Mozilla/5.0 AppleWebKit/537.36 (KHTML, like Gecko; compatible; GPTBot/1.2; +https://openai.com/gptbot)"
20.171.207.15 - - [22/Aug/2025:09:13:56 +0200] "GET /pages.php?rubber%2Fq9%3Fpid=15233 HTTP/1.1" 200 474784 "-" "Mozilla/5.0 AppleWebKit/537.36 (KHTML, like Gecko; compatible; GPTBot/1.2; +https://openai.com/gptbot)"
20.171.207.15 - - [22/Aug/2025:09:14:15 +0200] "GET /pages.php?globe%2Fs251%3Fpid=3477 HTTP/1.1" 200 467608 "-" "Mozilla/5.0 AppleWebKit/537.36 (KHTML, like Gecko; compatible; GPTBot/1.2; +https://openai.com/gptbot)"
20.171.207.15 - - [22/Aug/2025:09:14:34 +0200] "GET /pages.php?ideology%2Fz5%3Fpid=161 HTTP/1.1" 200 464557 "-" "Mozilla/5.0 AppleWebKit/537.36 (KHTML, like Gecko; compatible; GPTBot/1.2; +https://openai.com/gptbot)"
20.171.207.29 - - [22/Aug/2025:09:14:36 +0200] "GET /pages.php?trick%2Fi16%3Fpid=3464 HTTP/1.1" 200 466148 "-" "Mozilla/5.0 AppleWebKit/537.36 (KHTML, like Gecko; compatible; GPTBot/1.2; +https://openai.com/gptbot)"
20.171.207.15 - - [22/Aug/2025:09:14:49 +0200] "GET /pages.php?Dutch%2Fx51%3Fpid=12677 HTTP/1.1" 200 467138 "-" "Mozilla/5.0 AppleWebKit/537.36 (KHTML, like Gecko; compatible; GPTBot/1.2; +https://openai.com/gptbot)"
20.171.207.15 - - [22/Aug/2025:09:15:02 +0200] "GET / HTTP/1.1" 500 0 "-" "Mozilla/5.0 AppleWebKit/537.36 (KHTML, like Gecko; compatible; GPTBot/1.2; +https://openai.com/gptbot)"
20.171.207.15 - - [22/Aug/2025:09:15:15 +0200] "GET /pages.php?improved%2Fe13%3Fpid=951 HTTP/1.1" 200 463145 "-" "Mozilla/5.0 AppleWebKit/537.36 (KHTML, like Gecko; compatible; GPTBot/1.2; +https://openai.com/gptbot)"
20.171.207.29 - - [22/Aug/2025:09:15:26 +0200] "GET /pages.php?conflict%2Fy28%3Fpid=478 HTTP/1.1" 200 462069 "-" "Mozilla/5.0 AppleWebKit/537.36 (KHTML, like Gecko; compatible; GPTBot/1.2; +https://openai.com/gptbot)"
20.171.207.15 - - [22/Aug/2025:09:15:54 +0200] "GET /pages.php?tomorrow%2Fj81%3Fpid=525 HTTP/1.1" 200 464977 "-" "Mozilla/5.0 AppleWebKit/537.36 (KHTML, like Gecko; compatible; GPTBot/1.2; +https://openai.com/gptbot)"
66.249.74.72 - - [22/Aug/2025:09:16:07 +0200] "GET /pcmypage?callback=product%2Fdetail%2Fhcvalor-eshop-trusco-1311810 HTTP/1.1" 200 554781 "-" "Mozilla/5.0 (Linux; Android 6.0.1; Nexus 5X Build/MMB29P) AppleWebKit/537.36 (KHTML, like Gecko) Chrome/138.0.7204.183 Mobile Safari/537.36 (compatible; Googlebot/2.1; +http://www.google.com/bot.html)"
20.171.207.29 - - [22/Aug/2025:09:16:16 +0200] "GET /pages.php?vocal%2Fq79%3Fpid=13741 HTTP/1.1" 200 459856 "-" "Mozilla/5.0 AppleWebKit/537.36 (KHTML, like Gecko; compatible; GPTBot/1.2; +https://openai.com/gptbot)"
20.171.207.15 - - [22/Aug/2025:09:16:30 +0200] "GET /pages.php?funny%2Fz87%3Fpid=617 HTTP/1.1" 200 467094 "-" "Mozilla/5.0 AppleWebKit/537.36 (KHTML, like Gecko; compatible; GPTBot/1.2; +https://openai.com/gptbot)"
208.110.64.178 - - [22/Aug/2025:09:16:52 +0200] "GET /wp-content/edit.php HTTP/1.1" 500 0 "https://www.kjinvest.net/wp-content/edit.php" "Mozilla/5.0 (Windows NT 10.0; Win64; x64) AppleWebKit/537.36 (KHTML, like Gecko) Chrome/58.0.3029.110 Safari/537.3"
208.110.64.178 - - [22/Aug/2025:09:16:52 +0200] "GET /wp-content/edit.php HTTP/1.1" 500 0 "https://www.kjinvest.net/wp-content/edit.php" "Mozilla/5.0 (Windows NT 10.0; Win64; x64) AppleWebKit/537.36 (KHTML, like Gecko) Chrome/58.0.3029.110 Safari/537.3"
20.171.207.29 - - [22/Aug/2025:09:16:54 +0200] "GET /pages.php?again%2Fs95%3Fpid=34607 HTTP/1.1" 200 462053 "-" "Mozilla/5.0 AppleWebKit/537.36 (KHTML, like Gecko; compatible; GPTBot/1.2; +https://openai.com/gptbot)"
20.171.207.15 - - [22/Aug/2025:09:17:02 +0200] "GET /pages.php?only%2Fk57%3Fpid=301 HTTP/1.1" 200 473858 "-" "Mozilla/5.0 AppleWebKit/537.36 (KHTML, like Gecko; compatible; GPTBot/1.2; +https://openai.com/gptbot)"
20.171.207.15 - - [22/Aug/2025:09:17:29 +0200] "GET /pages.php?stomach%2Fo87%3Fpid=615 HTTP/1.1" 200 465419 "-" "Mozilla/5.0 AppleWebKit/537.36 (KHTML, like Gecko; compatible; GPTBot/1.2; +https://openai.com/gptbot)"
20.171.207.29 - - [22/Aug/2025:09:17:32 +0200] "GET /pages.php?dawn%2Fy86%3Fpid=12974 HTTP/1.1" 200 461072 "-" "Mozilla/5.0 AppleWebKit/537.36 (KHTML, like Gecko; compatible; GPTBot/1.2; +https://openai.com/gptbot)"
20.171.207.15 - - [22/Aug/2025:09:17:54 +0200] "GET /pages.php?method%2Fx26%3Fpid=5372 HTTP/1.1" 200 461213 "-" "Mozilla/5.0 AppleWebKit/537.36 (KHTML, like Gecko; compatible; GPTBot/1.2; +https://openai.com/gptbot)"
66.249.74.74 - - [22/Aug/2025:09:17:55 +0200] "GET /items/121033417.html?srsltid=AfmBOocrlPnnkhvUkYQAliWzDDdswDAylk9jbdpYCY3cKot5Ilib HTTP/1.1" 200 557713 "-" "Mozilla/5.0 (Linux; Android 6.0.1; Nexus 5X Build/MMB29P) AppleWebKit/537.36 (KHTML, like Gecko) Chrome/138.0.7204.183 Mobile Safari/537.36 (compatible; Googlebot/2.1; +http://www.google.com/bot.html)"
20.171.207.29 - - [22/Aug/2025:09:18:05 +0200] "GET /pages.php?still%2Fw59%3Fpid=15733 HTTP/1.1" 200 467146 "-" "Mozilla/5.0 AppleWebKit/537.36 (KHTML, like Gecko; compatible; GPTBot/1.2; +https://openai.com/gptbot)"
20.171.207.15 - - [22/Aug/2025:09:18:18 +0200] "GET /pages.php?genuine%2Fj87%3Fpid=613 HTTP/1.1" 200 465884 "-" "Mozilla/5.0 AppleWebKit/537.36 (KHTML, like Gecko; compatible; GPTBot/1.2; +https://openai.com/gptbot)"
20.171.207.29 - - [22/Aug/2025:09:18:34 +0200] "GET /?_bd_prev_page=https%3A%2F%2Fkjinvest.net%2Fsite.asp%3Fcentral%2Fe245%3Fpid%3D29625&_bdsid=v5njat.n%7EAVSGA.1747508339875.1798364627 HTTP/1.1" 500 0 "-" "Mozilla/5.0 AppleWebKit/537.36 (KHTML, like Gecko; compatible; GPTBot/1.2; +https://openai.com/gptbot)"
20.171.207.15 - - [22/Aug/2025:09:18:39 +0200] "GET /pages.php?could%2Fx68%3Fpid=6570 HTTP/1.1" 200 473719 "-" "Mozilla/5.0 AppleWebKit/537.36 (KHTML, like Gecko; compatible; GPTBot/1.2; +https://openai.com/gptbot)"
20.171.207.15 - - [22/Aug/2025:09:18:56 +0200] "GET /pages.php?above%2Fm10%3Fpid=27196 HTTP/1.1" 200 455362 "-" "Mozilla/5.0 AppleWebKit/537.36 (KHTML, like Gecko; compatible; GPTBot/1.2; +https://openai.com/gptbot)"
20.171.207.29 - - [22/Aug/2025:09:19:01 +0200] "GET /pages.php?many%2Fa72%3Fpid=19988 HTTP/1.1" 200 467200 "-" "Mozilla/5.0 AppleWebKit/537.36 (KHTML, like Gecko; compatible; GPTBot/1.2; +https://openai.com/gptbot)"
20.171.207.15 - - [22/Aug/2025:09:19:13 +0200] "GET /pages.php?formula%2Fb7%3Fpid=845 HTTP/1.1" 200 463203 "-" "Mozilla/5.0 AppleWebKit/537.36 (KHTML, like Gecko; compatible; GPTBot/1.2; +https://openai.com/gptbot)"
20.171.207.15 - - [22/Aug/2025:09:19:29 +0200] "GET /pages.php?fabric%2Fj20%3Fpid=20730 HTTP/1.1" 200 462506 "-" "Mozilla/5.0 AppleWebKit/537.36 (KHTML, like Gecko; compatible; GPTBot/1.2; +https://openai.com/gptbot)"
20.171.207.15 - - [22/Aug/2025:09:19:42 +0200] "GET /pages.php?q-~206JeuYH1pwM4VhC2bheSAvsU4TvavDwT49051/ HTTP/1.1" 200 467417 "-" "Mozilla/5.0 AppleWebKit/537.36 (KHTML, like Gecko; compatible; GPTBot/1.2; +https://openai.com/gptbot)"
20.171.207.15 - - [22/Aug/2025:09:19:55 +0200] "GET /pages.php?band%2Fe10%3Fpid=16450 HTTP/1.1" 200 460705 "-" "Mozilla/5.0 AppleWebKit/537.36 (KHTML, like Gecko; compatible; GPTBot/1.2; +https://openai.com/gptbot)"
20.171.207.29 - - [22/Aug/2025:09:20:03 +0200] "GET /pages.php?lion%2Fk75%3Fpid=35703 HTTP/1.1" 200 462743 "-" "Mozilla/5.0 AppleWebKit/537.36 (KHTML, like Gecko; compatible; GPTBot/1.2; +https://openai.com/gptbot)"
20.171.207.15 - - [22/Aug/2025:09:20:06 +0200] "GET /pages.php?voting%2Fe89%3Fpid=411 HTTP/1.1" 200 474953 "-" "Mozilla/5.0 AppleWebKit/537.36 (KHTML, like Gecko; compatible; GPTBot/1.2; +https://openai.com/gptbot)"
20.171.207.15 - - [22/Aug/2025:09:20:17 +0200] "GET /pages.php?million%2Fh82%3Fpid=164 HTTP/1.1" 200 462156 "-" "Mozilla/5.0 AppleWebKit/537.36 (KHTML, like Gecko; compatible; GPTBot/1.2; +https://openai.com/gptbot)"
20.171.207.15 - - [22/Aug/2025:09:20:24 +0200] "GET / HTTP/1.1" 500 0 "-" "Mozilla/5.0 AppleWebKit/537.36 (KHTML, like Gecko; compatible; GPTBot/1.2; +https://openai.com/gptbot)"
20.171.207.15 - - [22/Aug/2025:09:20:33 +0200] "GET /pages.php?forbid%2Fj4%3Fpid=8544 HTTP/1.1" 200 468691 "-" "Mozilla/5.0 AppleWebKit/537.36 (KHTML, like Gecko; compatible; GPTBot/1.2; +https://openai.com/gptbot)"
20.171.207.15 - - [22/Aug/2025:09:20:57 +0200] "GET /pages.php?entry%2Fz1%3Fpid=16729 HTTP/1.1" 200 462451 "-" "Mozilla/5.0 AppleWebKit/537.36 (KHTML, like Gecko; compatible; GPTBot/1.2; +https://openai.com/gptbot)"
20.171.207.29 - - [22/Aug/2025:09:21:00 +0200] "GET /?_bd_prev_page=https%3A%2F%2Fkjinvest.net%2Fsite.asp%3Fpunishment%2Fn26%3Fpid%3D38222&_bdsid=v5njat.n%7EAVSGA.1747508339875.1798364627 HTTP/1.1" 500 0 "-" "Mozilla/5.0 AppleWebKit/537.36 (KHTML, like Gecko; compatible; GPTBot/1.2; +https://openai.com/gptbot)"
66.249.74.73 - - [22/Aug/2025:09:21:16 +0200] "GET /items/098003814.html?srsltid=AfmBOolvkCcoctzrxGtYxCmxUXSfJyoSofdjEk8HDYaxH2vEjyEw HTTP/1.1" 200 558624 "-" "Mozilla/5.0 (Linux; Android 6.0.1; Nexus 5X Build/MMB29P) AppleWebKit/537.36 (KHTML, like Gecko) Chrome/138.0.7204.183 Mobile Safari/537.36 (compatible; Googlebot/2.1; +http://www.google.com/bot.html)"
66.249.74.73 - - [22/Aug/2025:09:21:16 +0200] "GET /items/172049914.html?srsltid=AfmBOohtqUuqTyTHhNpZlb39TlnlywWbt8edgrF4yrkoU4kSrRjG HTTP/1.1" 200 562058 "-" "Mozilla/5.0 (Linux; Android 6.0.1; Nexus 5X Build/MMB29P) AppleWebKit/537.36 (KHTML, like Gecko) Chrome/138.0.7204.183 Mobile Safari/537.36 (compatible; Googlebot/2.1; +http://www.google.com/bot.html)"
20.171.207.15 - - [22/Aug/2025:09:21:19 +0200] "GET /pages.php?probably%2Fb46%3Fpid=12 HTTP/1.1" 200 469978 "-" "Mozilla/5.0 AppleWebKit/537.36 (KHTML, like Gecko; compatible; GPTBot/1.2; +https://openai.com/gptbot)"
20.171.207.15 - - [22/Aug/2025:09:21:39 +0200] "GET /pages.php?beach%2Fj49%3Fpid=557 HTTP/1.1" 200 470152 "-" "Mozilla/5.0 AppleWebKit/537.36 (KHTML, like Gecko; compatible; GPTBot/1.2; +https://openai.com/gptbot)"
20.171.207.29 - - [22/Aug/2025:09:21:53 +0200] "GET /pages.php?tennis%2Fz52%3Fpid=7384 HTTP/1.1" 200 464253 "-" "Mozilla/5.0 AppleWebKit/537.36 (KHTML, like Gecko; compatible; GPTBot/1.2; +https://openai.com/gptbot)"
20.171.207.15 - - [22/Aug/2025:09:21:57 +0200] "GET /?_bd_prev_page=https%3A%2F%2Fwww.kjinvest.net%2Fchat.xhtml%3Froutine%2Fv78%3Fpid%3D2246&_bdsid=sh0qr2.n%7ECANTS.172979176.172372949&_gz=2.199304954.190978852.175149336-863852640.162371011 HTTP/1.1" 500 0 "-" "Mozilla/5.0 AppleWebKit/537.36 (KHTML, like Gecko; compatible; GPTBot/1.2; +https://openai.com/gptbot)"
20.171.207.15 - - [22/Aug/2025:09:22:14 +0200] "GET /pages.php?terms%2Fv55%3Fpid=26603 HTTP/1.1" 200 462844 "-" "Mozilla/5.0 AppleWebKit/537.36 (KHTML, like Gecko; compatible; GPTBot/1.2; +https://openai.com/gptbot)"
66.249.74.74 - - [22/Aug/2025:09:22:43 +0200] "GET /pages.php?q-~95wvBQHMFt1jyprmwOvH4K3EcgOjxoyg24556/ HTTP/1.1" 200 464090 "-" "Mozilla/5.0 (Linux; Android 6.0.1; Nexus 5X Build/MMB29P) AppleWebKit/537.36 (KHTML, like Gecko) Chrome/138.0.7204.183 Mobile Safari/537.36 (compatible; Googlebot/2.1; +http://www.google.com/bot.html)"
66.249.74.72 - - [22/Aug/2025:09:22:50 +0200] "GET /items/098014638.html?srsltid=AfmBOodefeIGoBmKDRcZH7NgFORKWycvotrux0TDaatxISqDBYZe HTTP/1.1" 200 555383 "-" "Mozilla/5.0 (Linux; Android 6.0.1; Nexus 5X Build/MMB29P) AppleWebKit/537.36 (KHTML, like Gecko) Chrome/138.0.7204.183 Mobile Safari/537.36 (compatible; Googlebot/2.1; +http://www.google.com/bot.html)"
20.171.207.29 - - [22/Aug/2025:09:22:54 +0200] "GET /pages.php?simultaneously%2Fh77%3Fpid=857 HTTP/1.1" 200 458595 "-" "Mozilla/5.0 AppleWebKit/537.36 (KHTML, like Gecko; compatible; GPTBot/1.2; +https://openai.com/gptbot)"
20.171.207.15 - - [22/Aug/2025:09:22:59 +0200] "GET /pages.php?United%2Fq22%3Fpid=946 HTTP/1.1" 200 461737 "-" "Mozilla/5.0 AppleWebKit/537.36 (KHTML, like Gecko; compatible; GPTBot/1.2; +https://openai.com/gptbot)"
66.249.74.73 - - [22/Aug/2025:09:23:38 +0200] "GET /jaw109019372.html HTTP/1.1" 200 556161 "-" "Mozilla/5.0 (Linux; Android 6.0.1; Nexus 5X Build/MMB29P) AppleWebKit/537.36 (KHTML, like Gecko) Chrome/138.0.7204.183 Mobile Safari/537.36 (compatible; Googlebot/2.1; +http://www.google.com/bot.html)"
20.171.207.15 - - [22/Aug/2025:09:23:42 +0200] "GET /pages.php?British%2Fh47%3Fpid=911 HTTP/1.1" 200 465097 "-" "Mozilla/5.0 AppleWebKit/537.36 (KHTML, like Gecko; compatible; GPTBot/1.2; +https://openai.com/gptbot)"
20.171.207.29 - - [22/Aug/2025:09:23:51 +0200] "GET /?_bd_prev_page=https%3A%2F%2Fkjinvest.net%2Fsite.asp%3Fq-%7E77WvkcFy9kmloyGuBdobnTKHGbmFXQyu21270%2F&_bdsid=v5njat.n%7EAVSGA.1747508339875.1798364627 HTTP/1.1" 500 0 "-" "Mozilla/5.0 AppleWebKit/537.36 (KHTML, like Gecko; compatible; GPTBot/1.2; +https://openai.com/gptbot)"
20.171.207.15 - - [22/Aug/2025:09:24:22 +0200] "GET /pages.php?midst%2Fx89%3Fpid=407 HTTP/1.1" 200 464926 "-" "Mozilla/5.0 AppleWebKit/537.36 (KHTML, like Gecko; compatible; GPTBot/1.2; +https://openai.com/gptbot)"
66.249.74.73 - - [22/Aug/2025:09:24:26 +0200] "GET /items/013001883.html?srsltid=AfmBOonnqEtWwIMATwpSpLJNOrQEqRrBj4n6mxIUJJAj0m7sckz2 HTTP/1.1" 200 557937 "-" "Mozilla/5.0 (Linux; Android 6.0.1; Nexus 5X Build/MMB29P) AppleWebKit/537.36 (KHTML, like Gecko) Chrome/138.0.7204.183 Mobile Safari/537.36 (compatible; Googlebot/2.1; +http://www.google.com/bot.html)"
20.171.207.29 - - [22/Aug/2025:09:24:41 +0200] "GET /?_bd_prev_page=https%3A%2F%2Fkjinvest.net%2Fsite.asp%3Falone%2Fy27%3Fpid%3D20423&_bdsid=v5njat.n%7EAVSGA.1747508339875.1798364627 HTTP/1.1" 500 0 "-" "Mozilla/5.0 AppleWebKit/537.36 (KHTML, like Gecko; compatible; GPTBot/1.2; +https://openai.com/gptbot)"
20.171.207.15 - - [22/Aug/2025:09:24:57 +0200] "GET /pages.php?direct%2Fq81%3Fpid=7877 HTTP/1.1" 200 462311 "-" "Mozilla/5.0 AppleWebKit/537.36 (KHTML, like Gecko; compatible; GPTBot/1.2; +https://openai.com/gptbot)"
20.171.207.15 - - [22/Aug/2025:09:25:31 +0200] "GET /pages.php?style%2Ff116%3Fpid=2888 HTTP/1.1" 200 465805 "-" "Mozilla/5.0 AppleWebKit/537.36 (KHTML, like Gecko; compatible; GPTBot/1.2; +https://openai.com/gptbot)"
66.249.74.73 - - [22/Aug/2025:09:25:46 +0200] "GET /pcmypage?callback=product%2Fdetail%2Fu-factory-ck102920500024114-1 HTTP/1.1" 200 558130 "-" "Mozilla/5.0 (Linux; Android 6.0.1; Nexus 5X Build/MMB29P) AppleWebKit/537.36 (KHTML, like Gecko) Chrome/138.0.7204.183 Mobile Safari/537.36 (compatible; Googlebot/2.1; +http://www.google.com/bot.html)"
20.171.207.29 - - [22/Aug/2025:09:25:46 +0200] "GET /?_bd_prev_page=https%3A%2F%2Fkjinvest.net%2Fsite.asp%3Fnorm%2Fn27%3Fpid%3D20421&_bdsid=v5njat.n%7EAVSGA.1747508339875.1798364627 HTTP/1.1" 500 0 "-" "Mozilla/5.0 AppleWebKit/537.36 (KHTML, like Gecko; compatible; GPTBot/1.2; +https://openai.com/gptbot)"
20.171.207.15 - - [22/Aug/2025:09:25:57 +0200] "GET /pages.php?funny%2Ff78%3Fpid=1948 HTTP/1.1" 200 469688 "-" "Mozilla/5.0 AppleWebKit/537.36 (KHTML, like Gecko; compatible; GPTBot/1.2; +https://openai.com/gptbot)"
20.171.207.15 - - [22/Aug/2025:09:26:23 +0200] "GET /pages.php?event%2Fo7%3Fpid=42875 HTTP/1.1" 200 476740 "-" "Mozilla/5.0 AppleWebKit/537.36 (KHTML, like Gecko; compatible; GPTBot/1.2; +https://openai.com/gptbot)"
66.249.74.74 - - [22/Aug/2025:09:26:23 +0200] "GET /and/or148001689.html HTTP/1.1" 200 571342 "-" "Mozilla/5.0 (Linux; Android 6.0.1; Nexus 5X Build/MMB29P) AppleWebKit/537.36 (KHTML, like Gecko) Chrome/138.0.7204.183 Mobile Safari/537.36 (compatible; Googlebot/2.1; +http://www.google.com/bot.html)"
66.249.74.72 - - [22/Aug/2025:09:26:36 +0200] "GET /appearance211020126.html HTTP/1.1" 200 563260 "-" "Mozilla/5.0 (Linux; Android 6.0.1; Nexus 5X Build/MMB29P) AppleWebKit/537.36 (KHTML, like Gecko) Chrome/138.0.7204.183 Mobile Safari/537.36 (compatible; Googlebot/2.1; +http://www.google.com/bot.html)"
208.110.64.178 - - [22/Aug/2025:09:26:41 +0200] "GET /wp-content/edit.php HTTP/1.1" 500 0 "https://www.kjinvest.net/wp-content/edit.php" "Mozilla/5.0 (Windows NT 10.0; Win64; x64) AppleWebKit/537.36 (KHTML, like Gecko) Chrome/58.0.3029.110 Safari/537.3"
208.110.64.178 - - [22/Aug/2025:09:26:41 +0200] "GET /wp-content/edit.php HTTP/1.1" 500 0 "https://www.kjinvest.net/wp-content/edit.php" "Mozilla/5.0 (Windows NT 10.0; Win64; x64) AppleWebKit/537.36 (KHTML, like Gecko) Chrome/58.0.3029.110 Safari/537.3"
20.171.207.15 - - [22/Aug/2025:09:26:47 +0200] "GET /pages.php?drive%2Fy46%3Fpid=972 HTTP/1.1" 200 464537 "-" "Mozilla/5.0 AppleWebKit/537.36 (KHTML, like Gecko; compatible; GPTBot/1.2; +https://openai.com/gptbot)"
20.171.207.29 - - [22/Aug/2025:09:26:49 +0200] "GET /?_bd_prev_page=https%3A%2F%2Fkjinvest.net%2Fsite.asp%3Fvan%2Fb51%3Fpid%3D5909&_bdsid=v5njat.n%7EAVSGA.1747508339875.1798364627 HTTP/1.1" 500 0 "-" "Mozilla/5.0 AppleWebKit/537.36 (KHTML, like Gecko; compatible; GPTBot/1.2; +https://openai.com/gptbot)"
20.171.207.15 - - [22/Aug/2025:09:27:28 +0200] "GET /pages.php?writer%2Fc56%3Fpid=218 HTTP/1.1" 200 460328 "-" "Mozilla/5.0 AppleWebKit/537.36 (KHTML, like Gecko; compatible; GPTBot/1.2; +https://openai.com/gptbot)"
20.171.207.29 - - [22/Aug/2025:09:27:50 +0200] "GET /pages.php?title%2Ff3%3Fpid=18025 HTTP/1.1" 200 471843 "-" "Mozilla/5.0 AppleWebKit/537.36 (KHTML, like Gecko; compatible; GPTBot/1.2; +https://openai.com/gptbot)"
20.171.207.15 - - [22/Aug/2025:09:28:31 +0200] "GET / HTTP/1.1" 500 0 "-" "Mozilla/5.0 AppleWebKit/537.36 (KHTML, like Gecko; compatible; GPTBot/1.2; +https://openai.com/gptbot)"
20.171.207.29 - - [22/Aug/2025:09:28:50 +0200] "GET /?_bd_prev_page=https%3A%2F%2Fkjinvest.net%2Fsite.asp%3Ffur%2Fo165%3Fpid%3D18963&_bdsid=v5njat.n%7EAVSGA.1747508339875.1798364627 HTTP/1.1" 500 0 "-" "Mozilla/5.0 AppleWebKit/537.36 (KHTML, like Gecko; compatible; GPTBot/1.2; +https://openai.com/gptbot)"
66.249.74.74 - - [22/Aug/2025:09:29:14 +0200] "GET /ancestor122013743.html HTTP/1.1" 200 561441 "-" "Mozilla/5.0 (Linux; Android 6.0.1; Nexus 5X Build/MMB29P) AppleWebKit/537.36 (KHTML, like Gecko) Chrome/138.0.7204.183 Mobile Safari/537.36 (compatible; Googlebot/2.1; +http://www.google.com/bot.html)"
66.249.74.72 - - [22/Aug/2025:09:29:22 +0200] "GET /items/051000579.html?srsltid=AfmBOozjoxJvhvKywFNQ6VRBAGbjBFDCFPtIuvAvVU75aRi3Maly HTTP/1.1" 200 557128 "-" "Mozilla/5.0 (Linux; Android 6.0.1; Nexus 5X Build/MMB29P) AppleWebKit/537.36 (KHTML, like Gecko) Chrome/138.0.7204.183 Mobile Safari/537.36 (compatible; Googlebot/2.1; +http://www.google.com/bot.html)"
20.171.207.15 - - [22/Aug/2025:09:29:27 +0200] "GET /pages.php?problem%2Fg4%3Fpid=9792 HTTP/1.1" 200 465953 "-" "Mozilla/5.0 AppleWebKit/537.36 (KHTML, like Gecko; compatible; GPTBot/1.2; +https://openai.com/gptbot)"
206.189.247.132 - - [22/Aug/2025:09:29:35 +0200] "GET /admin.php HTTP/1.1" 200 6747 "-" "Mozilla/5.0 (iPhone; CPU iPhone OS 18_3_1 like Mac OS X) AppleWebKit/605.1.15 (KHTML, like Gecko) Mobile/15E148 THDConsumer/7.45.0.1 (iPhone;iOS 18.3.1)DID:"
164.90.241.135 - - [22/Aug/2025:09:29:36 +0200] "GET /admin.php HTTP/1.1" 200 6747 "-" "Mozilla/5.0 (iPhone; CPU iPhone OS 18_3_1 like Mac OS X) AppleWebKit/605.1.15 (KHTML, like Gecko) Mobile/15E148 THDConsumer/7.45.0.1 (iPhone;iOS 18.3.1)DID:"
51.118.21.16 - - [22/Aug/2025:09:29:36 +0200] "GET /admin.php HTTP/1.1" 200 6747 "-" "Mozilla/5.0 (iPhone; CPU iPhone OS 18_3_1 like Mac OS X) AppleWebKit/605.1.15 (KHTML, like Gecko) Mobile/15E148 THDConsumer/7.45.0.1 (iPhone;iOS 18.3.1)DID:"
86.8.204.43 - - [22/Aug/2025:09:29:36 +0200] "GET /admin.php HTTP/1.1" 200 6747 "-" "Mozilla/5.0 (iPhone; CPU iPhone OS 18_3_1 like Mac OS X) AppleWebKit/605.1.15 (KHTML, like Gecko) Mobile/15E148 THDConsumer/7.45.0.1 (iPhone;iOS 18.3.1)DID:"
66.249.74.72 - - [22/Aug/2025:09:29:39 +0200] "GET /items/166040924.html?srsltid=AfmBOolfisQgXhhnSUJNo86UXpSSlbMLJUdZC61q5hI85FXLguT0 HTTP/1.1" 200 556395 "-" "Mozilla/5.0 (Linux; Android 6.0.1; Nexus 5X Build/MMB29P) AppleWebKit/537.36 (KHTML, like Gecko) Chrome/138.0.7204.183 Mobile Safari/537.36 (compatible; Googlebot/2.1; +http://www.google.com/bot.html)"
20.171.207.29 - - [22/Aug/2025:09:29:47 +0200] "GET /?_bd_prev_page=https%3A%2F%2Fkjinvest.net%2Fsite.asp%3Fenact%2Fv72%3Fpid%3D592&_bdsid=v5njat.n%7EAVSGA.1747508339875.1798364627 HTTP/1.1" 500 0 "-" "Mozilla/5.0 AppleWebKit/537.36 (KHTML, like Gecko; compatible; GPTBot/1.2; +https://openai.com/gptbot)"
20.171.207.15 - - [22/Aug/2025:09:30:31 +0200] "GET /pages.php?model%2Ft20%3Fpid=970 HTTP/1.1" 200 482790 "-" "Mozilla/5.0 AppleWebKit/537.36 (KHTML, like Gecko; compatible; GPTBot/1.2; +https://openai.com/gptbot)"
66.249.74.72 - - [22/Aug/2025:09:30:34 +0200] "GET /chop103018884.html HTTP/1.1" 200 556316 "-" "Mozilla/5.0 (Linux; Android 6.0.1; Nexus 5X Build/MMB29P) AppleWebKit/537.36 (KHTML, like Gecko) Chrome/138.0.7204.183 Mobile Safari/537.36 (compatible; Googlebot/2.1; +http://www.google.com/bot.html)"
20.171.207.29 - - [22/Aug/2025:09:30:50 +0200] "GET /?_bd_prev_page=https%3A%2F%2Fkjinvest.net%2Fsite.asp%3Fonto%2Fs87%3Fpid%3D43901&_bdsid=v5njat.n%7EAVSGA.1747508339875.1798364627 HTTP/1.1" 500 0 "-" "Mozilla/5.0 AppleWebKit/537.36 (KHTML, like Gecko; compatible; GPTBot/1.2; +https://openai.com/gptbot)"
66.249.74.73 - - [22/Aug/2025:09:31:12 +0200] "GET /origin142045435.html HTTP/1.1" 200 560510 "-" "Mozilla/5.0 (Linux; Android 6.0.1; Nexus 5X Build/MMB29P) AppleWebKit/537.36 (KHTML, like Gecko) Chrome/138.0.7204.183 Mobile Safari/537.36 (compatible; Googlebot/2.1; +http://www.google.com/bot.html)"
20.171.207.15 - - [22/Aug/2025:09:31:29 +0200] "GET /pages.php?send%2Fl15%3Fpid=39709 HTTP/1.1" 200 472702 "-" "Mozilla/5.0 AppleWebKit/537.36 (KHTML, like Gecko; compatible; GPTBot/1.2; +https://openai.com/gptbot)"
20.171.207.29 - - [22/Aug/2025:09:31:53 +0200] "GET /?_bd_prev_page=https%3A%2F%2Fkjinvest.net%2Fsite.asp%3Froutinely%2Fz50%3Fpid%3D668&_bdsid=v5njat.n%7EAVSGA.1747508339875.1798364627 HTTP/1.1" 500 0 "-" "Mozilla/5.0 AppleWebKit/537.36 (KHTML, like Gecko; compatible; GPTBot/1.2; +https://openai.com/gptbot)"
20.171.207.15 - - [22/Aug/2025:09:32:20 +0200] "GET /pages.php?rifle%2Fl74%3Fpid=138 HTTP/1.1" 200 464904 "-" "Mozilla/5.0 AppleWebKit/537.36 (KHTML, like Gecko; compatible; GPTBot/1.2; +https://openai.com/gptbot)"
20.171.207.29 - - [22/Aug/2025:09:32:53 +0200] "GET /?_bd_prev_page=https%3A%2F%2Fkjinvest.net%2Fsite.asp%3Fdistrict%2Fr72%3Fpid%3D26942&_bdsid=v5njat.n%7EAVSGA.1747508339875.1798364627 HTTP/1.1" 500 0 "-" "Mozilla/5.0 AppleWebKit/537.36 (KHTML, like Gecko; compatible; GPTBot/1.2; +https://openai.com/gptbot)"
20.171.207.15 - - [22/Aug/2025:09:33:08 +0200] "GET /pages.php?cost%2Fx15%3Fpid=38963 HTTP/1.1" 200 465337 "-" "Mozilla/5.0 AppleWebKit/537.36 (KHTML, like Gecko; compatible; GPTBot/1.2; +https://openai.com/gptbot)"
66.249.74.74 - - [22/Aug/2025:09:33:35 +0200] "GET /items/259022103.html?srsltid=AfmBOoummnDnTywuZnSORNciPIjAqFgtn57T2ZYgw91P1IGia2KE HTTP/1.1" 200 557766 "-" "Mozilla/5.0 (Linux; Android 6.0.1; Nexus 5X Build/MMB29P) AppleWebKit/537.36 (KHTML, like Gecko) Chrome/138.0.7204.183 Mobile Safari/537.36 (compatible; Googlebot/2.1; +http://www.google.com/bot.html)"
20.171.207.15 - - [22/Aug/2025:09:33:47 +0200] "GET /pages.php?contributor%2Fc43%3Fpid=43345 HTTP/1.1" 200 461161 "-" "Mozilla/5.0 AppleWebKit/537.36 (KHTML, like Gecko; compatible; GPTBot/1.2; +https://openai.com/gptbot)"
66.249.74.73 - - [22/Aug/2025:09:33:50 +0200] "GET /items/067039059.html?srsltid=AfmBOoraroEmgcYYBMMLwNl8SXdEErGGhSuHWzfCRQQvAHJZTHNL HTTP/1.1" 200 567721 "-" "Mozilla/5.0 (Linux; Android 6.0.1; Nexus 5X Build/MMB29P) AppleWebKit/537.36 (KHTML, like Gecko) Chrome/138.0.7204.183 Mobile Safari/537.36 (compatible; Googlebot/2.1; +http://www.google.com/bot.html)"
20.171.207.29 - - [22/Aug/2025:09:33:53 +0200] "GET /?_bd_prev_page=https%3A%2F%2Fkjinvest.net%2Fsite.asp%3Fwelfare%2Fc246%3Fpid%3D3212&_bdsid=v5njat.n%7EAVSGA.1747508339875.1798364627 HTTP/1.1" 500 0 "-" "Mozilla/5.0 AppleWebKit/537.36 (KHTML, like Gecko; compatible; GPTBot/1.2; +https://openai.com/gptbot)"
20.171.207.15 - - [22/Aug/2025:09:34:24 +0200] "GET /pages.php?sound%2Fm10%3Fpid=552 HTTP/1.1" 503 282 "-" "Mozilla/5.0 AppleWebKit/537.36 (KHTML, like Gecko; compatible; GPTBot/1.2; +https://openai.com/gptbot)"
20.171.207.15 - - [22/Aug/2025:09:35:01 +0200] "GET /pages.php?ankle%2Fn84%3Fpid=356 HTTP/1.1" 200 468692 "-" "Mozilla/5.0 AppleWebKit/537.36 (KHTML, like Gecko; compatible; GPTBot/1.2; +https://openai.com/gptbot)"
20.171.207.29 - - [22/Aug/2025:09:35:01 +0200] "GET /pages.php?write%2Fo72%3Fpid=586 HTTP/1.1" 200 461315 "-" "Mozilla/5.0 AppleWebKit/537.36 (KHTML, like Gecko; compatible; GPTBot/1.2; +https://openai.com/gptbot)"
66.249.74.73 - - [22/Aug/2025:09:35:38 +0200] "GET /items/248016746.html?srsltid=AfmBOovxxgiZlCrQxDQMlUwfHMofUSGUeZJnPrhXKfRbKCfNLA8F HTTP/1.1" 200 554109 "-" "Mozilla/5.0 (Linux; Android 6.0.1; Nexus 5X Build/MMB29P) AppleWebKit/537.36 (KHTML, like Gecko) Chrome/138.0.7204.183 Mobile Safari/537.36 (compatible; Googlebot/2.1; +http://www.google.com/bot.html)"
20.171.207.15 - - [22/Aug/2025:09:36:03 +0200] "GET /pages.php?hotel%2Fk8%3Fpid=1518 HTTP/1.1" 200 471988 "-" "Mozilla/5.0 AppleWebKit/537.36 (KHTML, like Gecko; compatible; GPTBot/1.2; +https://openai.com/gptbot)"
129.226.174.80 - - [22/Aug/2025:09:36:05 +0200] "GET / HTTP/1.1" 500 0 "http://www.kjinvest.net" "Mozilla/5.0 (iPhone; CPU iPhone OS 13_2_3 like Mac OS X) AppleWebKit/605.1.15 (KHTML, like Gecko) Version/13.0.3 Mobile/15E148 Safari/604.1"
20.171.207.29 - - [22/Aug/2025:09:36:07 +0200] "GET /pages.php?enjoy%2Fm52%3Fpid=7532 HTTP/1.1" 200 472814 "-" "Mozilla/5.0 AppleWebKit/537.36 (KHTML, like Gecko; compatible; GPTBot/1.2; +https://openai.com/gptbot)"
66.249.74.72 - - [22/Aug/2025:09:36:34 +0200] "GET /garbage134027053.html HTTP/1.1" 200 557206 "-" "Mozilla/5.0 (Linux; Android 6.0.1; Nexus 5X Build/MMB29P) AppleWebKit/537.36 (KHTML, like Gecko) Chrome/138.0.7204.183 Mobile Safari/537.36 (compatible; Googlebot/2.1; +http://www.google.com/bot.html)"
206.189.247.132 - - [22/Aug/2025:09:36:40 +0200] "GET /wp-content/product.php HTTP/1.1" 200 393 "-" "Mozilla/5.0 (iPhone; CPU iPhone OS 18_3_1 like Mac OS X) AppleWebKit/605.1.15 (KHTML, like Gecko) Mobile/15E148 THDConsumer/7.45.0.1 (iPhone;iOS 18.3.1)DID:"
159.223.242.210 - - [22/Aug/2025:09:36:40 +0200] "GET /wp-content/product.php HTTP/1.1" 200 393 "-" "Mozilla/5.0 (iPhone; CPU iPhone OS 18_3_1 like Mac OS X) AppleWebKit/605.1.15 (KHTML, like Gecko) Mobile/15E148 THDConsumer/7.45.0.1 (iPhone;iOS 18.3.1)DID:"
172.83.7.26 - - [22/Aug/2025:09:36:40 +0200] "GET /wp-content/product.php HTTP/1.1" 200 393 "-" "Mozilla/5.0 (iPhone; CPU iPhone OS 18_3_1 like Mac OS X) AppleWebKit/605.1.15 (KHTML, like Gecko) Mobile/15E148 THDConsumer/7.45.0.1 (iPhone;iOS 18.3.1)DID:"
86.8.204.43 - - [22/Aug/2025:09:36:42 +0200] "GET /wp-content/product.php HTTP/1.1" 200 393 "-" "Mozilla/5.0 (iPhone; CPU iPhone OS 18_3_1 like Mac OS X) AppleWebKit/605.1.15 (KHTML, like Gecko) Mobile/15E148 THDConsumer/7.45.0.1 (iPhone;iOS 18.3.1)DID:"
20.171.207.15 - - [22/Aug/2025:09:36:58 +0200] "GET /pages.php?punch%2Fz12%3Fpid=36770 HTTP/1.1" 200 479328 "-" "Mozilla/5.0 AppleWebKit/537.36 (KHTML, like Gecko; compatible; GPTBot/1.2; +https://openai.com/gptbot)"
20.171.207.29 - - [22/Aug/2025:09:37:02 +0200] "GET /pages.php?hint%2Fo88%3Fpid=37754 HTTP/1.1" 200 466719 "-" "Mozilla/5.0 AppleWebKit/537.36 (KHTML, like Gecko; compatible; GPTBot/1.2; +https://openai.com/gptbot)"
20.171.207.15 - - [22/Aug/2025:09:37:51 +0200] "GET /pages.php?count%2Fo73%3Fpid=17905 HTTP/1.1" 200 461800 "-" "Mozilla/5.0 AppleWebKit/537.36 (KHTML, like Gecko; compatible; GPTBot/1.2; +https://openai.com/gptbot)"
20.171.207.29 - - [22/Aug/2025:09:37:52 +0200] "GET /pages.php?mill%2Fq63%3Fpid=15599 HTTP/1.1" 200 467149 "-" "Mozilla/5.0 AppleWebKit/537.36 (KHTML, like Gecko; compatible; GPTBot/1.2; +https://openai.com/gptbot)"
20.171.207.15 - - [22/Aug/2025:09:38:37 +0200] "GET /pages.php?balloon%2Fs86%3Fpid=334 HTTP/1.1" 200 462024 "-" "Mozilla/5.0 AppleWebKit/537.36 (KHTML, like Gecko; compatible; GPTBot/1.2; +https://openai.com/gptbot)"
20.171.207.29 - - [22/Aug/2025:09:38:38 +0200] "GET /pages.php?avoid%2Fc52%3Fpid=710 HTTP/1.1" 200 473498 "-" "Mozilla/5.0 AppleWebKit/537.36 (KHTML, like Gecko; compatible; GPTBot/1.2; +https://openai.com/gptbot)"
204.12.252.98 - - [22/Aug/2025:09:39:02 +0200] "GET /wp-content/edit.php HTTP/1.1" 500 0 "https://www.kjinvest.net/wp-content/edit.php" "Mozilla/5.0 (Windows NT 10.0; Win64; x64) AppleWebKit/537.36 (KHTML, like Gecko) Chrome/58.0.3029.110 Safari/537.3"
204.12.252.98 - - [22/Aug/2025:09:39:02 +0200] "GET /wp-content/edit.php HTTP/1.1" 500 0 "https://www.kjinvest.net/wp-content/edit.php" "Mozilla/5.0 (Windows NT 10.0; Win64; x64) AppleWebKit/537.36 (KHTML, like Gecko) Chrome/58.0.3029.110 Safari/537.3"
20.171.207.15 - - [22/Aug/2025:09:39:17 +0200] "GET /pages.php?everyone%2Fz81%3Fpid=637 HTTP/1.1" 200 472598 "-" "Mozilla/5.0 AppleWebKit/537.36 (KHTML, like Gecko; compatible; GPTBot/1.2; +https://openai.com/gptbot)"
20.171.207.29 - - [22/Aug/2025:09:39:20 +0200] "GET /pages.php?scary%2Fh88%3Fpid=37750 HTTP/1.1" 200 459456 "-" "Mozilla/5.0 AppleWebKit/537.36 (KHTML, like Gecko; compatible; GPTBot/1.2; +https://openai.com/gptbot)"
66.249.74.72 - - [22/Aug/2025:09:39:48 +0200] "GET /highlight100048459.html HTTP/1.1" 200 554913 "-" "Mozilla/5.0 (Linux; Android 6.0.1; Nexus 5X Build/MMB29P) AppleWebKit/537.36 (KHTML, like Gecko) Chrome/138.0.7204.183 Mobile Safari/537.36 (compatible; Googlebot/2.1; +http://www.google.com/bot.html)"
66.249.74.72 - - [22/Aug/2025:09:39:49 +0200] "GET /items/058042784.html?srsltid=AfmBOoavxFigyCKihcWsaBlsOLDcJAlr30dwB1xE364ddRufIucR HTTP/1.1" 200 592407 "-" "Mozilla/5.0 (Linux; Android 6.0.1; Nexus 5X Build/MMB29P) AppleWebKit/537.36 (KHTML, like Gecko) Chrome/138.0.7204.183 Mobile Safari/537.36 (compatible; Googlebot/2.1; +http://www.google.com/bot.html)"
20.171.207.15 - - [22/Aug/2025:09:39:54 +0200] "GET /pages.php?badly%2Fy12%3Fpid=36768 HTTP/1.1" 200 470752 "-" "Mozilla/5.0 AppleWebKit/537.36 (KHTML, like Gecko; compatible; GPTBot/1.2; +https://openai.com/gptbot)"
20.171.207.29 - - [22/Aug/2025:09:39:59 +0200] "GET /pages.php?then%2Fz44%3Fpid=21916 HTTP/1.1" 200 463716 "-" "Mozilla/5.0 AppleWebKit/537.36 (KHTML, like Gecko; compatible; GPTBot/1.2; +https://openai.com/gptbot)"
66.249.74.74 - - [22/Aug/2025:09:40:15 +0200] "GET /fucking099000662.html HTTP/1.1" 200 555639 "-" "Mozilla/5.0 (Linux; Android 6.0.1; Nexus 5X Build/MMB29P) AppleWebKit/537.36 (KHTML, like Gecko) Chrome/138.0.7204.183 Mobile Safari/537.36 (compatible; Googlebot/2.1; +http://www.google.com/bot.html)"
20.171.207.15 - - [22/Aug/2025:09:40:26 +0200] "GET /pages.php?attorney%2Ft48%3Fpid=18 HTTP/1.1" 200 468051 "-" "Mozilla/5.0 AppleWebKit/537.36 (KHTML, like Gecko; compatible; GPTBot/1.2; +https://openai.com/gptbot)"
20.171.207.29 - - [22/Aug/2025:09:40:35 +0200] "GET /pages.php?those%2Fj13%3Fpid=10045 HTTP/1.1" 200 469651 "-" "Mozilla/5.0 AppleWebKit/537.36 (KHTML, like Gecko; compatible; GPTBot/1.2; +https://openai.com/gptbot)"
66.249.74.73 - - [22/Aug/2025:09:40:42 +0200] "GET /anyone119005416.html HTTP/1.1" 200 560789 "-" "Mozilla/5.0 (Linux; Android 6.0.1; Nexus 5X Build/MMB29P) AppleWebKit/537.36 (KHTML, like Gecko) Chrome/138.0.7204.183 Mobile Safari/537.36 (compatible; Googlebot/2.1; +http://www.google.com/bot.html)"
20.171.207.15 - - [22/Aug/2025:09:40:57 +0200] "GET /pages.php?cabin%2Fx156%3Fpid=3880 HTTP/1.1" 200 463731 "-" "Mozilla/5.0 AppleWebKit/537.36 (KHTML, like Gecko; compatible; GPTBot/1.2; +https://openai.com/gptbot)"
20.171.207.29 - - [22/Aug/2025:09:41:04 +0200] "GET /pages.php?rival%2Fe72%3Fpid=584 HTTP/1.1" 200 462616 "-" "Mozilla/5.0 AppleWebKit/537.36 (KHTML, like Gecko; compatible; GPTBot/1.2; +https://openai.com/gptbot)"
20.171.207.15 - - [22/Aug/2025:09:41:26 +0200] "GET /pages.php?somebody%2Ff51%3Fpid=39 HTTP/1.1" 200 465368 "-" "Mozilla/5.0 AppleWebKit/537.36 (KHTML, like Gecko; compatible; GPTBot/1.2; +https://openai.com/gptbot)"
20.171.207.29 - - [22/Aug/2025:09:41:31 +0200] "GET /?_bd_prev_page=https%3A%2F%2Fkjinvest.net%2Fsite.asp%3Fdemocratic%2Fl13%3Fpid%3D203&_bdsid=v5njat.n%7EAVSGA.1747508339875.1798364627 HTTP/1.1" 500 0 "-" "Mozilla/5.0 AppleWebKit/537.36 (KHTML, like Gecko; compatible; GPTBot/1.2; +https://openai.com/gptbot)"
20.171.207.15 - - [22/Aug/2025:09:41:49 +0200] "GET /pages.php?opinion%2Fv158%3Fpid=17328 HTTP/1.1" 200 459554 "-" "Mozilla/5.0 AppleWebKit/537.36 (KHTML, like Gecko; compatible; GPTBot/1.2; +https://openai.com/gptbot)"
20.171.207.29 - - [22/Aug/2025:09:41:56 +0200] "GET /pages.php?galaxy%2Fj52%3Fpid=7536 HTTP/1.1" 200 464965 "-" "Mozilla/5.0 AppleWebKit/537.36 (KHTML, like Gecko; compatible; GPTBot/1.2; +https://openai.com/gptbot)"
20.171.207.15 - - [22/Aug/2025:09:42:11 +0200] "GET /pages.php?q-~17QKpSCwppN0q4xFAULDaPWxDroLGklN45102/ HTTP/1.1" 200 463595 "-" "Mozilla/5.0 AppleWebKit/537.36 (KHTML, like Gecko; compatible; GPTBot/1.2; +https://openai.com/gptbot)"
20.171.207.15 - - [22/Aug/2025:09:42:31 +0200] "GET /pages.php?patrol%2Fs76%3Fpid=118 HTTP/1.1" 200 472178 "-" "Mozilla/5.0 AppleWebKit/537.36 (KHTML, like Gecko; compatible; GPTBot/1.2; +https://openai.com/gptbot)"
20.171.207.15 - - [22/Aug/2025:09:42:49 +0200] "GET /pages.php?Dutch%2Fg69%3Fpid=145 HTTP/1.1" 200 465948 "-" "Mozilla/5.0 AppleWebKit/537.36 (KHTML, like Gecko; compatible; GPTBot/1.2; +https://openai.com/gptbot)"
20.171.207.29 - - [22/Aug/2025:09:43:00 +0200] "GET /pages.php?button%2Fm45%3Fpid=7937 HTTP/1.1" 200 467717 "-" "Mozilla/5.0 AppleWebKit/537.36 (KHTML, like Gecko; compatible; GPTBot/1.2; +https://openai.com/gptbot)"
20.171.207.15 - - [22/Aug/2025:09:43:05 +0200] "GET /pages.php?tear%2Fv41%3Fpid=20967 HTTP/1.1" 200 459144 "-" "Mozilla/5.0 AppleWebKit/537.36 (KHTML, like Gecko; compatible; GPTBot/1.2; +https://openai.com/gptbot)"
20.171.207.15 - - [22/Aug/2025:09:43:19 +0200] "GET /pages.php?educator%2Ff3%3Fpid=891 HTTP/1.1" 200 464137 "-" "Mozilla/5.0 AppleWebKit/537.36 (KHTML, like Gecko; compatible; GPTBot/1.2; +https://openai.com/gptbot)"
20.171.207.15 - - [22/Aug/2025:09:43:32 +0200] "GET / HTTP/1.1" 500 0 "-" "Mozilla/5.0 AppleWebKit/537.36 (KHTML, like Gecko; compatible; GPTBot/1.2; +https://openai.com/gptbot)"
20.171.207.15 - - [22/Aug/2025:09:43:44 +0200] "GET /pages.php?lucky%2Fp94%3Fpid=18306 HTTP/1.1" 200 463114 "-" "Mozilla/5.0 AppleWebKit/537.36 (KHTML, like Gecko; compatible; GPTBot/1.2; +https://openai.com/gptbot)"
20.171.207.29 - - [22/Aug/2025:09:43:53 +0200] "GET /pages.php?yellow%2Fa74%3Fpid=680 HTTP/1.1" 200 460443 "-" "Mozilla/5.0 AppleWebKit/537.36 (KHTML, like Gecko; compatible; GPTBot/1.2; +https://openai.com/gptbot)"
20.171.207.15 - - [22/Aug/2025:09:44:19 +0200] "GET /pages.php?enormous%2Fh41%3Fpid=259 HTTP/1.1" 200 461508 "-" "Mozilla/5.0 AppleWebKit/537.36 (KHTML, like Gecko; compatible; GPTBot/1.2; +https://openai.com/gptbot)"
66.249.74.73 - - [22/Aug/2025:09:44:24 +0200] "GET /prior104023329.html HTTP/1.1" 200 556804 "-" "Mozilla/5.0 (Linux; Android 6.0.1; Nexus 5X Build/MMB29P) AppleWebKit/537.36 (KHTML, like Gecko) Chrome/138.0.7204.183 Mobile Safari/537.36 (compatible; Googlebot/2.1; +http://www.google.com/bot.html)"
20.171.207.29 - - [22/Aug/2025:09:44:47 +0200] "GET /pages.php?soccer%2Fj63%3Fpid=403 HTTP/1.1" 200 468848 "-" "Mozilla/5.0 AppleWebKit/537.36 (KHTML, like Gecko; compatible; GPTBot/1.2; +https://openai.com/gptbot)"
20.171.207.15 - - [22/Aug/2025:09:44:52 +0200] "GET /pages.php?perfect%2Fz69%3Fpid=151 HTTP/1.1" 200 468939 "-" "Mozilla/5.0 AppleWebKit/537.36 (KHTML, like Gecko; compatible; GPTBot/1.2; +https://openai.com/gptbot)"
20.171.207.15 - - [22/Aug/2025:09:45:18 +0200] "GET /pages.php?ring%2Fk11%3Fpid=38775 HTTP/1.1" 200 462270 "-" "Mozilla/5.0 AppleWebKit/537.36 (KHTML, like Gecko; compatible; GPTBot/1.2; +https://openai.com/gptbot)"
20.171.207.29 - - [22/Aug/2025:09:45:31 +0200] "GET /pages.php?skin%2Fm41%3Fpid=411 HTTP/1.1" 200 463224 "-" "Mozilla/5.0 AppleWebKit/537.36 (KHTML, like Gecko; compatible; GPTBot/1.2; +https://openai.com/gptbot)"
20.171.207.15 - - [22/Aug/2025:09:45:46 +0200] "GET /pages.php?product%2Fi91%3Fpid=43 HTTP/1.1" 200 461481 "-" "Mozilla/5.0 AppleWebKit/537.36 (KHTML, like Gecko; compatible; GPTBot/1.2; +https://openai.com/gptbot)"
20.171.207.15 - - [22/Aug/2025:09:46:07 +0200] "GET /pages.php?twin%2Fp155%3Fpid=9801 HTTP/1.1" 200 457370 "-" "Mozilla/5.0 AppleWebKit/537.36 (KHTML, like Gecko; compatible; GPTBot/1.2; +https://openai.com/gptbot)"
20.171.207.29 - - [22/Aug/2025:09:46:11 +0200] "GET /pages.php?input%2Fv45%3Fpid=36901 HTTP/1.1" 200 470495 "-" "Mozilla/5.0 AppleWebKit/537.36 (KHTML, like Gecko; compatible; GPTBot/1.2; +https://openai.com/gptbot)"
66.249.74.73 - - [22/Aug/2025:09:46:24 +0200] "GET /suit240004763.html HTTP/1.1" 200 555450 "-" "Mozilla/5.0 (Linux; Android 6.0.1; Nexus 5X Build/MMB29P) AppleWebKit/537.36 (KHTML, like Gecko) Chrome/138.0.7204.183 Mobile Safari/537.36 (compatible; Googlebot/2.1; +http://www.google.com/bot.html)"
20.171.207.15 - - [22/Aug/2025:09:46:27 +0200] "GET /pages.php?final%2Fs60%3Fpid=18682 HTTP/1.1" 200 465520 "-" "Mozilla/5.0 AppleWebKit/537.36 (KHTML, like Gecko; compatible; GPTBot/1.2; +https://openai.com/gptbot)"
20.171.207.15 - - [22/Aug/2025:09:46:45 +0200] "GET /pages.php?tile%2Fh73%3Fpid=14105 HTTP/1.1" 200 464082 "-" "Mozilla/5.0 AppleWebKit/537.36 (KHTML, like Gecko; compatible; GPTBot/1.2; +https://openai.com/gptbot)"
20.171.207.29 - - [22/Aug/2025:09:46:48 +0200] "GET /pages.php?q-~248KhM7sWX2Szfhv0fwxHHKdsFnacTIsh6799/ HTTP/1.1" 200 465300 "-" "Mozilla/5.0 AppleWebKit/537.36 (KHTML, like Gecko; compatible; GPTBot/1.2; +https://openai.com/gptbot)"
20.171.207.15 - - [22/Aug/2025:09:47:01 +0200] "GET /chat.xhtml?modern%2Ff89%3Fpid=583 HTTP/1.1" 500 0 "-" "Mozilla/5.0 AppleWebKit/537.36 (KHTML, like Gecko; compatible; GPTBot/1.2; +https://openai.com/gptbot)"
