66.249.74.72 - - [22/Aug/2025:04:05:06 +0200] "GET /items/147025977.html?srsltid=AfmBOooqbcTMEuNbDYuVoOWzSNVYBZAVlGTgp38P9Q0Ipbnkk8nT HTTP/1.1" 200 567875 "-" "Mozilla/5.0 (Linux; Android 6.0.1; Nexus 5X Build/MMB29P) AppleWebKit/537.36 (KHTML, like Gecko) Chrome/138.0.7204.183 Mobile Safari/537.36 (compatible; Googlebot/2.1; +http://www.google.com/bot.html)"
66.249.74.76 - - [22/Aug/2025:04:05:14 +0200] "GET /items/143002119.html?srsltid=AfmBOodefCnTORikHpFd1xkVSPaVivYRTWu660PggtEHzGZsHYBD HTTP/1.1" 200 559172 "-" "Mozilla/5.0 (Linux; Android 6.0.1; Nexus 5X Build/MMB29P) AppleWebKit/537.36 (KHTML, like Gecko) Chrome/138.0.7204.183 Mobile Safari/537.36 (compatible; Googlebot/2.1; +http://www.google.com/bot.html)"
66.249.74.73 - - [22/Aug/2025:04:05:16 +0200] "GET /store120003729.html HTTP/1.1" 200 560598 "-" "Mozilla/5.0 (Linux; Android 6.0.1; Nexus 5X Build/MMB29P) AppleWebKit/537.36 (KHTML, like Gecko) Chrome/138.0.7204.183 Mobile Safari/537.36 (compatible; Googlebot/2.1; +http://www.google.com/bot.html)"
66.249.74.72 - - [22/Aug/2025:04:05:18 +0200] "GET /items/050021640.html?srsltid=AfmBOodvdOEsQuRHadTa3M7YSWLjxJdnGqWeqsbPKTT64c73ikQK HTTP/1.1" 200 555154 "-" "Mozilla/5.0 (Linux; Android 6.0.1; Nexus 5X Build/MMB29P) AppleWebKit/537.36 (KHTML, like Gecko) Chrome/138.0.7204.183 Mobile Safari/537.36 (compatible; Googlebot/2.1; +http://www.google.com/bot.html)"
66.249.74.73 - - [22/Aug/2025:04:05:22 +0200] "GET /items/128014942.html?srsltid=AfmBOoychuXrlpQgCwzfMgGnXHrxtRGVgn8x4jgUdUquP8eZ58SS HTTP/1.1" 200 554928 "-" "Mozilla/5.0 (Linux; Android 6.0.1; Nexus 5X Build/MMB29P) AppleWebKit/537.36 (KHTML, like Gecko) Chrome/138.0.7204.183 Mobile Safari/537.36 (compatible; Googlebot/2.1; +http://www.google.com/bot.html)"
66.249.74.72 - - [22/Aug/2025:04:05:23 +0200] "GET /items/275043905.html?srsltid=AfmBOoaamUJVrUoqNwSlIICyPLVXRbefvXq0NuHu6B47szrE5wqP HTTP/1.1" 200 559040 "-" "Mozilla/5.0 (Linux; Android 6.0.1; Nexus 5X Build/MMB29P) AppleWebKit/537.36 (KHTML, like Gecko) Chrome/138.0.7204.183 Mobile Safari/537.36 (compatible; Googlebot/2.1; +http://www.google.com/bot.html)"
20.171.207.15 - - [22/Aug/2025:04:05:26 +0200] "GET /pages.php?extra%2Fg53%3Fpid=491 HTTP/1.1" 200 476248 "-" "Mozilla/5.0 AppleWebKit/537.36 (KHTML, like Gecko; compatible; GPTBot/1.2; +https://openai.com/gptbot)"
66.249.74.73 - - [22/Aug/2025:04:05:32 +0200] "GET /items/275043899.html?srsltid=AfmBOooykfshEbmckQJcNBXdRzGPXjSt5bnSS16vYFQXCXlegkUH HTTP/1.1" 200 557655 "-" "Mozilla/5.0 (Linux; Android 6.0.1; Nexus 5X Build/MMB29P) AppleWebKit/537.36 (KHTML, like Gecko) Chrome/138.0.7204.183 Mobile Safari/537.36 (compatible; Googlebot/2.1; +http://www.google.com/bot.html)"
66.249.74.72 - - [22/Aug/2025:04:05:33 +0200] "GET /items/229015187.html?srsltid=AfmBOojfgKFKHoMfggAPvsegVNIqRggP9tSmbFB0niRHlGrlG0aj HTTP/1.1" 200 557445 "-" "Mozilla/5.0 (Linux; Android 6.0.1; Nexus 5X Build/MMB29P) AppleWebKit/537.36 (KHTML, like Gecko) Chrome/138.0.7204.183 Mobile Safari/537.36 (compatible; Googlebot/2.1; +http://www.google.com/bot.html)"
66.249.74.74 - - [22/Aug/2025:04:05:34 +0200] "GET /commander258040263.html HTTP/1.1" 200 591325 "-" "Mozilla/5.0 (Linux; Android 6.0.1; Nexus 5X Build/MMB29P) AppleWebKit/537.36 (KHTML, like Gecko) Chrome/138.0.7204.183 Mobile Safari/537.36 (compatible; Googlebot/2.1; +http://www.google.com/bot.html)"
66.249.74.76 - - [22/Aug/2025:04:05:35 +0200] "GET /items/092035760.html?srsltid=AfmBOowtjgmXsFeFQvyjeYySVzjbjIcNoUaoYU8P0uX8MSjxs6ss HTTP/1.1" 200 558802 "-" "Mozilla/5.0 (Linux; Android 6.0.1; Nexus 5X Build/MMB29P) AppleWebKit/537.36 (KHTML, like Gecko) Chrome/138.0.7204.183 Mobile Safari/537.36 (compatible; Googlebot/2.1; +http://www.google.com/bot.html)"
20.171.207.29 - - [22/Aug/2025:04:05:38 +0200] "GET /?_bd_prev_page=https%3A%2F%2Fkjinvest.net%2Fsite.asp%3Ften%2Fc87%3Fpid%3D25869&_bdsid=v5njat.n%7EAVSGA.1747508339875.1798364627 HTTP/1.1" 500 0 "-" "Mozilla/5.0 AppleWebKit/537.36 (KHTML, like Gecko; compatible; GPTBot/1.2; +https://openai.com/gptbot)"
66.249.74.73 - - [22/Aug/2025:04:05:39 +0200] "GET /items/062005326.html?srsltid=AfmBOompzokXLzBQFECLnTzOGJFGboReF4S5estaDLeNws76cJyx HTTP/1.1" 200 558048 "-" "Mozilla/5.0 (Linux; Android 6.0.1; Nexus 5X Build/MMB29P) AppleWebKit/537.36 (KHTML, like Gecko) Chrome/138.0.7204.183 Mobile Safari/537.36 (compatible; Googlebot/2.1; +http://www.google.com/bot.html)"
66.249.74.73 - - [22/Aug/2025:04:05:40 +0200] "GET /pages.php?manager/i234?pid=19564 HTTP/1.1" 200 464228 "-" "Mozilla/5.0 (Linux; Android 6.0.1; Nexus 5X Build/MMB29P) AppleWebKit/537.36 (KHTML, like Gecko) Chrome/138.0.7204.183 Mobile Safari/537.36 (compatible; Googlebot/2.1; +http://www.google.com/bot.html)"
66.249.74.75 - - [22/Aug/2025:04:05:41 +0200] "GET /step115022152.html HTTP/1.1" 200 560762 "-" "Mozilla/5.0 (Linux; Android 6.0.1; Nexus 5X Build/MMB29P) AppleWebKit/537.36 (KHTML, like Gecko) Chrome/138.0.7204.183 Mobile Safari/537.36 (compatible; Googlebot/2.1; +http://www.google.com/bot.html)"
66.249.74.77 - - [22/Aug/2025:04:05:41 +0200] "GET /items/047018089.html?srsltid=AfmBOolljEigyzFWesyWCp9TZoYvjkzoDG51Dw7oimwq8H29Jlqk HTTP/1.1" 200 559518 "-" "Mozilla/5.0 (Linux; Android 6.0.1; Nexus 5X Build/MMB29P) AppleWebKit/537.36 (KHTML, like Gecko) Chrome/138.0.7204.183 Mobile Safari/537.36 (compatible; Googlebot/2.1; +http://www.google.com/bot.html)"
66.249.74.77 - - [22/Aug/2025:04:05:46 +0200] "GET /items/026009884.html?srsltid=AfmBOoqbuOyhzesgCeMjowW8OfGPCzGuVqhXoBfzWRenDLH17Eps HTTP/1.1" 200 555084 "-" "Mozilla/5.0 (Linux; Android 6.0.1; Nexus 5X Build/MMB29P) AppleWebKit/537.36 (KHTML, like Gecko) Chrome/138.0.7204.183 Mobile Safari/537.36 (compatible; Googlebot/2.1; +http://www.google.com/bot.html)"
66.249.74.76 - - [22/Aug/2025:04:05:46 +0200] "GET /items/076030354.html?srsltid=AfmBOokwlFIcErpYoMMur0HKXAKONVWWpifbqt06rfeTVZFJRYr6 HTTP/1.1" 200 556944 "-" "Mozilla/5.0 (Linux; Android 6.0.1; Nexus 5X Build/MMB29P) AppleWebKit/537.36 (KHTML, like Gecko) Chrome/138.0.7204.183 Mobile Safari/537.36 (compatible; Googlebot/2.1; +http://www.google.com/bot.html)"
20.171.207.15 - - [22/Aug/2025:04:05:48 +0200] "GET /pages.php?goal%2Fn75%3Fpid=49547 HTTP/1.1" 200 466179 "-" "Mozilla/5.0 AppleWebKit/537.36 (KHTML, like Gecko; compatible; GPTBot/1.2; +https://openai.com/gptbot)"
66.249.74.76 - - [22/Aug/2025:04:05:51 +0200] "GET /items/072003728.html?srsltid=AfmBOooibtiFPiujjoTQ3vFfIWbthhksnyaMilwKL1AbZbG8QcHX HTTP/1.1" 200 564385 "-" "Mozilla/5.0 (Linux; Android 6.0.1; Nexus 5X Build/MMB29P) AppleWebKit/537.36 (KHTML, like Gecko) Chrome/138.0.7204.183 Mobile Safari/537.36 (compatible; Googlebot/2.1; +http://www.google.com/bot.html)"
66.249.74.73 - - [22/Aug/2025:04:05:55 +0200] "GET /items/236032716.html?srsltid=AfmBOovwmKVWSJYRFtvZF3eTTwLMdCJmY2AsBFHyoXDK9MSqy0pL HTTP/1.1" 200 556633 "-" "Mozilla/5.0 (Linux; Android 6.0.1; Nexus 5X Build/MMB29P) AppleWebKit/537.36 (KHTML, like Gecko) Chrome/138.0.7204.183 Mobile Safari/537.36 (compatible; Googlebot/2.1; +http://www.google.com/bot.html)"
66.249.74.74 - - [22/Aug/2025:04:05:56 +0200] "GET /items/041035641.html?srsltid=AfmBOomctCDVuLgNpGvGm2GWKUJWdZbDOoBBs2Et2xLWvFiicvHg HTTP/1.1" 200 559603 "-" "Mozilla/5.0 (Linux; Android 6.0.1; Nexus 5X Build/MMB29P) AppleWebKit/537.36 (KHTML, like Gecko) Chrome/138.0.7204.183 Mobile Safari/537.36 (compatible; Googlebot/2.1; +http://www.google.com/bot.html)"
66.249.74.76 - - [22/Aug/2025:04:05:56 +0200] "GET /contract080034159.html HTTP/1.1" 200 557296 "-" "Mozilla/5.0 (Linux; Android 6.0.1; Nexus 5X Build/MMB29P) AppleWebKit/537.36 (KHTML, like Gecko) Chrome/138.0.7204.183 Mobile Safari/537.36 (compatible; Googlebot/2.1; +http://www.google.com/bot.html)"
66.249.74.74 - - [22/Aug/2025:04:06:00 +0200] "GET /items/054037532.html?srsltid=AfmBOorerzLyoVCrZfoBdgXOYVZDIwbV7JPlAOPDkp1pmWG4fox5 HTTP/1.1" 200 566260 "-" "Mozilla/5.0 (Linux; Android 6.0.1; Nexus 5X Build/MMB29P) AppleWebKit/537.36 (KHTML, like Gecko) Chrome/138.0.7204.183 Mobile Safari/537.36 (compatible; Googlebot/2.1; +http://www.google.com/bot.html)"
66.249.74.77 - - [22/Aug/2025:04:06:04 +0200] "GET /items/293012677.html?srsltid=AfmBOojozPbUtFjMtGaiTNgvOaQcDaYAuRep6kPg4OFvSdtpi8Tn HTTP/1.1" 200 559209 "-" "Mozilla/5.0 (Linux; Android 6.0.1; Nexus 5X Build/MMB29P) AppleWebKit/537.36 (KHTML, like Gecko) Chrome/138.0.7204.183 Mobile Safari/537.36 (compatible; Googlebot/2.1; +http://www.google.com/bot.html)"
66.249.74.72 - - [22/Aug/2025:04:06:08 +0200] "GET /items/043024007.html?srsltid=AfmBOovfqKgimhCVxnTwqOnJKGkNyHEwGQEWYcAfpmd48ftrq4tW HTTP/1.1" 200 557157 "-" "Mozilla/5.0 (Linux; Android 6.0.1; Nexus 5X Build/MMB29P) AppleWebKit/537.36 (KHTML, like Gecko) Chrome/138.0.7204.183 Mobile Safari/537.36 (compatible; Googlebot/2.1; +http://www.google.com/bot.html)"
20.171.207.15 - - [22/Aug/2025:04:06:08 +0200] "GET /pages.php?ruin%2Fz60%3Fpid=44138 HTTP/1.1" 200 467574 "-" "Mozilla/5.0 AppleWebKit/537.36 (KHTML, like Gecko; compatible; GPTBot/1.2; +https://openai.com/gptbot)"
66.249.74.74 - - [22/Aug/2025:04:06:12 +0200] "GET /items/140034662.html?srsltid=AfmBOoeabLkMQiGLlWCApPJcYJOfzNvkafQlP0CMecrpF1jGZV1f HTTP/1.1" 200 562817 "-" "Mozilla/5.0 (Linux; Android 6.0.1; Nexus 5X Build/MMB29P) AppleWebKit/537.36 (KHTML, like Gecko) Chrome/138.0.7204.183 Mobile Safari/537.36 (compatible; Googlebot/2.1; +http://www.google.com/bot.html)"
66.249.74.72 - - [22/Aug/2025:04:06:18 +0200] "GET /items/184014486.html?srsltid=AfmBOobhvnxsjfhnvObzVuDIBfQehKonaKsLX4onyfRtGNgHgFWc HTTP/1.1" 200 581810 "-" "Mozilla/5.0 (Linux; Android 6.0.1; Nexus 5X Build/MMB29P) AppleWebKit/537.36 (KHTML, like Gecko) Chrome/138.0.7204.183 Mobile Safari/537.36 (compatible; Googlebot/2.1; +http://www.google.com/bot.html)"
66.249.74.75 - - [22/Aug/2025:04:06:22 +0200] "GET /items/176028476.html?srsltid=AfmBOorktLuhvCBsSMEs96u9NBElCVuv98nL0tpUCZTDw0Hpq5Yb HTTP/1.1" 200 555719 "-" "Mozilla/5.0 (Linux; Android 6.0.1; Nexus 5X Build/MMB29P) AppleWebKit/537.36 (KHTML, like Gecko) Chrome/138.0.7204.183 Mobile Safari/537.36 (compatible; Googlebot/2.1; +http://www.google.com/bot.html)"
66.249.74.74 - - [22/Aug/2025:04:06:24 +0200] "GET /items/133037993.html?srsltid=AfmBOoojttgizoxTspoRGxd7ZGHPfxgHONsWn2R2JaiSc3Uh4xJv HTTP/1.1" 200 575597 "-" "Mozilla/5.0 (Linux; Android 6.0.1; Nexus 5X Build/MMB29P) AppleWebKit/537.36 (KHTML, like Gecko) Chrome/138.0.7204.183 Mobile Safari/537.36 (compatible; Googlebot/2.1; +http://www.google.com/bot.html)"
20.171.207.15 - - [22/Aug/2025:04:06:25 +0200] "GET /pages.php?equal%2Ff25%3Fpid=485 HTTP/1.1" 200 472394 "-" "Mozilla/5.0 AppleWebKit/537.36 (KHTML, like Gecko; compatible; GPTBot/1.2; +https://openai.com/gptbot)"
66.249.74.73 - - [22/Aug/2025:04:06:28 +0200] "GET /items/162045168.html?srsltid=AfmBOodfnIVkwDMRRIOHJrqnYRUQxxsHuTCp2R0ourWySr366evj HTTP/1.1" 200 556661 "-" "Mozilla/5.0 (Linux; Android 6.0.1; Nexus 5X Build/MMB29P) AppleWebKit/537.36 (KHTML, like Gecko) Chrome/138.0.7204.183 Mobile Safari/537.36 (compatible; Googlebot/2.1; +http://www.google.com/bot.html)"
66.249.74.72 - - [22/Aug/2025:04:06:29 +0200] "GET /conservative066023627.html HTTP/1.1" 200 556223 "-" "Mozilla/5.0 (Linux; Android 6.0.1; Nexus 5X Build/MMB29P) AppleWebKit/537.36 (KHTML, like Gecko) Chrome/138.0.7204.183 Mobile Safari/537.36 (compatible; Googlebot/2.1; +http://www.google.com/bot.html)"
66.249.74.75 - - [22/Aug/2025:04:06:34 +0200] "GET /pages.php?license/x51?pid=6187 HTTP/1.1" 200 471636 "-" "Mozilla/5.0 (Linux; Android 6.0.1; Nexus 5X Build/MMB29P) AppleWebKit/537.36 (KHTML, like Gecko) Chrome/138.0.7204.183 Mobile Safari/537.36 (compatible; Googlebot/2.1; +http://www.google.com/bot.html)"
66.249.74.72 - - [22/Aug/2025:04:06:35 +0200] "GET /items/116005418.html?srsltid=AfmBOoplmtKvgUZiBaiYigj8VLRBIEgI6Ai68tilkyQkENkPVCg3 HTTP/1.1" 200 568128 "-" "Mozilla/5.0 (Linux; Android 6.0.1; Nexus 5X Build/MMB29P) AppleWebKit/537.36 (KHTML, like Gecko) Chrome/138.0.7204.183 Mobile Safari/537.36 (compatible; Googlebot/2.1; +http://www.google.com/bot.html)"
66.249.74.76 - - [22/Aug/2025:04:06:37 +0200] "GET /shit208040759.html HTTP/1.1" 200 557136 "-" "Mozilla/5.0 (Linux; Android 6.0.1; Nexus 5X Build/MMB29P) AppleWebKit/537.36 (KHTML, like Gecko) Chrome/138.0.7204.183 Mobile Safari/537.36 (compatible; Googlebot/2.1; +http://www.google.com/bot.html)"
66.249.74.75 - - [22/Aug/2025:04:06:38 +0200] "GET /items/260004460.html?srsltid=AfmBOozslIimBhGeKigD1RchEVOPRFCmAZVDnvgmpWN6RVzhTGYm HTTP/1.1" 200 559376 "-" "Mozilla/5.0 (Linux; Android 6.0.1; Nexus 5X Build/MMB29P) AppleWebKit/537.36 (KHTML, like Gecko) Chrome/138.0.7204.183 Mobile Safari/537.36 (compatible; Googlebot/2.1; +http://www.google.com/bot.html)"
20.171.207.15 - - [22/Aug/2025:04:06:41 +0200] "GET /pages.php?ugly%2Fo18%3Fpid=24672 HTTP/1.1" 200 464527 "-" "Mozilla/5.0 AppleWebKit/537.36 (KHTML, like Gecko; compatible; GPTBot/1.2; +https://openai.com/gptbot)"
66.249.74.75 - - [22/Aug/2025:04:06:42 +0200] "GET /items/002030528.html?srsltid=AfmBOoxqaSWLOcffEDEIY0CaTpxZZtwtBrrsUL9s3rjFvkHNnWpS HTTP/1.1" 200 561291 "-" "Mozilla/5.0 (Linux; Android 6.0.1; Nexus 5X Build/MMB29P) AppleWebKit/537.36 (KHTML, like Gecko) Chrome/138.0.7204.183 Mobile Safari/537.36 (compatible; Googlebot/2.1; +http://www.google.com/bot.html)"
20.171.207.29 - - [22/Aug/2025:04:06:42 +0200] "GET /?_bd_prev_page=https%3A%2F%2Fkjinvest.net%2Fsite.asp%3Felectricity%2Fl54%3Fpid%3D208&_bdsid=v5njat.n%7EAVSGA.1747508339875.1798364627 HTTP/1.1" 500 0 "-" "Mozilla/5.0 AppleWebKit/537.36 (KHTML, like Gecko; compatible; GPTBot/1.2; +https://openai.com/gptbot)"
66.249.74.77 - - [22/Aug/2025:04:06:46 +0200] "GET /items/216006388.html?srsltid=AfmBOosqbUEhnhocmtLEZeEzIZsHRrhXoNylrxYbnPEIMHalCAEJ HTTP/1.1" 200 558741 "-" "Mozilla/5.0 (Linux; Android 6.0.1; Nexus 5X Build/MMB29P) AppleWebKit/537.36 (KHTML, like Gecko) Chrome/138.0.7204.183 Mobile Safari/537.36 (compatible; Googlebot/2.1; +http://www.google.com/bot.html)"
66.249.74.74 - - [22/Aug/2025:04:06:47 +0200] "GET /pages.php?q-~151xj6UcvDPtr7x64In9Z8FGkSz5QqGjW42642/ HTTP/1.1" 200 467688 "-" "Mozilla/5.0 (Linux; Android 6.0.1; Nexus 5X Build/MMB29P) AppleWebKit/537.36 (KHTML, like Gecko) Chrome/138.0.7204.183 Mobile Safari/537.36 (compatible; Googlebot/2.1; +http://www.google.com/bot.html)"
66.249.74.78 - - [22/Aug/2025:04:06:48 +0200] "GET /items/153033835.html?srsltid=AfmBOorvywsNzBpUDwUdWZCPFPDKIYfIgxMB0N18dGwVBE3Tvjy8 HTTP/1.1" 200 558538 "-" "Mozilla/5.0 (Linux; Android 6.0.1; Nexus 5X Build/MMB29P) AppleWebKit/537.36 (KHTML, like Gecko) Chrome/138.0.7204.183 Mobile Safari/537.36 (compatible; Googlebot/2.1; +http://www.google.com/bot.html)"
66.249.74.77 - - [22/Aug/2025:04:06:50 +0200] "GET /forth255040970.html HTTP/1.1" 200 571059 "-" "Mozilla/5.0 (Linux; Android 6.0.1; Nexus 5X Build/MMB29P) AppleWebKit/537.36 (KHTML, like Gecko) Chrome/138.0.7204.183 Mobile Safari/537.36 (compatible; Googlebot/2.1; +http://www.google.com/bot.html)"
66.249.74.72 - - [22/Aug/2025:04:06:50 +0200] "GET /items/071031623.html?srsltid=AfmBOobzjgsVmmgSSNJz3FA3UIIHllrGBYIpkdtoXXJboOeaxPQO HTTP/1.1" 200 562273 "-" "Mozilla/5.0 (Linux; Android 6.0.1; Nexus 5X Build/MMB29P) AppleWebKit/537.36 (KHTML, like Gecko) Chrome/138.0.7204.183 Mobile Safari/537.36 (compatible; Googlebot/2.1; +http://www.google.com/bot.html)"
66.249.74.72 - - [22/Aug/2025:04:06:54 +0200] "GET /items/189000493.html?srsltid=AfmBOoepimZPpHmvcvwfttxyWWTGaXanFyFHLLe0dQB4gM3wA6Eh HTTP/1.1" 200 560556 "-" "Mozilla/5.0 (Linux; Android 6.0.1; Nexus 5X Build/MMB29P) AppleWebKit/537.36 (KHTML, like Gecko) Chrome/138.0.7204.183 Mobile Safari/537.36 (compatible; Googlebot/2.1; +http://www.google.com/bot.html)"
20.171.207.15 - - [22/Aug/2025:04:06:55 +0200] "GET /pages.php?sunny%2Fu22%3Fpid=17874 HTTP/1.1" 200 463561 "-" "Mozilla/5.0 AppleWebKit/537.36 (KHTML, like Gecko; compatible; GPTBot/1.2; +https://openai.com/gptbot)"
66.249.74.76 - - [22/Aug/2025:04:06:58 +0200] "GET /items/065044925.html?srsltid=AfmBOocfkDtAiSNaoSybWuJqMcrwTMrVmpx2rRvq56EfuX802cd8 HTTP/1.1" 200 560198 "-" "Mozilla/5.0 (Linux; Android 6.0.1; Nexus 5X Build/MMB29P) AppleWebKit/537.36 (KHTML, like Gecko) Chrome/138.0.7204.183 Mobile Safari/537.36 (compatible; Googlebot/2.1; +http://www.google.com/bot.html)"
66.249.74.72 - - [22/Aug/2025:04:07:03 +0200] "GET /items/097041997.html?srsltid=AfmBOoczqDNDKFJsUFpMY5SAYKvhrOvfhU5QQIHoK6b0z7XyDsdC HTTP/1.1" 200 561193 "-" "Mozilla/5.0 (Linux; Android 6.0.1; Nexus 5X Build/MMB29P) AppleWebKit/537.36 (KHTML, like Gecko) Chrome/138.0.7204.183 Mobile Safari/537.36 (compatible; Googlebot/2.1; +http://www.google.com/bot.html)"
66.249.74.73 - - [22/Aug/2025:04:07:06 +0200] "GET /items/244018196.html?srsltid=AfmBOovxnqURBPSpbagr8qUPMOwAjXWeVPtyNWfyAiBgoUDThTw6 HTTP/1.1" 200 558190 "-" "Mozilla/5.0 (Linux; Android 6.0.1; Nexus 5X Build/MMB29P) AppleWebKit/537.36 (KHTML, like Gecko) Chrome/138.0.7204.183 Mobile Safari/537.36 (compatible; Googlebot/2.1; +http://www.google.com/bot.html)"
20.171.207.15 - - [22/Aug/2025:04:07:07 +0200] "GET /pages.php?album%2Fh45%3Fpid=985 HTTP/1.1" 200 474642 "-" "Mozilla/5.0 AppleWebKit/537.36 (KHTML, like Gecko; compatible; GPTBot/1.2; +https://openai.com/gptbot)"
66.249.74.76 - - [22/Aug/2025:04:07:09 +0200] "GET /items/186008446.html?srsltid=AfmBOozijvzcOpnTEbyk2tG3XeVtcWSM5ZJ13NO7aS6dlnvebpGX HTTP/1.1" 200 556036 "-" "Mozilla/5.0 (Linux; Android 6.0.1; Nexus 5X Build/MMB29P) AppleWebKit/537.36 (KHTML, like Gecko) Chrome/138.0.7204.183 Mobile Safari/537.36 (compatible; Googlebot/2.1; +http://www.google.com/bot.html)"
66.249.74.75 - - [22/Aug/2025:04:07:10 +0200] "GET /pages.php?q-~114EvX91of9zK4BEM7HTXhtdoRgGyTf9l17493/ HTTP/1.1" 200 469111 "-" "Mozilla/5.0 (Linux; Android 6.0.1; Nexus 5X Build/MMB29P) AppleWebKit/537.36 (KHTML, like Gecko) Chrome/138.0.7204.183 Mobile Safari/537.36 (compatible; Googlebot/2.1; +http://www.google.com/bot.html)"
66.249.74.73 - - [22/Aug/2025:04:07:11 +0200] "GET /items/097041991.html?srsltid=AfmBOogzmXVDbXVyoyrYSkjiPQISfVfbrBdICTX9KrrmcsDwnY8z HTTP/1.1" 200 556859 "-" "Mozilla/5.0 (Linux; Android 6.0.1; Nexus 5X Build/MMB29P) AppleWebKit/537.36 (KHTML, like Gecko) Chrome/138.0.7204.183 Mobile Safari/537.36 (compatible; Googlebot/2.1; +http://www.google.com/bot.html)"
20.171.207.15 - - [22/Aug/2025:04:07:16 +0200] "GET / HTTP/1.1" 500 0 "-" "Mozilla/5.0 AppleWebKit/537.36 (KHTML, like Gecko; compatible; GPTBot/1.2; +https://openai.com/gptbot)"
66.249.74.74 - - [22/Aug/2025:04:07:20 +0200] "GET /items/244018194.html?srsltid=AfmBOolfeGrlzSGhwjQdpclbJervnmUGfkofj3DlV3Pu6isMUaTa HTTP/1.1" 200 563720 "-" "Mozilla/5.0 (Linux; Android 6.0.1; Nexus 5X Build/MMB29P) AppleWebKit/537.36 (KHTML, like Gecko) Chrome/138.0.7204.183 Mobile Safari/537.36 (compatible; Googlebot/2.1; +http://www.google.com/bot.html)"
66.249.74.73 - - [22/Aug/2025:04:07:21 +0200] "GET /items/020035494.html?srsltid=AfmBOookvGXRVlopfzcM77mBZAMZeNFJI923CQUp2kfUrmXUEmuk HTTP/1.1" 200 558991 "-" "Mozilla/5.0 (Linux; Android 6.0.1; Nexus 5X Build/MMB29P) AppleWebKit/537.36 (KHTML, like Gecko) Chrome/138.0.7204.183 Mobile Safari/537.36 (compatible; Googlebot/2.1; +http://www.google.com/bot.html)"
66.249.74.75 - - [22/Aug/2025:04:07:27 +0200] "GET /items/152022304.html?srsltid=AfmBOoifkKnTkrKnUOpVB9TjZGPkCnmNEx5rVLgzpWR1s4QcH5qW HTTP/1.1" 200 563931 "-" "Mozilla/5.0 (Linux; Android 6.0.1; Nexus 5X Build/MMB29P) AppleWebKit/537.36 (KHTML, like Gecko) Chrome/138.0.7204.183 Mobile Safari/537.36 (compatible; Googlebot/2.1; +http://www.google.com/bot.html)"
20.171.207.15 - - [22/Aug/2025:04:07:28 +0200] "GET /pages.php?waist%2Fn199%3Fpid=1417 HTTP/1.1" 200 465493 "-" "Mozilla/5.0 AppleWebKit/537.36 (KHTML, like Gecko; compatible; GPTBot/1.2; +https://openai.com/gptbot)"
66.249.74.74 - - [22/Aug/2025:04:07:29 +0200] "GET /items/097005887.html?srsltid=AfmBOoefdbkxXowUFDrh603eIYzfByhK4KHZMEcWsivmutJVNryB HTTP/1.1" 200 558978 "-" "Mozilla/5.0 (Linux; Android 6.0.1; Nexus 5X Build/MMB29P) AppleWebKit/537.36 (KHTML, like Gecko) Chrome/138.0.7204.183 Mobile Safari/537.36 (compatible; Googlebot/2.1; +http://www.google.com/bot.html)"
66.249.74.75 - - [22/Aug/2025:04:07:30 +0200] "GET /items/078000792.html?srsltid=AfmBOongxeCmBtLFplWWYJnQZXyPuhlZV0IqEHfRO6Q0URRnY3nV HTTP/1.1" 200 569970 "-" "Mozilla/5.0 (Linux; Android 6.0.1; Nexus 5X Build/MMB29P) AppleWebKit/537.36 (KHTML, like Gecko) Chrome/138.0.7204.183 Mobile Safari/537.36 (compatible; Googlebot/2.1; +http://www.google.com/bot.html)"
66.249.74.76 - - [22/Aug/2025:04:07:35 +0200] "GET /items/235008787.html?srsltid=AfmBOoqxzwjMcWOucrIQ9lbEFCSdoCUqpTxACvz6oAXRDZFQzDX7 HTTP/1.1" 200 558256 "-" "Mozilla/5.0 (Linux; Android 6.0.1; Nexus 5X Build/MMB29P) AppleWebKit/537.36 (KHTML, like Gecko) Chrome/138.0.7204.183 Mobile Safari/537.36 (compatible; Googlebot/2.1; +http://www.google.com/bot.html)"
66.249.74.76 - - [22/Aug/2025:04:07:37 +0200] "GET /pages.php?investment/o50?pid=6212 HTTP/1.1" 200 464051 "-" "Mozilla/5.0 (Linux; Android 6.0.1; Nexus 5X Build/MMB29P) AppleWebKit/537.36 (KHTML, like Gecko) Chrome/138.0.7204.183 Mobile Safari/537.36 (compatible; Googlebot/2.1; +http://www.google.com/bot.html)"
66.249.74.73 - - [22/Aug/2025:04:07:39 +0200] "GET /items/298040928.html?srsltid=AfmBOovbqvoPvYSRRAXRbbfHZpiwXXGvK83W7i0BcS0jshARKL4o HTTP/1.1" 200 557601 "-" "Mozilla/5.0 (Linux; Android 6.0.1; Nexus 5X Build/MMB29P) AppleWebKit/537.36 (KHTML, like Gecko) Chrome/138.0.7204.183 Mobile Safari/537.36 (compatible; Googlebot/2.1; +http://www.google.com/bot.html)"
66.249.74.73 - - [22/Aug/2025:04:07:40 +0200] "GET /items/174014540.html?srsltid=AfmBOojetJnGdvaQCTUQjAZFEogNznWM9HaTWTpfES1carNVA0nD HTTP/1.1" 200 559681 "-" "Mozilla/5.0 (Linux; Android 6.0.1; Nexus 5X Build/MMB29P) AppleWebKit/537.36 (KHTML, like Gecko) Chrome/138.0.7204.183 Mobile Safari/537.36 (compatible; Googlebot/2.1; +http://www.google.com/bot.html)"
66.249.74.73 - - [22/Aug/2025:04:07:44 +0200] "GET /items/049049593.html?srsltid=AfmBOoluieHNiQCVbFdoiBdMZjLpIciSdog8F33im6WEOqcJuVbP HTTP/1.1" 200 554234 "-" "Mozilla/5.0 (Linux; Android 6.0.1; Nexus 5X Build/MMB29P) AppleWebKit/537.36 (KHTML, like Gecko) Chrome/138.0.7204.183 Mobile Safari/537.36 (compatible; Googlebot/2.1; +http://www.google.com/bot.html)"
20.171.207.29 - - [22/Aug/2025:04:07:44 +0200] "GET /pages.php?crawl%2Fd34%3Fpid=27068 HTTP/1.1" 200 469273 "-" "Mozilla/5.0 AppleWebKit/537.36 (KHTML, like Gecko; compatible; GPTBot/1.2; +https://openai.com/gptbot)"
66.249.74.73 - - [22/Aug/2025:04:07:48 +0200] "GET /items/049049599.html?srsltid=AfmBOoorjMLKgfFhAUengGxxIpnkCqQAcjfZePmlYiRCLXxdrBQa HTTP/1.1" 200 567656 "-" "Mozilla/5.0 (Linux; Android 6.0.1; Nexus 5X Build/MMB29P) AppleWebKit/537.36 (KHTML, like Gecko) Chrome/138.0.7204.183 Mobile Safari/537.36 (compatible; Googlebot/2.1; +http://www.google.com/bot.html)"
66.249.74.64 - - [22/Aug/2025:04:07:55 +0200] "GET /items/181036529.html?srsltid=AfmBOogzwxExjziERFqDWnlfXNYVULOjC1KHs5Qx67kCufSk9YYV HTTP/1.1" 200 563457 "-" "Mozilla/5.0 (Linux; Android 6.0.1; Nexus 5X Build/MMB29P) AppleWebKit/537.36 (KHTML, like Gecko) Chrome/138.0.7204.183 Mobile Safari/537.36 (compatible; Googlebot/2.1; +http://www.google.com/bot.html)"
20.171.207.15 - - [22/Aug/2025:04:07:58 +0200] "GET /pages.php?sixth%2Fd60%3Fpid=19172 HTTP/1.1" 200 462798 "-" "Mozilla/5.0 AppleWebKit/537.36 (KHTML, like Gecko; compatible; GPTBot/1.2; +https://openai.com/gptbot)"
66.249.74.78 - - [22/Aug/2025:04:07:59 +0200] "GET /items/080023642.html?srsltid=AfmBOotobIcEbMOllMDx4IyONJFOPPFk9iinfN9BtZ9P37vzashr HTTP/1.1" 200 568630 "-" "Mozilla/5.0 (Linux; Android 6.0.1; Nexus 5X Build/MMB29P) AppleWebKit/537.36 (KHTML, like Gecko) Chrome/138.0.7204.183 Mobile Safari/537.36 (compatible; Googlebot/2.1; +http://www.google.com/bot.html)"
66.249.74.78 - - [22/Aug/2025:04:08:03 +0200] "GET /items/039002077.html?srsltid=AfmBOowfqpsbUNXQNOEOqAfvQKTRgTkptbjJkep2OU4nfxNB1Tnm HTTP/1.1" 200 558490 "-" "Mozilla/5.0 (Linux; Android 6.0.1; Nexus 5X Build/MMB29P) AppleWebKit/537.36 (KHTML, like Gecko) Chrome/138.0.7204.183 Mobile Safari/537.36 (compatible; Googlebot/2.1; +http://www.google.com/bot.html)"
66.249.74.74 - - [22/Aug/2025:04:08:11 +0200] "GET /items/095016525.html?srsltid=AfmBOoaedJgMNcgwizkwopyBQYRWfJbZXiHLPi0vNIFi6cpI1Ed6 HTTP/1.1" 200 563939 "-" "Mozilla/5.0 (Linux; Android 6.0.1; Nexus 5X Build/MMB29P) AppleWebKit/537.36 (KHTML, like Gecko) Chrome/138.0.7204.183 Mobile Safari/537.36 (compatible; Googlebot/2.1; +http://www.google.com/bot.html)"
66.249.74.76 - - [22/Aug/2025:04:08:12 +0200] "GET /conclusion143047038.html HTTP/1.1" 200 554292 "-" "Mozilla/5.0 (Linux; Android 6.0.1; Nexus 5X Build/MMB29P) AppleWebKit/537.36 (KHTML, like Gecko) Chrome/138.0.7204.183 Mobile Safari/537.36 (compatible; Googlebot/2.1; +http://www.google.com/bot.html)"
66.249.74.76 - - [22/Aug/2025:04:08:12 +0200] "GET /items/164009076.html?srsltid=AfmBOoflpcLEqrLaLOHhFVD8QdLoRoyXNrhGEFpmR1IE17DdgmR9 HTTP/1.1" 200 555098 "-" "Mozilla/5.0 (Linux; Android 6.0.1; Nexus 5X Build/MMB29P) AppleWebKit/537.36 (KHTML, like Gecko) Chrome/138.0.7204.183 Mobile Safari/537.36 (compatible; Googlebot/2.1; +http://www.google.com/bot.html)"
66.249.74.73 - - [22/Aug/2025:04:08:13 +0200] "GET /items/097001129.html?srsltid=AfmBOoskmEPMZRXciNWhQSSwPGmedTKxwUspnTyfpCzrAsCEUtb8 HTTP/1.1" 200 559042 "-" "Mozilla/5.0 (Linux; Android 6.0.1; Nexus 5X Build/MMB29P) AppleWebKit/537.36 (KHTML, like Gecko) Chrome/138.0.7204.183 Mobile Safari/537.36 (compatible; Googlebot/2.1; +http://www.google.com/bot.html)"
66.249.74.76 - - [22/Aug/2025:04:08:14 +0200] "GET /items/139048665.html?srsltid=AfmBOonngQGHfqlkYUWcfGRwZmgMBRklI59FlYHXgvk3xPgrzM4c HTTP/1.1" 200 555599 "-" "Mozilla/5.0 (Linux; Android 6.0.1; Nexus 5X Build/MMB29P) AppleWebKit/537.36 (KHTML, like Gecko) Chrome/138.0.7204.183 Mobile Safari/537.36 (compatible; Googlebot/2.1; +http://www.google.com/bot.html)"
66.249.74.72 - - [22/Aug/2025:04:08:15 +0200] "GET /Catholic250009783.html HTTP/1.1" 200 555920 "-" "Mozilla/5.0 (Linux; Android 6.0.1; Nexus 5X Build/MMB29P) AppleWebKit/537.36 (KHTML, like Gecko) Chrome/138.0.7204.183 Mobile Safari/537.36 (compatible; Googlebot/2.1; +http://www.google.com/bot.html)"
66.249.74.72 - - [22/Aug/2025:04:08:19 +0200] "GET /items/125019553.html?srsltid=AfmBOorzvuKdzXRvBMNOUdJkFxDGCoPvq0lh0eTTcns1FjaxNRBT HTTP/1.1" 200 561449 "-" "Mozilla/5.0 (Linux; Android 6.0.1; Nexus 5X Build/MMB29P) AppleWebKit/537.36 (KHTML, like Gecko) Chrome/138.0.7204.183 Mobile Safari/537.36 (compatible; Googlebot/2.1; +http://www.google.com/bot.html)"
66.249.74.75 - - [22/Aug/2025:04:08:19 +0200] "GET /baby224041511.html HTTP/1.1" 200 555453 "-" "Mozilla/5.0 (Linux; Android 6.0.1; Nexus 5X Build/MMB29P) AppleWebKit/537.36 (KHTML, like Gecko) Chrome/138.0.7204.183 Mobile Safari/537.36 (compatible; Googlebot/2.1; +http://www.google.com/bot.html)"
66.249.74.72 - - [22/Aug/2025:04:08:23 +0200] "GET /items/274006480.html?srsltid=AfmBOorklsbdUsXuaLWEfdmAYeCQcDlsNdCO3nSB3cuIsdJ1ayux HTTP/1.1" 200 555280 "-" "Mozilla/5.0 (Linux; Android 6.0.1; Nexus 5X Build/MMB29P) AppleWebKit/537.36 (KHTML, like Gecko) Chrome/138.0.7204.183 Mobile Safari/537.36 (compatible; Googlebot/2.1; +http://www.google.com/bot.html)"
20.171.207.15 - - [22/Aug/2025:04:08:24 +0200] "GET /pages.php?trace%2Fp45%3Fpid=987 HTTP/1.1" 200 463916 "-" "Mozilla/5.0 AppleWebKit/537.36 (KHTML, like Gecko; compatible; GPTBot/1.2; +https://openai.com/gptbot)"
66.249.74.72 - - [22/Aug/2025:04:08:27 +0200] "GET /items/274006488.html?srsltid=AfmBOopyyjXfQvHfJpCXdRVgZnlyShOuFwPqjZuT56PifPV07rrt HTTP/1.1" 200 554871 "-" "Mozilla/5.0 (Linux; Android 6.0.1; Nexus 5X Build/MMB29P) AppleWebKit/537.36 (KHTML, like Gecko) Chrome/138.0.7204.183 Mobile Safari/537.36 (compatible; Googlebot/2.1; +http://www.google.com/bot.html)"
66.249.74.72 - - [22/Aug/2025:04:08:30 +0200] "GET /items/274006484.html?srsltid=AfmBOoitokAJKpuEcjGEMPndPAdGwNybCO2iCw1M5qpE9D1SA12H HTTP/1.1" 200 555321 "-" "Mozilla/5.0 (Linux; Android 6.0.1; Nexus 5X Build/MMB29P) AppleWebKit/537.36 (KHTML, like Gecko) Chrome/138.0.7204.183 Mobile Safari/537.36 (compatible; Googlebot/2.1; +http://www.google.com/bot.html)"
66.249.74.77 - - [22/Aug/2025:04:08:31 +0200] "GET /items/080027392.html?srsltid=AfmBOoesnLlYtrPMFRQxjRo5XBKxJdrFMYUrrlIDHlERbLE0sG4Z HTTP/1.1" 200 555696 "-" "Mozilla/5.0 (Linux; Android 6.0.1; Nexus 5X Build/MMB29P) AppleWebKit/537.36 (KHTML, like Gecko) Chrome/138.0.7204.183 Mobile Safari/537.36 (compatible; Googlebot/2.1; +http://www.google.com/bot.html)"
66.249.74.75 - - [22/Aug/2025:04:08:34 +0200] "GET /items/160023532.html?srsltid=AfmBOozboRfmalaqSvXMwM6GKDcDEBRd6PbHFrQumORXdRtzPAZ4 HTTP/1.1" 200 557851 "-" "Mozilla/5.0 (Linux; Android 6.0.1; Nexus 5X Build/MMB29P) AppleWebKit/537.36 (KHTML, like Gecko) Chrome/138.0.7204.183 Mobile Safari/537.36 (compatible; Googlebot/2.1; +http://www.google.com/bot.html)"
66.249.74.73 - - [22/Aug/2025:04:08:38 +0200] "GET /items/064041826.html?srsltid=AfmBOojnrgBPflsUHsnTvLkVHFUqyaqEbtHmo0DmFM5Olr8jRzbj HTTP/1.1" 200 555274 "-" "Mozilla/5.0 (Linux; Android 6.0.1; Nexus 5X Build/MMB29P) AppleWebKit/537.36 (KHTML, like Gecko) Chrome/138.0.7204.183 Mobile Safari/537.36 (compatible; Googlebot/2.1; +http://www.google.com/bot.html)"
66.249.74.73 - - [22/Aug/2025:04:08:41 +0200] "GET /items/043022851.html?srsltid=AfmBOoxduPOFiAgCaFanyF3wAiIASOoOhOMXMjswW2A76qs9csDV HTTP/1.1" 200 556495 "-" "Mozilla/5.0 (Linux; Android 6.0.1; Nexus 5X Build/MMB29P) AppleWebKit/537.36 (KHTML, like Gecko) Chrome/138.0.7204.183 Mobile Safari/537.36 (compatible; Googlebot/2.1; +http://www.google.com/bot.html)"
66.249.74.76 - - [22/Aug/2025:04:08:44 +0200] "GET /items/163005063.html?srsltid=AfmBOojqvDMWMuetJSTyu5K4EQzUTwlexUgbG26mlrkHozxcYekf HTTP/1.1" 200 561816 "-" "Mozilla/5.0 (Linux; Android 6.0.1; Nexus 5X Build/MMB29P) AppleWebKit/537.36 (KHTML, like Gecko) Chrome/138.0.7204.183 Mobile Safari/537.36 (compatible; Googlebot/2.1; +http://www.google.com/bot.html)"
20.171.207.29 - - [22/Aug/2025:04:08:47 +0200] "GET /pages.php?move%2Fy136%3Fpid=4974 HTTP/1.1" 200 471958 "-" "Mozilla/5.0 AppleWebKit/537.36 (KHTML, like Gecko; compatible; GPTBot/1.2; +https://openai.com/gptbot)"
66.249.74.75 - - [22/Aug/2025:04:08:48 +0200] "GET /items/070010142.html?srsltid=AfmBOotkkOqtfuhKCBebC6g5SiGHrWJtRUv2qiuLN6WasFEmjDbw HTTP/1.1" 200 562519 "-" "Mozilla/5.0 (Linux; Android 6.0.1; Nexus 5X Build/MMB29P) AppleWebKit/537.36 (KHTML, like Gecko) Chrome/138.0.7204.183 Mobile Safari/537.36 (compatible; Googlebot/2.1; +http://www.google.com/bot.html)"
20.171.207.15 - - [22/Aug/2025:04:08:49 +0200] "GET /pages.php?gear%2Ft101%3Fpid=4519 HTTP/1.1" 200 463675 "-" "Mozilla/5.0 AppleWebKit/537.36 (KHTML, like Gecko; compatible; GPTBot/1.2; +https://openai.com/gptbot)"
52.167.144.20 - - [22/Aug/2025:04:08:50 +0200] "GET /geccu/assets/img/ion_ncua_w_60.png HTTP/1.1" 200 44714 "-" "Mozilla/5.0 AppleWebKit/537.36 (KHTML, like Gecko; compatible; bingbot/2.0; +http://www.bing.com/bingbot.htm) Chrome/116.0.1938.76 Safari/537.36"
66.249.74.73 - - [22/Aug/2025:04:08:51 +0200] "GET /items/074025444.html?srsltid=AfmBOoylnHWQZPlgELmLRy77LPGxgEsTG1EyxdQ4lqGPnENP7pYk HTTP/1.1" 200 555269 "-" "Mozilla/5.0 (Linux; Android 6.0.1; Nexus 5X Build/MMB29P) AppleWebKit/537.36 (KHTML, like Gecko) Chrome/138.0.7204.183 Mobile Safari/537.36 (compatible; Googlebot/2.1; +http://www.google.com/bot.html)"
66.249.74.65 - - [22/Aug/2025:04:08:58 +0200] "GET /items/157040051.html?srsltid=AfmBOohycAFMeYUrVifoZ80eSUrHAEhiWjJoC6xBiujITtSZZK1r HTTP/1.1" 200 557132 "-" "Mozilla/5.0 (Linux; Android 6.0.1; Nexus 5X Build/MMB29P) AppleWebKit/537.36 (KHTML, like Gecko) Chrome/138.0.7204.183 Mobile Safari/537.36 (compatible; Googlebot/2.1; +http://www.google.com/bot.html)"
66.249.74.76 - - [22/Aug/2025:04:08:59 +0200] "GET /considerably167019296.html HTTP/1.1" 200 556134 "-" "Mozilla/5.0 (Linux; Android 6.0.1; Nexus 5X Build/MMB29P) AppleWebKit/537.36 (KHTML, like Gecko) Chrome/138.0.7204.183 Mobile Safari/537.36 (compatible; Googlebot/2.1; +http://www.google.com/bot.html)"
66.249.74.74 - - [22/Aug/2025:04:09:03 +0200] "GET /items/102025610.html?srsltid=AfmBOovacthllqjIGJMEb6cmHUkXfRZM8cNH84B8BSic6dqAMGm8 HTTP/1.1" 200 558804 "-" "Mozilla/5.0 (Linux; Android 6.0.1; Nexus 5X Build/MMB29P) AppleWebKit/537.36 (KHTML, like Gecko) Chrome/138.0.7204.183 Mobile Safari/537.36 (compatible; Googlebot/2.1; +http://www.google.com/bot.html)"
66.249.74.78 - - [22/Aug/2025:04:09:07 +0200] "GET /items/102025624.html?srsltid=AfmBOodnsAeCQeQSUSTrUsRjEPWPlZlJS4HYfokhPvIVZNUV9UQv HTTP/1.1" 200 561046 "-" "Mozilla/5.0 (Linux; Android 6.0.1; Nexus 5X Build/MMB29P) AppleWebKit/537.36 (KHTML, like Gecko) Chrome/138.0.7204.183 Mobile Safari/537.36 (compatible; Googlebot/2.1; +http://www.google.com/bot.html)"
66.249.74.76 - - [22/Aug/2025:04:09:08 +0200] "GET /items/233044361.html?srsltid=AfmBOokiwIjLmzNQtTnWONTECjpBywIUk72GPmrdd6heXPcBGoZX HTTP/1.1" 200 556528 "-" "Mozilla/5.0 (Linux; Android 6.0.1; Nexus 5X Build/MMB29P) AppleWebKit/537.36 (KHTML, like Gecko) Chrome/138.0.7204.183 Mobile Safari/537.36 (compatible; Googlebot/2.1; +http://www.google.com/bot.html)"
66.249.74.73 - - [22/Aug/2025:04:09:09 +0200] "GET /hip287010182.html HTTP/1.1" 200 556558 "-" "Mozilla/5.0 (Linux; Android 6.0.1; Nexus 5X Build/MMB29P) AppleWebKit/537.36 (KHTML, like Gecko) Chrome/138.0.7204.183 Mobile Safari/537.36 (compatible; Googlebot/2.1; +http://www.google.com/bot.html)"
66.249.74.72 - - [22/Aug/2025:04:09:10 +0200] "GET /items/034031278.html?srsltid=AfmBOonbqFQmtAglnoZB4BfbVrWgpXzulk8iSp7rQt2VfmMIyNCc HTTP/1.1" 200 559466 "-" "Mozilla/5.0 (Linux; Android 6.0.1; Nexus 5X Build/MMB29P) AppleWebKit/537.36 (KHTML, like Gecko) Chrome/138.0.7204.183 Mobile Safari/537.36 (compatible; Googlebot/2.1; +http://www.google.com/bot.html)"
20.171.207.15 - - [22/Aug/2025:04:09:10 +0200] "GET /pages.php?wage%2Fb284%3Fpid=1780 HTTP/1.1" 200 466074 "-" "Mozilla/5.0 AppleWebKit/537.36 (KHTML, like Gecko; compatible; GPTBot/1.2; +https://openai.com/gptbot)"
66.249.74.72 - - [22/Aug/2025:04:09:13 +0200] "GET /items/072001082.html?srsltid=AfmBOongfXqPhnBCmrJyCcNmLinqxKIEJeQrk2fjt8PiOty6wPJE HTTP/1.1" 200 556373 "-" "Mozilla/5.0 (Linux; Android 6.0.1; Nexus 5X Build/MMB29P) AppleWebKit/537.36 (KHTML, like Gecko) Chrome/138.0.7204.183 Mobile Safari/537.36 (compatible; Googlebot/2.1; +http://www.google.com/bot.html)"
66.249.74.72 - - [22/Aug/2025:04:09:21 +0200] "GET /items/074030128.html?srsltid=AfmBOoyhgSymBjbEcijmdtLoDZRSCmWR0HA7pek0YDbexGrbvAUW HTTP/1.1" 200 557687 "-" "Mozilla/5.0 (Linux; Android 6.0.1; Nexus 5X Build/MMB29P) AppleWebKit/537.36 (KHTML, like Gecko) Chrome/138.0.7204.183 Mobile Safari/537.36 (compatible; Googlebot/2.1; +http://www.google.com/bot.html)"
66.249.74.73 - - [22/Aug/2025:04:09:23 +0200] "GET /items/255002049.html?srsltid=AfmBOoenmnBSqzpfHPED5C7dLcwBXENAfFM1yFU8O5c8xscJUcVf HTTP/1.1" 200 555915 "-" "Mozilla/5.0 (Linux; Android 6.0.1; Nexus 5X Build/MMB29P) AppleWebKit/537.36 (KHTML, like Gecko) Chrome/138.0.7204.183 Mobile Safari/537.36 (compatible; Googlebot/2.1; +http://www.google.com/bot.html)"
66.249.74.73 - - [22/Aug/2025:04:09:26 +0200] "GET /items/100048458.html?srsltid=AfmBOoavwRTMAWzUlLUWwk7ZQRtXAaNA0nxJy60LnUoeO30l3PBk HTTP/1.1" 200 555069 "-" "Mozilla/5.0 (Linux; Android 6.0.1; Nexus 5X Build/MMB29P) AppleWebKit/537.36 (KHTML, like Gecko) Chrome/138.0.7204.183 Mobile Safari/537.36 (compatible; Googlebot/2.1; +http://www.google.com/bot.html)"
66.249.74.72 - - [22/Aug/2025:04:09:30 +0200] "GET /items/006028622.html?srsltid=AfmBOoqohgHFFWYEQHoBQS5tSmwszEJgcJigoVqFcotiWDqzHk6p HTTP/1.1" 200 557692 "-" "Mozilla/5.0 (Linux; Android 6.0.1; Nexus 5X Build/MMB29P) AppleWebKit/537.36 (KHTML, like Gecko) Chrome/138.0.7204.183 Mobile Safari/537.36 (compatible; Googlebot/2.1; +http://www.google.com/bot.html)"
20.171.207.15 - - [22/Aug/2025:04:09:31 +0200] "GET /pages.php?roughly%2Fr91%3Fpid=673 HTTP/1.1" 200 462481 "-" "Mozilla/5.0 AppleWebKit/537.36 (KHTML, like Gecko; compatible; GPTBot/1.2; +https://openai.com/gptbot)"
66.249.74.74 - - [22/Aug/2025:04:09:36 +0200] "GET /items/017024635.html?srsltid=AfmBOofosgpIdvUDJDeYrGmAABAaNUNnG6XZiChwyojW8A4TIQoZ HTTP/1.1" 200 570345 "-" "Mozilla/5.0 (Linux; Android 6.0.1; Nexus 5X Build/MMB29P) AppleWebKit/537.36 (KHTML, like Gecko) Chrome/138.0.7204.183 Mobile Safari/537.36 (compatible; Googlebot/2.1; +http://www.google.com/bot.html)"
66.249.74.75 - - [22/Aug/2025:04:09:40 +0200] "GET /items/043026509.html?srsltid=AfmBOownwfNfBdEGggOGHECmHHFCYEEwrAJGqOlGOKlMQTWo98fU HTTP/1.1" 200 557842 "-" "Mozilla/5.0 (Linux; Android 6.0.1; Nexus 5X Build/MMB29P) AppleWebKit/537.36 (KHTML, like Gecko) Chrome/138.0.7204.183 Mobile Safari/537.36 (compatible; Googlebot/2.1; +http://www.google.com/bot.html)"
20.171.207.29 - - [22/Aug/2025:04:09:43 +0200] "GET /?_bd_prev_page=https%3A%2F%2Fkjinvest.net%2Fsite.asp%3Fterm%2Fq16%3Fpid%3D48612&_bdsid=v5njat.n%7EAVSGA.1747508339875.1798364627 HTTP/1.1" 500 0 "-" "Mozilla/5.0 AppleWebKit/537.36 (KHTML, like Gecko; compatible; GPTBot/1.2; +https://openai.com/gptbot)"
77.75.78.169 - - [22/Aug/2025:04:09:43 +0200] "GET /island063041468.html HTTP/1.1" 500 0 "-" "Mozilla/5.0 (compatible; SeznamBot/4.0; +https://o-seznam.cz/napoveda/vyhledavani/en/seznambot-crawler/)"
66.249.74.75 - - [22/Aug/2025:04:09:43 +0200] "GET /items/006012960.html?srsltid=AfmBOojuztTUfcwBmgfJocJkQWEVRdSWD1fK3TphkfxXRC0uBQlh HTTP/1.1" 200 560709 "-" "Mozilla/5.0 (Linux; Android 6.0.1; Nexus 5X Build/MMB29P) AppleWebKit/537.36 (KHTML, like Gecko) Chrome/138.0.7204.183 Mobile Safari/537.36 (compatible; Googlebot/2.1; +http://www.google.com/bot.html)"
66.249.74.77 - - [22/Aug/2025:04:09:47 +0200] "GET /items/251041403.html?srsltid=AfmBOoocdlhlqttFpplssHDzWzBBfccWnaqQhOjroNB6RdYBrNQd HTTP/1.1" 200 555969 "-" "Mozilla/5.0 (Linux; Android 6.0.1; Nexus 5X Build/MMB29P) AppleWebKit/537.36 (KHTML, like Gecko) Chrome/138.0.7204.183 Mobile Safari/537.36 (compatible; Googlebot/2.1; +http://www.google.com/bot.html)"
20.171.207.15 - - [22/Aug/2025:04:09:49 +0200] "GET /pages.php?somehow%2Fr91%3Fpid=667 HTTP/1.1" 200 468686 "-" "Mozilla/5.0 AppleWebKit/537.36 (KHTML, like Gecko; compatible; GPTBot/1.2; +https://openai.com/gptbot)"
66.249.74.76 - - [22/Aug/2025:04:09:50 +0200] "GET /items/062037642.html?srsltid=AfmBOocnfYGvaoaitTBRqIO2UuCuxqbD4CbNAkpwR40AxOqzhuzr HTTP/1.1" 200 555922 "-" "Mozilla/5.0 (Linux; Android 6.0.1; Nexus 5X Build/MMB29P) AppleWebKit/537.36 (KHTML, like Gecko) Chrome/138.0.7204.183 Mobile Safari/537.36 (compatible; Googlebot/2.1; +http://www.google.com/bot.html)"
66.249.74.76 - - [22/Aug/2025:04:09:54 +0200] "GET /items/022022558.html?srsltid=AfmBOokanjijifdASrTK95uVGZfXBIpjY9baJReM8yJkveK5lszk HTTP/1.1" 200 592491 "-" "Mozilla/5.0 (Linux; Android 6.0.1; Nexus 5X Build/MMB29P) AppleWebKit/537.36 (KHTML, like Gecko) Chrome/138.0.7204.183 Mobile Safari/537.36 (compatible; Googlebot/2.1; +http://www.google.com/bot.html)"
66.249.74.76 - - [22/Aug/2025:04:09:55 +0200] "GET /items/042001770.html?srsltid=AfmBOodjtAhWmzsytujnT0LNYdvfsnwPw3MgcDqpcysIkPc6pXmF HTTP/1.1" 200 559839 "-" "Mozilla/5.0 (Linux; Android 6.0.1; Nexus 5X Build/MMB29P) AppleWebKit/537.36 (KHTML, like Gecko) Chrome/138.0.7204.183 Mobile Safari/537.36 (compatible; Googlebot/2.1; +http://www.google.com/bot.html)"
66.249.74.73 - - [22/Aug/2025:04:09:58 +0200] "GET /items/087001383.html?srsltid=AfmBOoxhjuVRPSHfwCfBW5tYYmuzHMqHRBvNfv3znji9vEJgvz1N HTTP/1.1" 200 559136 "-" "Mozilla/5.0 (Linux; Android 6.0.1; Nexus 5X Build/MMB29P) AppleWebKit/537.36 (KHTML, like Gecko) Chrome/138.0.7204.183 Mobile Safari/537.36 (compatible; Googlebot/2.1; +http://www.google.com/bot.html)"
66.249.74.72 - - [22/Aug/2025:04:10:00 +0200] "GET /for245022590.html HTTP/1.1" 200 556279 "-" "Mozilla/5.0 (Linux; Android 6.0.1; Nexus 5X Build/MMB29P) AppleWebKit/537.36 (KHTML, like Gecko) Chrome/138.0.7204.183 Mobile Safari/537.36 (compatible; Googlebot/2.1; +http://www.google.com/bot.html)"
66.249.74.72 - - [22/Aug/2025:04:10:02 +0200] "GET /items/147041423.html?srsltid=AfmBOowekKZqMIshIUdNVn6hUTDJODqA9aeANIc9vroxN0JctX0g HTTP/1.1" 200 555910 "-" "Mozilla/5.0 (Linux; Android 6.0.1; Nexus 5X Build/MMB29P) AppleWebKit/537.36 (KHTML, like Gecko) Chrome/138.0.7204.183 Mobile Safari/537.36 (compatible; Googlebot/2.1; +http://www.google.com/bot.html)"
20.171.207.15 - - [22/Aug/2025:04:10:04 +0200] "GET /pages.php?drink%2Ff91%3Fpid=759 HTTP/1.1" 200 457763 "-" "Mozilla/5.0 AppleWebKit/537.36 (KHTML, like Gecko; compatible; GPTBot/1.2; +https://openai.com/gptbot)"
66.249.74.72 - - [22/Aug/2025:04:10:05 +0200] "GET /items/038002538.html?srsltid=AfmBOoqtpxomLCfkmqVrK8kPSFPWEoTO9dczGFPGTLFtat5aGmbN HTTP/1.1" 200 561951 "-" "Mozilla/5.0 (Linux; Android 6.0.1; Nexus 5X Build/MMB29P) AppleWebKit/537.36 (KHTML, like Gecko) Chrome/138.0.7204.183 Mobile Safari/537.36 (compatible; Googlebot/2.1; +http://www.google.com/bot.html)"
66.249.74.73 - - [22/Aug/2025:04:10:11 +0200] "GET /items/106040944.html?srsltid=AfmBOopkbrecZIdFvelxJ2ESZknmDzKCnUpffCStGUN1J3kNduP5 HTTP/1.1" 200 557736 "-" "Mozilla/5.0 (Linux; Android 6.0.1; Nexus 5X Build/MMB29P) AppleWebKit/537.36 (KHTML, like Gecko) Chrome/138.0.7204.183 Mobile Safari/537.36 (compatible; Googlebot/2.1; +http://www.google.com/bot.html)"
66.249.74.76 - - [22/Aug/2025:04:10:15 +0200] "GET /items/023017783.html?srsltid=AfmBOojdcGJhNEVTgBRcx4BjBKNmsAJQ9oYZP3yfnkwiYDpOQd8x HTTP/1.1" 200 564828 "-" "Mozilla/5.0 (Linux; Android 6.0.1; Nexus 5X Build/MMB29P) AppleWebKit/537.36 (KHTML, like Gecko) Chrome/138.0.7204.183 Mobile Safari/537.36 (compatible; Googlebot/2.1; +http://www.google.com/bot.html)"
66.249.74.74 - - [22/Aug/2025:04:10:16 +0200] "GET /pages.php?q-~280d8TKg2xXhrxHn705xARpaWA4UZvrVN11645/ HTTP/1.1" 200 469088 "-" "Mozilla/5.0 (Linux; Android 6.0.1; Nexus 5X Build/MMB29P) AppleWebKit/537.36 (KHTML, like Gecko) Chrome/138.0.7204.183 Mobile Safari/537.36 (compatible; Googlebot/2.1; +http://www.google.com/bot.html)"
66.249.74.73 - - [22/Aug/2025:04:10:19 +0200] "GET /items/096048980.html?srsltid=AfmBOossdBbmNBQvJGagrxxsAJsgpxewU41AqT1P7sjsohnpaRdD HTTP/1.1" 200 556707 "-" "Mozilla/5.0 (Linux; Android 6.0.1; Nexus 5X Build/MMB29P) AppleWebKit/537.36 (KHTML, like Gecko) Chrome/138.0.7204.183 Mobile Safari/537.36 (compatible; Googlebot/2.1; +http://www.google.com/bot.html)"
20.171.207.15 - - [22/Aug/2025:04:10:20 +0200] "GET /pages.php?hall%2Ff50%3Fpid=41644 HTTP/1.1" 200 472117 "-" "Mozilla/5.0 AppleWebKit/537.36 (KHTML, like Gecko; compatible; GPTBot/1.2; +https://openai.com/gptbot)"
66.249.74.73 - - [22/Aug/2025:04:10:22 +0200] "GET /items/159043477.html?srsltid=AfmBOoahiNfuDigcyGkZkZreXBThXPbS9dPDCWE7NbNvnexlfAXa HTTP/1.1" 200 560910 "-" "Mozilla/5.0 (Linux; Android 6.0.1; Nexus 5X Build/MMB29P) AppleWebKit/537.36 (KHTML, like Gecko) Chrome/138.0.7204.183 Mobile Safari/537.36 (compatible; Googlebot/2.1; +http://www.google.com/bot.html)"
66.249.74.75 - - [22/Aug/2025:04:10:30 +0200] "GET /items/042001774.html?srsltid=AfmBOokvbZBqdVfkkWQP3oY9TiThCCIwZfGUZrFikmZwUsRH9DW8 HTTP/1.1" 200 558532 "-" "Mozilla/5.0 (Linux; Android 6.0.1; Nexus 5X Build/MMB29P) AppleWebKit/537.36 (KHTML, like Gecko) Chrome/138.0.7204.183 Mobile Safari/537.36 (compatible; Googlebot/2.1; +http://www.google.com/bot.html)"
20.171.207.15 - - [22/Aug/2025:04:10:33 +0200] "GET /pages.php?honey%2Ft93%3Fpid=897 HTTP/1.1" 200 463082 "-" "Mozilla/5.0 AppleWebKit/537.36 (KHTML, like Gecko; compatible; GPTBot/1.2; +https://openai.com/gptbot)"
66.249.74.73 - - [22/Aug/2025:04:10:34 +0200] "GET /items/008038934.html?srsltid=AfmBOohtwHjxEEMpVWaEPMP2XvvWiyfVGWJnCNgSfKwPdjUceA3T HTTP/1.1" 200 568260 "-" "Mozilla/5.0 (Linux; Android 6.0.1; Nexus 5X Build/MMB29P) AppleWebKit/537.36 (KHTML, like Gecko) Chrome/138.0.7204.183 Mobile Safari/537.36 (compatible; Googlebot/2.1; +http://www.google.com/bot.html)"
66.249.74.72 - - [22/Aug/2025:04:10:35 +0200] "GET /verdict256044035.html HTTP/1.1" 200 554391 "-" "Mozilla/5.0 (Linux; Android 6.0.1; Nexus 5X Build/MMB29P) AppleWebKit/537.36 (KHTML, like Gecko) Chrome/138.0.7204.183 Mobile Safari/537.36 (compatible; Googlebot/2.1; +http://www.google.com/bot.html)"
66.249.74.74 - - [22/Aug/2025:04:10:35 +0200] "GET /items/230042252.html?srsltid=AfmBOozgvVGLyGSeaCYIkBkHYzJXxHrhnbSkZIj0s4WpTWQLrdd6 HTTP/1.1" 200 557507 "-" "Mozilla/5.0 (Linux; Android 6.0.1; Nexus 5X Build/MMB29P) AppleWebKit/537.36 (KHTML, like Gecko) Chrome/138.0.7204.183 Mobile Safari/537.36 (compatible; Googlebot/2.1; +http://www.google.com/bot.html)"
66.249.74.72 - - [22/Aug/2025:04:10:36 +0200] "GET /items/126013406.html?srsltid=AfmBOodjxhfaOSecqxvyVWLuWABfKwLNLT1lJMz0H852uXssJFjJ HTTP/1.1" 200 556763 "-" "Mozilla/5.0 (Linux; Android 6.0.1; Nexus 5X Build/MMB29P) AppleWebKit/537.36 (KHTML, like Gecko) Chrome/138.0.7204.183 Mobile Safari/537.36 (compatible; Googlebot/2.1; +http://www.google.com/bot.html)"
20.171.207.29 - - [22/Aug/2025:04:10:36 +0200] "GET /pages.php?prize%2Fb107%3Fpid=1839 HTTP/1.1" 200 465284 "-" "Mozilla/5.0 AppleWebKit/537.36 (KHTML, like Gecko; compatible; GPTBot/1.2; +https://openai.com/gptbot)"
66.249.74.76 - - [22/Aug/2025:04:10:40 +0200] "GET /items/238016864.html?srsltid=AfmBOoiefSrxAEmcsRTTnIVQWsixvtAmRj4LWmFV0inlTAYhR5va HTTP/1.1" 200 568044 "-" "Mozilla/5.0 (Linux; Android 6.0.1; Nexus 5X Build/MMB29P) AppleWebKit/537.36 (KHTML, like Gecko) Chrome/138.0.7204.183 Mobile Safari/537.36 (compatible; Googlebot/2.1; +http://www.google.com/bot.html)"
66.249.74.76 - - [22/Aug/2025:04:10:41 +0200] "GET /items/166011002.html?srsltid=AfmBOozdarCqrQnmnTJRkllCSDCaFaLYsD2R7rGx8T20tcaavaKX HTTP/1.1" 200 568979 "-" "Mozilla/5.0 (Linux; Android 6.0.1; Nexus 5X Build/MMB29P) AppleWebKit/537.36 (KHTML, like Gecko) Chrome/138.0.7204.183 Mobile Safari/537.36 (compatible; Googlebot/2.1; +http://www.google.com/bot.html)"
20.171.207.15 - - [22/Aug/2025:04:10:45 +0200] "GET /pages.php?whom%2Fm36%3Fpid=37750 HTTP/1.1" 200 462523 "-" "Mozilla/5.0 AppleWebKit/537.36 (KHTML, like Gecko; compatible; GPTBot/1.2; +https://openai.com/gptbot)"
66.249.74.76 - - [22/Aug/2025:04:10:45 +0200] "GET /items/006015682.html?srsltid=AfmBOozhhttssJUuyhpe7HiLQYqJhFjT135iZgnEZbkRWmHf2E7T HTTP/1.1" 200 590634 "-" "Mozilla/5.0 (Linux; Android 6.0.1; Nexus 5X Build/MMB29P) AppleWebKit/537.36 (KHTML, like Gecko) Chrome/138.0.7204.183 Mobile Safari/537.36 (compatible; Googlebot/2.1; +http://www.google.com/bot.html)"
66.249.74.76 - - [22/Aug/2025:04:10:46 +0200] "GET /items/204027984.html?srsltid=AfmBOoapnSWYSKkBGxRTkD9EPIyYgqkc1xiuQbG3Ui4YzDXYDqq6 HTTP/1.1" 200 555388 "-" "Mozilla/5.0 (Linux; Android 6.0.1; Nexus 5X Build/MMB29P) AppleWebKit/537.36 (KHTML, like Gecko) Chrome/138.0.7204.183 Mobile Safari/537.36 (compatible; Googlebot/2.1; +http://www.google.com/bot.html)"
66.249.74.76 - - [22/Aug/2025:04:10:48 +0200] "GET /cabin113001816.html HTTP/1.1" 200 557588 "-" "Mozilla/5.0 (Linux; Android 6.0.1; Nexus 5X Build/MMB29P) AppleWebKit/537.36 (KHTML, like Gecko) Chrome/138.0.7204.183 Mobile Safari/537.36 (compatible; Googlebot/2.1; +http://www.google.com/bot.html)"
77.75.78.169 - - [22/Aug/2025:04:10:49 +0200] "GET /airline051027400.html HTTP/1.1" 500 0 "-" "Mozilla/5.0 (compatible; SeznamBot/4.0; +https://o-seznam.cz/napoveda/vyhledavani/en/seznambot-crawler/)"
20.171.207.15 - - [22/Aug/2025:04:10:53 +0200] "GET /chat.xhtml?album%2Fa44%3Fpid=416 HTTP/1.1" 500 0 "-" "Mozilla/5.0 AppleWebKit/537.36 (KHTML, like Gecko; compatible; GPTBot/1.2; +https://openai.com/gptbot)"
66.249.74.78 - - [22/Aug/2025:04:10:53 +0200] "GET /items/006015674.html?srsltid=AfmBOosebgdhDpRQQllNRuqdFWAweeIIN849JNQCvWjAdNYrdVQt HTTP/1.1" 200 568615 "-" "Mozilla/5.0 (Linux; Android 6.0.1; Nexus 5X Build/MMB29P) AppleWebKit/537.36 (KHTML, like Gecko) Chrome/138.0.7204.183 Mobile Safari/537.36 (compatible; Googlebot/2.1; +http://www.google.com/bot.html)"
66.249.74.64 - - [22/Aug/2025:04:10:58 +0200] "GET /items/243003833.html?srsltid=AfmBOozavSDLusZYfobPMLyJHwZrbOxYWiC9y1Fqa8Tke02I10zk HTTP/1.1" 200 558764 "-" "Mozilla/5.0 (Linux; Android 6.0.1; Nexus 5X Build/MMB29P) AppleWebKit/537.36 (KHTML, like Gecko) Chrome/138.0.7204.183 Mobile Safari/537.36 (compatible; Googlebot/2.1; +http://www.google.com/bot.html)"
66.249.74.72 - - [22/Aug/2025:04:11:01 +0200] "GET /items/146041458.html?srsltid=AfmBOoixqdgHuJPbLqVzDquGIJexfdFMA76S1eqNaGfDtB5ePkVL HTTP/1.1" 200 559001 "-" "Mozilla/5.0 (Linux; Android 6.0.1; Nexus 5X Build/MMB29P) AppleWebKit/537.36 (KHTML, like Gecko) Chrome/138.0.7204.183 Mobile Safari/537.36 (compatible; Googlebot/2.1; +http://www.google.com/bot.html)"
20.171.207.15 - - [22/Aug/2025:04:11:05 +0200] "GET /pages.php?wisdom%2Ff23%3Fpid=2569 HTTP/1.1" 200 475694 "-" "Mozilla/5.0 AppleWebKit/537.36 (KHTML, like Gecko; compatible; GPTBot/1.2; +https://openai.com/gptbot)"
66.249.74.76 - - [22/Aug/2025:04:11:05 +0200] "GET /items/066032422.html?srsltid=AfmBOopwjzJdgrnfLGSf7IvGILXlAKHJhojac2j4FJLYp9WuOVsF HTTP/1.1" 200 580500 "-" "Mozilla/5.0 (Linux; Android 6.0.1; Nexus 5X Build/MMB29P) AppleWebKit/537.36 (KHTML, like Gecko) Chrome/138.0.7204.183 Mobile Safari/537.36 (compatible; Googlebot/2.1; +http://www.google.com/bot.html)"
66.249.74.74 - - [22/Aug/2025:04:11:06 +0200] "GET /items/257047977.html?srsltid=AfmBOoyzhyNXfijebGAB57F7VKxzPMvEOQYhfNdpCwqx9cN23c3n HTTP/1.1" 200 555536 "-" "Mozilla/5.0 (Linux; Android 6.0.1; Nexus 5X Build/MMB29P) AppleWebKit/537.36 (KHTML, like Gecko) Chrome/138.0.7204.183 Mobile Safari/537.36 (compatible; Googlebot/2.1; +http://www.google.com/bot.html)"
66.249.74.76 - - [22/Aug/2025:04:11:07 +0200] "GET /crew127005564.html HTTP/1.1" 200 563872 "-" "Mozilla/5.0 (Linux; Android 6.0.1; Nexus 5X Build/MMB29P) AppleWebKit/537.36 (KHTML, like Gecko) Chrome/138.0.7204.183 Mobile Safari/537.36 (compatible; Googlebot/2.1; +http://www.google.com/bot.html)"
66.249.74.75 - - [22/Aug/2025:04:11:09 +0200] "GET /pages.php?club/r84?pid=2468 HTTP/1.1" 200 473487 "-" "Mozilla/5.0 (Linux; Android 6.0.1; Nexus 5X Build/MMB29P) AppleWebKit/537.36 (KHTML, like Gecko) Chrome/138.0.7204.183 Mobile Safari/537.36 (compatible; Googlebot/2.1; +http://www.google.com/bot.html)"
