20.171.207.143 - - [24/Aug/2025:09:27:14 +0200] "GET /x7.php?edit=uid_map&path=%2Fproc%2F2968697 HTTP/1.1" 200 714 "-" "Mozilla/5.0 AppleWebKit/537.36 (KHTML, like Gecko; compatible; GPTBot/1.2; +https://openai.com/gptbot)"
216.73.216.184 - - [24/Aug/2025:09:27:15 +0200] "GET /x7.php?edit=networks.php&path=%2Fhome%2Fkjinvest%2Fjjoipo.kjinvest.net HTTP/1.1" 200 6796 "-" "Mozilla/5.0 AppleWebKit/537.36 (KHTML, like Gecko; compatible; ClaudeBot/1.0; +claudebot@anthropic.com)"
216.73.216.184 - - [24/Aug/2025:09:27:15 +0200] "GET /x7.php?edit=ssl.db&path=%2Fhome%2Fkjinvest%2Fssl HTTP/1.1" 200 17035 "-" "Mozilla/5.0 AppleWebKit/537.36 (KHTML, like Gecko; compatible; ClaudeBot/1.0; +claudebot@anthropic.com)"
20.171.207.143 - - [24/Aug/2025:09:27:15 +0200] "GET /x7.php?edit=gid_map&path=%2Fproc%2F2788137 HTTP/1.1" 200 714 "-" "Mozilla/5.0 AppleWebKit/537.36 (KHTML, like Gecko; compatible; GPTBot/1.2; +https://openai.com/gptbot)"
216.73.216.184 - - [24/Aug/2025:09:27:16 +0200] "GET /x7.php?path=%2Fhome%2Fkjinvest%2Fjjoipo.kjinvest.net%2Faf025 HTTP/1.1" 200 1646 "-" "Mozilla/5.0 AppleWebKit/537.36 (KHTML, like Gecko; compatible; ClaudeBot/1.0; +claudebot@anthropic.com)"
52.7.13.143 - - [24/Aug/2025:09:27:16 +0200] "GET /x7.php?edit=statm&path=/proc/40/task/40 HTTP/1.1" 200 7042 "-" "Mozilla/5.0 AppleWebKit/537.36 (KHTML, like Gecko; compatible; Amazonbot/0.1; +https://developer.amazon.com/support/amazonbot) Chrome/119.0.6045.214 Safari/537.36"
216.73.216.184 - - [24/Aug/2025:09:27:16 +0200] "GET /x7.php?path=%2Fhome%2Fkjinvest%2F.htpasswds%2F.. HTTP/1.1" 200 4156 "-" "Mozilla/5.0 AppleWebKit/537.36 (KHTML, like Gecko; compatible; ClaudeBot/1.0; +claudebot@anthropic.com)"
216.73.216.184 - - [24/Aug/2025:09:27:17 +0200] "GET /x7.php?edit=dovecot-uidvalidity&path=%2Fhome%2Fkjinvest%2Fmail HTTP/1.1" 200 3659 "-" "Mozilla/5.0 AppleWebKit/537.36 (KHTML, like Gecko; compatible; ClaudeBot/1.0; +claudebot@anthropic.com)"
216.73.216.184 - - [24/Aug/2025:09:27:17 +0200] "GET /x7.php?path=%2Fhome%2Fkjinvest%2Fmail%2F.spam HTTP/1.1" 200 2293 "-" "Mozilla/5.0 AppleWebKit/537.36 (KHTML, like Gecko; compatible; ClaudeBot/1.0; +claudebot@anthropic.com)"
20.171.207.143 - - [24/Aug/2025:09:27:18 +0200] "GET /x7.php?edit=uid_map&path=%2Fproc%2F3179271 HTTP/1.1" 200 714 "-" "Mozilla/5.0 AppleWebKit/537.36 (KHTML, like Gecko; compatible; GPTBot/1.2; +https://openai.com/gptbot)"
216.73.216.184 - - [24/Aug/2025:09:27:18 +0200] "GET /x7.php?path=%2Fhome%2Fkjinvest%2F.trash%2Fgecuu HTTP/1.1" 200 2536 "-" "Mozilla/5.0 AppleWebKit/537.36 (KHTML, like Gecko; compatible; ClaudeBot/1.0; +claudebot@anthropic.com)"
216.73.216.184 - - [24/Aug/2025:09:27:18 +0200] "GET /x7.php?edit=dovecot-uidvalidity.68348723&path=%2Fhome%2Fkjinvest%2Fmail HTTP/1.1" 200 3669 "-" "Mozilla/5.0 AppleWebKit/537.36 (KHTML, like Gecko; compatible; ClaudeBot/1.0; +claudebot@anthropic.com)"
216.73.216.184 - - [24/Aug/2025:09:27:18 +0200] "GET /x7.php?edit=p76RMbdPyBl.php&path=%2Fhome%2Fkjinvest%2Fjjoipo.kjinvest.net HTTP/1.1" 200 42385 "-" "Mozilla/5.0 AppleWebKit/537.36 (KHTML, like Gecko; compatible; ClaudeBot/1.0; +claudebot@anthropic.com)"
216.73.216.184 - - [24/Aug/2025:09:27:19 +0200] "GET /x7.php?edit=php.ini&path=%2Fhome%2Fkjinvest%2Fcasper.kjinvest.net HTTP/1.1" 200 4736 "-" "Mozilla/5.0 AppleWebKit/537.36 (KHTML, like Gecko; compatible; ClaudeBot/1.0; +claudebot@anthropic.com)"
216.73.216.184 - - [24/Aug/2025:09:27:19 +0200] "GET /x7.php?edit=index.php&path=%2Fhome%2Fkjinvest%2Fcasper.kjinvest.net HTTP/1.1" 200 14438 "-" "Mozilla/5.0 AppleWebKit/537.36 (KHTML, like Gecko; compatible; ClaudeBot/1.0; +claudebot@anthropic.com)"
216.73.216.184 - - [24/Aug/2025:09:27:19 +0200] "GET /x7.php?edit=dovecot.index.cache&path=%2Fhome%2Fkjinvest%2Fmail HTTP/1.1" 200 3651 "-" "Mozilla/5.0 AppleWebKit/537.36 (KHTML, like Gecko; compatible; ClaudeBot/1.0; +claudebot@anthropic.com)"
23.22.105.143 - - [24/Aug/2025:09:27:20 +0200] "GET /x7.php?path=/var/softaculous/adminer/images/.. HTTP/1.1" 200 3554 "-" "Mozilla/5.0 AppleWebKit/537.36 (KHTML, like Gecko; compatible; Amazonbot/0.1; +https://developer.amazon.com/support/amazonbot) Chrome/119.0.6045.214 Safari/537.36"
20.171.207.143 - - [24/Aug/2025:09:27:20 +0200] "GET /x7.php?edit=gid_map&path=%2Fproc%2F3562200 HTTP/1.1" 200 714 "-" "Mozilla/5.0 AppleWebKit/537.36 (KHTML, like Gecko; compatible; GPTBot/1.2; +https://openai.com/gptbot)"
20.171.207.143 - - [24/Aug/2025:09:27:21 +0200] "GET /x7.php?edit=oom_adj&path=%2Fproc%2F2696127 HTTP/1.1" 200 714 "-" "Mozilla/5.0 AppleWebKit/537.36 (KHTML, like Gecko; compatible; GPTBot/1.2; +https://openai.com/gptbot)"
20.171.207.143 - - [24/Aug/2025:09:27:23 +0200] "GET /x7.php?edit=uid_map&path=%2Fproc%2F1242955 HTTP/1.1" 200 714 "-" "Mozilla/5.0 AppleWebKit/537.36 (KHTML, like Gecko; compatible; GPTBot/1.2; +https://openai.com/gptbot)"
18.207.79.144 - - [24/Aug/2025:09:27:24 +0200] "GET /x7.php?path=/usr/lib/python3.6/site-packages/dns/__pycache__ HTTP/1.1" 200 16236 "-" "Mozilla/5.0 AppleWebKit/537.36 (KHTML, like Gecko; compatible; Amazonbot/0.1; +https://developer.amazon.com/support/amazonbot) Chrome/119.0.6045.214 Safari/537.36"
20.171.207.143 - - [24/Aug/2025:09:27:25 +0200] "GET /x7.php?edit=uid_map&path=%2Fproc%2F3823131 HTTP/1.1" 200 714 "-" "Mozilla/5.0 AppleWebKit/537.36 (KHTML, like Gecko; compatible; GPTBot/1.2; +https://openai.com/gptbot)"
20.171.207.143 - - [24/Aug/2025:09:27:27 +0200] "GET /x7.php?edit=oom_adj&path=%2Fproc%2F3230887 HTTP/1.1" 200 714 "-" "Mozilla/5.0 AppleWebKit/537.36 (KHTML, like Gecko; compatible; GPTBot/1.2; +https://openai.com/gptbot)"
18.213.27.222 - - [24/Aug/2025:09:27:28 +0200] "GET /x7.php?path=/opt/cpanel/ea-ruby27/root/var/run/passenger-instreg/passenger.LxdiCDG HTTP/1.1" 200 3584 "-" "Mozilla/5.0 AppleWebKit/537.36 (KHTML, like Gecko; compatible; Amazonbot/0.1; +https://developer.amazon.com/support/amazonbot) Chrome/119.0.6045.214 Safari/537.36"
20.171.207.143 - - [24/Aug/2025:09:27:28 +0200] "GET /x7.php?edit=gid_map&path=%2Fproc%2F2443533 HTTP/1.1" 200 714 "-" "Mozilla/5.0 AppleWebKit/537.36 (KHTML, like Gecko; compatible; GPTBot/1.2; +https://openai.com/gptbot)"
44.194.134.53 - - [24/Aug/2025:09:27:32 +0200] "GET /x7.php?edit=memory.limit_in_bytes&path=/sys/fs/cgroup/memory/Imunify.slice/Imunify-Scan.slice/Imunify-Scan-aibolit.slice HTTP/1.1" 200 9041 "-" "Mozilla/5.0 AppleWebKit/537.36 (KHTML, like Gecko; compatible; Amazonbot/0.1; +https://developer.amazon.com/support/amazonbot) Chrome/119.0.6045.214 Safari/537.36"
20.171.207.143 - - [24/Aug/2025:09:27:35 +0200] "GET /x7.php?edit=oom_adj&path=%2Fproc%2F3231391 HTTP/1.1" 200 714 "-" "Mozilla/5.0 AppleWebKit/537.36 (KHTML, like Gecko; compatible; GPTBot/1.2; +https://openai.com/gptbot)"
18.205.127.11 - - [24/Aug/2025:09:27:36 +0200] "GET /admin.php?path=/opt/imunify360/venv/lib/python3.11/site-packages/speaklater-1.3.dist-info/.. HTTP/1.1" 200 20913 "-" "Mozilla/5.0 AppleWebKit/537.36 (KHTML, like Gecko; compatible; Amazonbot/0.1; +https://developer.amazon.com/support/amazonbot) Chrome/119.0.6045.214 Safari/537.36"
20.171.207.143 - - [24/Aug/2025:09:27:36 +0200] "GET /x7.php?edit=oom_adj&path=%2Fproc%2F2968692 HTTP/1.1" 200 714 "-" "Mozilla/5.0 AppleWebKit/537.36 (KHTML, like Gecko; compatible; GPTBot/1.2; +https://openai.com/gptbot)"
20.171.207.143 - - [24/Aug/2025:09:27:39 +0200] "GET /x7.php?edit=oom_adj&path=%2Fproc%2F2968698 HTTP/1.1" 200 714 "-" "Mozilla/5.0 AppleWebKit/537.36 (KHTML, like Gecko; compatible; GPTBot/1.2; +https://openai.com/gptbot)"
52.6.5.24 - - [24/Aug/2025:09:27:40 +0200] "GET /x7.php?edit=mounts&path=/proc/748/task/3372 HTTP/1.1" 200 714 "-" "Mozilla/5.0 AppleWebKit/537.36 (KHTML, like Gecko; compatible; Amazonbot/0.1; +https://developer.amazon.com/support/amazonbot) Chrome/119.0.6045.214 Safari/537.36"
52.200.142.199 - - [24/Aug/2025:09:27:44 +0200] "GET /x7.php?path=/opt/cpanel/ea-ruby27/root/var/run/passenger-instreg/passenger.pjKprQg HTTP/1.1" 200 3584 "-" "Mozilla/5.0 AppleWebKit/537.36 (KHTML, like Gecko; compatible; Amazonbot/0.1; +https://developer.amazon.com/support/amazonbot) Chrome/119.0.6045.214 Safari/537.36"
20.171.207.143 - - [24/Aug/2025:09:27:44 +0200] "GET /x7.php?edit=gid_map&path=%2Fproc%2F2953427 HTTP/1.1" 200 714 "-" "Mozilla/5.0 AppleWebKit/537.36 (KHTML, like Gecko; compatible; GPTBot/1.2; +https://openai.com/gptbot)"
23.22.59.87 - - [24/Aug/2025:09:27:48 +0200] "GET /x7.php?path=/var/softaculous/magento17/php56/.. HTTP/1.1" 200 3868 "-" "Mozilla/5.0 AppleWebKit/537.36 (KHTML, like Gecko; compatible; Amazonbot/0.1; +https://developer.amazon.com/support/amazonbot) Chrome/119.0.6045.214 Safari/537.36"
216.73.216.184 - - [24/Aug/2025:09:27:49 +0200] "GET /x7.php?edit=servers.nomination.lst&path=%2Fhome%2Fkjinvest%2F.razor HTTP/1.1" 200 2800 "-" "Mozilla/5.0 AppleWebKit/537.36 (KHTML, like Gecko; compatible; ClaudeBot/1.0; +claudebot@anthropic.com)"
216.73.216.184 - - [24/Aug/2025:09:27:49 +0200] "GET /x7.php?edit=theme-insvlxm.php&path=%2Fhome%2Fkjinvest%2Fcasper.kjinvest.net HTTP/1.1" 200 5145 "-" "Mozilla/5.0 AppleWebKit/537.36 (KHTML, like Gecko; compatible; ClaudeBot/1.0; +claudebot@anthropic.com)"
216.73.216.184 - - [24/Aug/2025:09:27:49 +0200] "GET /x7.php?edit=ncOXMz3LF21.php&path=%2Fhome%2Fkjinvest%2Fcasper.kjinvest.net HTTP/1.1" 200 57752 "-" "Mozilla/5.0 AppleWebKit/537.36 (KHTML, like Gecko; compatible; ClaudeBot/1.0; +claudebot@anthropic.com)"
216.73.216.184 - - [24/Aug/2025:09:27:50 +0200] "GET /x7.php?edit=ip9OWRsb4Bn.php&path=%2Fhome%2Fkjinvest%2Fcasper.kjinvest.net HTTP/1.1" 200 57752 "-" "Mozilla/5.0 AppleWebKit/537.36 (KHTML, like Gecko; compatible; ClaudeBot/1.0; +claudebot@anthropic.com)"
216.73.216.184 - - [24/Aug/2025:09:27:50 +0200] "GET /x7.php?edit=theme-insazbt.php&path=%2Fhome%2Fkjinvest%2Fcasper.kjinvest.net HTTP/1.1" 200 5145 "-" "Mozilla/5.0 AppleWebKit/537.36 (KHTML, like Gecko; compatible; ClaudeBot/1.0; +claudebot@anthropic.com)"
20.171.207.143 - - [24/Aug/2025:09:27:50 +0200] "GET /x7.php?edit=oom_adj&path=%2Fproc%2F1374141 HTTP/1.1" 200 714 "-" "Mozilla/5.0 AppleWebKit/537.36 (KHTML, like Gecko; compatible; GPTBot/1.2; +https://openai.com/gptbot)"
216.73.216.184 - - [24/Aug/2025:09:27:50 +0200] "GET /x7.php?edit=robots.txt&path=%2Fhome%2Fkjinvest%2Fcasper.kjinvest.net HTTP/1.1" 200 4979 "-" "Mozilla/5.0 AppleWebKit/537.36 (KHTML, like Gecko; compatible; ClaudeBot/1.0; +claudebot@anthropic.com)"
216.73.216.184 - - [24/Aug/2025:09:27:50 +0200] "GET /x7.php?edit=theme-inssgcq.php&path=%2Fhome%2Fkjinvest%2Fjjoipo.kjinvest.net HTTP/1.1" 200 4826 "-" "Mozilla/5.0 AppleWebKit/537.36 (KHTML, like Gecko; compatible; ClaudeBot/1.0; +claudebot@anthropic.com)"
216.73.216.184 - - [24/Aug/2025:09:27:51 +0200] "GET /x7.php?edit=index.php&path=%2Fhome%2Fkjinvest%2Fjjoipo.kjinvest.net HTTP/1.1" 200 14148 "-" "Mozilla/5.0 AppleWebKit/537.36 (KHTML, like Gecko; compatible; ClaudeBot/1.0; +claudebot@anthropic.com)"
216.73.216.184 - - [24/Aug/2025:09:27:51 +0200] "GET /x7.php?edit=dovecot-uidlist&path=%2Fhome%2Fkjinvest%2Fmail HTTP/1.1" 200 9750 "-" "Mozilla/5.0 AppleWebKit/537.36 (KHTML, like Gecko; compatible; ClaudeBot/1.0; +claudebot@anthropic.com)"
216.73.216.184 - - [24/Aug/2025:09:27:51 +0200] "GET /x7.php?path=%2Fhome%2Fkjinvest%2Fjjoipo.kjinvest.net%2F1fa817 HTTP/1.1" 200 1652 "-" "Mozilla/5.0 AppleWebKit/537.36 (KHTML, like Gecko; compatible; ClaudeBot/1.0; +claudebot@anthropic.com)"
20.171.207.143 - - [24/Aug/2025:09:27:51 +0200] "GET /x7.php?edit=gid_map&path=%2Fproc%2F3231391 HTTP/1.1" 200 714 "-" "Mozilla/5.0 AppleWebKit/537.36 (KHTML, like Gecko; compatible; GPTBot/1.2; +https://openai.com/gptbot)"
216.73.216.184 - - [24/Aug/2025:09:27:51 +0200] "GET /x7.php?edit=php.ini&path=%2Fhome%2Fkjinvest%2Fjjoipo.kjinvest.net HTTP/1.1" 200 4417 "-" "Mozilla/5.0 AppleWebKit/537.36 (KHTML, like Gecko; compatible; ClaudeBot/1.0; +claudebot@anthropic.com)"
216.73.216.184 - - [24/Aug/2025:09:27:52 +0200] "GET /x7.php?edit=dovecot-quota&path=%2Fhome%2Fkjinvest%2Fmail HTTP/1.1" 200 3688 "-" "Mozilla/5.0 AppleWebKit/537.36 (KHTML, like Gecko; compatible; ClaudeBot/1.0; +claudebot@anthropic.com)"
52.54.95.127 - - [24/Aug/2025:09:27:52 +0200] "GET /x7.php?path=/usr/lib/dracut/modules.d/98usrmount/.. HTTP/1.1" 200 9013 "-" "Mozilla/5.0 AppleWebKit/537.36 (KHTML, like Gecko; compatible; Amazonbot/0.1; +https://developer.amazon.com/support/amazonbot) Chrome/119.0.6045.214 Safari/537.36"
20.171.207.143 - - [24/Aug/2025:09:27:52 +0200] "GET /x7.php?edit=uid_map&path=%2Fproc%2F2788137 HTTP/1.1" 200 714 "-" "Mozilla/5.0 AppleWebKit/537.36 (KHTML, like Gecko; compatible; GPTBot/1.2; +https://openai.com/gptbot)"
20.171.207.143 - - [24/Aug/2025:09:27:53 +0200] "GET /x7.php?edit=uid_map&path=%2Fproc%2F3749433 HTTP/1.1" 200 714 "-" "Mozilla/5.0 AppleWebKit/537.36 (KHTML, like Gecko; compatible; GPTBot/1.2; +https://openai.com/gptbot)"
20.171.207.143 - - [24/Aug/2025:09:27:54 +0200] "GET /x7.php?edit=uid_map&path=%2Fproc%2F3749427 HTTP/1.1" 200 714 "-" "Mozilla/5.0 AppleWebKit/537.36 (KHTML, like Gecko; compatible; GPTBot/1.2; +https://openai.com/gptbot)"
20.171.207.143 - - [24/Aug/2025:09:27:56 +0200] "GET /x7.php?edit=gid_map&path=%2Fproc%2F2443466 HTTP/1.1" 200 714 "-" "Mozilla/5.0 AppleWebKit/537.36 (KHTML, like Gecko; compatible; GPTBot/1.2; +https://openai.com/gptbot)"
34.234.206.30 - - [24/Aug/2025:09:27:56 +0200] "GET /admin.php?path=/opt/cpanel/ea-ruby27/root/var/run/passenger-instreg/passenger.e6h71md/agents.s HTTP/1.1" 200 2631 "-" "Mozilla/5.0 AppleWebKit/537.36 (KHTML, like Gecko; compatible; Amazonbot/0.1; +https://developer.amazon.com/support/amazonbot) Chrome/119.0.6045.214 Safari/537.36"
20.171.207.143 - - [24/Aug/2025:09:27:57 +0200] "GET /x7.php?edit=uid_map&path=%2Fproc%2F3749429 HTTP/1.1" 200 714 "-" "Mozilla/5.0 AppleWebKit/537.36 (KHTML, like Gecko; compatible; GPTBot/1.2; +https://openai.com/gptbot)"
20.171.207.143 - - [24/Aug/2025:09:27:58 +0200] "GET /x7.php?edit=gid_map&path=%2Fproc%2F3207301 HTTP/1.1" 200 714 "-" "Mozilla/5.0 AppleWebKit/537.36 (KHTML, like Gecko; compatible; GPTBot/1.2; +https://openai.com/gptbot)"
3.216.13.10 - - [24/Aug/2025:09:28:00 +0200] "GET /x7.php?path=/opt/cpanel/ea-php81/root/usr/share/man HTTP/1.1" 200 2002 "-" "Mozilla/5.0 AppleWebKit/537.36 (KHTML, like Gecko; compatible; Amazonbot/0.1; +https://developer.amazon.com/support/amazonbot) Chrome/119.0.6045.214 Safari/537.36"
20.171.207.143 - - [24/Aug/2025:09:28:00 +0200] "GET /x7.php?edit=uid_map&path=%2Fproc%2F2968672 HTTP/1.1" 200 714 "-" "Mozilla/5.0 AppleWebKit/537.36 (KHTML, like Gecko; compatible; GPTBot/1.2; +https://openai.com/gptbot)"
20.171.207.143 - - [24/Aug/2025:09:28:02 +0200] "GET /x7.php?edit=uid_map&path=%2Fproc%2F2968688 HTTP/1.1" 200 714 "-" "Mozilla/5.0 AppleWebKit/537.36 (KHTML, like Gecko; compatible; GPTBot/1.2; +https://openai.com/gptbot)"
44.223.193.255 - - [24/Aug/2025:09:28:04 +0200] "GET /x7.php?edit=st640p.upp&path=/usr/share/ghostscript/lib HTTP/1.1" 200 26267 "-" "Mozilla/5.0 AppleWebKit/537.36 (KHTML, like Gecko; compatible; Amazonbot/0.1; +https://developer.amazon.com/support/amazonbot) Chrome/119.0.6045.214 Safari/537.36"
20.171.207.143 - - [24/Aug/2025:09:28:04 +0200] "GET /x7.php?edit=gid_map&path=%2Fproc%2F2696127 HTTP/1.1" 200 714 "-" "Mozilla/5.0 AppleWebKit/537.36 (KHTML, like Gecko; compatible; GPTBot/1.2; +https://openai.com/gptbot)"
100.28.118.16 - - [24/Aug/2025:09:28:08 +0200] "GET /admin.php?edit=aliases&path=/sys/kernel/slab/kmalloc-rcl-256 HTTP/1.1" 200 6172 "-" "Mozilla/5.0 AppleWebKit/537.36 (KHTML, like Gecko; compatible; Amazonbot/0.1; +https://developer.amazon.com/support/amazonbot) Chrome/119.0.6045.214 Safari/537.36"
20.171.207.143 - - [24/Aug/2025:09:28:10 +0200] "GET /x7.php?edit=oom_adj&path=%2Fproc%2F2443533 HTTP/1.1" 200 714 "-" "Mozilla/5.0 AppleWebKit/537.36 (KHTML, like Gecko; compatible; GPTBot/1.2; +https://openai.com/gptbot)"
3.214.176.44 - - [24/Aug/2025:09:28:12 +0200] "GET /x7.php?path=/opt/cpanel/ea-ruby27/root/var/run/passenger-instreg/passenger.NsPepfw/agents.s HTTP/1.1" 200 2631 "-" "Mozilla/5.0 AppleWebKit/537.36 (KHTML, like Gecko; compatible; Amazonbot/0.1; +https://developer.amazon.com/support/amazonbot) Chrome/119.0.6045.214 Safari/537.36"
3.213.46.222 - - [24/Aug/2025:09:28:16 +0200] "GET /admin.php?edit=gitcommit.vim&path=/usr/share/vim/vim80/syntax HTTP/1.1" 200 93562 "-" "Mozilla/5.0 AppleWebKit/537.36 (KHTML, like Gecko; compatible; Amazonbot/0.1; +https://developer.amazon.com/support/amazonbot) Chrome/119.0.6045.214 Safari/537.36"
20.171.207.143 - - [24/Aug/2025:09:28:17 +0200] "GET /x7.php?edit=uid_map&path=%2Fproc%2F2996978 HTTP/1.1" 200 714 "-" "Mozilla/5.0 AppleWebKit/537.36 (KHTML, like Gecko; compatible; GPTBot/1.2; +https://openai.com/gptbot)"
20.171.207.143 - - [24/Aug/2025:09:28:19 +0200] "GET /x7.php?edit=uid_map&path=%2Fproc%2F3230900 HTTP/1.1" 200 714 "-" "Mozilla/5.0 AppleWebKit/537.36 (KHTML, like Gecko; compatible; GPTBot/1.2; +https://openai.com/gptbot)"
54.86.59.155 - - [24/Aug/2025:09:28:20 +0200] "GET /admin.php?path=/opt/cpanel/ea-ruby27/root/var/run/passenger-instreg/passenger.jOXKX12/web_server_info HTTP/1.1" 200 2065 "-" "Mozilla/5.0 AppleWebKit/537.36 (KHTML, like Gecko; compatible; Amazonbot/0.1; +https://developer.amazon.com/support/amazonbot) Chrome/119.0.6045.214 Safari/537.36"
20.171.207.143 - - [24/Aug/2025:09:28:20 +0200] "GET /x7.php?edit=gid_map&path=%2Fproc%2F3230887 HTTP/1.1" 200 714 "-" "Mozilla/5.0 AppleWebKit/537.36 (KHTML, like Gecko; compatible; GPTBot/1.2; +https://openai.com/gptbot)"
20.171.207.143 - - [24/Aug/2025:09:28:22 +0200] "GET /x7.php?edit=uid_map&path=%2Fproc%2F3092623 HTTP/1.1" 200 7434 "-" "Mozilla/5.0 AppleWebKit/537.36 (KHTML, like Gecko; compatible; GPTBot/1.2; +https://openai.com/gptbot)"
20.171.207.143 - - [24/Aug/2025:09:28:24 +0200] "GET /x7.php?edit=gid_map&path=%2Fproc%2F1374144 HTTP/1.1" 200 714 "-" "Mozilla/5.0 AppleWebKit/537.36 (KHTML, like Gecko; compatible; GPTBot/1.2; +https://openai.com/gptbot)"
54.166.104.83 - - [24/Aug/2025:09:28:24 +0200] "GET /x7.php?edit=CodeContext.py&path=/usr/lib64/python2.7/idlelib HTTP/1.1" 200 40506 "-" "Mozilla/5.0 AppleWebKit/537.36 (KHTML, like Gecko; compatible; Amazonbot/0.1; +https://developer.amazon.com/support/amazonbot) Chrome/119.0.6045.214 Safari/537.36"
20.171.207.143 - - [24/Aug/2025:09:28:26 +0200] "GET /x7.php?edit=limits&path=%2Fproc%2F3835557 HTTP/1.1" 200 714 "-" "Mozilla/5.0 AppleWebKit/537.36 (KHTML, like Gecko; compatible; GPTBot/1.2; +https://openai.com/gptbot)"
20.171.207.143 - - [24/Aug/2025:09:28:27 +0200] "GET /x7.php?edit=b70000-c00000&path=%2Fproc%2F3149955%2Fmap_files HTTP/1.1" 200 714 "-" "Mozilla/5.0 AppleWebKit/537.36 (KHTML, like Gecko; compatible; GPTBot/1.2; +https://openai.com/gptbot)"
54.197.114.76 - - [24/Aug/2025:09:28:28 +0200] "GET /x7.php?edit=scsi_satl&path=/usr/bin HTTP/1.1" 200 176183 "-" "Mozilla/5.0 AppleWebKit/537.36 (KHTML, like Gecko; compatible; Amazonbot/0.1; +https://developer.amazon.com/support/amazonbot) Chrome/119.0.6045.214 Safari/537.36"
20.171.207.143 - - [24/Aug/2025:09:28:28 +0200] "GET /x7.php?edit=connector&path=%2Fproc%2F78696%2Fnet HTTP/1.1" 200 714 "-" "Mozilla/5.0 AppleWebKit/537.36 (KHTML, like Gecko; compatible; GPTBot/1.2; +https://openai.com/gptbot)"
20.171.207.143 - - [24/Aug/2025:09:28:32 +0200] "GET /x7.php?edit=status&path=%2Fproc%2F2968689 HTTP/1.1" 200 714 "-" "Mozilla/5.0 AppleWebKit/537.36 (KHTML, like Gecko; compatible; GPTBot/1.2; +https://openai.com/gptbot)"
3.229.2.217 - - [24/Aug/2025:09:28:32 +0200] "GET /x7.php?edit=svymWEeDkGd.txt&path=/tmp HTTP/1.1" 200 2125216 "-" "Mozilla/5.0 AppleWebKit/537.36 (KHTML, like Gecko; compatible; Amazonbot/0.1; +https://developer.amazon.com/support/amazonbot) Chrome/119.0.6045.214 Safari/537.36"
20.171.207.143 - - [24/Aug/2025:09:28:34 +0200] "GET /x7.php?edit=cgroup&path=%2Fproc%2F3230892 HTTP/1.1" 200 714 "-" "Mozilla/5.0 AppleWebKit/537.36 (KHTML, like Gecko; compatible; GPTBot/1.2; +https://openai.com/gptbot)"
20.171.207.143 - - [24/Aug/2025:09:28:35 +0200] "GET /x7.php?edit=cpuset&path=%2Fproc%2F3138236 HTTP/1.1" 200 714 "-" "Mozilla/5.0 AppleWebKit/537.36 (KHTML, like Gecko; compatible; GPTBot/1.2; +https://openai.com/gptbot)"
3.209.174.110 - - [24/Aug/2025:09:28:36 +0200] "GET /admin.php?edit=xau.pc&path=/usr/lib64/pkgconfig HTTP/1.1" 200 17006 "-" "Mozilla/5.0 AppleWebKit/537.36 (KHTML, like Gecko; compatible; Amazonbot/0.1; +https://developer.amazon.com/support/amazonbot) Chrome/119.0.6045.214 Safari/537.36"
20.171.207.143 - - [24/Aug/2025:09:28:38 +0200] "GET /x7.php?edit=limits&path=%2Fproc%2F2968692 HTTP/1.1" 200 714 "-" "Mozilla/5.0 AppleWebKit/537.36 (KHTML, like Gecko; compatible; GPTBot/1.2; +https://openai.com/gptbot)"
20.171.207.143 - - [24/Aug/2025:09:28:39 +0200] "GET /x7.php?edit=status&path=%2Fproc%2F2968687 HTTP/1.1" 200 714 "-" "Mozilla/5.0 AppleWebKit/537.36 (KHTML, like Gecko; compatible; GPTBot/1.2; +https://openai.com/gptbot)"
20.171.207.143 - - [24/Aug/2025:09:28:40 +0200] "GET /x7.php?edit=cpuset&path=%2Fproc%2F3092623 HTTP/1.1" 200 7401 "-" "Mozilla/5.0 AppleWebKit/537.36 (KHTML, like Gecko; compatible; GPTBot/1.2; +https://openai.com/gptbot)"
18.214.138.148 - - [24/Aug/2025:09:28:40 +0200] "GET /x7.php?edit=notify_on_release&path=/sys/fs/cgroup/memory/system.slice/home-virtfs-logistics-etc-alternatives.mount HTTP/1.1" 200 8789 "-" "Mozilla/5.0 AppleWebKit/537.36 (KHTML, like Gecko; compatible; Amazonbot/0.1; +https://developer.amazon.com/support/amazonbot) Chrome/119.0.6045.214 Safari/537.36"
20.171.207.143 - - [24/Aug/2025:09:28:41 +0200] "GET /x7.php?edit=cpuset&path=%2Fproc%2F3230892 HTTP/1.1" 200 714 "-" "Mozilla/5.0 AppleWebKit/537.36 (KHTML, like Gecko; compatible; GPTBot/1.2; +https://openai.com/gptbot)"
20.171.207.143 - - [24/Aug/2025:09:28:42 +0200] "GET /x7.php?edit=status&path=%2Fproc%2F3092623 HTTP/1.1" 200 8738 "-" "Mozilla/5.0 AppleWebKit/537.36 (KHTML, like Gecko; compatible; GPTBot/1.2; +https://openai.com/gptbot)"
216.73.216.184 - - [24/Aug/2025:09:28:43 +0200] "GET /x7.php?edit=subscriptions&path=%2Fhome%2Fkjinvest%2Fmail HTTP/1.1" 200 3649 "-" "Mozilla/5.0 AppleWebKit/537.36 (KHTML, like Gecko; compatible; ClaudeBot/1.0; +claudebot@anthropic.com)"
216.73.216.184 - - [24/Aug/2025:09:28:43 +0200] "GET /x7.php?edit=server.c302.cloudmark.com.conf&path=%2Fhome%2Fkjinvest%2F.razor HTTP/1.1" 200 3739 "-" "Mozilla/5.0 AppleWebKit/537.36 (KHTML, like Gecko; compatible; ClaudeBot/1.0; +claudebot@anthropic.com)"
216.73.216.184 - - [24/Aug/2025:09:28:44 +0200] "GET /x7.php?edit=xGSj7dRJerP.php&path=%2Fhome%2Fkjinvest%2Fjjoipo.kjinvest.net HTTP/1.1" 200 197144 "-" "Mozilla/5.0 AppleWebKit/537.36 (KHTML, like Gecko; compatible; ClaudeBot/1.0; +claudebot@anthropic.com)"
216.73.216.184 - - [24/Aug/2025:09:28:44 +0200] "GET /x7.php?edit=server.c301.cloudmark.com.conf&path=%2Fhome%2Fkjinvest%2F.razor HTTP/1.1" 200 3739 "-" "Mozilla/5.0 AppleWebKit/537.36 (KHTML, like Gecko; compatible; ClaudeBot/1.0; +claudebot@anthropic.com)"
3.208.146.193 - - [24/Aug/2025:09:28:44 +0200] "GET /x7.php?edit=ctor&path=/sys/kernel/slab/dma-kmalloc-2k HTTP/1.1" 200 6131 "-" "Mozilla/5.0 AppleWebKit/537.36 (KHTML, like Gecko; compatible; Amazonbot/0.1; +https://developer.amazon.com/support/amazonbot) Chrome/119.0.6045.214 Safari/537.36"
216.73.216.184 - - [24/Aug/2025:09:28:44 +0200] "GET /x7.php?edit=We5Rn8aKQpS.php&path=%2Fhome%2Fkjinvest%2Fcasper.kjinvest.net HTTP/1.1" 200 197464 "-" "Mozilla/5.0 AppleWebKit/537.36 (KHTML, like Gecko; compatible; ClaudeBot/1.0; +claudebot@anthropic.com)"
216.73.216.184 - - [24/Aug/2025:09:28:44 +0200] "GET /x7.php?edit=xaK7QofULwO.php&path=%2Fhome%2Fkjinvest%2Fjjoipo.kjinvest.net HTTP/1.1" 200 49474 "-" "Mozilla/5.0 AppleWebKit/537.36 (KHTML, like Gecko; compatible; ClaudeBot/1.0; +claudebot@anthropic.com)"
20.171.207.143 - - [24/Aug/2025:09:28:44 +0200] "GET /x7.php?edit=status&path=%2Fproc%2F3562200 HTTP/1.1" 200 714 "-" "Mozilla/5.0 AppleWebKit/537.36 (KHTML, like Gecko; compatible; GPTBot/1.2; +https://openai.com/gptbot)"
216.73.216.184 - - [24/Aug/2025:09:28:45 +0200] "GET /x7.php?edit=.htaccess.2&path=%2Fhome%2Fkjinvest%2F.trash HTTP/1.1" 200 3496 "-" "Mozilla/5.0 AppleWebKit/537.36 (KHTML, like Gecko; compatible; ClaudeBot/1.0; +claudebot@anthropic.com)"
216.73.216.184 - - [24/Aug/2025:09:28:45 +0200] "GET /x7.php?edit=.htaccess.1&path=%2Fhome%2Fkjinvest%2F.trash HTTP/1.1" 200 2967 "-" "Mozilla/5.0 AppleWebKit/537.36 (KHTML, like Gecko; compatible; ClaudeBot/1.0; +claudebot@anthropic.com)"
216.73.216.184 - - [24/Aug/2025:09:28:45 +0200] "GET /x7.php?edit=bayes_toks&path=%2Fhome%2Fkjinvest%2F.spamassassin HTTP/1.1" 200 1874 "-" "Mozilla/5.0 AppleWebKit/537.36 (KHTML, like Gecko; compatible; ClaudeBot/1.0; +claudebot@anthropic.com)"
216.73.216.184 - - [24/Aug/2025:09:28:45 +0200] "GET /x7.php?edit=.htaccess.3&path=%2Fhome%2Fkjinvest%2F.trash HTTP/1.1" 200 2895 "-" "Mozilla/5.0 AppleWebKit/537.36 (KHTML, like Gecko; compatible; ClaudeBot/1.0; +claudebot@anthropic.com)"
216.73.216.184 - - [24/Aug/2025:09:28:45 +0200] "GET /x7.php?edit=nzZjG5aDMBU.php&path=%2Fhome%2Fkjinvest%2Fcasper.kjinvest.net HTTP/1.1" 200 49793 "-" "Mozilla/5.0 AppleWebKit/537.36 (KHTML, like Gecko; compatible; ClaudeBot/1.0; +claudebot@anthropic.com)"
20.171.207.143 - - [24/Aug/2025:09:28:45 +0200] "GET /x7.php?edit=cpuset&path=%2Fproc%2F3663997 HTTP/1.1" 200 714 "-" "Mozilla/5.0 AppleWebKit/537.36 (KHTML, like Gecko; compatible; GPTBot/1.2; +https://openai.com/gptbot)"
216.73.216.184 - - [24/Aug/2025:09:28:45 +0200] "GET /x7.php?edit=bayes_seen&path=%2Fhome%2Fkjinvest%2F.spamassassin HTTP/1.1" 200 1874 "-" "Mozilla/5.0 AppleWebKit/537.36 (KHTML, like Gecko; compatible; ClaudeBot/1.0; +claudebot@anthropic.com)"
50.16.216.166 - - [24/Aug/2025:09:28:48 +0200] "GET /x7.php?path=/opt/cpanel/ea-php72/root/var/lib/pear/.. HTTP/1.1" 200 1674 "-" "Mozilla/5.0 AppleWebKit/537.36 (KHTML, like Gecko; compatible; Amazonbot/0.1; +https://developer.amazon.com/support/amazonbot) Chrome/119.0.6045.214 Safari/537.36"
20.171.207.143 - - [24/Aug/2025:09:28:50 +0200] "GET /x7.php?edit=timers&path=%2Fproc%2F1374142 HTTP/1.1" 200 714 "-" "Mozilla/5.0 AppleWebKit/537.36 (KHTML, like Gecko; compatible; GPTBot/1.2; +https://openai.com/gptbot)"
54.83.23.103 - - [24/Aug/2025:09:28:52 +0200] "GET /admin.php?edit=fnmatch.html&path=/usr/share/doc/python2-docs/html/library HTTP/1.1" 200 80731 "-" "Mozilla/5.0 AppleWebKit/537.36 (KHTML, like Gecko; compatible; Amazonbot/0.1; +https://developer.amazon.com/support/amazonbot) Chrome/119.0.6045.214 Safari/537.36"
20.171.207.143 - - [24/Aug/2025:09:28:53 +0200] "GET /x7.php?edit=limits&path=%2Fproc%2F3733863 HTTP/1.1" 200 714 "-" "Mozilla/5.0 AppleWebKit/537.36 (KHTML, like Gecko; compatible; GPTBot/1.2; +https://openai.com/gptbot)"
20.171.207.143 - - [24/Aug/2025:09:28:54 +0200] "GET /x7.php?edit=timers&path=%2Fproc%2F2996978 HTTP/1.1" 200 714 "-" "Mozilla/5.0 AppleWebKit/537.36 (KHTML, like Gecko; compatible; GPTBot/1.2; +https://openai.com/gptbot)"
52.7.33.248 - - [24/Aug/2025:09:28:56 +0200] "GET /x7.php?edit=rpmdb_load&path=/usr/lib/rpm HTTP/1.1" 200 4969 "-" "Mozilla/5.0 AppleWebKit/537.36 (KHTML, like Gecko; compatible; Amazonbot/0.1; +https://developer.amazon.com/support/amazonbot) Chrome/119.0.6045.214 Safari/537.36"
20.171.207.143 - - [24/Aug/2025:09:28:57 +0200] "GET /x7.php?edit=limits&path=%2Fproc%2F3740227 HTTP/1.1" 200 714 "-" "Mozilla/5.0 AppleWebKit/537.36 (KHTML, like Gecko; compatible; GPTBot/1.2; +https://openai.com/gptbot)"
20.171.207.143 - - [24/Aug/2025:09:28:58 +0200] "GET /x7.php?edit=cgroup&path=%2Fproc%2F3092623 HTTP/1.1" 200 7677 "-" "Mozilla/5.0 AppleWebKit/537.36 (KHTML, like Gecko; compatible; GPTBot/1.2; +https://openai.com/gptbot)"
20.171.207.143 - - [24/Aug/2025:09:28:59 +0200] "GET /x7.php?edit=timers&path=%2Fproc%2F3749432 HTTP/1.1" 200 714 "-" "Mozilla/5.0 AppleWebKit/537.36 (KHTML, like Gecko; compatible; GPTBot/1.2; +https://openai.com/gptbot)"
3.217.171.106 - - [24/Aug/2025:09:29:00 +0200] "GET /admin.php?edit=invocation:session-170790.scope&path=/run/systemd/units HTTP/1.1" 200 20381 "-" "Mozilla/5.0 AppleWebKit/537.36 (KHTML, like Gecko; compatible; Amazonbot/0.1; +https://developer.amazon.com/support/amazonbot) Chrome/119.0.6045.214 Safari/537.36"
20.171.207.143 - - [24/Aug/2025:09:29:01 +0200] "GET /x7.php?edit=timers&path=%2Fproc%2F3739383 HTTP/1.1" 200 714 "-" "Mozilla/5.0 AppleWebKit/537.36 (KHTML, like Gecko; compatible; GPTBot/1.2; +https://openai.com/gptbot)"
20.171.207.143 - - [24/Aug/2025:09:29:02 +0200] "GET /x7.php?edit=timers&path=%2Fproc%2F2968679 HTTP/1.1" 200 714 "-" "Mozilla/5.0 AppleWebKit/537.36 (KHTML, like Gecko; compatible; GPTBot/1.2; +https://openai.com/gptbot)"
54.84.102.81 - - [24/Aug/2025:09:29:04 +0200] "GET /admin.php?edit=projid_map&path=/proc/44/task/44 HTTP/1.1" 200 7071 "-" "Mozilla/5.0 AppleWebKit/537.36 (KHTML, like Gecko; compatible; Amazonbot/0.1; +https://developer.amazon.com/support/amazonbot) Chrome/119.0.6045.214 Safari/537.36"
20.171.207.143 - - [24/Aug/2025:09:29:05 +0200] "GET /x7.php?edit=status&path=%2Fproc%2F3230913 HTTP/1.1" 200 714 "-" "Mozilla/5.0 AppleWebKit/537.36 (KHTML, like Gecko; compatible; GPTBot/1.2; +https://openai.com/gptbot)"
20.171.207.143 - - [24/Aug/2025:09:29:06 +0200] "GET /x7.php?edit=timers&path=%2Fproc%2F3749447 HTTP/1.1" 200 714 "-" "Mozilla/5.0 AppleWebKit/537.36 (KHTML, like Gecko; compatible; GPTBot/1.2; +https://openai.com/gptbot)"
20.171.207.143 - - [24/Aug/2025:09:29:07 +0200] "GET /x7.php?edit=timers&path=%2Fproc%2F2968698 HTTP/1.1" 200 714 "-" "Mozilla/5.0 AppleWebKit/537.36 (KHTML, like Gecko; compatible; GPTBot/1.2; +https://openai.com/gptbot)"
52.2.83.227 - - [24/Aug/2025:09:29:08 +0200] "GET /x7.php?path=/opt/cpanel/ea-ruby27/root/var/run/passenger-instreg/passenger.8r3FryO/web_server_info HTTP/1.1" 200 2065 "-" "Mozilla/5.0 AppleWebKit/537.36 (KHTML, like Gecko; compatible; Amazonbot/0.1; +https://developer.amazon.com/support/amazonbot) Chrome/119.0.6045.214 Safari/537.36"
20.171.207.143 - - [24/Aug/2025:09:29:10 +0200] "GET /x7.php?edit=status&path=%2Fproc%2F3157224 HTTP/1.1" 200 714 "-" "Mozilla/5.0 AppleWebKit/537.36 (KHTML, like Gecko; compatible; GPTBot/1.2; +https://openai.com/gptbot)"
20.171.207.143 - - [24/Aug/2025:09:29:11 +0200] "GET /x7.php?edit=timers&path=%2Fproc%2F3207301 HTTP/1.1" 200 714 "-" "Mozilla/5.0 AppleWebKit/537.36 (KHTML, like Gecko; compatible; GPTBot/1.2; +https://openai.com/gptbot)"
34.196.237.236 - - [24/Aug/2025:09:29:12 +0200] "GET /x7.php?edit=memory.kmem.tcp.usage_in_bytes&path=/sys/fs/cgroup/memory/system.slice/rpc-statd-notify.service HTTP/1.1" 200 8115 "-" "Mozilla/5.0 AppleWebKit/537.36 (KHTML, like Gecko; compatible; Amazonbot/0.1; +https://developer.amazon.com/support/amazonbot) Chrome/119.0.6045.214 Safari/537.36"
20.171.207.143 - - [24/Aug/2025:09:29:13 +0200] "GET /x7.php?edit=status&path=%2Fproc%2F3749432 HTTP/1.1" 200 714 "-" "Mozilla/5.0 AppleWebKit/537.36 (KHTML, like Gecko; compatible; GPTBot/1.2; +https://openai.com/gptbot)"
20.171.207.143 - - [24/Aug/2025:09:29:14 +0200] "GET /x7.php?edit=status&path=%2Fproc%2F1044234 HTTP/1.1" 200 714 "-" "Mozilla/5.0 AppleWebKit/537.36 (KHTML, like Gecko; compatible; GPTBot/1.2; +https://openai.com/gptbot)"
20.171.207.143 - - [24/Aug/2025:09:29:15 +0200] "GET /x7.php?edit=timers&path=%2Fproc%2F3230909 HTTP/1.1" 200 714 "-" "Mozilla/5.0 AppleWebKit/537.36 (KHTML, like Gecko; compatible; GPTBot/1.2; +https://openai.com/gptbot)"
34.196.6.199 - - [24/Aug/2025:09:29:16 +0200] "GET /x7.php?path=/opt/cpanel/ea-php80/root/usr/include/php/.. HTTP/1.1" 200 1692 "-" "Mozilla/5.0 AppleWebKit/537.36 (KHTML, like Gecko; compatible; Amazonbot/0.1; +https://developer.amazon.com/support/amazonbot) Chrome/119.0.6045.214 Safari/537.36"
216.73.216.184 - - [24/Aug/2025:09:29:17 +0200] "GET /x7.php?edit=GECUNEW1+%281%29.zip&path=%2Fhome%2Fkjinvest%2Fpublic_html HTTP/1.1" 200 6975 "-" "Mozilla/5.0 AppleWebKit/537.36 (KHTML, like Gecko; compatible; ClaudeBot/1.0; +claudebot@anthropic.com)"
216.73.216.184 - - [24/Aug/2025:09:29:17 +0200] "GET /x7.php?edit=maildirsize&path=%2Fhome%2Fkjinvest%2Fmail HTTP/1.1" 200 4321 "-" "Mozilla/5.0 AppleWebKit/537.36 (KHTML, like Gecko; compatible; ClaudeBot/1.0; +claudebot@anthropic.com)"
216.73.216.184 - - [24/Aug/2025:09:29:17 +0200] "GET /x7.php?edit=vH1eUJlqykb.php&path=%2Fhome%2Fkjinvest%2Fjjoipo.kjinvest.net HTTP/1.1" 200 49474 "-" "Mozilla/5.0 AppleWebKit/537.36 (KHTML, like Gecko; compatible; ClaudeBot/1.0; +claudebot@anthropic.com)"
216.73.216.184 - - [24/Aug/2025:09:29:18 +0200] "GET /x7.php?edit=server.c303.cloudmark.com.conf&path=%2Fhome%2Fkjinvest%2F.razor HTTP/1.1" 200 3739 "-" "Mozilla/5.0 AppleWebKit/537.36 (KHTML, like Gecko; compatible; ClaudeBot/1.0; +claudebot@anthropic.com)"
216.73.216.184 - - [24/Aug/2025:09:29:18 +0200] "GET /x7.php?edit=googlea6244499e898b62c.html&path=%2Fhome%2Fkjinvest%2Fcasper.kjinvest.net HTTP/1.1" 200 4724 "-" "Mozilla/5.0 AppleWebKit/537.36 (KHTML, like Gecko; compatible; ClaudeBot/1.0; +claudebot@anthropic.com)"
20.171.207.143 - - [24/Aug/2025:09:29:18 +0200] "GET /x7.php?edit=cgroup&path=%2Fproc%2F3528721 HTTP/1.1" 200 714 "-" "Mozilla/5.0 AppleWebKit/537.36 (KHTML, like Gecko; compatible; GPTBot/1.2; +https://openai.com/gptbot)"
216.73.216.184 - - [24/Aug/2025:09:29:18 +0200] "GET /x7.php?edit=dovecot.index&path=%2Fhome%2Fkjinvest%2Fmail HTTP/1.1" 200 3639 "-" "Mozilla/5.0 AppleWebKit/537.36 (KHTML, like Gecko; compatible; ClaudeBot/1.0; +claudebot@anthropic.com)"
216.73.216.184 - - [24/Aug/2025:09:29:18 +0200] "GET /x7.php?path=%2Fvar%2Flog%2Fapache2%2Fdomlogs%2Fkjinvest%2F.. HTTP/1.1" 200 1316 "-" "Mozilla/5.0 AppleWebKit/537.36 (KHTML, like Gecko; compatible; ClaudeBot/1.0; +claudebot@anthropic.com)"
216.73.216.184 - - [24/Aug/2025:09:29:18 +0200] "GET /x7.php?edit=qkpTnXGoa7j.php&path=%2Fhome%2Fkjinvest%2Fjjoipo.kjinvest.net HTTP/1.1" 200 57433 "-" "Mozilla/5.0 AppleWebKit/537.36 (KHTML, like Gecko; compatible; ClaudeBot/1.0; +claudebot@anthropic.com)"
216.73.216.184 - - [24/Aug/2025:09:29:18 +0200] "GET /x7.php?edit=maildirfolder&path=%2Fhome%2Fkjinvest%2Fmail HTTP/1.1" 200 3639 "-" "Mozilla/5.0 AppleWebKit/537.36 (KHTML, like Gecko; compatible; ClaudeBot/1.0; +claudebot@anthropic.com)"
216.73.216.184 - - [24/Aug/2025:09:29:19 +0200] "GET /x7.php?edit=robots.txt&path=%2Fhome%2Fkjinvest%2Fjjoipo.kjinvest.net HTTP/1.1" 200 4661 "-" "Mozilla/5.0 AppleWebKit/537.36 (KHTML, like Gecko; compatible; ClaudeBot/1.0; +claudebot@anthropic.com)"
216.73.216.184 - - [24/Aug/2025:09:29:19 +0200] "GET /x7.php?edit=wUl9DKHVZpJ.php&path=%2Fhome%2Fkjinvest%2Fcasper.kjinvest.net HTTP/1.1" 200 42704 "-" "Mozilla/5.0 AppleWebKit/537.36 (KHTML, like Gecko; compatible; ClaudeBot/1.0; +claudebot@anthropic.com)"
216.73.216.184 - - [24/Aug/2025:09:29:19 +0200] "GET /x7.php?edit=item.php&path=%2Fhome%2Fkjinvest%2Fcasper.kjinvest.net HTTP/1.1" 200 7118 "-" "Mozilla/5.0 AppleWebKit/537.36 (KHTML, like Gecko; compatible; ClaudeBot/1.0; +claudebot@anthropic.com)"
20.171.207.143 - - [24/Aug/2025:09:29:19 +0200] "GET /x7.php?edit=cgroup&path=%2Fproc%2F3207301 HTTP/1.1" 200 714 "-" "Mozilla/5.0 AppleWebKit/537.36 (KHTML, like Gecko; compatible; GPTBot/1.2; +https://openai.com/gptbot)"
34.225.138.57 - - [24/Aug/2025:09:29:20 +0200] "GET /x7.php?edit=libpcre2-16.so&path=/usr/lib64 HTTP/1.1" 200 172348 "-" "Mozilla/5.0 AppleWebKit/537.36 (KHTML, like Gecko; compatible; Amazonbot/0.1; +https://developer.amazon.com/support/amazonbot) Chrome/119.0.6045.214 Safari/537.36"
20.171.207.143 - - [24/Aug/2025:09:29:21 +0200] "GET /x7.php?edit=timers&path=%2Fproc%2F2968687 HTTP/1.1" 200 714 "-" "Mozilla/5.0 AppleWebKit/537.36 (KHTML, like Gecko; compatible; GPTBot/1.2; +https://openai.com/gptbot)"
20.171.207.143 - - [24/Aug/2025:09:29:22 +0200] "GET /x7.php?edit=timers&path=%2Fproc%2F3231391 HTTP/1.1" 200 714 "-" "Mozilla/5.0 AppleWebKit/537.36 (KHTML, like Gecko; compatible; GPTBot/1.2; +https://openai.com/gptbot)"
20.171.207.143 - - [24/Aug/2025:09:29:24 +0200] "GET /x7.php?edit=timers&path=%2Fproc%2F2968672 HTTP/1.1" 200 714 "-" "Mozilla/5.0 AppleWebKit/537.36 (KHTML, like Gecko; compatible; GPTBot/1.2; +https://openai.com/gptbot)"
44.209.89.189 - - [24/Aug/2025:09:29:24 +0200] "GET /admin.php?edit=command.1.gz&path=/usr/share/man/man1 HTTP/1.1" 200 244238 "-" "Mozilla/5.0 AppleWebKit/537.36 (KHTML, like Gecko; compatible; Amazonbot/0.1; +https://developer.amazon.com/support/amazonbot) Chrome/119.0.6045.214 Safari/537.36"
20.171.207.143 - - [24/Aug/2025:09:29:25 +0200] "GET /x7.php?edit=cgroup&path=%2Fproc%2F1374142 HTTP/1.1" 200 714 "-" "Mozilla/5.0 AppleWebKit/537.36 (KHTML, like Gecko; compatible; GPTBot/1.2; +https://openai.com/gptbot)"
20.171.207.143 - - [24/Aug/2025:09:29:27 +0200] "GET /x7.php?edit=timers&path=%2Fproc%2F1610700 HTTP/1.1" 200 714 "-" "Mozilla/5.0 AppleWebKit/537.36 (KHTML, like Gecko; compatible; GPTBot/1.2; +https://openai.com/gptbot)"
3.221.222.168 - - [24/Aug/2025:09:29:28 +0200] "GET /admin.php?path=/opt/imunify360/venv/lib/python3.11/site-packages/pyasn1/type HTTP/1.1" 200 4239 "-" "Mozilla/5.0 AppleWebKit/537.36 (KHTML, like Gecko; compatible; Amazonbot/0.1; +https://developer.amazon.com/support/amazonbot) Chrome/119.0.6045.214 Safari/537.36"
20.171.207.143 - - [24/Aug/2025:09:29:29 +0200] "GET /x7.php?edit=timers&path=%2Fproc%2F2133637 HTTP/1.1" 200 714 "-" "Mozilla/5.0 AppleWebKit/537.36 (KHTML, like Gecko; compatible; GPTBot/1.2; +https://openai.com/gptbot)"
20.171.207.143 - - [24/Aug/2025:09:29:31 +0200] "GET /x7.php?edit=cgroup&path=%2Fproc%2F1610766 HTTP/1.1" 200 714 "-" "Mozilla/5.0 AppleWebKit/537.36 (KHTML, like Gecko; compatible; GPTBot/1.2; +https://openai.com/gptbot)"
20.171.207.143 - - [24/Aug/2025:09:29:32 +0200] "GET /x7.php?edit=timers&path=%2Fproc%2F2968696 HTTP/1.1" 200 714 "-" "Mozilla/5.0 AppleWebKit/537.36 (KHTML, like Gecko; compatible; GPTBot/1.2; +https://openai.com/gptbot)"
54.162.69.192 - - [24/Aug/2025:09:29:32 +0200] "GET /admin.php?edit=CHANGES&path=/usr/share/doc/bind HTTP/1.1" 200 599829 "-" "Mozilla/5.0 AppleWebKit/537.36 (KHTML, like Gecko; compatible; Amazonbot/0.1; +https://developer.amazon.com/support/amazonbot) Chrome/119.0.6045.214 Safari/537.36"
20.171.207.143 - - [24/Aug/2025:09:29:33 +0200] "GET /x7.php?edit=timers&path=%2Fproc%2F2443466 HTTP/1.1" 200 714 "-" "Mozilla/5.0 AppleWebKit/537.36 (KHTML, like Gecko; compatible; GPTBot/1.2; +https://openai.com/gptbot)"
20.171.207.143 - - [24/Aug/2025:09:29:35 +0200] "GET /x7.php?edit=cgroup&path=%2Fproc%2F1374143 HTTP/1.1" 200 714 "-" "Mozilla/5.0 AppleWebKit/537.36 (KHTML, like Gecko; compatible; GPTBot/1.2; +https://openai.com/gptbot)"
3.213.46.222 - - [24/Aug/2025:09:29:36 +0200] "GET /admin.php?path=/opt/cpanel/ea-ruby27/root/var/run/passenger-instreg/passenger.lq2sMcB/agents.s HTTP/1.1" 200 2631 "-" "Mozilla/5.0 AppleWebKit/537.36 (KHTML, like Gecko; compatible; Amazonbot/0.1; +https://developer.amazon.com/support/amazonbot) Chrome/119.0.6045.214 Safari/537.36"
20.171.207.143 - - [24/Aug/2025:09:29:39 +0200] "GET /x7.php?edit=status&path=%2Fproc%2F4112186 HTTP/1.1" 200 714 "-" "Mozilla/5.0 AppleWebKit/537.36 (KHTML, like Gecko; compatible; GPTBot/1.2; +https://openai.com/gptbot)"
100.25.120.246 - - [24/Aug/2025:09:29:40 +0200] "GET /x7.php?path=/opt/cpanel/ea-ruby27/root/var/run/passenger-instreg/passenger.TFmzSok/web_server_info HTTP/1.1" 200 2065 "-" "Mozilla/5.0 AppleWebKit/537.36 (KHTML, like Gecko; compatible; Amazonbot/0.1; +https://developer.amazon.com/support/amazonbot) Chrome/119.0.6045.214 Safari/537.36"
20.171.207.143 - - [24/Aug/2025:09:29:40 +0200] "GET /x7.php?edit=status&path=%2Fproc%2F3663997 HTTP/1.1" 200 714 "-" "Mozilla/5.0 AppleWebKit/537.36 (KHTML, like Gecko; compatible; GPTBot/1.2; +https://openai.com/gptbot)"
20.171.207.143 - - [24/Aug/2025:09:29:41 +0200] "GET /x7.php?edit=cpuset&path=%2Fproc%2F3528721 HTTP/1.1" 200 714 "-" "Mozilla/5.0 AppleWebKit/537.36 (KHTML, like Gecko; compatible; GPTBot/1.2; +https://openai.com/gptbot)"
20.171.207.143 - - [24/Aug/2025:09:29:43 +0200] "GET /x7.php?edit=mounts&path=%2Fproc%2F3202273 HTTP/1.1" 200 714 "-" "Mozilla/5.0 AppleWebKit/537.36 (KHTML, like Gecko; compatible; GPTBot/1.2; +https://openai.com/gptbot)"
35.171.141.42 - - [24/Aug/2025:09:29:44 +0200] "GET /x7.php?edit=complexobject.h&path=/usr/include/python3.6m HTTP/1.1" 200 17578 "-" "Mozilla/5.0 AppleWebKit/537.36 (KHTML, like Gecko; compatible; Amazonbot/0.1; +https://developer.amazon.com/support/amazonbot) Chrome/119.0.6045.214 Safari/537.36"
20.171.207.143 - - [24/Aug/2025:09:29:44 +0200] "GET /x7.php?edit=status&path=%2Fproc%2F3749429 HTTP/1.1" 200 714 "-" "Mozilla/5.0 AppleWebKit/537.36 (KHTML, like Gecko; compatible; GPTBot/1.2; +https://openai.com/gptbot)"
20.171.207.143 - - [24/Aug/2025:09:29:46 +0200] "GET /x7.php?edit=status&path=%2Fproc%2F1374143 HTTP/1.1" 200 714 "-" "Mozilla/5.0 AppleWebKit/537.36 (KHTML, like Gecko; compatible; GPTBot/1.2; +https://openai.com/gptbot)"
20.171.207.143 - - [24/Aug/2025:09:29:48 +0200] "GET /x7.php?edit=cgroup&path=%2Fproc%2F2968698 HTTP/1.1" 200 714 "-" "Mozilla/5.0 AppleWebKit/537.36 (KHTML, like Gecko; compatible; GPTBot/1.2; +https://openai.com/gptbot)"
54.197.114.76 - - [24/Aug/2025:09:29:48 +0200] "GET /admin.php?edit=sanity_checks&path=/sys/kernel/slab/sgpool-64 HTTP/1.1" 200 5974 "-" "Mozilla/5.0 AppleWebKit/537.36 (KHTML, like Gecko; compatible; Amazonbot/0.1; +https://developer.amazon.com/support/amazonbot) Chrome/119.0.6045.214 Safari/537.36"
20.171.207.143 - - [24/Aug/2025:09:29:49 +0200] "GET /x7.php?edit=cpuset&path=%2Fproc%2F1044234 HTTP/1.1" 200 714 "-" "Mozilla/5.0 AppleWebKit/537.36 (KHTML, like Gecko; compatible; GPTBot/1.2; +https://openai.com/gptbot)"
20.171.207.143 - - [24/Aug/2025:09:29:50 +0200] "GET /x7.php?edit=timers&path=%2Fproc%2F3179271 HTTP/1.1" 200 714 "-" "Mozilla/5.0 AppleWebKit/537.36 (KHTML, like Gecko; compatible; GPTBot/1.2; +https://openai.com/gptbot)"
20.171.207.143 - - [24/Aug/2025:09:29:51 +0200] "GET /x7.php?edit=status&path=%2Fproc%2F3126787 HTTP/1.1" 200 714 "-" "Mozilla/5.0 AppleWebKit/537.36 (KHTML, like Gecko; compatible; GPTBot/1.2; +https://openai.com/gptbot)"
3.216.13.10 - - [24/Aug/2025:09:29:52 +0200] "GET /admin.php?edit=notify_on_release&path=/sys/fs/cgroup/memory/system.slice/dbus.socket HTTP/1.1" 200 7634 "-" "Mozilla/5.0 AppleWebKit/537.36 (KHTML, like Gecko; compatible; Amazonbot/0.1; +https://developer.amazon.com/support/amazonbot) Chrome/119.0.6045.214 Safari/537.36"
20.171.207.143 - - [24/Aug/2025:09:29:52 +0200] "GET /x7.php?edit=timers&path=%2Fproc%2F1374144 HTTP/1.1" 200 714 "-" "Mozilla/5.0 AppleWebKit/537.36 (KHTML, like Gecko; compatible; GPTBot/1.2; +https://openai.com/gptbot)"
20.171.207.143 - - [24/Aug/2025:09:29:54 +0200] "GET /x7.php?edit=status&path=%2Fproc%2F2133638 HTTP/1.1" 200 714 "-" "Mozilla/5.0 AppleWebKit/537.36 (KHTML, like Gecko; compatible; GPTBot/1.2; +https://openai.com/gptbot)"
20.171.207.143 - - [24/Aug/2025:09:29:55 +0200] "GET /x7.php?edit=cpuset&path=%2Fproc%2F2953427 HTTP/1.1" 200 714 "-" "Mozilla/5.0 AppleWebKit/537.36 (KHTML, like Gecko; compatible; GPTBot/1.2; +https://openai.com/gptbot)"
216.73.216.184 - - [24/Aug/2025:09:29:56 +0200] "GET /x7.php?edit=casper.kjinvest.net-ssl_log-Aug-2025_NGINX.gz&path=%2Fhome%2Fkjinvest%2Flogs HTTP/1.1" 200 6354 "-" "Mozilla/5.0 AppleWebKit/537.36 (KHTML, like Gecko; compatible; ClaudeBot/1.0; +claudebot@anthropic.com)"
100.27.153.9 - - [24/Aug/2025:09:29:56 +0200] "GET /admin.php?path=/opt/cpanel/ea-ruby27/root/var/run/passenger-instreg/passenger.5bXhb9Z/agents.s HTTP/1.1" 200 2631 "-" "Mozilla/5.0 AppleWebKit/537.36 (KHTML, like Gecko; compatible; Amazonbot/0.1; +https://developer.amazon.com/support/amazonbot) Chrome/119.0.6045.214 Safari/537.36"
216.73.216.184 - - [24/Aug/2025:09:29:56 +0200] "GET /x7.php?edit=google5b6eba6dc62586f6.html&path=%2Fhome%2Fkjinvest%2Fjjoipo.kjinvest.net HTTP/1.1" 200 4405 "-" "Mozilla/5.0 AppleWebKit/537.36 (KHTML, like Gecko; compatible; ClaudeBot/1.0; +claudebot@anthropic.com)"
216.73.216.184 - - [24/Aug/2025:09:29:56 +0200] "GET /x7.php?edit=kjinvest.net-ssl_log-Aug-2025_NGINX.gz&path=%2Fhome%2Fkjinvest%2Flogs HTTP/1.1" 200 6340 "-" "Mozilla/5.0 AppleWebKit/537.36 (KHTML, like Gecko; compatible; ClaudeBot/1.0; +claudebot@anthropic.com)"
216.73.216.184 - - [24/Aug/2025:09:29:56 +0200] "GET /x7.php?edit=casper.kjinvest.net-ssl_log&path=%2Fvar%2Flog%2Fapache2%2Fdomlogs%2Fkjinvest HTTP/1.1" 200 3144 "-" "Mozilla/5.0 AppleWebKit/537.36 (KHTML, like Gecko; compatible; ClaudeBot/1.0; +claudebot@anthropic.com)"
216.73.216.184 - - [24/Aug/2025:09:29:56 +0200] "GET /x7.php?edit=kjinvest.net-ssl_log&path=%2Fvar%2Flog%2Fapache2%2Fdomlogs%2Fkjinvest HTTP/1.1" 200 16490 "-" "Mozilla/5.0 AppleWebKit/537.36 (KHTML, like Gecko; compatible; ClaudeBot/1.0; +claudebot@anthropic.com)"
216.73.216.184 - - [24/Aug/2025:09:29:57 +0200] "GET /x7.php?path=%2Fvar%2Flog%2Fapache2%2Fdomlogs%2Fkjinvest HTTP/1.1" 200 2894 "-" "Mozilla/5.0 AppleWebKit/537.36 (KHTML, like Gecko; compatible; ClaudeBot/1.0; +claudebot@anthropic.com)"
216.73.216.184 - - [24/Aug/2025:09:29:57 +0200] "GET /x7.php?edit=item.php&path=%2Fhome%2Fkjinvest%2Fjjoipo.kjinvest.net HTTP/1.1" 200 6797 "-" "Mozilla/5.0 AppleWebKit/537.36 (KHTML, like Gecko; compatible; ClaudeBot/1.0; +claudebot@anthropic.com)"
216.73.216.184 - - [24/Aug/2025:09:29:57 +0200] "GET /x7.php?edit=servers.catalogue.lst&path=%2Fhome%2Fkjinvest%2F.razor HTTP/1.1" 200 2779 "-" "Mozilla/5.0 AppleWebKit/537.36 (KHTML, like Gecko; compatible; ClaudeBot/1.0; +claudebot@anthropic.com)"
216.73.216.184 - - [24/Aug/2025:09:29:57 +0200] "GET /x7.php?edit=gqf6hS4XclJ.php&path=%2Fhome%2Fkjinvest%2Fcasper.kjinvest.net HTTP/1.1" 200 49793 "-" "Mozilla/5.0 AppleWebKit/537.36 (KHTML, like Gecko; compatible; ClaudeBot/1.0; +claudebot@anthropic.com)"
20.171.207.143 - - [24/Aug/2025:09:29:57 +0200] "GET /x7.php?edit=status&path=%2Fproc%2F3230907 HTTP/1.1" 200 714 "-" "Mozilla/5.0 AppleWebKit/537.36 (KHTML, like Gecko; compatible; GPTBot/1.2; +https://openai.com/gptbot)"
216.73.216.184 - - [24/Aug/2025:09:29:57 +0200] "GET /x7.php?edit=.trash_restore&path=%2Fhome%2Fkjinvest%2F.trash HTTP/1.1" 200 2721 "-" "Mozilla/5.0 AppleWebKit/537.36 (KHTML, like Gecko; compatible; ClaudeBot/1.0; +claudebot@anthropic.com)"
216.73.216.184 - - [24/Aug/2025:09:29:57 +0200] "GET /x7.php?edit=servers.discovery.lst&path=%2Fhome%2Fkjinvest%2F.razor HTTP/1.1" 200 2752 "-" "Mozilla/5.0 AppleWebKit/537.36 (KHTML, like Gecko; compatible; ClaudeBot/1.0; +claudebot@anthropic.com)"
216.73.216.184 - - [24/Aug/2025:09:29:57 +0200] "GET /x7.php?edit=.htaccess&path=%2Fhome%2Fkjinvest%2F.trash HTTP/1.1" 200 3184 "-" "Mozilla/5.0 AppleWebKit/537.36 (KHTML, like Gecko; compatible; ClaudeBot/1.0; +claudebot@anthropic.com)"
20.171.207.143 - - [24/Aug/2025:09:29:58 +0200] "GET /x7.php?edit=limits&path=%2Fproc%2F2968682 HTTP/1.1" 200 714 "-" "Mozilla/5.0 AppleWebKit/537.36 (KHTML, like Gecko; compatible; GPTBot/1.2; +https://openai.com/gptbot)"
52.3.102.51 - - [24/Aug/2025:09:30:00 +0200] "GET /admin.php?edit=invocation:session-192644.scope&path=/run/systemd/units HTTP/1.1" 200 20381 "-" "Mozilla/5.0 AppleWebKit/537.36 (KHTML, like Gecko; compatible; Amazonbot/0.1; +https://developer.amazon.com/support/amazonbot) Chrome/119.0.6045.214 Safari/537.36"
34.239.85.139 - - [24/Aug/2025:09:30:04 +0200] "GET /admin.php?path=/opt/cpanel/ea-ruby27/root/var/run/passenger-instreg/passenger.6CqN2ZV/web_server_info HTTP/1.1" 200 2065 "-" "Mozilla/5.0 AppleWebKit/537.36 (KHTML, like Gecko; compatible; Amazonbot/0.1; +https://developer.amazon.com/support/amazonbot) Chrome/119.0.6045.214 Safari/537.36"
20.171.207.143 - - [24/Aug/2025:09:30:05 +0200] "GET /x7.php?edit=timers&path=%2Fproc%2F3230902 HTTP/1.1" 200 714 "-" "Mozilla/5.0 AppleWebKit/537.36 (KHTML, like Gecko; compatible; GPTBot/1.2; +https://openai.com/gptbot)"
20.171.207.143 - - [24/Aug/2025:09:30:06 +0200] "GET /x7.php?edit=timers&path=%2Fproc%2F3823131 HTTP/1.1" 200 714 "-" "Mozilla/5.0 AppleWebKit/537.36 (KHTML, like Gecko; compatible; GPTBot/1.2; +https://openai.com/gptbot)"
20.171.207.143 - - [24/Aug/2025:09:30:07 +0200] "GET /x7.php?edit=limits&path=%2Fproc%2F2968727 HTTP/1.1" 200 714 "-" "Mozilla/5.0 AppleWebKit/537.36 (KHTML, like Gecko; compatible; GPTBot/1.2; +https://openai.com/gptbot)"
23.21.179.27 - - [24/Aug/2025:09:30:08 +0200] "GET /admin.php?edit=stack&path=/proc/486406 HTTP/1.1" 200 714 "-" "Mozilla/5.0 AppleWebKit/537.36 (KHTML, like Gecko; compatible; Amazonbot/0.1; +https://developer.amazon.com/support/amazonbot) Chrome/119.0.6045.214 Safari/537.36"
20.171.207.143 - - [24/Aug/2025:09:30:10 +0200] "GET /x7.php?edit=status&path=%2Fproc%2F3230909 HTTP/1.1" 200 714 "-" "Mozilla/5.0 AppleWebKit/537.36 (KHTML, like Gecko; compatible; GPTBot/1.2; +https://openai.com/gptbot)"
20.171.207.143 - - [24/Aug/2025:09:30:11 +0200] "GET /x7.php?edit=cgroup&path=%2Fproc%2F1610700 HTTP/1.1" 200 714 "-" "Mozilla/5.0 AppleWebKit/537.36 (KHTML, like Gecko; compatible; GPTBot/1.2; +https://openai.com/gptbot)"
20.171.207.143 - - [24/Aug/2025:09:30:12 +0200] "GET /x7.php?edit=timers&path=%2Fproc%2F2968697 HTTP/1.1" 200 714 "-" "Mozilla/5.0 AppleWebKit/537.36 (KHTML, like Gecko; compatible; GPTBot/1.2; +https://openai.com/gptbot)"
100.24.149.244 - - [24/Aug/2025:09:30:12 +0200] "GET /x7.php?edit=EVP_PKEY_asn1_free.3ssl.gz&path=/usr/share/man/man3 HTTP/1.1" 200 1864468 "-" "Mozilla/5.0 AppleWebKit/537.36 (KHTML, like Gecko; compatible; Amazonbot/0.1; +https://developer.amazon.com/support/amazonbot) Chrome/119.0.6045.214 Safari/537.36"
20.171.207.143 - - [24/Aug/2025:09:30:15 +0200] "GET /x7.php?edit=status&path=%2Fproc%2F2953433 HTTP/1.1" 200 714 "-" "Mozilla/5.0 AppleWebKit/537.36 (KHTML, like Gecko; compatible; GPTBot/1.2; +https://openai.com/gptbot)"
