216.73.216.184 - - [24/Aug/2025:09:20:15 +0200] "GET /admin.php?edit=udplite&path=%2Fproc%2F2132%2Ftask%2F2464521%2Fnet HTTP/1.1" 200 9106 "-" "Mozilla/5.0 AppleWebKit/537.36 (KHTML, like Gecko; compatible; ClaudeBot/1.0; +claudebot@anthropic.com)"
20.171.207.143 - - [24/Aug/2025:09:20:15 +0200] "GET /x7.php?edit=pagemap&path=%2Fproc%2F3749450 HTTP/1.1" 200 714 "-" "Mozilla/5.0 AppleWebKit/537.36 (KHTML, like Gecko; compatible; GPTBot/1.2; +https://openai.com/gptbot)"
216.73.216.184 - - [24/Aug/2025:09:20:15 +0200] "GET /admin.php?edit=state&path=%2Fsys%2Fdevices%2Fsystem%2Fmemory%2Fmemory79 HTTP/1.1" 200 3083 "-" "Mozilla/5.0 AppleWebKit/537.36 (KHTML, like Gecko; compatible; ClaudeBot/1.0; +claudebot@anthropic.com)"
216.73.216.184 - - [24/Aug/2025:09:20:15 +0200] "GET /admin.php?edit=ip6_flowlabel&path=%2Fproc%2F2045%2Ftask%2F2179%2Fnet HTTP/1.1" 200 8885 "-" "Mozilla/5.0 AppleWebKit/537.36 (KHTML, like Gecko; compatible; ClaudeBot/1.0; +claudebot@anthropic.com)"
216.73.216.184 - - [24/Aug/2025:09:20:16 +0200] "GET /admin.php?edit=ip6_flowlabel&path=%2Fproc%2F3131703%2Ftask%2F3131703%2Fnet HTTP/1.1" 200 9245 "-" "Mozilla/5.0 AppleWebKit/537.36 (KHTML, like Gecko; compatible; ClaudeBot/1.0; +claudebot@anthropic.com)"
216.73.216.184 - - [24/Aug/2025:09:20:16 +0200] "GET /admin.php?edit=stat&path=%2Fproc%2F2280632%2Ftask%2F2280632 HTTP/1.1" 200 714 "-" "Mozilla/5.0 AppleWebKit/537.36 (KHTML, like Gecko; compatible; ClaudeBot/1.0; +claudebot@anthropic.com)"
216.73.216.184 - - [24/Aug/2025:09:20:16 +0200] "GET /x7.php?edit=nc-ph-2736.nzathu.online-irqstats-iTHR-d.rrd&path=%2Fvar%2Flib%2Fmunin%2Fnzathu.online HTTP/1.1" 200 45227 "-" "Mozilla/5.0 AppleWebKit/537.36 (KHTML, like Gecko; compatible; ClaudeBot/1.0; +claudebot@anthropic.com)"
54.197.82.195 - - [24/Aug/2025:09:20:16 +0200] "GET /x7.php?path=/proc/3131703/task/3131703/fdinfo HTTP/1.1" 200 1410 "-" "Mozilla/5.0 AppleWebKit/537.36 (KHTML, like Gecko; compatible; Amazonbot/0.1; +https://developer.amazon.com/support/amazonbot) Chrome/119.0.6045.214 Safari/537.36"
216.73.216.184 - - [24/Aug/2025:09:20:16 +0200] "GET /x7.php?edit=smb.conf&path=%2Fetc%2Fsamba HTTP/1.1" 200 2787 "-" "Mozilla/5.0 AppleWebKit/537.36 (KHTML, like Gecko; compatible; ClaudeBot/1.0; +claudebot@anthropic.com)"
216.73.216.184 - - [24/Aug/2025:09:20:16 +0200] "GET /x7.php?edit=509dfe2812d3123d329a6f804b141607&path=%2Ftmp%2Fprime HTTP/1.1" 200 4130 "-" "Mozilla/5.0 AppleWebKit/537.36 (KHTML, like Gecko; compatible; ClaudeBot/1.0; +claudebot@anthropic.com)"
216.73.216.184 - - [24/Aug/2025:09:20:16 +0200] "GET /admin.php?edit=state&path=%2Fsys%2Fdevices%2Fsystem%2Fmemory%2Fmemory68 HTTP/1.1" 200 3083 "-" "Mozilla/5.0 AppleWebKit/537.36 (KHTML, like Gecko; compatible; ClaudeBot/1.0; +claudebot@anthropic.com)"
216.73.216.184 - - [24/Aug/2025:09:20:16 +0200] "GET /admin.php?edit=state&path=%2Fsys%2Fdevices%2Fsystem%2Fmemory%2Fmemory93 HTTP/1.1" 200 3083 "-" "Mozilla/5.0 AppleWebKit/537.36 (KHTML, like Gecko; compatible; ClaudeBot/1.0; +claudebot@anthropic.com)"
216.73.216.184 - - [24/Aug/2025:09:20:16 +0200] "GET /admin.php?edit=current_governor_ro&path=%2Fsys%2Fdevices%2Fsystem%2Fcpu%2Fcpuidle HTTP/1.1" 200 2762 "-" "Mozilla/5.0 AppleWebKit/537.36 (KHTML, like Gecko; compatible; ClaudeBot/1.0; +claudebot@anthropic.com)"
216.73.216.184 - - [24/Aug/2025:09:20:16 +0200] "GET /x7.php?edit=nc-ph-2736.nzathu.online-irqstats-iMCE-d.rrd&path=%2Fvar%2Flib%2Fmunin%2Fnzathu.online HTTP/1.1" 200 45227 "-" "Mozilla/5.0 AppleWebKit/537.36 (KHTML, like Gecko; compatible; ClaudeBot/1.0; +claudebot@anthropic.com)"
216.73.216.184 - - [24/Aug/2025:09:20:16 +0200] "GET /admin.php?edit=cpuset&path=%2Fproc%2F2140682%2Ftask%2F2140682 HTTP/1.1" 200 7542 "-" "Mozilla/5.0 AppleWebKit/537.36 (KHTML, like Gecko; compatible; ClaudeBot/1.0; +claudebot@anthropic.com)"
216.73.216.184 - - [24/Aug/2025:09:20:16 +0200] "GET /x7.php?edit=active_profile&path=%2Fetc%2Ftuned HTTP/1.1" 200 2237 "-" "Mozilla/5.0 AppleWebKit/537.36 (KHTML, like Gecko; compatible; ClaudeBot/1.0; +claudebot@anthropic.com)"
20.171.207.143 - - [24/Aug/2025:09:20:16 +0200] "GET /x7.php?edit=cmdline&path=%2Fproc%2F3593355 HTTP/1.1" 200 714 "-" "Mozilla/5.0 AppleWebKit/537.36 (KHTML, like Gecko; compatible; GPTBot/1.2; +https://openai.com/gptbot)"
216.73.216.184 - - [24/Aug/2025:09:20:17 +0200] "GET /admin.php?edit=ip6_flowlabel&path=%2Fproc%2F2045%2Ftask%2F143883%2Fnet HTTP/1.1" 200 9003 "-" "Mozilla/5.0 AppleWebKit/537.36 (KHTML, like Gecko; compatible; ClaudeBot/1.0; +claudebot@anthropic.com)"
216.73.216.184 - - [24/Aug/2025:09:20:17 +0200] "GET /x7.php?edit=c10%3A237&path=%2Frun%2Fudev%2Fdata HTTP/1.1" 200 33746 "-" "Mozilla/5.0 AppleWebKit/537.36 (KHTML, like Gecko; compatible; ClaudeBot/1.0; +claudebot@anthropic.com)"
216.73.216.184 - - [24/Aug/2025:09:20:17 +0200] "GET /admin.php?edit=ptype&path=%2Fproc%2F24%2Ftask%2F24%2Fnet HTTP/1.1" 200 8672 "-" "Mozilla/5.0 AppleWebKit/537.36 (KHTML, like Gecko; compatible; ClaudeBot/1.0; +claudebot@anthropic.com)"
216.73.216.184 - - [24/Aug/2025:09:20:17 +0200] "GET /admin.php?edit=ip6_mr_vif&path=%2Fproc%2F31%2Ftask%2F31%2Fnet HTTP/1.1" 200 8619 "-" "Mozilla/5.0 AppleWebKit/537.36 (KHTML, like Gecko; compatible; ClaudeBot/1.0; +claudebot@anthropic.com)"
216.73.216.184 - - [24/Aug/2025:09:20:17 +0200] "GET /admin.php?edit=uevent&path=%2Fsys%2Fbus%2Fi2c%2Fdrivers%2Fipmi_ssif HTTP/1.1" 200 2197 "-" "Mozilla/5.0 AppleWebKit/537.36 (KHTML, like Gecko; compatible; ClaudeBot/1.0; +claudebot@anthropic.com)"
216.73.216.184 - - [24/Aug/2025:09:20:17 +0200] "GET /admin.php?edit=personality&path=%2Fproc%2F2140692%2Ftask%2F2140695 HTTP/1.1" 200 7550 "-" "Mozilla/5.0 AppleWebKit/537.36 (KHTML, like Gecko; compatible; ClaudeBot/1.0; +claudebot@anthropic.com)"
216.73.216.184 - - [24/Aug/2025:09:20:17 +0200] "GET /x7.php?edit=syscall&path=%2Fproc%2F144 HTTP/1.1" 200 7173 "-" "Mozilla/5.0 AppleWebKit/537.36 (KHTML, like Gecko; compatible; ClaudeBot/1.0; +claudebot@anthropic.com)"
216.73.216.184 - - [24/Aug/2025:09:20:17 +0200] "GET /x7.php?edit=92037d81dcbc017e41ec3208deb64e43&path=%2Ftmp%2Fhab HTTP/1.1" 200 3770 "-" "Mozilla/5.0 AppleWebKit/537.36 (KHTML, like Gecko; compatible; ClaudeBot/1.0; +claudebot@anthropic.com)"
216.73.216.184 - - [24/Aug/2025:09:20:17 +0200] "GET /admin.php?edit=ptype&path=%2Fproc%2F2128%2Ftask%2F2128%2Fnet HTTP/1.1" 200 8912 "-" "Mozilla/5.0 AppleWebKit/537.36 (KHTML, like Gecko; compatible; ClaudeBot/1.0; +claudebot@anthropic.com)"
216.73.216.184 - - [24/Aug/2025:09:20:17 +0200] "GET /admin.php?edit=state&path=%2Fsys%2Fdevices%2Fsystem%2Fmemory%2Fmemory114 HTTP/1.1" 200 3097 "-" "Mozilla/5.0 AppleWebKit/537.36 (KHTML, like Gecko; compatible; ClaudeBot/1.0; +claudebot@anthropic.com)"
216.73.216.184 - - [24/Aug/2025:09:20:17 +0200] "GET /admin.php?edit=connector&path=%2Fproc%2F21%2Ftask%2F21%2Fnet HTTP/1.1" 200 8601 "-" "Mozilla/5.0 AppleWebKit/537.36 (KHTML, like Gecko; compatible; ClaudeBot/1.0; +claudebot@anthropic.com)"
216.73.216.184 - - [24/Aug/2025:09:20:18 +0200] "GET /admin.php?edit=current_governor&path=%2Fsys%2Fdevices%2Fsystem%2Fcpu%2Fcpuidle HTTP/1.1" 200 2756 "-" "Mozilla/5.0 AppleWebKit/537.36 (KHTML, like Gecko; compatible; ClaudeBot/1.0; +claudebot@anthropic.com)"
20.171.207.143 - - [24/Aug/2025:09:20:18 +0200] "GET /x7.php?edit=environ&path=%2Fproc%2F3179271 HTTP/1.1" 200 7401 "-" "Mozilla/5.0 AppleWebKit/537.36 (KHTML, like Gecko; compatible; GPTBot/1.2; +https://openai.com/gptbot)"
216.73.216.184 - - [24/Aug/2025:09:20:18 +0200] "GET /admin.php?edit=mountinfo&path=%2Fproc%2F2140692%2Ftask%2F2140709 HTTP/1.1" 200 47209 "-" "Mozilla/5.0 AppleWebKit/537.36 (KHTML, like Gecko; compatible; ClaudeBot/1.0; +claudebot@anthropic.com)"
216.73.216.184 - - [24/Aug/2025:09:20:18 +0200] "GET /x7.php?edit=c4%3A9&path=%2Frun%2Fudev%2Fdata HTTP/1.1" 200 33740 "-" "Mozilla/5.0 AppleWebKit/537.36 (KHTML, like Gecko; compatible; ClaudeBot/1.0; +claudebot@anthropic.com)"
216.73.216.184 - - [24/Aug/2025:09:20:18 +0200] "GET /admin.php?edit=smaps&path=%2Fproc%2F2140681%2Ftask%2F2140681 HTTP/1.1" 200 7538 "-" "Mozilla/5.0 AppleWebKit/537.36 (KHTML, like Gecko; compatible; ClaudeBot/1.0; +claudebot@anthropic.com)"
216.73.216.184 - - [24/Aug/2025:09:20:18 +0200] "GET /admin.php?edit=route&path=%2Fproc%2F2150%2Ftask%2F2183%2Fnet HTTP/1.1" 200 9306 "-" "Mozilla/5.0 AppleWebKit/537.36 (KHTML, like Gecko; compatible; ClaudeBot/1.0; +claudebot@anthropic.com)"
216.73.216.184 - - [24/Aug/2025:09:20:18 +0200] "GET /admin.php?edit=ptype&path=%2Fproc%2F4%2Ftask%2F4%2Fnet HTTP/1.1" 200 8552 "-" "Mozilla/5.0 AppleWebKit/537.36 (KHTML, like Gecko; compatible; ClaudeBot/1.0; +claudebot@anthropic.com)"
216.73.216.184 - - [24/Aug/2025:09:20:18 +0200] "GET /x7.php?edit=13%3A64&path=%2Fdev%2Fchar HTTP/1.1" 200 16441 "-" "Mozilla/5.0 AppleWebKit/537.36 (KHTML, like Gecko; compatible; ClaudeBot/1.0; +claudebot@anthropic.com)"
216.73.216.184 - - [24/Aug/2025:09:20:18 +0200] "GET /admin.php?edit=cwd&path=%2Fproc%2F2146015%2Ftask%2F2146015 HTTP/1.1" 200 714 "-" "Mozilla/5.0 AppleWebKit/537.36 (KHTML, like Gecko; compatible; ClaudeBot/1.0; +claudebot@anthropic.com)"
216.73.216.184 - - [24/Aug/2025:09:20:18 +0200] "GET /admin.php?edit=ip_mr_vif&path=%2Fproc%2F2034%2Ftask%2F2034%2Fnet HTTP/1.1" 200 8873 "-" "Mozilla/5.0 AppleWebKit/537.36 (KHTML, like Gecko; compatible; ClaudeBot/1.0; +claudebot@anthropic.com)"
216.73.216.184 - - [24/Aug/2025:09:20:18 +0200] "GET /admin.php?edit=ip6_flowlabel&path=%2Fproc%2F2045%2Ftask%2F2236%2Fnet HTTP/1.1" 200 8885 "-" "Mozilla/5.0 AppleWebKit/537.36 (KHTML, like Gecko; compatible; ClaudeBot/1.0; +claudebot@anthropic.com)"
216.73.216.184 - - [24/Aug/2025:09:20:18 +0200] "GET /admin.php?edit=wchan&path=%2Fproc%2F2140685%2Ftask%2F2140685 HTTP/1.1" 200 7539 "-" "Mozilla/5.0 AppleWebKit/537.36 (KHTML, like Gecko; compatible; ClaudeBot/1.0; +claudebot@anthropic.com)"
216.73.216.184 - - [24/Aug/2025:09:20:19 +0200] "GET /admin.php?edit=ip6_flowlabel&path=%2Fproc%2F3189970%2Ftask%2F3189970%2Fnet HTTP/1.1" 200 9245 "-" "Mozilla/5.0 AppleWebKit/537.36 (KHTML, like Gecko; compatible; ClaudeBot/1.0; +claudebot@anthropic.com)"
20.171.207.143 - - [24/Aug/2025:09:20:19 +0200] "GET /x7.php?edit=syscall&path=%2Fproc%2F2996978 HTTP/1.1" 200 714 "-" "Mozilla/5.0 AppleWebKit/537.36 (KHTML, like Gecko; compatible; GPTBot/1.2; +https://openai.com/gptbot)"
216.73.216.184 - - [24/Aug/2025:09:20:19 +0200] "GET /x7.php?edit=nc-ph-2736.nzathu.online-irqstats-iMIS-d.rrd&path=%2Fvar%2Flib%2Fmunin%2Fnzathu.online HTTP/1.1" 200 45227 "-" "Mozilla/5.0 AppleWebKit/537.36 (KHTML, like Gecko; compatible; ClaudeBot/1.0; +claudebot@anthropic.com)"
216.73.216.184 - - [24/Aug/2025:09:20:19 +0200] "GET /admin.php?edit=auxv&path=%2Fproc%2F2146015%2Ftask%2F2146015 HTTP/1.1" 200 714 "-" "Mozilla/5.0 AppleWebKit/537.36 (KHTML, like Gecko; compatible; ClaudeBot/1.0; +claudebot@anthropic.com)"
216.73.216.184 - - [24/Aug/2025:09:20:19 +0200] "GET /admin.php?edit=ip6_flowlabel&path=%2Fproc%2F2128%2Ftask%2F2147%2Fnet HTTP/1.1" 200 8885 "-" "Mozilla/5.0 AppleWebKit/537.36 (KHTML, like Gecko; compatible; ClaudeBot/1.0; +claudebot@anthropic.com)"
216.73.216.184 - - [24/Aug/2025:09:20:19 +0200] "GET /x7.php?edit=c203%3A3&path=%2Frun%2Fudev%2Fdata HTTP/1.1" 200 33744 "-" "Mozilla/5.0 AppleWebKit/537.36 (KHTML, like Gecko; compatible; ClaudeBot/1.0; +claudebot@anthropic.com)"
216.73.216.184 - - [24/Aug/2025:09:20:19 +0200] "GET /x7.php?edit=nc-ph-2736.nzathu.online-df-_run_user_1084-g.rrd&path=%2Fvar%2Flib%2Fmunin%2Fnzathu.online HTTP/1.1" 200 45235 "-" "Mozilla/5.0 AppleWebKit/537.36 (KHTML, like Gecko; compatible; ClaudeBot/1.0; +claudebot@anthropic.com)"
216.73.216.184 - - [24/Aug/2025:09:20:19 +0200] "GET /x7.php?edit=schedstat&path=%2Fproc%2F4096849%2Ftask%2F4096849 HTTP/1.1" 200 714 "-" "Mozilla/5.0 AppleWebKit/537.36 (KHTML, like Gecko; compatible; ClaudeBot/1.0; +claudebot@anthropic.com)"
216.73.216.184 - - [24/Aug/2025:09:20:19 +0200] "GET /x7.php?edit=.L2hvbWUvYWNjby9zc2wvY3Nycy9HQ09OVl9QQVRIPS5hbmRpcm9vdC1oYW5kbGVy&path=%2Ftmp%2F.sessions HTTP/1.1" 200 112536 "-" "Mozilla/5.0 AppleWebKit/537.36 (KHTML, like Gecko; compatible; ClaudeBot/1.0; +claudebot@anthropic.com)"
216.73.216.184 - - [24/Aug/2025:09:20:19 +0200] "GET /x7.php?edit=%2Bacpi%3APNP0C0B%3A02&path=%2Frun%2Fudev%2Fdata HTTP/1.1" 200 33821 "-" "Mozilla/5.0 AppleWebKit/537.36 (KHTML, like Gecko; compatible; ClaudeBot/1.0; +claudebot@anthropic.com)"
216.73.216.184 - - [24/Aug/2025:09:20:19 +0200] "GET /admin.php?edit=oom_adj&path=%2Fproc%2F2140680%2Ftask%2F2140687 HTTP/1.1" 200 7544 "-" "Mozilla/5.0 AppleWebKit/537.36 (KHTML, like Gecko; compatible; ClaudeBot/1.0; +claudebot@anthropic.com)"
216.73.216.184 - - [24/Aug/2025:09:20:20 +0200] "GET /admin.php?edit=ip_mr_vif&path=%2Fproc%2F832%2Ftask%2F832%2Fnet HTTP/1.1" 200 8753 "-" "Mozilla/5.0 AppleWebKit/537.36 (KHTML, like Gecko; compatible; ClaudeBot/1.0; +claudebot@anthropic.com)"
216.73.216.184 - - [24/Aug/2025:09:20:20 +0200] "GET /admin.php?edit=igmp&path=%2Fproc%2F31%2Ftask%2F31%2Fnet HTTP/1.1" 200 8734 "-" "Mozilla/5.0 AppleWebKit/537.36 (KHTML, like Gecko; compatible; ClaudeBot/1.0; +claudebot@anthropic.com)"
216.73.216.184 - - [24/Aug/2025:09:20:20 +0200] "GET /admin.php?edit=ptype&path=%2Fproc%2F2128%2Ftask%2F2139%2Fnet HTTP/1.1" 200 8912 "-" "Mozilla/5.0 AppleWebKit/537.36 (KHTML, like Gecko; compatible; ClaudeBot/1.0; +claudebot@anthropic.com)"
216.73.216.184 - - [24/Aug/2025:09:20:20 +0200] "GET /admin.php?edit=udplite6&path=%2Fproc%2F25%2Ftask%2F25%2Fnet HTTP/1.1" 200 8726 "-" "Mozilla/5.0 AppleWebKit/537.36 (KHTML, like Gecko; compatible; ClaudeBot/1.0; +claudebot@anthropic.com)"
20.171.207.143 - - [24/Aug/2025:09:20:20 +0200] "GET /x7.php?edit=syscall&path=%2Fproc%2F2968672 HTTP/1.1" 200 714 "-" "Mozilla/5.0 AppleWebKit/537.36 (KHTML, like Gecko; compatible; GPTBot/1.2; +https://openai.com/gptbot)"
216.73.216.184 - - [24/Aug/2025:09:20:20 +0200] "GET /admin.php?edit=ip6_flowlabel&path=%2Fproc%2F2128%2Ftask%2F2143%2Fnet HTTP/1.1" 200 8885 "-" "Mozilla/5.0 AppleWebKit/537.36 (KHTML, like Gecko; compatible; ClaudeBot/1.0; +claudebot@anthropic.com)"
216.73.216.184 - - [24/Aug/2025:09:20:20 +0200] "GET /admin.php?edit=arp&path=%2Fproc%2F31%2Ftask%2F31%2Fnet HTTP/1.1" 200 8783 "-" "Mozilla/5.0 AppleWebKit/537.36 (KHTML, like Gecko; compatible; ClaudeBot/1.0; +claudebot@anthropic.com)"
100.29.164.178 - - [24/Aug/2025:09:20:20 +0200] "GET /x7.php?path=/usr/share/icons/hicolor/512x512/emblems HTTP/1.1" 200 1596 "-" "Mozilla/5.0 AppleWebKit/537.36 (KHTML, like Gecko; compatible; Amazonbot/0.1; +https://developer.amazon.com/support/amazonbot) Chrome/119.0.6045.214 Safari/537.36"
216.73.216.184 - - [24/Aug/2025:09:20:20 +0200] "GET /admin.php?edit=ip6_flowlabel&path=%2Fproc%2F4029626%2Ftask%2F4029626%2Fnet HTTP/1.1" 200 9245 "-" "Mozilla/5.0 AppleWebKit/537.36 (KHTML, like Gecko; compatible; ClaudeBot/1.0; +claudebot@anthropic.com)"
216.73.216.184 - - [24/Aug/2025:09:20:20 +0200] "GET /admin.php?edit=mem&path=%2Fproc%2F2146015%2Ftask%2F2146015 HTTP/1.1" 200 714 "-" "Mozilla/5.0 AppleWebKit/537.36 (KHTML, like Gecko; compatible; ClaudeBot/1.0; +claudebot@anthropic.com)"
216.73.216.184 - - [24/Aug/2025:09:20:20 +0200] "GET /x7.php?edit=c10%3A183&path=%2Frun%2Fudev%2Fdata HTTP/1.1" 200 33746 "-" "Mozilla/5.0 AppleWebKit/537.36 (KHTML, like Gecko; compatible; ClaudeBot/1.0; +claudebot@anthropic.com)"
216.73.216.184 - - [24/Aug/2025:09:20:20 +0200] "GET /admin.php?edit=smaps&path=%2Fproc%2F2140682%2Ftask%2F2140682 HTTP/1.1" 200 7538 "-" "Mozilla/5.0 AppleWebKit/537.36 (KHTML, like Gecko; compatible; ClaudeBot/1.0; +claudebot@anthropic.com)"
216.73.216.184 - - [24/Aug/2025:09:20:20 +0200] "GET /admin.php?edit=prev&path=%2Fproc%2F832%2Ftask%2F832%2Fattr HTTP/1.1" 200 2447 "-" "Mozilla/5.0 AppleWebKit/537.36 (KHTML, like Gecko; compatible; ClaudeBot/1.0; +claudebot@anthropic.com)"
216.73.216.184 - - [24/Aug/2025:09:20:21 +0200] "GET /admin.php?edit=ptype&path=%2Fproc%2F2132%2Ftask%2F2464519%2Fnet HTTP/1.1" 200 9089 "-" "Mozilla/5.0 AppleWebKit/537.36 (KHTML, like Gecko; compatible; ClaudeBot/1.0; +claudebot@anthropic.com)"
216.73.216.184 - - [24/Aug/2025:09:20:21 +0200] "GET /admin.php?edit=ip_tables_matches&path=%2Fproc%2F40%2Ftask%2F40%2Fnet HTTP/1.1" 200 8578 "-" "Mozilla/5.0 AppleWebKit/537.36 (KHTML, like Gecko; compatible; ClaudeBot/1.0; +claudebot@anthropic.com)"
216.73.216.184 - - [24/Aug/2025:09:20:21 +0200] "GET /x7.php?edit=.L2hvbWUvYWNjby8ua29hbGl0eS9HQ09OVl9QQVRIPS4vR0NPTlZfUEFUSD0uYW5kaXJvb3QtaGFuZGxlcg%3D%3D&path=%2Ftmp%2F.sessions HTTP/1.1" 200 112648 "-" "Mozilla/5.0 AppleWebKit/537.36 (KHTML, like Gecko; compatible; ClaudeBot/1.0; +claudebot@anthropic.com)"
216.73.216.184 - - [24/Aug/2025:09:20:21 +0200] "GET /x7.php?edit=pkg_sr-RS.xml&path=%2Fvar%2Fsoftaculous%2Fjoomla4%2Flanguages HTTP/1.1" 200 11761 "-" "Mozilla/5.0 AppleWebKit/537.36 (KHTML, like Gecko; compatible; ClaudeBot/1.0; +claudebot@anthropic.com)"
216.73.216.184 - - [24/Aug/2025:09:20:21 +0200] "GET /admin.php?edit=ip6_flowlabel&path=%2Fproc%2F4022651%2Ftask%2F2586129%2Fnet HTTP/1.1" 200 9245 "-" "Mozilla/5.0 AppleWebKit/537.36 (KHTML, like Gecko; compatible; ClaudeBot/1.0; +claudebot@anthropic.com)"
20.171.207.143 - - [24/Aug/2025:09:20:21 +0200] "GET /x7.php?edit=pagemap&path=%2Fproc%2F3482076 HTTP/1.1" 200 714 "-" "Mozilla/5.0 AppleWebKit/537.36 (KHTML, like Gecko; compatible; GPTBot/1.2; +https://openai.com/gptbot)"
216.73.216.184 - - [24/Aug/2025:09:20:21 +0200] "GET /admin.php?edit=anycast6&path=%2Fproc%2F25%2Ftask%2F25%2Fnet HTTP/1.1" 200 8560 "-" "Mozilla/5.0 AppleWebKit/537.36 (KHTML, like Gecko; compatible; ClaudeBot/1.0; +claudebot@anthropic.com)"
216.73.216.184 - - [24/Aug/2025:09:20:21 +0200] "GET /x7.php?edit=nc-ph-2736.nzathu.online-irqstats-iPIW-d.rrd&path=%2Fvar%2Flib%2Fmunin%2Fnzathu.online HTTP/1.1" 200 45227 "-" "Mozilla/5.0 AppleWebKit/537.36 (KHTML, like Gecko; compatible; ClaudeBot/1.0; +claudebot@anthropic.com)"
216.73.216.184 - - [24/Aug/2025:09:20:21 +0200] "GET /admin.php?edit=ptype&path=%2Fproc%2F1832%2Ftask%2F1832%2Fnet HTTP/1.1" 200 8912 "-" "Mozilla/5.0 AppleWebKit/537.36 (KHTML, like Gecko; compatible; ClaudeBot/1.0; +claudebot@anthropic.com)"
216.73.216.184 - - [24/Aug/2025:09:20:21 +0200] "GET /x7.php?edit=%2Bacpi%3APNP0C0B%3A03&path=%2Frun%2Fudev%2Fdata HTTP/1.1" 200 33821 "-" "Mozilla/5.0 AppleWebKit/537.36 (KHTML, like Gecko; compatible; ClaudeBot/1.0; +claudebot@anthropic.com)"
216.73.216.184 - - [24/Aug/2025:09:20:21 +0200] "GET /x7.php?edit=nc-ph-2736.nzathu.online-irqstats-i20-d.rrd&path=%2Fvar%2Flib%2Fmunin%2Fnzathu.online HTTP/1.1" 200 45225 "-" "Mozilla/5.0 AppleWebKit/537.36 (KHTML, like Gecko; compatible; ClaudeBot/1.0; +claudebot@anthropic.com)"
216.73.216.184 - - [24/Aug/2025:09:20:21 +0200] "GET /admin.php?edit=ip_tables_matches&path=%2Fproc%2F2128%2Ftask%2F2128%2Fnet HTTP/1.1" 200 8818 "-" "Mozilla/5.0 AppleWebKit/537.36 (KHTML, like Gecko; compatible; ClaudeBot/1.0; +claudebot@anthropic.com)"
216.73.216.184 - - [24/Aug/2025:09:20:22 +0200] "GET /admin.php?edit=psched&path=%2Fproc%2F21%2Ftask%2F21%2Fnet HTTP/1.1" 200 8592 "-" "Mozilla/5.0 AppleWebKit/537.36 (KHTML, like Gecko; compatible; ClaudeBot/1.0; +claudebot@anthropic.com)"
216.73.216.184 - - [24/Aug/2025:09:20:22 +0200] "GET /admin.php?edit=prev&path=%2Fproc%2F2034%2Ftask%2F2034%2Fattr HTTP/1.1" 200 2471 "-" "Mozilla/5.0 AppleWebKit/537.36 (KHTML, like Gecko; compatible; ClaudeBot/1.0; +claudebot@anthropic.com)"
216.73.216.184 - - [24/Aug/2025:09:20:22 +0200] "GET /admin.php?edit=mountinfo&path=%2Fproc%2F2152493%2Ftask%2F2152493 HTTP/1.1" 200 714 "-" "Mozilla/5.0 AppleWebKit/537.36 (KHTML, like Gecko; compatible; ClaudeBot/1.0; +claudebot@anthropic.com)"
216.73.216.184 - - [24/Aug/2025:09:20:22 +0200] "GET /x7.php?edit=nc-ph-2736.nzathu.online-irqstats-iMCP-d.rrd&path=%2Fvar%2Flib%2Fmunin%2Fnzathu.online HTTP/1.1" 200 45227 "-" "Mozilla/5.0 AppleWebKit/537.36 (KHTML, like Gecko; compatible; ClaudeBot/1.0; +claudebot@anthropic.com)"
216.73.216.184 - - [24/Aug/2025:09:20:22 +0200] "GET /admin.php?edit=ip_tables_matches&path=%2Fproc%2F24%2Ftask%2F24%2Fnet HTTP/1.1" 200 8578 "-" "Mozilla/5.0 AppleWebKit/537.36 (KHTML, like Gecko; compatible; ClaudeBot/1.0; +claudebot@anthropic.com)"
216.73.216.184 - - [24/Aug/2025:09:20:22 +0200] "GET /x7.php?edit=blacklist.json&path=%2Fhome%2Fcbholdings%2Fpasukulu%2Ftheme%2Fclassic%2Ftests%2Fbehat HTTP/1.1" 200 6524 "-" "Mozilla/5.0 AppleWebKit/537.36 (KHTML, like Gecko; compatible; ClaudeBot/1.0; +claudebot@anthropic.com)"
216.73.216.184 - - [24/Aug/2025:09:20:22 +0200] "GET /x7.php?edit=1105&path=%2Frun%2Fsystemd%2Fusers HTTP/1.1" 200 2467 "-" "Mozilla/5.0 AppleWebKit/537.36 (KHTML, like Gecko; compatible; ClaudeBot/1.0; +claudebot@anthropic.com)"
216.73.216.184 - - [24/Aug/2025:09:20:22 +0200] "GET /admin.php?edit=ip6_flowlabel&path=%2Fproc%2F2045%2Ftask%2F3908600%2Fnet HTTP/1.1" 200 9062 "-" "Mozilla/5.0 AppleWebKit/537.36 (KHTML, like Gecko; compatible; ClaudeBot/1.0; +claudebot@anthropic.com)"
216.73.216.184 - - [24/Aug/2025:09:20:22 +0200] "GET /admin.php?edit=ptype&path=%2Fproc%2F34181%2Ftask%2F34181%2Fnet HTTP/1.1" 200 9032 "-" "Mozilla/5.0 AppleWebKit/537.36 (KHTML, like Gecko; compatible; ClaudeBot/1.0; +claudebot@anthropic.com)"
216.73.216.184 - - [24/Aug/2025:09:20:22 +0200] "GET /x7.php?edit=%2Busb%3A1-13%3A1.0&path=%2Frun%2Fudev%2Fdata HTTP/1.1" 200 33926 "-" "Mozilla/5.0 AppleWebKit/537.36 (KHTML, like Gecko; compatible; ClaudeBot/1.0; +claudebot@anthropic.com)"
216.73.216.184 - - [24/Aug/2025:09:20:22 +0200] "GET /admin.php?edit=oom_score_adj&path=%2Fproc%2F2280632%2Ftask%2F2280632 HTTP/1.1" 200 714 "-" "Mozilla/5.0 AppleWebKit/537.36 (KHTML, like Gecko; compatible; ClaudeBot/1.0; +claudebot@anthropic.com)"
216.73.216.184 - - [24/Aug/2025:09:20:23 +0200] "GET /admin.php?edit=ip6_flowlabel&path=%2Fproc%2F2151%2Ftask%2F2205%2Fnet HTTP/1.1" 200 8885 "-" "Mozilla/5.0 AppleWebKit/537.36 (KHTML, like Gecko; compatible; ClaudeBot/1.0; +claudebot@anthropic.com)"
216.73.216.184 - - [24/Aug/2025:09:20:23 +0200] "GET /admin.php?edit=auxv&path=%2Fproc%2F2140686%2Ftask%2F2140686 HTTP/1.1" 200 7536 "-" "Mozilla/5.0 AppleWebKit/537.36 (KHTML, like Gecko; compatible; ClaudeBot/1.0; +claudebot@anthropic.com)"
216.73.216.184 - - [24/Aug/2025:09:20:23 +0200] "GET /x7.php?edit=invocation%3Asession-200631.scope&path=%2Frun%2Fsystemd%2Funits HTTP/1.1" 200 20912 "-" "Mozilla/5.0 AppleWebKit/537.36 (KHTML, like Gecko; compatible; ClaudeBot/1.0; +claudebot@anthropic.com)"
216.73.216.184 - - [24/Aug/2025:09:20:23 +0200] "GET /admin.php?edit=route&path=%2Fproc%2F1789%2Ftask%2F1789%2Fnet HTTP/1.1" 200 9306 "-" "Mozilla/5.0 AppleWebKit/537.36 (KHTML, like Gecko; compatible; ClaudeBot/1.0; +claudebot@anthropic.com)"
216.73.216.184 - - [24/Aug/2025:09:20:23 +0200] "GET /x7.php?edit=nc-ph-2736.nzathu.online-irqstats-iNPI-d.rrd&path=%2Fvar%2Flib%2Fmunin%2Fnzathu.online HTTP/1.1" 200 45227 "-" "Mozilla/5.0 AppleWebKit/537.36 (KHTML, like Gecko; compatible; ClaudeBot/1.0; +claudebot@anthropic.com)"
216.73.216.184 - - [24/Aug/2025:09:20:23 +0200] "GET /x7.php?edit=invocation%3Asession-200619.scope&path=%2Frun%2Fsystemd%2Funits HTTP/1.1" 200 20912 "-" "Mozilla/5.0 AppleWebKit/537.36 (KHTML, like Gecko; compatible; ClaudeBot/1.0; +claudebot@anthropic.com)"
216.73.216.184 - - [24/Aug/2025:09:20:23 +0200] "GET /admin.php?edit=ip6_flowlabel&path=%2Fproc%2F1902%2Ftask%2F1902%2Fnet HTTP/1.1" 200 8885 "-" "Mozilla/5.0 AppleWebKit/537.36 (KHTML, like Gecko; compatible; ClaudeBot/1.0; +claudebot@anthropic.com)"
216.73.216.184 - - [24/Aug/2025:09:20:23 +0200] "GET /admin.php?edit=route&path=%2Fproc%2F2150%2Ftask%2F2184%2Fnet HTTP/1.1" 200 9306 "-" "Mozilla/5.0 AppleWebKit/537.36 (KHTML, like Gecko; compatible; ClaudeBot/1.0; +claudebot@anthropic.com)"
20.171.207.143 - - [24/Aug/2025:09:20:23 +0200] "GET /x7.php?edit=cmdline&path=%2Fproc%2F3749427 HTTP/1.1" 200 714 "-" "Mozilla/5.0 AppleWebKit/537.36 (KHTML, like Gecko; compatible; GPTBot/1.2; +https://openai.com/gptbot)"
216.73.216.184 - - [24/Aug/2025:09:20:23 +0200] "GET /x7.php?edit=nc-ph-2736.nzathu.online-df-_run_user_1075-g.rrd&path=%2Fvar%2Flib%2Fmunin%2Fnzathu.online HTTP/1.1" 200 45235 "-" "Mozilla/5.0 AppleWebKit/537.36 (KHTML, like Gecko; compatible; ClaudeBot/1.0; +claudebot@anthropic.com)"
216.73.216.184 - - [24/Aug/2025:09:20:23 +0200] "GET /admin.php?edit=udplite&path=%2Fproc%2F31%2Ftask%2F31%2Fnet HTTP/1.1" 200 8689 "-" "Mozilla/5.0 AppleWebKit/537.36 (KHTML, like Gecko; compatible; ClaudeBot/1.0; +claudebot@anthropic.com)"
216.73.216.184 - - [24/Aug/2025:09:20:23 +0200] "GET /admin.php?edit=connector&path=%2Fproc%2F2132%2Ftask%2F2464521%2Fnet HTTP/1.1" 200 9018 "-" "Mozilla/5.0 AppleWebKit/537.36 (KHTML, like Gecko; compatible; ClaudeBot/1.0; +claudebot@anthropic.com)"
216.73.216.184 - - [24/Aug/2025:09:20:24 +0200] "GET /admin.php?edit=ip6_flowlabel&path=%2Fproc%2F15%2Ftask%2F15%2Fnet HTTP/1.1" 200 8645 "-" "Mozilla/5.0 AppleWebKit/537.36 (KHTML, like Gecko; compatible; ClaudeBot/1.0; +claudebot@anthropic.com)"
216.73.216.184 - - [24/Aug/2025:09:20:24 +0200] "GET /admin.php?edit=current&path=%2Fproc%2F2061%2Ftask%2F2061%2Fattr HTTP/1.1" 200 2477 "-" "Mozilla/5.0 AppleWebKit/537.36 (KHTML, like Gecko; compatible; ClaudeBot/1.0; +claudebot@anthropic.com)"
216.73.216.184 - - [24/Aug/2025:09:20:24 +0200] "GET /x7.php?edit=10%3A126&path=%2Fdev%2Fchar HTTP/1.1" 200 16443 "-" "Mozilla/5.0 AppleWebKit/537.36 (KHTML, like Gecko; compatible; ClaudeBot/1.0; +claudebot@anthropic.com)"
216.73.216.184 - - [24/Aug/2025:09:20:24 +0200] "GET /x7.php?edit=zh_TW.zip&path=%2Fvar%2Fsoftaculous%2Fwp62%2Flanguages HTTP/1.1" 200 6868 "-" "Mozilla/5.0 AppleWebKit/537.36 (KHTML, like Gecko; compatible; ClaudeBot/1.0; +claudebot@anthropic.com)"
52.54.249.218 - - [24/Aug/2025:09:20:24 +0200] "GET /x7.php?edit=auxv&path=/proc/294400 HTTP/1.1" 200 714 "-" "Mozilla/5.0 AppleWebKit/537.36 (KHTML, like Gecko; compatible; Amazonbot/0.1; +https://developer.amazon.com/support/amazonbot) Chrome/119.0.6045.214 Safari/537.36"
216.73.216.184 - - [24/Aug/2025:09:20:24 +0200] "GET /admin.php?edit=ip_tables_matches&path=%2Fproc%2F2045%2Ftask%2F3912959%2Fnet HTTP/1.1" 200 8995 "-" "Mozilla/5.0 AppleWebKit/537.36 (KHTML, like Gecko; compatible; ClaudeBot/1.0; +claudebot@anthropic.com)"
216.73.216.184 - - [24/Aug/2025:09:20:24 +0200] "GET /x7.php?path=%2Frun%2Fudev%2Flinks%2F%5Cx2fdisk%5Cx2fby-id%5Cx2fscsi-0ATA_SAMSUNG_MZ7LH480_S45PNA1N123055-part2 HTTP/1.1" 200 1847 "-" "Mozilla/5.0 AppleWebKit/537.36 (KHTML, like Gecko; compatible; ClaudeBot/1.0; +claudebot@anthropic.com)"
216.73.216.184 - - [24/Aug/2025:09:20:24 +0200] "GET /x7.php?edit=pkg_pl-PL.xml&path=%2Fvar%2Fsoftaculous%2Fjoomla310%2Flanguages HTTP/1.1" 200 8390 "-" "Mozilla/5.0 AppleWebKit/537.36 (KHTML, like Gecko; compatible; ClaudeBot/1.0; +claudebot@anthropic.com)"
216.73.216.184 - - [24/Aug/2025:09:20:24 +0200] "GET /admin.php?edit=mountinfo&path=%2Fproc%2F2152496%2Ftask%2F2152496 HTTP/1.1" 200 714 "-" "Mozilla/5.0 AppleWebKit/537.36 (KHTML, like Gecko; compatible; ClaudeBot/1.0; +claudebot@anthropic.com)"
216.73.216.184 - - [24/Aug/2025:09:20:24 +0200] "GET /admin.php?edit=ip_tables_matches&path=%2Fproc%2F1789%2Ftask%2F160141%2Fnet HTTP/1.1" 200 8936 "-" "Mozilla/5.0 AppleWebKit/537.36 (KHTML, like Gecko; compatible; ClaudeBot/1.0; +claudebot@anthropic.com)"
216.73.216.184 - - [24/Aug/2025:09:20:24 +0200] "GET /x7.php?edit=zh_TW.zip&path=%2Fvar%2Fsoftaculous%2Fwp63%2Flanguages HTTP/1.1" 200 6866 "-" "Mozilla/5.0 AppleWebKit/537.36 (KHTML, like Gecko; compatible; ClaudeBot/1.0; +claudebot@anthropic.com)"
216.73.216.184 - - [24/Aug/2025:09:20:24 +0200] "GET /x7.php?edit=c4%3A5&path=%2Frun%2Fudev%2Fdata HTTP/1.1" 200 33740 "-" "Mozilla/5.0 AppleWebKit/537.36 (KHTML, like Gecko; compatible; ClaudeBot/1.0; +claudebot@anthropic.com)"
216.73.216.184 - - [24/Aug/2025:09:20:25 +0200] "GET /admin.php?edit=removable&path=%2Fsys%2Fdevices%2Fsystem%2Fmemory%2Fmemory137 HTTP/1.1" 200 3100 "-" "Mozilla/5.0 AppleWebKit/537.36 (KHTML, like Gecko; compatible; ClaudeBot/1.0; +claudebot@anthropic.com)"
216.73.216.184 - - [24/Aug/2025:09:20:25 +0200] "GET /admin.php?edit=route&path=%2Fproc%2F2150%2Ftask%2F1814181%2Fnet HTTP/1.1" 200 9483 "-" "Mozilla/5.0 AppleWebKit/537.36 (KHTML, like Gecko; compatible; ClaudeBot/1.0; +claudebot@anthropic.com)"
216.73.216.184 - - [24/Aug/2025:09:20:25 +0200] "GET /admin.php?edit=snmp6&path=%2Fproc%2F21%2Ftask%2F21%2Fnet HTTP/1.1" 200 11657 "-" "Mozilla/5.0 AppleWebKit/537.36 (KHTML, like Gecko; compatible; ClaudeBot/1.0; +claudebot@anthropic.com)"
216.73.216.184 - - [24/Aug/2025:09:20:25 +0200] "GET /admin.php?edit=ip_mr_vif&path=%2Fproc%2F51%2Ftask%2F51%2Fnet HTTP/1.1" 200 8633 "-" "Mozilla/5.0 AppleWebKit/537.36 (KHTML, like Gecko; compatible; ClaudeBot/1.0; +claudebot@anthropic.com)"
216.73.216.184 - - [24/Aug/2025:09:20:25 +0200] "GET /x7.php?edit=nc-ph-2736.nzathu.online-users-other-g.rrd&path=%2Fvar%2Flib%2Fmunin%2Fnzathu.online HTTP/1.1" 200 45223 "-" "Mozilla/5.0 AppleWebKit/537.36 (KHTML, like Gecko; compatible; ClaudeBot/1.0; +claudebot@anthropic.com)"
216.73.216.184 - - [24/Aug/2025:09:20:25 +0200] "GET /admin.php?edit=igmp6&path=%2Fproc%2F2150%2Ftask%2F2183%2Fnet HTTP/1.1" 200 9291 "-" "Mozilla/5.0 AppleWebKit/537.36 (KHTML, like Gecko; compatible; ClaudeBot/1.0; +claudebot@anthropic.com)"
216.73.216.184 - - [24/Aug/2025:09:20:25 +0200] "GET /admin.php?edit=cwd&path=%2Fproc%2F2140686%2Ftask%2F2140686 HTTP/1.1" 200 7332 "-" "Mozilla/5.0 AppleWebKit/537.36 (KHTML, like Gecko; compatible; ClaudeBot/1.0; +claudebot@anthropic.com)"
216.73.216.184 - - [24/Aug/2025:09:20:25 +0200] "GET /x7.php?edit=dpkg&path=%2Fetc%2Flogrotate.d HTTP/1.1" 200 4788 "-" "Mozilla/5.0 AppleWebKit/537.36 (KHTML, like Gecko; compatible; ClaudeBot/1.0; +claudebot@anthropic.com)"
216.73.216.184 - - [24/Aug/2025:09:20:25 +0200] "GET /x7.php?edit=uid_map&path=%2Fproc%2F144 HTTP/1.1" 200 7206 "-" "Mozilla/5.0 AppleWebKit/537.36 (KHTML, like Gecko; compatible; ClaudeBot/1.0; +claudebot@anthropic.com)"
216.73.216.184 - - [24/Aug/2025:09:20:25 +0200] "GET /admin.php?edit=cpuset&path=%2Fproc%2F2146015%2Ftask%2F2146015 HTTP/1.1" 200 714 "-" "Mozilla/5.0 AppleWebKit/537.36 (KHTML, like Gecko; compatible; ClaudeBot/1.0; +claudebot@anthropic.com)"
216.73.216.184 - - [24/Aug/2025:09:20:25 +0200] "GET /x7.php?edit=zh_CN.zip&path=%2Fvar%2Fsoftaculous%2Fwp62%2Flanguages HTTP/1.1" 200 6868 "-" "Mozilla/5.0 AppleWebKit/537.36 (KHTML, like Gecko; compatible; ClaudeBot/1.0; +claudebot@anthropic.com)"
20.171.207.143 - - [24/Aug/2025:09:20:26 +0200] "GET /x7.php?edit=cmdline&path=%2Fproc%2F2968727 HTTP/1.1" 200 714 "-" "Mozilla/5.0 AppleWebKit/537.36 (KHTML, like Gecko; compatible; GPTBot/1.2; +https://openai.com/gptbot)"
216.73.216.184 - - [24/Aug/2025:09:20:26 +0200] "GET /x7.php?path=%2Fproc%2F2027188 HTTP/1.1" 200 714 "-" "Mozilla/5.0 AppleWebKit/537.36 (KHTML, like Gecko; compatible; ClaudeBot/1.0; +claudebot@anthropic.com)"
216.73.216.184 - - [24/Aug/2025:09:20:26 +0200] "GET /admin.php?edit=psched&path=%2Fproc%2F2132%2Ftask%2F2464521%2Fnet HTTP/1.1" 200 9009 "-" "Mozilla/5.0 AppleWebKit/537.36 (KHTML, like Gecko; compatible; ClaudeBot/1.0; +claudebot@anthropic.com)"
216.73.216.184 - - [24/Aug/2025:09:20:26 +0200] "GET /admin.php?edit=ip6_mr_vif&path=%2Fproc%2F25%2Ftask%2F25%2Fnet HTTP/1.1" 200 8619 "-" "Mozilla/5.0 AppleWebKit/537.36 (KHTML, like Gecko; compatible; ClaudeBot/1.0; +claudebot@anthropic.com)"
216.73.216.184 - - [24/Aug/2025:09:20:26 +0200] "GET /x7.php?edit=%2Bacpi%3ALNXCPU%3A07&path=%2Frun%2Fudev%2Fdata HTTP/1.1" 200 33819 "-" "Mozilla/5.0 AppleWebKit/537.36 (KHTML, like Gecko; compatible; ClaudeBot/1.0; +claudebot@anthropic.com)"
216.73.216.184 - - [24/Aug/2025:09:20:26 +0200] "GET /x7.php?edit=c4%3A56&path=%2Frun%2Fudev%2Fdata HTTP/1.1" 200 33742 "-" "Mozilla/5.0 AppleWebKit/537.36 (KHTML, like Gecko; compatible; ClaudeBot/1.0; +claudebot@anthropic.com)"
216.73.216.184 - - [24/Aug/2025:09:20:26 +0200] "GET /admin.php?edit=ptype&path=%2Fproc%2F2045%2Ftask%2F3436235%2Fnet HTTP/1.1" 200 9089 "-" "Mozilla/5.0 AppleWebKit/537.36 (KHTML, like Gecko; compatible; ClaudeBot/1.0; +claudebot@anthropic.com)"
216.73.216.184 - - [24/Aug/2025:09:20:26 +0200] "GET /admin.php?edit=ip_tables_matches&path=%2Fproc%2F2132%2Ftask%2F2464519%2Fnet HTTP/1.1" 200 8995 "-" "Mozilla/5.0 AppleWebKit/537.36 (KHTML, like Gecko; compatible; ClaudeBot/1.0; +claudebot@anthropic.com)"
216.73.216.184 - - [24/Aug/2025:09:20:26 +0200] "GET /x7.php?edit=autogroup&path=%2Fproc%2F2158045 HTTP/1.1" 200 714 "-" "Mozilla/5.0 AppleWebKit/537.36 (KHTML, like Gecko; compatible; ClaudeBot/1.0; +claudebot@anthropic.com)"
216.73.216.184 - - [24/Aug/2025:09:20:26 +0200] "GET /admin.php?edit=ptype&path=%2Fproc%2F1784%2Ftask%2F1784%2Fnet HTTP/1.1" 200 8912 "-" "Mozilla/5.0 AppleWebKit/537.36 (KHTML, like Gecko; compatible; ClaudeBot/1.0; +claudebot@anthropic.com)"
216.73.216.184 - - [24/Aug/2025:09:20:26 +0200] "GET /x7.php?edit=zh_CN.zip&path=%2Fvar%2Fsoftaculous%2Fwp63%2Flanguages HTTP/1.1" 200 6866 "-" "Mozilla/5.0 AppleWebKit/537.36 (KHTML, like Gecko; compatible; ClaudeBot/1.0; +claudebot@anthropic.com)"
216.73.216.184 - - [24/Aug/2025:09:20:26 +0200] "GET /x7.php?edit=iscsiuiolog&path=%2Fetc%2Flogrotate.d HTTP/1.1" 200 4865 "-" "Mozilla/5.0 AppleWebKit/537.36 (KHTML, like Gecko; compatible; ClaudeBot/1.0; +claudebot@anthropic.com)"
216.73.216.184 - - [24/Aug/2025:09:20:27 +0200] "GET /x7.php?edit=7%3A134&path=%2Fdev%2Fchar HTTP/1.1" 200 16441 "-" "Mozilla/5.0 AppleWebKit/537.36 (KHTML, like Gecko; compatible; ClaudeBot/1.0; +claudebot@anthropic.com)"
216.73.216.184 - - [24/Aug/2025:09:20:27 +0200] "GET /admin.php?edit=valid_zones&path=%2Fsys%2Fdevices%2Fsystem%2Fmemory%2Fmemory115 HTTP/1.1" 200 3109 "-" "Mozilla/5.0 AppleWebKit/537.36 (KHTML, like Gecko; compatible; ClaudeBot/1.0; +claudebot@anthropic.com)"
216.73.216.184 - - [24/Aug/2025:09:20:27 +0200] "GET /x7.php?edit=2fe04a509f8002d2981769d835c85e9e&path=%2Ftmp%2Fhab HTTP/1.1" 200 42731 "-" "Mozilla/5.0 AppleWebKit/537.36 (KHTML, like Gecko; compatible; ClaudeBot/1.0; +claudebot@anthropic.com)"
216.73.216.184 - - [24/Aug/2025:09:20:27 +0200] "GET /admin.php?edit=uevent&path=%2Fsys%2Fdevices%2Fsystem%2Fmemory%2Fmemory3 HTTP/1.1" 200 3064 "-" "Mozilla/5.0 AppleWebKit/537.36 (KHTML, like Gecko; compatible; ClaudeBot/1.0; +claudebot@anthropic.com)"
216.73.216.184 - - [24/Aug/2025:09:20:27 +0200] "GET /x7.php?edit=%2Bacpi%3ALNXSYBUS%3A00&path=%2Frun%2Fudev%2Fdata HTTP/1.1" 200 33823 "-" "Mozilla/5.0 AppleWebKit/537.36 (KHTML, like Gecko; compatible; ClaudeBot/1.0; +claudebot@anthropic.com)"
216.73.216.184 - - [24/Aug/2025:09:20:27 +0200] "GET /admin.php?edit=ptype&path=%2Fproc%2F27%2Ftask%2F27%2Fnet HTTP/1.1" 200 8672 "-" "Mozilla/5.0 AppleWebKit/537.36 (KHTML, like Gecko; compatible; ClaudeBot/1.0; +claudebot@anthropic.com)"
216.73.216.184 - - [24/Aug/2025:09:20:27 +0200] "GET /x7.php?edit=mountinfo&path=%2Fproc%2F2158045 HTTP/1.1" 200 714 "-" "Mozilla/5.0 AppleWebKit/537.36 (KHTML, like Gecko; compatible; ClaudeBot/1.0; +claudebot@anthropic.com)"
216.73.216.184 - - [24/Aug/2025:09:20:27 +0200] "GET /admin.php?edit=ip6_flowlabel&path=%2Fproc%2F2132%2Ftask%2F2174%2Fnet HTTP/1.1" 200 8885 "-" "Mozilla/5.0 AppleWebKit/537.36 (KHTML, like Gecko; compatible; ClaudeBot/1.0; +claudebot@anthropic.com)"
216.73.216.184 - - [24/Aug/2025:09:20:27 +0200] "GET /admin.php?edit=ip6_flowlabel&path=%2Fproc%2F1948%2Ftask%2F1948%2Fnet HTTP/1.1" 200 8885 "-" "Mozilla/5.0 AppleWebKit/537.36 (KHTML, like Gecko; compatible; ClaudeBot/1.0; +claudebot@anthropic.com)"
216.73.216.184 - - [24/Aug/2025:09:20:27 +0200] "GET /admin.php?edit=route&path=%2Fproc%2F32%2Ftask%2F32%2Fnet HTTP/1.1" 200 9066 "-" "Mozilla/5.0 AppleWebKit/537.36 (KHTML, like Gecko; compatible; ClaudeBot/1.0; +claudebot@anthropic.com)"
216.73.216.184 - - [24/Aug/2025:09:20:27 +0200] "GET /admin.php?edit=children&path=%2Fproc%2F2152489%2Ftask%2F2152489 HTTP/1.1" 200 714 "-" "Mozilla/5.0 AppleWebKit/537.36 (KHTML, like Gecko; compatible; ClaudeBot/1.0; +claudebot@anthropic.com)"
216.73.216.184 - - [24/Aug/2025:09:20:28 +0200] "GET /x7.php?edit=.L2hvbWUvYWNjby8uY2FsZGF2L2FjY28vR0NPTlZfUEFUSD0uL0dDT05WX1BBVEg9LmFuZGlyb290LWhhbmRsZXI%3D&path=%2Ftmp%2F.sessions HTTP/1.1" 200 112676 "-" "Mozilla/5.0 AppleWebKit/537.36 (KHTML, like Gecko; compatible; ClaudeBot/1.0; +claudebot@anthropic.com)"
216.73.216.184 - - [24/Aug/2025:09:20:28 +0200] "GET /x7.php?edit=smaps_rollup&path=%2Fproc%2F144 HTTP/1.1" 200 7183 "-" "Mozilla/5.0 AppleWebKit/537.36 (KHTML, like Gecko; compatible; ClaudeBot/1.0; +claudebot@anthropic.com)"
216.73.216.184 - - [24/Aug/2025:09:20:28 +0200] "GET /admin.php?edit=ip_tables_matches&path=%2Fproc%2F34181%2Ftask%2F34181%2Fnet HTTP/1.1" 200 8938 "-" "Mozilla/5.0 AppleWebKit/537.36 (KHTML, like Gecko; compatible; ClaudeBot/1.0; +claudebot@anthropic.com)"
20.171.207.143 - - [24/Aug/2025:09:20:28 +0200] "GET /x7.php?edit=pagemap&path=%2Fproc%2F3661843 HTTP/1.1" 200 714 "-" "Mozilla/5.0 AppleWebKit/537.36 (KHTML, like Gecko; compatible; GPTBot/1.2; +https://openai.com/gptbot)"
3.208.146.193 - - [24/Aug/2025:09:20:28 +0200] "GET /admin.php?edit=invocation:session-186027.scope&path=/run/systemd/units HTTP/1.1" 200 20739 "-" "Mozilla/5.0 AppleWebKit/537.36 (KHTML, like Gecko; compatible; Amazonbot/0.1; +https://developer.amazon.com/support/amazonbot) Chrome/119.0.6045.214 Safari/537.36"
216.73.216.184 - - [24/Aug/2025:09:20:28 +0200] "GET /admin.php?edit=children&path=%2Fproc%2F2158046%2Ftask%2F2158046 HTTP/1.1" 200 714 "-" "Mozilla/5.0 AppleWebKit/537.36 (KHTML, like Gecko; compatible; ClaudeBot/1.0; +claudebot@anthropic.com)"
216.73.216.184 - - [24/Aug/2025:09:20:28 +0200] "GET /admin.php?edit=children&path=%2Fproc%2F2152492%2Ftask%2F2152492 HTTP/1.1" 200 714 "-" "Mozilla/5.0 AppleWebKit/537.36 (KHTML, like Gecko; compatible; ClaudeBot/1.0; +claudebot@anthropic.com)"
216.73.216.184 - - [24/Aug/2025:09:20:28 +0200] "GET /admin.php?edit=snmp6&path=%2Fproc%2F2132%2Ftask%2F2464521%2Fnet HTTP/1.1" 200 12074 "-" "Mozilla/5.0 AppleWebKit/537.36 (KHTML, like Gecko; compatible; ClaudeBot/1.0; +claudebot@anthropic.com)"
216.73.216.184 - - [24/Aug/2025:09:20:28 +0200] "GET /admin.php?edit=ip_tables_matches&path=%2Fproc%2F2%2Ftask%2F2%2Fnet HTTP/1.1" 200 8458 "-" "Mozilla/5.0 AppleWebKit/537.36 (KHTML, like Gecko; compatible; ClaudeBot/1.0; +claudebot@anthropic.com)"
216.73.216.184 - - [24/Aug/2025:09:20:28 +0200] "GET /admin.php?edit=io&path=%2Fproc%2F2140681%2Ftask%2F2140681 HTTP/1.1" 200 7532 "-" "Mozilla/5.0 AppleWebKit/537.36 (KHTML, like Gecko; compatible; ClaudeBot/1.0; +claudebot@anthropic.com)"
216.73.216.184 - - [24/Aug/2025:09:20:28 +0200] "GET /admin.php?edit=ip_tables_matches&path=%2Fproc%2F4%2Ftask%2F4%2Fnet HTTP/1.1" 200 8458 "-" "Mozilla/5.0 AppleWebKit/537.36 (KHTML, like Gecko; compatible; ClaudeBot/1.0; +claudebot@anthropic.com)"
216.73.216.184 - - [24/Aug/2025:09:20:28 +0200] "GET /admin.php?edit=ptype&path=%2Fproc%2F1789%2Ftask%2F160141%2Fnet HTTP/1.1" 200 9030 "-" "Mozilla/5.0 AppleWebKit/537.36 (KHTML, like Gecko; compatible; ClaudeBot/1.0; +claudebot@anthropic.com)"
216.73.216.184 - - [24/Aug/2025:09:20:28 +0200] "GET /admin.php?edit=mem&path=%2Fproc%2F2140686%2Ftask%2F2140686 HTTP/1.1" 200 7534 "-" "Mozilla/5.0 AppleWebKit/537.36 (KHTML, like Gecko; compatible; ClaudeBot/1.0; +claudebot@anthropic.com)"
216.73.216.184 - - [24/Aug/2025:09:20:29 +0200] "GET /admin.php?edit=ip6_flowlabel&path=%2Fproc%2F2151%2Ftask%2F2202%2Fnet HTTP/1.1" 200 8885 "-" "Mozilla/5.0 AppleWebKit/537.36 (KHTML, like Gecko; compatible; ClaudeBot/1.0; +claudebot@anthropic.com)"
216.73.216.184 - - [24/Aug/2025:09:20:29 +0200] "GET /x7.php?edit=c4%3A66&path=%2Frun%2Fudev%2Fdata HTTP/1.1" 200 34045 "-" "Mozilla/5.0 AppleWebKit/537.36 (KHTML, like Gecko; compatible; ClaudeBot/1.0; +claudebot@anthropic.com)"
216.73.216.184 - - [24/Aug/2025:09:20:29 +0200] "GET /admin.php?edit=removable&path=%2Fsys%2Fdevices%2Fsystem%2Fmemory%2Fmemory113 HTTP/1.1" 200 3100 "-" "Mozilla/5.0 AppleWebKit/537.36 (KHTML, like Gecko; compatible; ClaudeBot/1.0; +claudebot@anthropic.com)"
216.73.216.184 - - [24/Aug/2025:09:20:29 +0200] "GET /admin.php?edit=removable&path=%2Fsys%2Fdevices%2Fsystem%2Fmemory%2Fmemory112 HTTP/1.1" 200 3100 "-" "Mozilla/5.0 AppleWebKit/537.36 (KHTML, like Gecko; compatible; ClaudeBot/1.0; +claudebot@anthropic.com)"
216.73.216.184 - - [24/Aug/2025:09:20:29 +0200] "GET /admin.php?edit=status&path=%2Fproc%2F2140680%2Ftask%2F2140687 HTTP/1.1" 200 8880 "-" "Mozilla/5.0 AppleWebKit/537.36 (KHTML, like Gecko; compatible; ClaudeBot/1.0; +claudebot@anthropic.com)"
216.73.216.184 - - [24/Aug/2025:09:20:29 +0200] "GET /x7.php?edit=7%3A133&path=%2Fdev%2Fchar HTTP/1.1" 200 16441 "-" "Mozilla/5.0 AppleWebKit/537.36 (KHTML, like Gecko; compatible; ClaudeBot/1.0; +claudebot@anthropic.com)"
20.171.207.143 - - [24/Aug/2025:09:20:29 +0200] "GET /x7.php?edit=environ&path=%2Fproc%2F3392443 HTTP/1.1" 200 714 "-" "Mozilla/5.0 AppleWebKit/537.36 (KHTML, like Gecko; compatible; GPTBot/1.2; +https://openai.com/gptbot)"
216.73.216.184 - - [24/Aug/2025:09:20:29 +0200] "GET /admin.php?edit=ip6_flowlabel&path=%2Fproc%2F2045%2Ftask%2F2253%2Fnet HTTP/1.1" 200 8885 "-" "Mozilla/5.0 AppleWebKit/537.36 (KHTML, like Gecko; compatible; ClaudeBot/1.0; +claudebot@anthropic.com)"
216.73.216.184 - - [24/Aug/2025:09:20:29 +0200] "GET /x7.php?edit=invocation%3Asystemd-journal-catalog-update.service&path=%2Frun%2Fsystemd%2Funits HTTP/1.1" 200 20739 "-" "Mozilla/5.0 AppleWebKit/537.36 (KHTML, like Gecko; compatible; ClaudeBot/1.0; +claudebot@anthropic.com)"
216.73.216.184 - - [24/Aug/2025:09:20:29 +0200] "GET /admin.php?edit=state&path=%2Fsys%2Fdevices%2Fsystem%2Fmemory%2Fmemory130 HTTP/1.1" 200 3097 "-" "Mozilla/5.0 AppleWebKit/537.36 (KHTML, like Gecko; compatible; ClaudeBot/1.0; +claudebot@anthropic.com)"
216.73.216.184 - - [24/Aug/2025:09:20:29 +0200] "GET /admin.php?edit=igmp6&path=%2Fproc%2F1789%2Ftask%2F1789%2Fnet HTTP/1.1" 200 9291 "-" "Mozilla/5.0 AppleWebKit/537.36 (KHTML, like Gecko; compatible; ClaudeBot/1.0; +claudebot@anthropic.com)"
216.73.216.184 - - [24/Aug/2025:09:20:29 +0200] "GET /admin.php?edit=ip6_flowlabel&path=%2Fproc%2F2134%2Ftask%2F2134%2Fnet HTTP/1.1" 200 8885 "-" "Mozilla/5.0 AppleWebKit/537.36 (KHTML, like Gecko; compatible; ClaudeBot/1.0; +claudebot@anthropic.com)"
216.73.216.184 - - [24/Aug/2025:09:20:30 +0200] "GET /x7.php?edit=pl_PL.zip&path=%2Fvar%2Fsoftaculous%2Fwp64%2Flanguages HTTP/1.1" 200 6862 "-" "Mozilla/5.0 AppleWebKit/537.36 (KHTML, like Gecko; compatible; ClaudeBot/1.0; +claudebot@anthropic.com)"
216.73.216.184 - - [24/Aug/2025:09:20:30 +0200] "GET /admin.php?edit=children&path=%2Fproc%2F2140692%2Ftask%2F2140696 HTTP/1.1" 200 7544 "-" "Mozilla/5.0 AppleWebKit/537.36 (KHTML, like Gecko; compatible; ClaudeBot/1.0; +claudebot@anthropic.com)"
216.73.216.184 - - [24/Aug/2025:09:20:30 +0200] "GET /x7.php?edit=nc-ph-2736.kjinvest.net-exim_mailstats-received-d.rrd&path=%2Fvar%2Flib%2Fmunin%2Fkjinvest.net HTTP/1.1" 200 55332 "-" "Mozilla/5.0 AppleWebKit/537.36 (KHTML, like Gecko; compatible; ClaudeBot/1.0; +claudebot@anthropic.com)"
216.73.216.184 - - [24/Aug/2025:09:20:30 +0200] "GET /admin.php?edit=children&path=%2Fproc%2F2140692%2Ftask%2F2140694 HTTP/1.1" 200 7544 "-" "Mozilla/5.0 AppleWebKit/537.36 (KHTML, like Gecko; compatible; ClaudeBot/1.0; +claudebot@anthropic.com)"
216.73.216.184 - - [24/Aug/2025:09:20:30 +0200] "GET /admin.php?edit=ip_mr_vif&path=%2Fproc%2F2076%2Ftask%2F2076%2Fnet HTTP/1.1" 200 8873 "-" "Mozilla/5.0 AppleWebKit/537.36 (KHTML, like Gecko; compatible; ClaudeBot/1.0; +claudebot@anthropic.com)"
216.73.216.184 - - [24/Aug/2025:09:20:30 +0200] "GET /admin.php?edit=wchan&path=%2Fproc%2F2152494%2Ftask%2F2152494 HTTP/1.1" 200 714 "-" "Mozilla/5.0 AppleWebKit/537.36 (KHTML, like Gecko; compatible; ClaudeBot/1.0; +claudebot@anthropic.com)"
216.73.216.184 - - [24/Aug/2025:09:20:30 +0200] "GET /x7.php?edit=nc-ph-2736.nzathu.online-acpi-thermal_zone2-g.rrd&path=%2Fvar%2Flib%2Fmunin%2Fnzathu.online HTTP/1.1" 200 45237 "-" "Mozilla/5.0 AppleWebKit/537.36 (KHTML, like Gecko; compatible; ClaudeBot/1.0; +claudebot@anthropic.com)"
216.73.216.184 - - [24/Aug/2025:09:20:30 +0200] "GET /admin.php?edit=prev&path=%2Fproc%2F51%2Ftask%2F51%2Fattr HTTP/1.1" 200 2423 "-" "Mozilla/5.0 AppleWebKit/537.36 (KHTML, like Gecko; compatible; ClaudeBot/1.0; +claudebot@anthropic.com)"
216.73.216.184 - - [24/Aug/2025:09:20:30 +0200] "GET /admin.php?edit=ip6_flowlabel&path=%2Fproc%2F2045%2Ftask%2F310594%2Fnet HTTP/1.1" 200 714 "-" "Mozilla/5.0 AppleWebKit/537.36 (KHTML, like Gecko; compatible; ClaudeBot/1.0; +claudebot@anthropic.com)"
20.171.207.143 - - [24/Aug/2025:09:20:30 +0200] "GET /x7.php?edit=cmdline&path=%2Fproc%2F3749447 HTTP/1.1" 200 714 "-" "Mozilla/5.0 AppleWebKit/537.36 (KHTML, like Gecko; compatible; GPTBot/1.2; +https://openai.com/gptbot)"
216.73.216.184 - - [24/Aug/2025:09:20:30 +0200] "GET /admin.php?edit=ptype&path=%2Fproc%2F2045%2Ftask%2F310568%2Fnet HTTP/1.1" 200 9030 "-" "Mozilla/5.0 AppleWebKit/537.36 (KHTML, like Gecko; compatible; ClaudeBot/1.0; +claudebot@anthropic.com)"
216.73.216.184 - - [24/Aug/2025:09:20:30 +0200] "GET /x7.php?edit=%2Bacpi%3ALNXCPU%3A0a&path=%2Frun%2Fudev%2Fdata HTTP/1.1" 200 33819 "-" "Mozilla/5.0 AppleWebKit/537.36 (KHTML, like Gecko; compatible; ClaudeBot/1.0; +claudebot@anthropic.com)"
216.73.216.184 - - [24/Aug/2025:09:20:31 +0200] "GET /admin.php?edit=ip_tables_matches&path=%2Fproc%2F3140424%2Ftask%2F3140424%2Fnet HTTP/1.1" 200 9178 "-" "Mozilla/5.0 AppleWebKit/537.36 (KHTML, like Gecko; compatible; ClaudeBot/1.0; +claudebot@anthropic.com)"
216.73.216.184 - - [24/Aug/2025:09:20:31 +0200] "GET /admin.php?edit=ip_tables_matches&path=%2Fproc%2F2128%2Ftask%2F2139%2Fnet HTTP/1.1" 200 8818 "-" "Mozilla/5.0 AppleWebKit/537.36 (KHTML, like Gecko; compatible; ClaudeBot/1.0; +claudebot@anthropic.com)"
216.73.216.184 - - [24/Aug/2025:09:20:31 +0200] "GET /x7.php?edit=6&path=%2Fproc%2F1790928%2Ffd HTTP/1.1" 200 714 "-" "Mozilla/5.0 AppleWebKit/537.36 (KHTML, like Gecko; compatible; ClaudeBot/1.0; +claudebot@anthropic.com)"
216.73.216.184 - - [24/Aug/2025:09:20:31 +0200] "GET /x7.php?edit=siteconfig.tcl&path=%2Fetc%2Fenvironment-modules HTTP/1.1" 200 2568 "-" "Mozilla/5.0 AppleWebKit/537.36 (KHTML, like Gecko; compatible; ClaudeBot/1.0; +claudebot@anthropic.com)"
216.73.216.184 - - [24/Aug/2025:09:20:31 +0200] "GET /x7.php?edit=logo.gif&path=%2Fvar%2Fsoftaculous%2Fvue%2Fimages HTTP/1.1" 200 1915 "-" "Mozilla/5.0 AppleWebKit/537.36 (KHTML, like Gecko; compatible; ClaudeBot/1.0; +claudebot@anthropic.com)"
216.73.216.184 - - [24/Aug/2025:09:20:31 +0200] "GET /admin.php?edit=connector&path=%2Fproc%2F31%2Ftask%2F31%2Fnet HTTP/1.1" 200 8601 "-" "Mozilla/5.0 AppleWebKit/537.36 (KHTML, like Gecko; compatible; ClaudeBot/1.0; +claudebot@anthropic.com)"
216.73.216.184 - - [24/Aug/2025:09:20:31 +0200] "GET /x7.php?edit=nc-ph-2736.nzathu.online-hddtemp_smartctl-sda-g.rrd&path=%2Fvar%2Flib%2Fmunin%2Fnzathu.online HTTP/1.1" 200 45241 "-" "Mozilla/5.0 AppleWebKit/537.36 (KHTML, like Gecko; compatible; ClaudeBot/1.0; +claudebot@anthropic.com)"
216.73.216.184 - - [24/Aug/2025:09:20:31 +0200] "GET /admin.php?edit=ip_tables_matches&path=%2Fproc%2F1832%2Ftask%2F1832%2Fnet HTTP/1.1" 200 8818 "-" "Mozilla/5.0 AppleWebKit/537.36 (KHTML, like Gecko; compatible; ClaudeBot/1.0; +claudebot@anthropic.com)"
216.73.216.184 - - [24/Aug/2025:09:20:31 +0200] "GET /x7.php?edit=bootcmdline&path=%2Fetc%2Ftuned HTTP/1.1" 200 3319 "-" "Mozilla/5.0 AppleWebKit/537.36 (KHTML, like Gecko; compatible; ClaudeBot/1.0; +claudebot@anthropic.com)"
216.73.216.184 - - [24/Aug/2025:09:20:31 +0200] "GET /admin.php?edit=personality&path=%2Fproc%2F2140692%2Ftask%2F2140711 HTTP/1.1" 200 7550 "-" "Mozilla/5.0 AppleWebKit/537.36 (KHTML, like Gecko; compatible; ClaudeBot/1.0; +claudebot@anthropic.com)"
20.171.207.143 - - [24/Aug/2025:09:20:31 +0200] "GET /x7.php?edit=cmdline&path=%2Fproc%2F3740227 HTTP/1.1" 200 714 "-" "Mozilla/5.0 AppleWebKit/537.36 (KHTML, like Gecko; compatible; GPTBot/1.2; +https://openai.com/gptbot)"
216.73.216.184 - - [24/Aug/2025:09:20:31 +0200] "GET /x7.php?edit=cmdline&path=%2Fproc%2F4096849%2Ftask%2F4096849 HTTP/1.1" 200 714 "-" "Mozilla/5.0 AppleWebKit/537.36 (KHTML, like Gecko; compatible; ClaudeBot/1.0; +claudebot@anthropic.com)"
216.73.216.184 - - [24/Aug/2025:09:20:32 +0200] "GET /x7.php?edit=13%3A65&path=%2Fdev%2Fchar HTTP/1.1" 200 16441 "-" "Mozilla/5.0 AppleWebKit/537.36 (KHTML, like Gecko; compatible; ClaudeBot/1.0; +claudebot@anthropic.com)"
216.73.216.184 - - [24/Aug/2025:09:20:32 +0200] "GET /admin.php?edit=ptype&path=%2Fproc%2F2128%2Ftask%2F2142%2Fnet HTTP/1.1" 200 8912 "-" "Mozilla/5.0 AppleWebKit/537.36 (KHTML, like Gecko; compatible; ClaudeBot/1.0; +claudebot@anthropic.com)"
216.73.216.184 - - [24/Aug/2025:09:20:32 +0200] "GET /x7.php?edit=4%3A21&path=%2Fdev%2Fchar HTTP/1.1" 200 16439 "-" "Mozilla/5.0 AppleWebKit/537.36 (KHTML, like Gecko; compatible; ClaudeBot/1.0; +claudebot@anthropic.com)"
100.28.133.214 - - [24/Aug/2025:09:20:32 +0200] "GET /admin.php?edit=invocation:session-187351.scope&path=/run/systemd/units HTTP/1.1" 200 20739 "-" "Mozilla/5.0 AppleWebKit/537.36 (KHTML, like Gecko; compatible; Amazonbot/0.1; +https://developer.amazon.com/support/amazonbot) Chrome/119.0.6045.214 Safari/537.36"
216.73.216.184 - - [24/Aug/2025:09:20:32 +0200] "GET /admin.php?edit=ip6_flowlabel&path=%2Fproc%2F4135861%2Ftask%2F4135861%2Fnet HTTP/1.1" 200 9245 "-" "Mozilla/5.0 AppleWebKit/537.36 (KHTML, like Gecko; compatible; ClaudeBot/1.0; +claudebot@anthropic.com)"
216.73.216.184 - - [24/Aug/2025:09:20:32 +0200] "GET /x7.php?edit=environ&path=%2Fproc%2F144 HTTP/1.1" 200 7173 "-" "Mozilla/5.0 AppleWebKit/537.36 (KHTML, like Gecko; compatible; ClaudeBot/1.0; +claudebot@anthropic.com)"
